Jun 08 21:21:49.722894 np0000002360 devstack@neutron-api.service[90019]: DEBUG futurist.periodics [-] Submitting periodic callback 'neutron.plugins.ml2.drivers.ovn.mech_driver.ovsdb.maintenance.HashRingHealthCheckPeriodics.touch_hash_ring_node' {{(pid=90019) _process_scheduled /opt/stack/data/venv/lib/python3.12/site-packages/futurist/periodics.py:784}}
Jun 08 21:21:49.723499 np0000002360 devstack@neutron-api.service[90019]: DEBUG neutron.plugins.ml2.drivers.ovn.mech_driver.ovsdb.maintenance [-] Touching Hash Ring node "94151ced61785fd599e8a85828dc17c1" from periodic health check thread {{(pid=90019) touch_hash_ring_node /opt/stack/neutron/neutron/plugins/ml2/drivers/ovn/mech_driver/ovsdb/maintenance.py:1421}}
Jun 08 21:21:50.591280 np0000002360 devstack@neutron-api.service[90017]: DEBUG futurist.periodics [-] Submitting periodic callback 'neutron.plugins.ml2.drivers.ovn.mech_driver.ovsdb.maintenance.HashRingHealthCheckPeriodics.touch_hash_ring_node' {{(pid=90017) _process_scheduled /opt/stack/data/venv/lib/python3.12/site-packages/futurist/periodics.py:784}}
Jun 08 21:21:50.591674 np0000002360 devstack@neutron-api.service[90017]: DEBUG neutron.plugins.ml2.drivers.ovn.mech_driver.ovsdb.maintenance [-] Touching Hash Ring node "90b2dd6dd7585728bf8da89baba75b73" from periodic health check thread {{(pid=90017) touch_hash_ring_node /opt/stack/neutron/neutron/plugins/ml2/drivers/ovn/mech_driver/ovsdb/maintenance.py:1421}}
Jun 08 21:21:50.653125 np0000002360 devstack@neutron-api.service[90018]: DEBUG futurist.periodics [-] Submitting periodic callback 'neutron.plugins.ml2.drivers.ovn.mech_driver.ovsdb.maintenance.HashRingHealthCheckPeriodics.touch_hash_ring_node' {{(pid=90018) _process_scheduled /opt/stack/data/venv/lib/python3.12/site-packages/futurist/periodics.py:784}}
Jun 08 21:21:50.653551 np0000002360 devstack@neutron-api.service[90018]: DEBUG neutron.plugins.ml2.drivers.ovn.mech_driver.ovsdb.maintenance [-] Touching Hash Ring node "78ed3daec8305c02bc58a9a3cee47c14" from periodic health check thread {{(pid=90018) touch_hash_ring_node /opt/stack/neutron/neutron/plugins/ml2/drivers/ovn/mech_driver/ovsdb/maintenance.py:1421}}
Jun 08 21:21:59.731469 np0000002360 devstack@neutron-api.service[90019]: DEBUG dbcounter [-] [90019] Writing DB stats neutron:SELECT=3117,neutron:INSERT=729,neutron:DELETE=12,neutron:UPDATE=130 {{(pid=90019) stat_writer /opt/stack/data/venv/lib/python3.12/site-packages/dbcounter.py:115}}
Jun 08 21:22:00.601546 np0000002360 devstack@neutron-api.service[90017]: DEBUG dbcounter [-] [90017] Writing DB stats neutron:SELECT=251,neutron:INSERT=18,neutron:DELETE=6,neutron:UPDATE=21 {{(pid=90017) stat_writer /opt/stack/data/venv/lib/python3.12/site-packages/dbcounter.py:115}}
Jun 08 21:22:00.658993 np0000002360 devstack@neutron-api.service[90018]: DEBUG dbcounter [-] [90018] Writing DB stats neutron:SELECT=2414,neutron:INSERT=56,neutron:DELETE=10,neutron:UPDATE=45 {{(pid=90018) stat_writer /opt/stack/data/venv/lib/python3.12/site-packages/dbcounter.py:115}}
Jun 08 21:22:04.723480 np0000002360 devstack@neutron-api.service[90019]: DEBUG futurist.periodics [-] Submitting periodic callback 'neutron.plugins.ml2.drivers.ovn.mech_driver.ovsdb.maintenance.HashRingHealthCheckPeriodics.touch_hash_ring_node' {{(pid=90019) _process_scheduled /opt/stack/data/venv/lib/python3.12/site-packages/futurist/periodics.py:784}}
Jun 08 21:22:04.724968 np0000002360 devstack@neutron-api.service[90019]: DEBUG neutron.plugins.ml2.drivers.ovn.mech_driver.ovsdb.maintenance [-] Touching Hash Ring node "94151ced61785fd599e8a85828dc17c1" from periodic health check thread {{(pid=90019) touch_hash_ring_node /opt/stack/neutron/neutron/plugins/ml2/drivers/ovn/mech_driver/ovsdb/maintenance.py:1421}}
Jun 08 21:22:05.591844 np0000002360 devstack@neutron-api.service[90017]: DEBUG futurist.periodics [-] Submitting periodic callback 'neutron.plugins.ml2.drivers.ovn.mech_driver.ovsdb.maintenance.HashRingHealthCheckPeriodics.touch_hash_ring_node' {{(pid=90017) _process_scheduled /opt/stack/data/venv/lib/python3.12/site-packages/futurist/periodics.py:784}}
Jun 08 21:22:05.592252 np0000002360 devstack@neutron-api.service[90017]: DEBUG neutron.plugins.ml2.drivers.ovn.mech_driver.ovsdb.maintenance [-] Touching Hash Ring node "90b2dd6dd7585728bf8da89baba75b73" from periodic health check thread {{(pid=90017) touch_hash_ring_node /opt/stack/neutron/neutron/plugins/ml2/drivers/ovn/mech_driver/ovsdb/maintenance.py:1421}}
Jun 08 21:22:05.653683 np0000002360 devstack@neutron-api.service[90018]: DEBUG futurist.periodics [-] Submitting periodic callback 'neutron.plugins.ml2.drivers.ovn.mech_driver.ovsdb.maintenance.HashRingHealthCheckPeriodics.touch_hash_ring_node' {{(pid=90018) _process_scheduled /opt/stack/data/venv/lib/python3.12/site-packages/futurist/periodics.py:784}}
Jun 08 21:22:05.654099 np0000002360 devstack@neutron-api.service[90018]: DEBUG neutron.plugins.ml2.drivers.ovn.mech_driver.ovsdb.maintenance [-] Touching Hash Ring node "78ed3daec8305c02bc58a9a3cee47c14" from periodic health check thread {{(pid=90018) touch_hash_ring_node /opt/stack/neutron/neutron/plugins/ml2/drivers/ovn/mech_driver/ovsdb/maintenance.py:1421}}
Jun 08 21:22:14.730013 np0000002360 devstack@neutron-api.service[90019]: DEBUG dbcounter [-] [90019] Writing DB stats neutron:UPDATE=1,neutron:SELECT=1 {{(pid=90019) stat_writer /opt/stack/data/venv/lib/python3.12/site-packages/dbcounter.py:115}}
Jun 08 21:22:15.600562 np0000002360 devstack@neutron-api.service[90017]: DEBUG dbcounter [-] [90017] Writing DB stats neutron:UPDATE=1,neutron:SELECT=1 {{(pid=90017) stat_writer /opt/stack/data/venv/lib/python3.12/site-packages/dbcounter.py:115}}
Jun 08 21:22:15.660072 np0000002360 devstack@neutron-api.service[90018]: DEBUG dbcounter [-] [90018] Writing DB stats neutron:UPDATE=1,neutron:SELECT=1 {{(pid=90018) stat_writer /opt/stack/data/venv/lib/python3.12/site-packages/dbcounter.py:115}}
Jun 08 21:22:19.724379 np0000002360 devstack@neutron-api.service[90019]: DEBUG futurist.periodics [-] Submitting periodic callback 'neutron.plugins.ml2.drivers.ovn.mech_driver.ovsdb.maintenance.HashRingHealthCheckPeriodics.touch_hash_ring_node' {{(pid=90019) _process_scheduled /opt/stack/data/venv/lib/python3.12/site-packages/futurist/periodics.py:784}}
Jun 08 21:22:19.724755 np0000002360 devstack@neutron-api.service[90019]: DEBUG neutron.plugins.ml2.drivers.ovn.mech_driver.ovsdb.maintenance [-] Touching Hash Ring node "94151ced61785fd599e8a85828dc17c1" from periodic health check thread {{(pid=90019) touch_hash_ring_node /opt/stack/neutron/neutron/plugins/ml2/drivers/ovn/mech_driver/ovsdb/maintenance.py:1421}}
Jun 08 21:22:20.592346 np0000002360 devstack@neutron-api.service[90017]: DEBUG futurist.periodics [-] Submitting periodic callback 'neutron.plugins.ml2.drivers.ovn.mech_driver.ovsdb.maintenance.HashRingHealthCheckPeriodics.touch_hash_ring_node' {{(pid=90017) _process_scheduled /opt/stack/data/venv/lib/python3.12/site-packages/futurist/periodics.py:784}}
Jun 08 21:22:20.592736 np0000002360 devstack@neutron-api.service[90017]: DEBUG neutron.plugins.ml2.drivers.ovn.mech_driver.ovsdb.maintenance [-] Touching Hash Ring node "90b2dd6dd7585728bf8da89baba75b73" from periodic health check thread {{(pid=90017) touch_hash_ring_node /opt/stack/neutron/neutron/plugins/ml2/drivers/ovn/mech_driver/ovsdb/maintenance.py:1421}}
Jun 08 21:22:20.654336 np0000002360 devstack@neutron-api.service[90018]: DEBUG futurist.periodics [-] Submitting periodic callback 'neutron.plugins.ml2.drivers.ovn.mech_driver.ovsdb.maintenance.HashRingHealthCheckPeriodics.touch_hash_ring_node' {{(pid=90018) _process_scheduled /opt/stack/data/venv/lib/python3.12/site-packages/futurist/periodics.py:784}}
Jun 08 21:22:20.654693 np0000002360 devstack@neutron-api.service[90018]: DEBUG neutron.plugins.ml2.drivers.ovn.mech_driver.ovsdb.maintenance [-] Touching Hash Ring node "78ed3daec8305c02bc58a9a3cee47c14" from periodic health check thread {{(pid=90018) touch_hash_ring_node /opt/stack/neutron/neutron/plugins/ml2/drivers/ovn/mech_driver/ovsdb/maintenance.py:1421}}
Jun 08 21:22:29.731596 np0000002360 devstack@neutron-api.service[90019]: DEBUG dbcounter [-] [90019] Writing DB stats neutron:UPDATE=1,neutron:SELECT=1 {{(pid=90019) stat_writer /opt/stack/data/venv/lib/python3.12/site-packages/dbcounter.py:115}}
Jun 08 21:22:30.599593 np0000002360 devstack@neutron-api.service[90017]: DEBUG dbcounter [-] [90017] Writing DB stats neutron:UPDATE=1,neutron:SELECT=1 {{(pid=90017) stat_writer /opt/stack/data/venv/lib/python3.12/site-packages/dbcounter.py:115}}
Jun 08 21:22:30.660822 np0000002360 devstack@neutron-api.service[90018]: DEBUG dbcounter [-] [90018] Writing DB stats neutron:UPDATE=1,neutron:SELECT=1 {{(pid=90018) stat_writer /opt/stack/data/venv/lib/python3.12/site-packages/dbcounter.py:115}}
Jun 08 21:22:34.724896 np0000002360 devstack@neutron-api.service[90019]: DEBUG futurist.periodics [-] Submitting periodic callback 'neutron.plugins.ml2.drivers.ovn.mech_driver.ovsdb.maintenance.HashRingHealthCheckPeriodics.touch_hash_ring_node' {{(pid=90019) _process_scheduled /opt/stack/data/venv/lib/python3.12/site-packages/futurist/periodics.py:784}}
Jun 08 21:22:34.725364 np0000002360 devstack@neutron-api.service[90019]: DEBUG neutron.plugins.ml2.drivers.ovn.mech_driver.ovsdb.maintenance [-] Touching Hash Ring node "94151ced61785fd599e8a85828dc17c1" from periodic health check thread {{(pid=90019) touch_hash_ring_node /opt/stack/neutron/neutron/plugins/ml2/drivers/ovn/mech_driver/ovsdb/maintenance.py:1421}}
Jun 08 21:22:35.592909 np0000002360 devstack@neutron-api.service[90017]: DEBUG futurist.periodics [-] Submitting periodic callback 'neutron.plugins.ml2.drivers.ovn.mech_driver.ovsdb.maintenance.HashRingHealthCheckPeriodics.touch_hash_ring_node' {{(pid=90017) _process_scheduled /opt/stack/data/venv/lib/python3.12/site-packages/futurist/periodics.py:784}}
Jun 08 21:22:35.593422 np0000002360 devstack@neutron-api.service[90017]: DEBUG neutron.plugins.ml2.drivers.ovn.mech_driver.ovsdb.maintenance [-] Touching Hash Ring node "90b2dd6dd7585728bf8da89baba75b73" from periodic health check thread {{(pid=90017) touch_hash_ring_node /opt/stack/neutron/neutron/plugins/ml2/drivers/ovn/mech_driver/ovsdb/maintenance.py:1421}}
Jun 08 21:22:35.654809 np0000002360 devstack@neutron-api.service[90018]: DEBUG futurist.periodics [-] Submitting periodic callback 'neutron.plugins.ml2.drivers.ovn.mech_driver.ovsdb.maintenance.HashRingHealthCheckPeriodics.touch_hash_ring_node' {{(pid=90018) _process_scheduled /opt/stack/data/venv/lib/python3.12/site-packages/futurist/periodics.py:784}}
Jun 08 21:22:35.655288 np0000002360 devstack@neutron-api.service[90018]: DEBUG neutron.plugins.ml2.drivers.ovn.mech_driver.ovsdb.maintenance [-] Touching Hash Ring node "78ed3daec8305c02bc58a9a3cee47c14" from periodic health check thread {{(pid=90018) touch_hash_ring_node /opt/stack/neutron/neutron/plugins/ml2/drivers/ovn/mech_driver/ovsdb/maintenance.py:1421}}
Jun 08 21:22:43.605112 np0000002360 devstack@neutron-api.service[90018]: DEBUG neutron.api.wsgi [None req-23158aef-7c87-4c18-8f6d-70ec6949ac33 admin admin] Missing Content-Type {{(pid=90018) get_content_type /opt/stack/neutron/neutron/api/wsgi.py:80}}
Jun 08 21:22:43.605698 np0000002360 devstack@neutron-api.service[90018]: DEBUG neutron.api.wsgi [None req-23158aef-7c87-4c18-8f6d-70ec6949ac33 admin admin] https://10.4.3.77/networking/v2.0/extensions returned with HTTP 200 {{(pid=90018) __call__ /opt/stack/neutron/neutron/api/wsgi.py:540}}
Jun 08 21:22:43.606032 np0000002360 devstack@neutron-api.service[90018]: [pid: 90018|app: 0|req: 11/34] 10.4.3.77 () {64 vars in 1285 bytes} [Mon Jun 8 21:22:43 2026] GET /networking/v2.0/extensions => generated 15873 bytes in 5 msecs (HTTP/1.1 200) 4 headers in 159 bytes (1 switches on core 0)
Jun 08 21:22:43.890872 np0000002360 devstack@neutron-api.service[90019]: INFO neutron.pecan_wsgi.hooks.translation [None req-36fe9751-3cd2-45fd-ba40-785e3cc63b72 admin admin] GET failed (client error): The resource could not be found.
Jun 08 21:22:43.891535 np0000002360 devstack@neutron-api.service[90019]: [pid: 90019|app: 0|req: 13/35] 10.4.3.77 () {64 vars in 1287 bytes} [Mon Jun 8 21:22:43 2026] GET /networking/v2.0/networks/public => generated 108 bytes in 8 msecs (HTTP/1.1 404) 4 headers in 164 bytes (1 switches on core 0)
Jun 08 21:22:43.943343 np0000002360 devstack@neutron-api.service[90017]: DEBUG neutron.pecan_wsgi.hooks.policy_enforcement [None req-50cf6ea0-c2a3-449b-8431-3e44016c9ef7 admin admin] Attributes excluded by policy engine: ['standard_attr_id'] {{(pid=90017) _exclude_attributes_by_policy /opt/stack/neutron/neutron/pecan_wsgi/hooks/policy_enforcement.py:256}}
Jun 08 21:22:43.944372 np0000002360 devstack@neutron-api.service[90017]: [pid: 90017|app: 0|req: 12/36] 10.4.3.77 () {64 vars in 1302 bytes} [Mon Jun 8 21:22:43 2026] GET /networking/v2.0/networks?name=public => generated 759 bytes in 44 msecs (HTTP/1.1 200) 4 headers in 157 bytes (1 switches on core 0)
Jun 08 21:22:44.179437 np0000002360 devstack@neutron-api.service[90018]: DEBUG neutron.api.v2.base [None req-4e673204-d737-401f-bbf5-51ad3c5270c2 admin admin] Request body: {'network': {'shared': True, 'admin_state_up': True, 'name': 'shared'}} {{(pid=90018) prepare_request_body /opt/stack/neutron/neutron/api/v2/base.py:727}}
Jun 08 21:22:44.193817 np0000002360 devstack@neutron-api.service[90018]: DEBUG neutron.pecan_wsgi.hooks.quota_enforcement [None req-4e673204-d737-401f-bbf5-51ad3c5270c2 admin admin] Made reservation on behalf of d7d38ddc4e6c430096cc94635adb5f3d for: {'network': 1} {{(pid=90018) before /opt/stack/neutron/neutron/pecan_wsgi/hooks/quota_enforcement.py:66}}
Jun 08 21:22:44.197534 np0000002360 devstack@neutron-api.service[90018]: DEBUG neutron_lib.callbacks.manager [None req-4e673204-d737-401f-bbf5-51ad3c5270c2 admin admin] Publish callbacks ['neutron.plugins.ml2.plugin.SecurityGroupDbMixin._ensure_default_security_group_handler-132104'] for network (None), before_create {{(pid=90018) _notify_loop /opt/stack/data/venv/lib/python3.12/site-packages/neutron_lib/callbacks/manager.py:184}}
Jun 08 21:22:44.234617 np0000002360 devstack@neutron-api.service[90018]: WARNING neutron.services.revisions.revision_plugin [None req-4e673204-d737-401f-bbf5-51ad3c5270c2 admin admin] Could not find related network for resource to bump revision.
Jun 08 21:22:44.265708 np0000002360 devstack@neutron-api.service[90018]: DEBUG neutron.plugins.ml2.drivers.helpers [None req-4e673204-d737-401f-bbf5-51ad3c5270c2 admin admin] geneve segment allocate from pool success with {'geneve_vni': 10839} {{(pid=90018) allocate_partially_specified_segment /opt/stack/neutron/neutron/plugins/ml2/drivers/helpers.py:142}}
Jun 08 21:22:44.274300 np0000002360 devstack@neutron-api.service[90018]: DEBUG neutron_lib.callbacks.manager [None req-4e673204-d737-401f-bbf5-51ad3c5270c2 admin admin] Publish callbacks ['neutron.plugins.ml2.plugin.Ml2Plugin._handle_segment_change-1951686'] for segment (97c90c19-8c77-44bd-b01d-b7472c9fa7f5), precommit_create {{(pid=90018) _notify_loop /opt/stack/data/venv/lib/python3.12/site-packages/neutron_lib/callbacks/manager.py:184}}
Jun 08 21:22:44.274489 np0000002360 devstack@neutron-api.service[90018]: INFO neutron.db.segments_db [None req-4e673204-d737-401f-bbf5-51ad3c5270c2 admin admin] Added segment 97c90c19-8c77-44bd-b01d-b7472c9fa7f5 of type geneve for network e8d8a6cb-a832-48d6-a492-4a282d5af138
Jun 08 21:22:44.290536 np0000002360 devstack@neutron-api.service[90018]: DEBUG neutron_lib.callbacks.manager [None req-4e673204-d737-401f-bbf5-51ad3c5270c2 admin admin] Publish callbacks ['neutron.services.auto_allocate.db._ensure_external_network_default_value_callback-8246081174128'] for network (e8d8a6cb-a832-48d6-a492-4a282d5af138), precommit_create {{(pid=90018) _notify_loop /opt/stack/data/venv/lib/python3.12/site-packages/neutron_lib/callbacks/manager.py:184}}
Jun 08 21:22:44.304624 np0000002360 devstack@neutron-api.service[90018]: DEBUG neutron.plugins.ml2.drivers.ovn.mech_driver.mech_driver [None req-4e673204-d737-401f-bbf5-51ad3c5270c2 admin admin] Validating network segment with type geneve, segmentation ID 10839, physical network None {{(pid=90018) _validate_network_segments /opt/stack/neutron/neutron/plugins/ml2/drivers/ovn/mech_driver/mech_driver.py:643}}
Jun 08 21:22:44.304816 np0000002360 devstack@neutron-api.service[90018]: DEBUG neutron.db.ovn_revision_numbers_db [None req-4e673204-d737-401f-bbf5-51ad3c5270c2 admin admin] create_initial_revision uuid=e8d8a6cb-a832-48d6-a492-4a282d5af138, type=networks, rev=-1 {{(pid=90018) create_initial_revision /opt/stack/neutron/neutron/db/ovn_revision_numbers_db.py:98}}
Jun 08 21:22:44.312501 np0000002360 devstack@neutron-api.service[90018]: DEBUG neutron_lib.callbacks.manager [None req-4e673204-d737-401f-bbf5-51ad3c5270c2 admin admin] Publish callbacks ['neutron.plugins.ml2.ovo_rpc._ObjectChangeHandler.handle_event-6526085'] for network (e8d8a6cb-a832-48d6-a492-4a282d5af138), after_create {{(pid=90018) _notify_loop /opt/stack/data/venv/lib/python3.12/site-packages/neutron_lib/callbacks/manager.py:184}}
Jun 08 21:22:44.330959 np0000002360 devstack@neutron-api.service[90018]: DEBUG neutron.api.rpc.handlers.resources_rpc [None req-4e673204-d737-401f-bbf5-51ad3c5270c2 admin admin] Pushing event updated for resources: {'Network': ['ID=e8d8a6cb-a832-48d6-a492-4a282d5af138,revision_number=1']} {{(pid=90018) push /opt/stack/neutron/neutron/api/rpc/handlers/resources_rpc.py:237}}
Jun 08 21:22:44.336452 np0000002360 devstack@neutron-api.service[90018]: DEBUG ovsdbapp.backend.ovs_idl.transaction [None req-3290027b-46f4-4e5b-a14f-f1d3ca0707be None None] Running txn n=1 command(idx=0): CheckLivenessCommand(_result=None) {{(pid=90018) do_commit /opt/stack/data/venv/lib/python3.12/site-packages/ovsdbapp/backend/ovs_idl/transaction.py:89}}
Jun 08 21:22:44.342440 np0000002360 devstack@neutron-api.service[90017]: DEBUG neutron.plugins.ml2.drivers.ovn.mech_driver.ovsdb.ovsdb_monitor [None req-e236b5b2-c6ad-4b19-a66d-f25fbcb42f7e None None] ChassisAgentWriteEvent : Matched Chassis_Private, update, None None {{(pid=90017) matches /opt/stack/neutron/neutron/plugins/ml2/drivers/ovn/mech_driver/ovsdb/ovsdb_monitor.py:64}}
Jun 08 21:22:44.342873 np0000002360 devstack@neutron-api.service[90018]: DEBUG neutron.plugins.ml2.drivers.ovn.mech_driver.ovsdb.ovsdb_monitor [None req-757c43cf-68d8-4f33-9cf1-44a885e905e8 None None] ChassisAgentWriteEvent : Matched Chassis_Private, update, None None {{(pid=90018) matches /opt/stack/neutron/neutron/plugins/ml2/drivers/ovn/mech_driver/ovsdb/ovsdb_monitor.py:64}}
Jun 08 21:22:44.343780 np0000002360 devstack@neutron-api.service[90019]: DEBUG neutron.plugins.ml2.drivers.ovn.mech_driver.ovsdb.ovsdb_monitor [None req-740f56db-97de-4cac-a59f-056dd76ddd58 None None] ChassisAgentWriteEvent : Matched Chassis_Private, update, None None {{(pid=90019) matches /opt/stack/neutron/neutron/plugins/ml2/drivers/ovn/mech_driver/ovsdb/ovsdb_monitor.py:64}}
Jun 08 21:22:44.351831 np0000002360 devstack@neutron-api.service[90018]: DEBUG neutron.common.ovn.hash_ring_manager [None req-757c43cf-68d8-4f33-9cf1-44a885e905e8 None None] Hash Ring loaded. 3 active nodes. 0 offline nodes {{(pid=90018) _load_hash_ring /opt/stack/neutron/neutron/common/ovn/hash_ring_manager.py:102}}
Jun 08 21:22:44.352370 np0000002360 devstack@neutron-api.service[90019]: DEBUG neutron.common.ovn.hash_ring_manager [None req-740f56db-97de-4cac-a59f-056dd76ddd58 None None] Hash Ring loaded. 3 active nodes. 0 offline nodes {{(pid=90019) _load_hash_ring /opt/stack/neutron/neutron/common/ovn/hash_ring_manager.py:102}}
Jun 08 21:22:44.352564 np0000002360 devstack@neutron-api.service[90018]: DEBUG neutron.common.ovn.hash_ring_manager [None req-3290027b-46f4-4e5b-a14f-f1d3ca0707be None None] Hash Ring loaded. 3 active nodes. 0 offline nodes {{(pid=90018) _load_hash_ring /opt/stack/neutron/neutron/common/ovn/hash_ring_manager.py:102}}
Jun 08 21:22:44.352626 np0000002360 devstack@neutron-api.service[90019]: DEBUG neutron.plugins.ml2.drivers.ovn.mech_driver.ovsdb.ovsdb_monitor [None req-740f56db-97de-4cac-a59f-056dd76ddd58 None None] Hash Ring: Node 94151ced61785fd599e8a85828dc17c1 (host: np0000002360) handling event "update" for row 28aa3123-e98f-4c68-80d1-66485c2da05d (table: Chassis_Private) {{(pid=90019) notify /opt/stack/neutron/neutron/plugins/ml2/drivers/ovn/mech_driver/ovsdb/ovsdb_monitor.py:1015}}
Jun 08 21:22:44.353331 np0000002360 devstack@neutron-api.service[90017]: DEBUG neutron.common.ovn.hash_ring_manager [None req-abafa682-7f0a-4476-8cb3-c3a522638206 None None] Hash Ring loaded. 3 active nodes. 0 offline nodes {{(pid=90017) _load_hash_ring /opt/stack/neutron/neutron/common/ovn/hash_ring_manager.py:102}}
Jun 08 21:22:44.355417 np0000002360 devstack@neutron-api.service[90019]: DEBUG neutron.common.ovn.hash_ring_manager [None req-a17ee09b-e3f6-42a4-8099-2ddea698a582 None None] Hash Ring loaded. 3 active nodes. 0 offline nodes {{(pid=90019) _load_hash_ring /opt/stack/neutron/neutron/common/ovn/hash_ring_manager.py:102}}
Jun 08 21:22:44.355653 np0000002360 devstack@neutron-api.service[90019]: DEBUG neutron.plugins.ml2.drivers.ovn.mech_driver.ovsdb.ovsdb_monitor [None req-a17ee09b-e3f6-42a4-8099-2ddea698a582 None None] Hash Ring: Node 94151ced61785fd599e8a85828dc17c1 (host: np0000002360) handling event "update" for row c223a8f9-9adb-401b-be48-d56a62190c2b (table: NB_Global) {{(pid=90019) notify /opt/stack/neutron/neutron/plugins/ml2/drivers/ovn/mech_driver/ovsdb/ovsdb_monitor.py:1015}}
Jun 08 21:22:44.355703 np0000002360 devstack@neutron-api.service[90017]: DEBUG neutron.common.ovn.hash_ring_manager [None req-e236b5b2-c6ad-4b19-a66d-f25fbcb42f7e None None] Hash Ring loaded. 3 active nodes. 0 offline nodes {{(pid=90017) _load_hash_ring /opt/stack/neutron/neutron/common/ovn/hash_ring_manager.py:102}}
Jun 08 21:22:44.356214 np0000002360 devstack@neutron-api.service[90018]: DEBUG neutron.api.rpc.callbacks.version_manager [None req-4e673204-d737-401f-bbf5-51ad3c5270c2 admin admin] Tracked resource versions report:
Jun 08 21:22:44.356214 np0000002360 devstack@neutron-api.service[90018]: pushed versions:
Jun 08 21:22:44.356214 np0000002360 devstack@neutron-api.service[90018]: { 'AddressGroup': {'1.2'},
Jun 08 21:22:44.356214 np0000002360 devstack@neutron-api.service[90018]: 'Agent': {'1.1'},
Jun 08 21:22:44.356214 np0000002360 devstack@neutron-api.service[90018]: 'ConntrackHelper': {'1.0'},
Jun 08 21:22:44.356214 np0000002360 devstack@neutron-api.service[90018]: 'LocalIPAssociation': {'1.0'},
Jun 08 21:22:44.356214 np0000002360 devstack@neutron-api.service[90018]: 'Log': {'1.0'},
Jun 08 21:22:44.356214 np0000002360 devstack@neutron-api.service[90018]: 'NDPProxy': {'1.0'},
Jun 08 21:22:44.356214 np0000002360 devstack@neutron-api.service[90018]: 'Network': {'1.3'},
Jun 08 21:22:44.356214 np0000002360 devstack@neutron-api.service[90018]: 'Port': {'1.11'},
Jun 08 21:22:44.356214 np0000002360 devstack@neutron-api.service[90018]: 'PortForwarding': {'1.3'},
Jun 08 21:22:44.356214 np0000002360 devstack@neutron-api.service[90018]: 'QosPolicy': {'1.10'},
Jun 08 21:22:44.356214 np0000002360 devstack@neutron-api.service[90018]: 'SecurityGroup': {'1.6'},
Jun 08 21:22:44.356214 np0000002360 devstack@neutron-api.service[90018]: 'SecurityGroupRule': {'1.3'},
Jun 08 21:22:44.356214 np0000002360 devstack@neutron-api.service[90018]: 'SubPort': {'1.0'},
Jun 08 21:22:44.356214 np0000002360 devstack@neutron-api.service[90018]: 'Subnet': {'1.2'},
Jun 08 21:22:44.356214 np0000002360 devstack@neutron-api.service[90018]: 'Trunk': {'1.1'}}
Jun 08 21:22:44.356214 np0000002360 devstack@neutron-api.service[90018]: consumer versions:
Jun 08 21:22:44.356214 np0000002360 devstack@neutron-api.service[90018]: { OVN Controller Gateway agent@np0000002360: {},
Jun 08 21:22:44.356214 np0000002360 devstack@neutron-api.service[90018]: OVN Neutron agent@np0000002360: {}}
Jun 08 21:22:44.356214 np0000002360 devstack@neutron-api.service[90018]: {{(pid=90018) report /opt/stack/neutron/neutron/api/rpc/callbacks/version_manager.py:183}}
Jun 08 21:22:44.356659 np0000002360 devstack@neutron-api.service[90019]: DEBUG neutron.plugins.ml2.drivers.ovn.mech_driver.ovsdb.ovsdb_monitor [None req-a17ee09b-e3f6-42a4-8099-2ddea698a582 None None] Hash Ring: Node 94151ced61785fd599e8a85828dc17c1 (host: np0000002360) handling event "update" for row c223a8f9-9adb-401b-be48-d56a62190c2b (table: NB_Global) {{(pid=90019) notify /opt/stack/neutron/neutron/plugins/ml2/drivers/ovn/mech_driver/ovsdb/ovsdb_monitor.py:1015}}
Jun 08 21:22:44.356910 np0000002360 devstack@neutron-api.service[90019]: DEBUG neutron.plugins.ml2.drivers.ovn.mech_driver.ovsdb.ovsdb_monitor [None req-a17ee09b-e3f6-42a4-8099-2ddea698a582 None None] Hash Ring: Node 94151ced61785fd599e8a85828dc17c1 (host: np0000002360) handling event "update" for row c223a8f9-9adb-401b-be48-d56a62190c2b (table: NB_Global) {{(pid=90019) notify /opt/stack/neutron/neutron/plugins/ml2/drivers/ovn/mech_driver/ovsdb/ovsdb_monitor.py:1015}}
Jun 08 21:22:44.357516 np0000002360 devstack@neutron-api.service[90019]: DEBUG neutron.plugins.ml2.drivers.ovn.mech_driver.ovsdb.ovsdb_monitor [None req-a17ee09b-e3f6-42a4-8099-2ddea698a582 None None] Hash Ring: Node 94151ced61785fd599e8a85828dc17c1 (host: np0000002360) handling event "update" for row c223a8f9-9adb-401b-be48-d56a62190c2b (table: NB_Global) {{(pid=90019) notify /opt/stack/neutron/neutron/plugins/ml2/drivers/ovn/mech_driver/ovsdb/ovsdb_monitor.py:1015}}
Jun 08 21:22:44.364583 np0000002360 devstack@neutron-api.service[90018]: DEBUG ovsdbapp.backend.ovs_idl.transaction [None req-3290027b-46f4-4e5b-a14f-f1d3ca0707be None None] Running txn n=1 command(idx=0): AddNetworkCommand(_result=None, network_uuid=e8d8a6cb-a832-48d6-a492-4a282d5af138, may_exist=True, columns={'external_ids': {'neutron:network_name': 'shared', 'neutron:mtu': '1372', 'neutron:revision_number': '1', 'neutron:availability_zone_hints': '', 'neutron:provnet-network-type': 'geneve'}, 'other_config': {'mcast_snoop': 'false', 'mcast_flood_unregistered': 'false', 'vlan-passthru': 'false'}}) {{(pid=90018) do_commit /opt/stack/data/venv/lib/python3.12/site-packages/ovsdbapp/backend/ovs_idl/transaction.py:89}}
Jun 08 21:22:44.367702 np0000002360 devstack@neutron-api.service[90017]: DEBUG neutron.plugins.ml2.drivers.ovn.mech_driver.ovsdb.ovsdb_monitor [None req-abafa682-7f0a-4476-8cb3-c3a522638206 None None] Hash Ring: Node 90b2dd6dd7585728bf8da89baba75b73 (host: np0000002360) handling event "create" for row e8d8a6cb-a832-48d6-a492-4a282d5af138 (table: Logical_Switch) {{(pid=90017) notify /opt/stack/neutron/neutron/plugins/ml2/drivers/ovn/mech_driver/ovsdb/ovsdb_monitor.py:1015}}
Jun 08 21:22:44.368756 np0000002360 devstack@neutron-api.service[90019]: DEBUG neutron.plugins.ml2.drivers.ovn.mech_driver.ovsdb.ovsdb_monitor [None req-740f56db-97de-4cac-a59f-056dd76ddd58 None None] Hash Ring: Node 94151ced61785fd599e8a85828dc17c1 (host: np0000002360) handling event "create" for row 318df8f0-f7a8-4d8a-9346-52c8cd14fdda (table: Datapath_Binding) {{(pid=90019) notify /opt/stack/neutron/neutron/plugins/ml2/drivers/ovn/mech_driver/ovsdb/ovsdb_monitor.py:1015}}
Jun 08 21:22:44.628747 np0000002360 devstack@neutron-api.service[90018]: INFO neutron.db.ovn_revision_numbers_db [None req-4e673204-d737-401f-bbf5-51ad3c5270c2 admin admin] Successfully bumped revision number for resource e8d8a6cb-a832-48d6-a492-4a282d5af138 (type: networks) to 1
Jun 08 21:22:44.639200 np0000002360 devstack@neutron-api.service[90018]: DEBUG neutron_lib.callbacks.manager [None req-4e673204-d737-401f-bbf5-51ad3c5270c2 admin admin] Publish callbacks ['neutron.plugins.ml2.plugin.SecurityGroupDbMixin._ensure_default_security_group_handler-132104'] for port (None), before_create {{(pid=90018) _notify_loop /opt/stack/data/venv/lib/python3.12/site-packages/neutron_lib/callbacks/manager.py:184}}
Jun 08 21:22:44.705020 np0000002360 devstack@neutron-api.service[90018]: DEBUG neutron_lib.callbacks.manager [None req-4e673204-d737-401f-bbf5-51ad3c5270c2 admin admin] Publish callbacks ['neutron.plugins.ml2.drivers.ovn.mech_driver.mech_driver.OVNMechanismDriver._validate_allowed_address_pairs-2533138'] for allowed_address_pair (44ecd7e7-6f28-4827-98ec-25b788409baf), before_create {{(pid=90018) _notify_loop /opt/stack/data/venv/lib/python3.12/site-packages/neutron_lib/callbacks/manager.py:184}}
Jun 08 21:22:44.705576 np0000002360 devstack@neutron-api.service[90018]: DEBUG neutron_lib.callbacks.manager [None req-4e673204-d737-401f-bbf5-51ad3c5270c2 admin admin] Publish callbacks [] for port (44ecd7e7-6f28-4827-98ec-25b788409baf), precommit_create {{(pid=90018) _notify_loop /opt/stack/data/venv/lib/python3.12/site-packages/neutron_lib/callbacks/manager.py:184}}
Jun 08 21:22:44.705735 np0000002360 devstack@neutron-api.service[90018]: DEBUG neutron.plugins.ml2.drivers.ovn.mech_driver.mech_driver [None req-4e673204-d737-401f-bbf5-51ad3c5270c2 admin admin] No provisioning block for port 44ecd7e7-6f28-4827-98ec-25b788409baf since it does not have a host {{(pid=90018) _is_port_provisioning_required /opt/stack/neutron/neutron/plugins/ml2/drivers/ovn/mech_driver/mech_driver.py:896}}
Jun 08 21:22:44.705849 np0000002360 devstack@neutron-api.service[90018]: DEBUG neutron.db.ovn_revision_numbers_db [None req-4e673204-d737-401f-bbf5-51ad3c5270c2 admin admin] create_initial_revision uuid=44ecd7e7-6f28-4827-98ec-25b788409baf, type=ports, rev=-1 {{(pid=90018) create_initial_revision /opt/stack/neutron/neutron/db/ovn_revision_numbers_db.py:98}}
Jun 08 21:22:44.733239 np0000002360 devstack@neutron-api.service[90018]: DEBUG neutron_lib.callbacks.manager [None req-4e673204-d737-401f-bbf5-51ad3c5270c2 admin admin] Publish callbacks ['neutron.plugins.ml2.ovo_rpc._ObjectChangeHandler.handle_event-6526100'] for port (44ecd7e7-6f28-4827-98ec-25b788409baf), after_create {{(pid=90018) _notify_loop /opt/stack/data/venv/lib/python3.12/site-packages/neutron_lib/callbacks/manager.py:184}}
Jun 08 21:22:44.763838 np0000002360 devstack@neutron-api.service[90018]: DEBUG neutron.api.rpc.handlers.resources_rpc [None req-4e673204-d737-401f-bbf5-51ad3c5270c2 admin admin] Pushing event updated for resources: {'Port': ['ID=44ecd7e7-6f28-4827-98ec-25b788409baf,revision_number=1']} {{(pid=90018) push /opt/stack/neutron/neutron/api/rpc/handlers/resources_rpc.py:237}}
Jun 08 21:22:44.769258 np0000002360 devstack@neutron-api.service[90018]: DEBUG ovsdbapp.backend.ovs_idl.transaction [None req-3290027b-46f4-4e5b-a14f-f1d3ca0707be None None] Running txn n=1 command(idx=0): AddLSwitchPortCommand(_result=None, lport=44ecd7e7-6f28-4827-98ec-25b788409baf, lswitch=neutron-e8d8a6cb-a832-48d6-a492-4a282d5af138, may_exist=True, network_uuid=e8d8a6cb-a832-48d6-a492-4a282d5af138, columns={'addresses': ['fa:16:3e:a6:0b:ad'], 'external_ids': {'neutron:port_name': '', 'neutron:device_id': 'ovnmeta-e8d8a6cb-a832-48d6-a492-4a282d5af138', 'neutron:project_id': 'd7d38ddc4e6c430096cc94635adb5f3d', 'neutron:cidrs': '', 'neutron:device_owner': 'network:distributed', 'neutron:subnet_pool_addr_scope4': '', 'neutron:subnet_pool_addr_scope6': '', 'neutron:network_name': 'neutron-e8d8a6cb-a832-48d6-a492-4a282d5af138', 'neutron:security_group_ids': '', 'neutron:revision_number': '1', 'neutron:vnic_type': 'normal', 'neutron:port_capabilities': '', 'neutron:mtu': '1372'}, 'parent_name': [], 'tag': [], 'enabled': True, 'options': {}, 'type': 'localport', 'port_security': [], 'dhcpv4_options': [], 'dhcpv6_options': []}) {{(pid=90018) do_commit /opt/stack/data/venv/lib/python3.12/site-packages/ovsdbapp/backend/ovs_idl/transaction.py:89}}
Jun 08 21:22:44.769678 np0000002360 devstack@neutron-api.service[90018]: DEBUG ovsdbapp.backend.ovs_idl.transaction [None req-3290027b-46f4-4e5b-a14f-f1d3ca0707be None None] Running txn n=1 command(idx=1): QoSDelCommand(_result=None, switch=neutron-e8d8a6cb-a832-48d6-a492-4a282d5af138, conditions=[('direction', '=', 'to-lport'), ('priority', '=', 2002), ('match', '=', 'outport == "44ecd7e7-6f28-4827-98ec-25b788409baf"')], if_exists=True) {{(pid=90018) do_commit /opt/stack/data/venv/lib/python3.12/site-packages/ovsdbapp/backend/ovs_idl/transaction.py:89}}
Jun 08 21:22:44.769863 np0000002360 devstack@neutron-api.service[90018]: DEBUG ovsdbapp.backend.ovs_idl.transaction [None req-3290027b-46f4-4e5b-a14f-f1d3ca0707be None None] Running txn n=1 command(idx=2): QoSDelCommand(_result=None, switch=neutron-e8d8a6cb-a832-48d6-a492-4a282d5af138, conditions=[('direction', '=', 'from-lport'), ('priority', '=', 2002), ('match', '=', 'inport == "44ecd7e7-6f28-4827-98ec-25b788409baf"')], if_exists=True) {{(pid=90018) do_commit /opt/stack/data/venv/lib/python3.12/site-packages/ovsdbapp/backend/ovs_idl/transaction.py:89}}
Jun 08 21:22:44.772344 np0000002360 devstack@neutron-api.service[90018]: DEBUG neutron.plugins.ml2.drivers.ovn.mech_driver.ovsdb.ovsdb_monitor [None req-3290027b-46f4-4e5b-a14f-f1d3ca0707be None None] Hash Ring: Node 78ed3daec8305c02bc58a9a3cee47c14 (host: np0000002360) handling event "create" for row 329a868f-7def-4334-8766-5c5794dd901c (table: Logical_Switch_Port) {{(pid=90018) notify /opt/stack/neutron/neutron/plugins/ml2/drivers/ovn/mech_driver/ovsdb/ovsdb_monitor.py:1015}}
Jun 08 21:22:44.772491 np0000002360 devstack@neutron-api.service[90017]: DEBUG neutron.plugins.ml2.drivers.ovn.mech_driver.ovsdb.ovsdb_monitor [None req-abafa682-7f0a-4476-8cb3-c3a522638206 None None] Hash Ring: Node 90b2dd6dd7585728bf8da89baba75b73 (host: np0000002360) handling event "update" for row e8d8a6cb-a832-48d6-a492-4a282d5af138 (table: Logical_Switch) {{(pid=90017) notify /opt/stack/neutron/neutron/plugins/ml2/drivers/ovn/mech_driver/ovsdb/ovsdb_monitor.py:1015}}
Jun 08 21:22:44.773385 np0000002360 devstack@neutron-api.service[90018]: DEBUG ovsdbapp.backend.ovs_idl.event [None req-3290027b-46f4-4e5b-a14f-f1d3ca0707be None None] Matched CREATE: LogicalSwitchPortCreateEvent(events=('create',), table='Logical_Switch_Port', conditions=[], old_conditions=None), priority=20 to row=Logical_Switch_Port(uuid=329a868f-7def-4334-8766-5c5794dd901c, addresses=['fa:16:3e:a6:0b:ad'], dhcpv4_options=[], dhcpv6_options=[], dynamic_addresses=[], enabled=True, external_ids={'neutron:cidrs': '', 'neutron:device_id': 'ovnmeta-e8d8a6cb-a832-48d6-a492-4a282d5af138', 'neutron:device_owner': 'network:distributed', 'neutron:mtu': '1372', 'neutron:network_name': 'neutron-e8d8a6cb-a832-48d6-a492-4a282d5af138', 'neutron:port_capabilities': '', 'neutron:port_name': '', 'neutron:project_id': 'd7d38ddc4e6c430096cc94635adb5f3d', 'neutron:revision_number': '1', 'neutron:security_group_ids': '', 'neutron:subnet_pool_addr_scope4': '', 'neutron:subnet_pool_addr_scope6': '', 'neutron:vnic_type': 'normal'}, ha_chassis_group=[], mirror_rules=[], name='44ecd7e7-6f28-4827-98ec-25b788409baf', options={}, parent_name=[], port_security=[], tag=[], tag_request=[], type='localport', up=[]) old= {{(pid=90018) matches /opt/stack/data/venv/lib/python3.12/site-packages/ovsdbapp/backend/ovs_idl/event.py:55}}
Jun 08 21:22:44.774387 np0000002360 devstack@neutron-api.service[90018]: INFO neutron.plugins.ml2.drivers.ovn.mech_driver.mech_driver [None req-52fb3032-e1de-4fcf-b18e-15a1b9840f18 None None] OVN reports status down for port: 44ecd7e7-6f28-4827-98ec-25b788409baf
Jun 08 21:22:44.775380 np0000002360 devstack@neutron-api.service[90019]: DEBUG neutron.plugins.ml2.drivers.ovn.mech_driver.ovsdb.ovsdb_monitor [None req-740f56db-97de-4cac-a59f-056dd76ddd58 None None] Hash Ring: Node 94151ced61785fd599e8a85828dc17c1 (host: np0000002360) handling event "create" for row 87127d8d-8c26-464e-a184-aab9b360c49a (table: Port_Binding) {{(pid=90019) notify /opt/stack/neutron/neutron/plugins/ml2/drivers/ovn/mech_driver/ovsdb/ovsdb_monitor.py:1015}}
Jun 08 21:22:44.776240 np0000002360 devstack@neutron-api.service[90018]: DEBUG neutron.plugins.ml2.drivers.ovn.mech_driver.ovsdb.ovsdb_monitor [None req-3290027b-46f4-4e5b-a14f-f1d3ca0707be None None] Hash Ring: Node 78ed3daec8305c02bc58a9a3cee47c14 (host: np0000002360) handling event "update" for row 329a868f-7def-4334-8766-5c5794dd901c (table: Logical_Switch_Port) {{(pid=90018) notify /opt/stack/neutron/neutron/plugins/ml2/drivers/ovn/mech_driver/ovsdb/ovsdb_monitor.py:1015}}
Jun 08 21:22:44.818005 np0000002360 devstack@neutron-api.service[90018]: INFO neutron.db.ovn_revision_numbers_db [None req-4e673204-d737-401f-bbf5-51ad3c5270c2 admin admin] Successfully bumped revision number for resource 44ecd7e7-6f28-4827-98ec-25b788409baf (type: ports) to 1
Jun 08 21:22:44.819034 np0000002360 devstack@neutron-api.service[90018]: DEBUG neutron.db.provisioning_blocks [None req-52fb3032-e1de-4fcf-b18e-15a1b9840f18 None None] Transition to ACTIVE for port object 44ecd7e7-6f28-4827-98ec-25b788409baf will not be triggered until provisioned by entity L2. {{(pid=90018) add_provisioning_component /opt/stack/neutron/neutron/db/provisioning_blocks.py:74}}
Jun 08 21:22:44.826284 np0000002360 devstack@neutron-api.service[90018]: DEBUG neutron.pecan_wsgi.hooks.policy_enforcement [None req-4e673204-d737-401f-bbf5-51ad3c5270c2 admin admin] Attributes excluded by policy engine: ['standard_attr_id'] {{(pid=90018) _exclude_attributes_by_policy /opt/stack/neutron/neutron/pecan_wsgi/hooks/policy_enforcement.py:256}}
Jun 08 21:22:44.826575 np0000002360 devstack@neutron-api.service[90018]: DEBUG neutron_lib.callbacks.manager [None req-4e673204-d737-401f-bbf5-51ad3c5270c2 admin admin] Publish callbacks [] for network (None), before_response {{(pid=90018) _notify_loop /opt/stack/data/venv/lib/python3.12/site-packages/neutron_lib/callbacks/manager.py:184}}
Jun 08 21:22:44.842153 np0000002360 devstack@neutron-api.service[90018]: [pid: 90018|app: 0|req: 12/37] 10.4.3.77 () {68 vars in 1319 bytes} [Mon Jun 8 21:22:44 2026] POST /networking/v2.0/networks => generated 679 bytes in 666 msecs (HTTP/1.1 201) 4 headers in 162 bytes (1 switches on core 0)
Jun 08 21:22:44.847196 np0000002360 devstack@neutron-api.service[90018]: DEBUG neutron.plugins.ml2.plugin [None req-52fb3032-e1de-4fcf-b18e-15a1b9840f18 None None] Current status of the port 44ecd7e7-6f28-4827-98ec-25b788409baf is: DOWN; New status is: DOWN {{(pid=90018) _update_individual_port_db_status /opt/stack/neutron/neutron/plugins/ml2/plugin.py:2470}}
Jun 08 21:22:44.848476 np0000002360 devstack@neutron-api.service[90018]: DEBUG ovsdbapp.backend.ovs_idl.transaction [None req-3290027b-46f4-4e5b-a14f-f1d3ca0707be None None] Running txn n=1 command(idx=0): DbRemoveCommand(_result=None, table=Logical_Switch_Port, record=44ecd7e7-6f28-4827-98ec-25b788409baf, column=external_ids, values=('neutron:host_id',), keyvalues={}, if_exists=True) {{(pid=90018) do_commit /opt/stack/data/venv/lib/python3.12/site-packages/ovsdbapp/backend/ovs_idl/transaction.py:89}}
Jun 08 21:22:45.061123 np0000002360 devstack@neutron-api.service[90019]: INFO neutron.pecan_wsgi.hooks.translation [None req-88f59911-6eaf-48ca-ad4b-e7e6128bdb01 admin admin] GET failed (client error): The resource could not be found.
Jun 08 21:22:45.061123 np0000002360 devstack@neutron-api.service[90019]: [pid: 90019|app: 0|req: 14/38] 10.4.3.77 () {64 vars in 1287 bytes} [Mon Jun 8 21:22:45 2026] GET /networking/v2.0/networks/shared => generated 108 bytes in 8 msecs (HTTP/1.1 404) 4 headers in 164 bytes (1 switches on core 0)
Jun 08 21:22:45.090128 np0000002360 devstack@neutron-api.service[90017]: DEBUG neutron.pecan_wsgi.hooks.policy_enforcement [None req-36685808-b92b-4b5c-a311-7877d7793b6e admin admin] Attributes excluded by policy engine: ['standard_attr_id'] {{(pid=90017) _exclude_attributes_by_policy /opt/stack/neutron/neutron/pecan_wsgi/hooks/policy_enforcement.py:256}}
Jun 08 21:22:45.091060 np0000002360 devstack@neutron-api.service[90017]: [pid: 90017|app: 0|req: 13/39] 10.4.3.77 () {64 vars in 1302 bytes} [Mon Jun 8 21:22:45 2026] GET /networking/v2.0/networks?name=shared => generated 663 bytes in 22 msecs (HTTP/1.1 200) 4 headers in 157 bytes (1 switches on core 0)
Jun 08 21:22:45.102094 np0000002360 devstack@neutron-api.service[90018]: DEBUG neutron.api.v2.base [None req-8633f6e5-ea17-4b24-8690-ae5c503031c3 admin admin] Request body: {'subnet': {'description': 'shared-subnet', 'ip_version': 4, 'name': 'shared-subnet', 'network_id': 'e8d8a6cb-a832-48d6-a492-4a282d5af138', 'cidr': '192.168.233.0/24'}} {{(pid=90018) prepare_request_body /opt/stack/neutron/neutron/api/v2/base.py:727}}
Jun 08 21:22:45.112687 np0000002360 devstack@neutron-api.service[90018]: DEBUG neutron.pecan_wsgi.hooks.quota_enforcement [None req-8633f6e5-ea17-4b24-8690-ae5c503031c3 admin admin] Made reservation on behalf of d7d38ddc4e6c430096cc94635adb5f3d for: {'subnet': 1} {{(pid=90018) before /opt/stack/neutron/neutron/pecan_wsgi/hooks/quota_enforcement.py:66}}
Jun 08 21:22:45.114862 np0000002360 devstack@neutron-api.service[90018]: DEBUG neutron_lib.callbacks.manager [None req-8633f6e5-ea17-4b24-8690-ae5c503031c3 admin admin] Publish callbacks [] for subnet (None), before_create {{(pid=90018) _notify_loop /opt/stack/data/venv/lib/python3.12/site-packages/neutron_lib/callbacks/manager.py:184}}
Jun 08 21:22:45.168506 np0000002360 devstack@neutron-api.service[90018]: DEBUG neutron.db.ovn_revision_numbers_db [None req-8633f6e5-ea17-4b24-8690-ae5c503031c3 admin admin] create_initial_revision uuid=c00e1b62-bcde-4048-a256-5455cb643b46, type=subnets, rev=-1 {{(pid=90018) create_initial_revision /opt/stack/neutron/neutron/db/ovn_revision_numbers_db.py:98}}
Jun 08 21:22:45.171843 np0000002360 devstack@neutron-api.service[90018]: DEBUG neutron_lib.callbacks.manager [None req-8633f6e5-ea17-4b24-8690-ae5c503031c3 admin admin] Publish callbacks ['neutron.plugins.ml2.ovo_rpc._ObjectChangeHandler.handle_event-6526097'] for subnet (c00e1b62-bcde-4048-a256-5455cb643b46), after_create {{(pid=90018) _notify_loop /opt/stack/data/venv/lib/python3.12/site-packages/neutron_lib/callbacks/manager.py:184}}
Jun 08 21:22:45.185105 np0000002360 devstack@neutron-api.service[90018]: DEBUG neutron.api.rpc.handlers.resources_rpc [None req-8633f6e5-ea17-4b24-8690-ae5c503031c3 admin admin] Pushing event updated for resources: {'Subnet': ['ID=c00e1b62-bcde-4048-a256-5455cb643b46,revision_number=0']} {{(pid=90018) push /opt/stack/neutron/neutron/api/rpc/handlers/resources_rpc.py:237}}
Jun 08 21:22:45.237882 np0000002360 devstack@neutron-api.service[90018]: DEBUG neutron_lib.callbacks.manager [None req-8633f6e5-ea17-4b24-8690-ae5c503031c3 admin admin] Publish callbacks ['neutron.plugins.ml2.plugin.SecurityGroupDbMixin._ensure_default_security_group_handler-132104', 'neutron.services.ovn_l3.plugin.OVNL3RouterPlugin._port_update-8246081173508', 'neutron.db.l3_db.L3_NAT_dbonly_mixin._prevent_internal_ip_change_for_fip-8246082281806'] for port (44ecd7e7-6f28-4827-98ec-25b788409baf), before_update {{(pid=90018) _notify_loop /opt/stack/data/venv/lib/python3.12/site-packages/neutron_lib/callbacks/manager.py:184}}
Jun 08 21:22:45.328462 np0000002360 devstack@neutron-api.service[90018]: DEBUG neutron.db.db_base_plugin_common [None req-8633f6e5-ea17-4b24-8690-ae5c503031c3 admin admin] Allocated IP 192.168.233.2 (e8d8a6cb-a832-48d6-a492-4a282d5af138/c00e1b62-bcde-4048-a256-5455cb643b46/44ecd7e7-6f28-4827-98ec-25b788409baf) {{(pid=90018) _store_ip_allocation /opt/stack/neutron/neutron/db/db_base_plugin_common.py:131}}
Jun 08 21:22:45.344963 np0000002360 devstack@neutron-api.service[90019]: DEBUG neutron.plugins.ml2.drivers.ovn.mech_driver.ovsdb.ovsdb_monitor [None req-740f56db-97de-4cac-a59f-056dd76ddd58 None None] ChassisOVNAgentWriteEvent : Matched Chassis_Private, update, None None {{(pid=90019) matches /opt/stack/neutron/neutron/plugins/ml2/drivers/ovn/mech_driver/ovsdb/ovsdb_monitor.py:64}}
Jun 08 21:22:45.345752 np0000002360 devstack@neutron-api.service[90019]: DEBUG neutron.plugins.ml2.drivers.ovn.mech_driver.ovsdb.ovsdb_monitor [None req-740f56db-97de-4cac-a59f-056dd76ddd58 None None] Hash Ring: Node 94151ced61785fd599e8a85828dc17c1 (host: np0000002360) handling event "update" for row 28aa3123-e98f-4c68-80d1-66485c2da05d (table: Chassis_Private) {{(pid=90019) notify /opt/stack/neutron/neutron/plugins/ml2/drivers/ovn/mech_driver/ovsdb/ovsdb_monitor.py:1015}}
Jun 08 21:22:45.346159 np0000002360 devstack@neutron-api.service[90017]: DEBUG neutron.plugins.ml2.drivers.ovn.mech_driver.ovsdb.ovsdb_monitor [None req-e236b5b2-c6ad-4b19-a66d-f25fbcb42f7e None None] ChassisOVNAgentWriteEvent : Matched Chassis_Private, update, None None {{(pid=90017) matches /opt/stack/neutron/neutron/plugins/ml2/drivers/ovn/mech_driver/ovsdb/ovsdb_monitor.py:64}}
Jun 08 21:22:45.346208 np0000002360 devstack@neutron-api.service[90018]: DEBUG neutron.plugins.ml2.drivers.ovn.mech_driver.ovsdb.ovsdb_monitor [None req-757c43cf-68d8-4f33-9cf1-44a885e905e8 None None] ChassisOVNAgentWriteEvent : Matched Chassis_Private, update, None None {{(pid=90018) matches /opt/stack/neutron/neutron/plugins/ml2/drivers/ovn/mech_driver/ovsdb/ovsdb_monitor.py:64}}
Jun 08 21:22:45.398986 np0000002360 devstack@neutron-api.service[90018]: DEBUG neutron_lib.callbacks.manager [None req-8633f6e5-ea17-4b24-8690-ae5c503031c3 admin admin] Publish callbacks [] for port (44ecd7e7-6f28-4827-98ec-25b788409baf), precommit_update {{(pid=90018) _notify_loop /opt/stack/data/venv/lib/python3.12/site-packages/neutron_lib/callbacks/manager.py:184}}
Jun 08 21:22:45.399151 np0000002360 devstack@neutron-api.service[90018]: DEBUG neutron.plugins.ml2.drivers.ovn.mech_driver.mech_driver [None req-8633f6e5-ea17-4b24-8690-ae5c503031c3 admin admin] No provisioning block for port 44ecd7e7-6f28-4827-98ec-25b788409baf since it does not have a host {{(pid=90018) _is_port_provisioning_required /opt/stack/neutron/neutron/plugins/ml2/drivers/ovn/mech_driver/mech_driver.py:896}}
Jun 08 21:22:45.409063 np0000002360 devstack@neutron-api.service[90018]: DEBUG neutron_lib.callbacks.manager [None req-8633f6e5-ea17-4b24-8690-ae5c503031c3 admin admin] Publish callbacks ['neutron.plugins.ml2.ovo_rpc._ObjectChangeHandler.handle_event-6526100', 'neutron.services.ovn_l3.plugin.OVNL3RouterPlugin._port_update-8246081173508'] for port (44ecd7e7-6f28-4827-98ec-25b788409baf), after_update {{(pid=90018) _notify_loop /opt/stack/data/venv/lib/python3.12/site-packages/neutron_lib/callbacks/manager.py:184}}
Jun 08 21:22:45.437905 np0000002360 devstack@neutron-api.service[90018]: DEBUG neutron.api.rpc.handlers.resources_rpc [None req-8633f6e5-ea17-4b24-8690-ae5c503031c3 admin admin] Pushing event updated for resources: {'Port': ['ID=44ecd7e7-6f28-4827-98ec-25b788409baf,revision_number=2']} {{(pid=90018) push /opt/stack/neutron/neutron/api/rpc/handlers/resources_rpc.py:237}}
Jun 08 21:22:45.533239 np0000002360 devstack@neutron-api.service[90018]: DEBUG ovsdbapp.backend.ovs_idl.transaction [None req-3290027b-46f4-4e5b-a14f-f1d3ca0707be None None] Running txn n=1 command(idx=0): CheckRevisionNumberCommand(_result=None, name=44ecd7e7-6f28-4827-98ec-25b788409baf, resource={'id': '44ecd7e7-6f28-4827-98ec-25b788409baf', 'name': '', 'network_id': 'e8d8a6cb-a832-48d6-a492-4a282d5af138', 'project_id': 'd7d38ddc4e6c430096cc94635adb5f3d', 'mac_address': 'fa:16:3e:a6:0b:ad', 'admin_state_up': True, 'status': 'DOWN', 'device_id': 'ovnmeta-e8d8a6cb-a832-48d6-a492-4a282d5af138', 'device_owner': 'network:distributed', 'standard_attr_id': 28, 'fixed_ips': [{'subnet_id': 'c00e1b62-bcde-4048-a256-5455cb643b46', 'ip_address': '192.168.233.2'}], 'allowed_address_pairs': [], 'extra_dhcp_opts': [], 'security_groups': [], 'description': '', 'binding:vnic_type': 'normal', 'binding:profile': {}, 'binding:host_id': '', 'binding:vif_type': 'unbound', 'binding:vif_details': {}, 'port_security_enabled': False, 'tags': [], 'created_at': '2026-06-08T21:22:44Z', 'updated_at': '2026-06-08T21:22:45Z', 'revision_number': 2, 'tenant_id': 'd7d38ddc4e6c430096cc94635adb5f3d', 'network': {'id': 'e8d8a6cb-a832-48d6-a492-4a282d5af138', 'name': 'shared', 'tenant_id': 'd7d38ddc4e6c430096cc94635adb5f3d', 'project_id': 'd7d38ddc4e6c430096cc94635adb5f3d', 'admin_state_up': True, 'mtu': 1372, 'status': 'ACTIVE', 'subnets': ['c00e1b62-bcde-4048-a256-5455cb643b46'], 'standard_attr_id': 26, 'shared': True, 'availability_zone_hints': [], 'availability_zones': [], 'ipv4_address_scope': None, 'ipv6_address_scope': None, 'router:external': False, 'qinq': False, 'vlan_transparent': False, 'description': '', 'port_security_enabled': True, 'tags': [], 'created_at': '2026-06-08T21:22:44Z', 'updated_at': '2026-06-08T21:22:45Z', 'revision_number': 2, 'provider:network_type': 'geneve', 'provider:physical_network': None, 'provider:segmentation_id': 10839}}, resource_type=ports, if_exists=True) {{(pid=90018) do_commit /opt/stack/data/venv/lib/python3.12/site-packages/ovsdbapp/backend/ovs_idl/transaction.py:89}}
Jun 08 21:22:45.533571 np0000002360 devstack@neutron-api.service[90018]: DEBUG ovsdbapp.backend.ovs_idl.transaction [None req-3290027b-46f4-4e5b-a14f-f1d3ca0707be None None] Running txn n=1 command(idx=1): AddDHCPOptionsCommand(_result=None, columns={'cidr': '192.168.233.0/24', 'options': {'server_id': '192.168.233.1', 'lease_time': '43200', 'mtu': '1372', 'router': '192.168.233.1', 'server_mac': 'fa:16:3e:12:fc:4a', 'dns_server': '{127.0.0.53}', 'classless_static_route': '{169.254.169.254/32,192.168.233.2, 0.0.0.0/0,192.168.233.1}'}, 'external_ids': {'subnet_id': 'c00e1b62-bcde-4048-a256-5455cb643b46', 'neutron:network_id': 'e8d8a6cb-a832-48d6-a492-4a282d5af138', 'neutron:revision_number': '0'}}, may_exist=True, subnet_id=c00e1b62-bcde-4048-a256-5455cb643b46, port_id=None, new_insert=False) {{(pid=90018) do_commit /opt/stack/data/venv/lib/python3.12/site-packages/ovsdbapp/backend/ovs_idl/transaction.py:89}}
