Jul 23 04:36:13.897612 np0000005708 devstack@c-api.service[100284]: INFO cinder.volume.api [None req-87c44f18-61bb-4163-8311-1f1b84a78036 tempest-ImageDependencyTests-963855156 tempest-ImageDependencyTests-963855156-project-member] Snapshot retrieved successfully.
Jul 23 04:36:13.898775 np0000005708 devstack@c-api.service[100284]: INFO cinder.api.openstack.wsgi [None req-87c44f18-61bb-4163-8311-1f1b84a78036 tempest-ImageDependencyTests-963855156 tempest-ImageDependencyTests-963855156-project-member] https://10.4.3.192/volume/v3/snapshots/2a9859b8-57a4-4d3b-ad3e-09a4d71c0f0b returned with HTTP 200
Jul 23 04:36:13.899590 np0000005708 devstack@c-api.service[100284]: [pid: 100284|app: 0|req: 126/502] 10.4.3.192 () {66 vars in 1354 bytes} [Thu Jul 23 04:36:13 2026] GET /volume/v3/snapshots/2a9859b8-57a4-4d3b-ad3e-09a4d71c0f0b => generated 478 bytes in 16 msecs (HTTP/1.1 200) 7 headers in 285 bytes (1 switches on core 0)
Jul 23 04:36:13.982713 np0000005708 devstack@c-api.service[100283]: DEBUG cinder.api.middleware.request_id [None req-4812c58b-ea27-4dae-8409-66d77bb582dc None None] RequestId filter calling following filter/app {{(pid=100283) _context_setter /opt/stack/cinder/cinder/api/middleware/request_id.py:62}}
Jul 23 04:36:13.985324 np0000005708 devstack@c-api.service[100283]: INFO cinder.api.openstack.wsgi [None req-4812c58b-ea27-4dae-8409-66d77bb582dc tempest-ServerActionsTestOtherA-1392945276 tempest-ServerActionsTestOtherA-1392945276-project-member] POST https://10.4.3.192/volume/v3/volumes
Jul 23 04:36:13.986609 np0000005708 devstack@c-api.service[100283]: DEBUG cinder.api.openstack.wsgi [None req-4812c58b-ea27-4dae-8409-66d77bb582dc tempest-ServerActionsTestOtherA-1392945276 tempest-ServerActionsTestOtherA-1392945276-project-member] Action: 'create', calling method: create, body: {"volume": {"name": "tempest-tempest.common.compute-volume-393718969", "imageRef": "a0351565-4aaf-48b5-b154-425c11f0322e", "size": 1}} {{(pid=100283) _process_stack /opt/stack/cinder/cinder/api/openstack/wsgi.py:876}}
Jul 23 04:36:13.988964 np0000005708 devstack@c-api.service[100283]: DEBUG cinder.api.v3.volumes [None req-4812c58b-ea27-4dae-8409-66d77bb582dc tempest-ServerActionsTestOtherA-1392945276 tempest-ServerActionsTestOtherA-1392945276-project-member] Create volume request body: {'volume': {'name': 'tempest-tempest.common.compute-volume-393718969', 'imageRef': 'a0351565-4aaf-48b5-b154-425c11f0322e', 'size': 1}} {{(pid=100283) create /opt/stack/cinder/cinder/api/v3/volumes.py:368}}
Jul 23 04:36:14.118347 np0000005708 devstack@c-api.service[100283]: INFO cinder.api.v3.volumes [None req-4812c58b-ea27-4dae-8409-66d77bb582dc tempest-ServerActionsTestOtherA-1392945276 tempest-ServerActionsTestOtherA-1392945276-project-member] Create volume of 1 GB
Jul 23 04:36:14.126015 np0000005708 devstack@c-api.service[100283]: INFO cinder.volume.api [None req-4812c58b-ea27-4dae-8409-66d77bb582dc tempest-ServerActionsTestOtherA-1392945276 tempest-ServerActionsTestOtherA-1392945276-project-member] Availability Zones retrieved successfully.
Jul 23 04:36:14.135143 np0000005708 devstack@c-api.service[100283]: DEBUG cinder.volume.api [None req-4812c58b-ea27-4dae-8409-66d77bb582dc tempest-ServerActionsTestOtherA-1392945276 tempest-ServerActionsTestOtherA-1392945276-project-member] Flow 'volume_create_api' (18623af3-c5d1-4be2-95fb-0bf8f6371ebf) transitioned into state 'RUNNING' from state 'PENDING' {{(pid=100283) _flow_receiver /opt/stack/data/venv/lib/python3.12/site-packages/taskflow/listeners/logging.py:160}}
Jul 23 04:36:14.137655 np0000005708 devstack@c-api.service[100283]: DEBUG cinder.volume.api [None req-4812c58b-ea27-4dae-8409-66d77bb582dc tempest-ServerActionsTestOtherA-1392945276 tempest-ServerActionsTestOtherA-1392945276-project-member] Task 'cinder.volume.flows.api.create_volume.ExtractVolumeRequestTask;volume:create' (ad937f67-036d-497c-bd7d-d49b77746b80) transitioned into state 'RUNNING' from state 'PENDING' {{(pid=100283) _task_receiver /opt/stack/data/venv/lib/python3.12/site-packages/taskflow/listeners/logging.py:242}}
Jul 23 04:36:14.139235 np0000005708 devstack@c-api.service[100283]: DEBUG cinder.volume.flows.api.create_volume [None req-4812c58b-ea27-4dae-8409-66d77bb582dc tempest-ServerActionsTestOtherA-1392945276 tempest-ServerActionsTestOtherA-1392945276-project-member] Validating volume size '1' using validate_int {{(pid=100283) _extract_size /opt/stack/cinder/cinder/volume/flows/api/create_volume.py:226}}
Jul 23 04:36:14.239968 np0000005708 devstack@c-api.service[100283]: DEBUG cinder.volume.api [None req-4812c58b-ea27-4dae-8409-66d77bb582dc tempest-ServerActionsTestOtherA-1392945276 tempest-ServerActionsTestOtherA-1392945276-project-member] Task 'cinder.volume.flows.api.create_volume.ExtractVolumeRequestTask;volume:create' (ad937f67-036d-497c-bd7d-d49b77746b80) transitioned into state 'SUCCESS' from state 'RUNNING' with result '{'size': 1, 'snapshot_id': None, 'source_volid': None, 'volume_type': VolumeType(created_at=2026-07-23T04:31:09Z,deleted=False,deleted_at=None,description=None,extra_specs={volume_backend_name='storpool'},id=56f79026-2039-4162-863b-4d47da93291e,is_public=True,name='storpool',projects=[],qos_specs=,qos_specs_id=None,updated_at=None), 'volume_type_id': '56f79026-2039-4162-863b-4d47da93291e', 'encryption_key_id': None, 'qos_specs': None, 'consistencygroup_id': None, 'cgsnapshot_id': None, 'group_id': None, 'replication_status': 'disabled', 'refresh_az': False, 'backup_id': None, 'multiattach': False, 'availability_zones': ['nova']}' {{(pid=100283) _task_receiver /opt/stack/data/venv/lib/python3.12/site-packages/taskflow/listeners/logging.py:218}}
Jul 23 04:36:14.241492 np0000005708 devstack@c-api.service[100283]: DEBUG cinder.volume.api [None req-4812c58b-ea27-4dae-8409-66d77bb582dc tempest-ServerActionsTestOtherA-1392945276 tempest-ServerActionsTestOtherA-1392945276-project-member] Task 'cinder.volume.flows.api.create_volume.QuotaReserveTask;volume:create' (c3e3ec65-3330-43eb-9158-7bf16af1a805) transitioned into state 'RUNNING' from state 'PENDING' {{(pid=100283) _task_receiver /opt/stack/data/venv/lib/python3.12/site-packages/taskflow/listeners/logging.py:242}}
Jul 23 04:36:14.269927 np0000005708 devstack@c-api.service[100286]: DEBUG cinder.api.middleware.request_id [req-4baed6ae-294b-403f-aa56-ce66b5aaf01c req-13a3590e-e242-413f-9f3c-02dfac6ed7d3 None None] RequestId filter calling following filter/app {{(pid=100286) _context_setter /opt/stack/cinder/cinder/api/middleware/request_id.py:62}}
Jul 23 04:36:14.274719 np0000005708 devstack@c-api.service[100286]: INFO cinder.api.openstack.wsgi [req-4baed6ae-294b-403f-aa56-ce66b5aaf01c req-13a3590e-e242-413f-9f3c-02dfac6ed7d3 tempest-TaggedAttachmentsTest-190690419 tempest-TaggedAttachmentsTest-190690419-project-member] GET https://10.4.3.192/volume/v3/volumes/7d1d83ce-6e59-425f-8e2a-2d7714e471c8
Jul 23 04:36:14.275447 np0000005708 devstack@c-api.service[100286]: DEBUG cinder.api.openstack.wsgi [req-4baed6ae-294b-403f-aa56-ce66b5aaf01c req-13a3590e-e242-413f-9f3c-02dfac6ed7d3 tempest-TaggedAttachmentsTest-190690419 tempest-TaggedAttachmentsTest-190690419-project-member] Empty body provided in request {{(pid=100286) get_body /opt/stack/cinder/cinder/api/openstack/wsgi.py:725}}
Jul 23 04:36:14.275447 np0000005708 devstack@c-api.service[100286]: DEBUG cinder.api.openstack.wsgi [req-4baed6ae-294b-403f-aa56-ce66b5aaf01c req-13a3590e-e242-413f-9f3c-02dfac6ed7d3 tempest-TaggedAttachmentsTest-190690419 tempest-TaggedAttachmentsTest-190690419-project-member] Calling method 'show' {{(pid=100286) _process_stack /opt/stack/cinder/cinder/api/openstack/wsgi.py:878}}
Jul 23 04:36:14.293919 np0000005708 devstack@c-api.service[100286]: /opt/stack/data/venv/lib/python3.12/site-packages/oslo_context/context.py:102: DeprecationWarning: Policy enforcement is depending on the value of is_admin. This key is deprecated. Please update your policy file to use the standard policy values.
Jul 23 04:36:14.293919 np0000005708 devstack@c-api.service[100286]: warnings.warn(
Jul 23 04:36:14.300309 np0000005708 devstack@c-api.service[100286]: INFO cinder.volume.api [req-4baed6ae-294b-403f-aa56-ce66b5aaf01c req-13a3590e-e242-413f-9f3c-02dfac6ed7d3 tempest-TaggedAttachmentsTest-190690419 tempest-TaggedAttachmentsTest-190690419-project-member] Volume info retrieved successfully.
Jul 23 04:36:14.310125 np0000005708 devstack@c-api.service[100286]: INFO cinder.api.openstack.wsgi [req-4baed6ae-294b-403f-aa56-ce66b5aaf01c req-13a3590e-e242-413f-9f3c-02dfac6ed7d3 tempest-TaggedAttachmentsTest-190690419 tempest-TaggedAttachmentsTest-190690419-project-member] https://10.4.3.192/volume/v3/volumes/7d1d83ce-6e59-425f-8e2a-2d7714e471c8 returned with HTTP 200
Jul 23 04:36:14.311591 np0000005708 devstack@c-api.service[100286]: [pid: 100286|app: 0|req: 129/503] 10.4.3.192 () {68 vars in 1598 bytes} [Thu Jul 23 04:36:14 2026] GET /volume/v3/volumes/7d1d83ce-6e59-425f-8e2a-2d7714e471c8 => generated 1135 bytes in 42 msecs (HTTP/1.1 200) 7 headers in 286 bytes (1 switches on core 0)
Jul 23 04:36:14.312091 np0000005708 devstack@c-api.service[100283]: DEBUG cinder.quota [None req-4812c58b-ea27-4dae-8409-66d77bb582dc tempest-ServerActionsTestOtherA-1392945276 tempest-ServerActionsTestOtherA-1392945276-project-member] Created reservations ['c77d6895-b638-45e3-b076-6f20461b77af', '62b718b2-252a-4e93-827c-91738636eac3', '8f6ecd06-db38-4d88-a57b-a8c589eee162', 'ebba3ff8-f33f-409e-927e-2ae535d40f1f'] {{(pid=100283) reserve /opt/stack/cinder/cinder/quota.py:752}}
Jul 23 04:36:14.312686 np0000005708 devstack@c-api.service[100285]: DEBUG cinder.api.middleware.request_id [None req-72ab340d-96c2-449d-8cb2-04b1d46785ed None None] RequestId filter calling following filter/app {{(pid=100285) _context_setter /opt/stack/cinder/cinder/api/middleware/request_id.py:62}}
Jul 23 04:36:14.313120 np0000005708 devstack@c-api.service[100283]: DEBUG cinder.volume.api [None req-4812c58b-ea27-4dae-8409-66d77bb582dc tempest-ServerActionsTestOtherA-1392945276 tempest-ServerActionsTestOtherA-1392945276-project-member] Task 'cinder.volume.flows.api.create_volume.QuotaReserveTask;volume:create' (c3e3ec65-3330-43eb-9158-7bf16af1a805) transitioned into state 'SUCCESS' from state 'RUNNING' with result '{'reservations': ['c77d6895-b638-45e3-b076-6f20461b77af', '62b718b2-252a-4e93-827c-91738636eac3', '8f6ecd06-db38-4d88-a57b-a8c589eee162', 'ebba3ff8-f33f-409e-927e-2ae535d40f1f']}' {{(pid=100283) _task_receiver /opt/stack/data/venv/lib/python3.12/site-packages/taskflow/listeners/logging.py:218}}
Jul 23 04:36:14.314387 np0000005708 devstack@c-api.service[100283]: DEBUG cinder.volume.api [None req-4812c58b-ea27-4dae-8409-66d77bb582dc tempest-ServerActionsTestOtherA-1392945276 tempest-ServerActionsTestOtherA-1392945276-project-member] Task 'cinder.volume.flows.api.create_volume.EntryCreateTask;volume:create' (9a6ef53c-2865-4fd7-976e-e7b5c12d78f7) transitioned into state 'RUNNING' from state 'PENDING' {{(pid=100283) _task_receiver /opt/stack/data/venv/lib/python3.12/site-packages/taskflow/listeners/logging.py:242}}
Jul 23 04:36:14.315650 np0000005708 devstack@c-api.service[100285]: INFO cinder.api.openstack.wsgi [None req-72ab340d-96c2-449d-8cb2-04b1d46785ed tempest-ImageDependencyTests-963855156 tempest-ImageDependencyTests-963855156-project-member] DELETE https://10.4.3.192/volume/v3/snapshots/2a9859b8-57a4-4d3b-ad3e-09a4d71c0f0b
Jul 23 04:36:14.315804 np0000005708 devstack@c-api.service[100285]: DEBUG cinder.api.openstack.wsgi [None req-72ab340d-96c2-449d-8cb2-04b1d46785ed tempest-ImageDependencyTests-963855156 tempest-ImageDependencyTests-963855156-project-member] Empty body provided in request {{(pid=100285) get_body /opt/stack/cinder/cinder/api/openstack/wsgi.py:725}}
Jul 23 04:36:14.316053 np0000005708 devstack@c-api.service[100285]: DEBUG cinder.api.openstack.wsgi [None req-72ab340d-96c2-449d-8cb2-04b1d46785ed tempest-ImageDependencyTests-963855156 tempest-ImageDependencyTests-963855156-project-member] Calling method 'delete' {{(pid=100285) _process_stack /opt/stack/cinder/cinder/api/openstack/wsgi.py:878}}
Jul 23 04:36:14.316184 np0000005708 devstack@c-api.service[100285]: INFO cinder.api.v3.snapshots [None req-72ab340d-96c2-449d-8cb2-04b1d46785ed tempest-ImageDependencyTests-963855156 tempest-ImageDependencyTests-963855156-project-member] Delete snapshot with id: 2a9859b8-57a4-4d3b-ad3e-09a4d71c0f0b
Jul 23 04:36:14.328673 np0000005708 devstack@c-api.service[100285]: /opt/stack/data/venv/lib/python3.12/site-packages/oslo_context/context.py:102: DeprecationWarning: Policy enforcement is depending on the value of is_admin. This key is deprecated. Please update your policy file to use the standard policy values.
Jul 23 04:36:14.328673 np0000005708 devstack@c-api.service[100285]: warnings.warn(
Jul 23 04:36:14.332662 np0000005708 devstack@c-api.service[100285]: INFO cinder.volume.api [None req-72ab340d-96c2-449d-8cb2-04b1d46785ed tempest-ImageDependencyTests-963855156 tempest-ImageDependencyTests-963855156-project-member] Snapshot retrieved successfully.
Jul 23 04:36:14.353693 np0000005708 devstack@c-api.service[100283]: DEBUG cinder.volume.api [None req-4812c58b-ea27-4dae-8409-66d77bb582dc tempest-ServerActionsTestOtherA-1392945276 tempest-ServerActionsTestOtherA-1392945276-project-member] Task 'cinder.volume.flows.api.create_volume.EntryCreateTask;volume:create' (9a6ef53c-2865-4fd7-976e-e7b5c12d78f7) transitioned into state 'SUCCESS' from state 'RUNNING' with result '{'volume_id': 'ac56518a-80af-48ba-8e20-c7e91ece79fc', 'volume_properties': VolumeProperties(attach_status='detached',availability_zone='nova',cgsnapshot_id=None,consistencygroup_id=None,display_description=None,display_name='tempest-tempest.common.compute-volume-393718969',encryption_key_id=None,group_id=None,group_type_id=,metadata={},multiattach=False,project_id='4ff39026f16843ad89dcad65d6606703',qos_specs=None,replication_status=,reservations=['c77d6895-b638-45e3-b076-6f20461b77af','62b718b2-252a-4e93-827c-91738636eac3','8f6ecd06-db38-4d88-a57b-a8c589eee162','ebba3ff8-f33f-409e-927e-2ae535d40f1f'],size=1,snapshot_id=None,source_replicaid=,source_volid=None,status='creating',user_id='39c472b9006d4674b64f138868c39b2a',volume_type_id=56f79026-2039-4162-863b-4d47da93291e), 'volume': Volume(_name_id=None,admin_metadata=,attach_status='detached',availability_zone='nova',bootable=False,cluster=,cluster_name=None,consistencygroup=,consistencygroup_id=None,created_at=2026-07-23T04:36:14Z,deleted=False,deleted_at=None,display_description=None,display_name='tempest-tempest.common.compute-volume-393718969',ec2_id=None,encryption_key_id=None,glance_metadata=,group=,group_id=None,host=None,id=ac56518a-80af-48ba-8e20-c7e91ece79fc,launched_at=None,metadata={},migration_status=None,multiattach=False,previous_status=None,project_id='4ff39026f16843ad89dcad65d6606703',provider_auth=None,provider_geometry=None,provider_id=None,provider_location=None,replication_driver_data=None,replication_extended_status=None,replication_status=None,scheduled_at=None,service_uuid=None,shared_targets=True,size=1,snapshot_id=None,snapshots=,source_volid=None,status='creating',terminated_at=None,updated_at=None,use_quota=True,user_id='39c472b9006d4674b64f138868c39b2a',volume_attachment=VolumeAttachmentList,volume_type=VolumeType(56f79026-2039-4162-863b-4d47da93291e),volume_type_id=56f79026-2039-4162-863b-4d47da93291e)}' {{(pid=100283) _task_receiver /opt/stack/data/venv/lib/python3.12/site-packages/taskflow/listeners/logging.py:218}}
Jul 23 04:36:14.355487 np0000005708 devstack@c-api.service[100283]: DEBUG cinder.volume.api [None req-4812c58b-ea27-4dae-8409-66d77bb582dc tempest-ServerActionsTestOtherA-1392945276 tempest-ServerActionsTestOtherA-1392945276-project-member] Task 'cinder.volume.flows.api.create_volume.QuotaCommitTask;volume:create' (d0c24f99-7296-4e1f-92cf-7cc283093772) transitioned into state 'RUNNING' from state 'PENDING' {{(pid=100283) _task_receiver /opt/stack/data/venv/lib/python3.12/site-packages/taskflow/listeners/logging.py:242}}
Jul 23 04:36:14.371529 np0000005708 devstack@c-api.service[100285]: INFO cinder.volume.api [None req-72ab340d-96c2-449d-8cb2-04b1d46785ed tempest-ImageDependencyTests-963855156 tempest-ImageDependencyTests-963855156-project-member] Snapshot delete request issued successfully.
Jul 23 04:36:14.371529 np0000005708 devstack@c-api.service[100285]: INFO cinder.api.openstack.wsgi [None req-72ab340d-96c2-449d-8cb2-04b1d46785ed tempest-ImageDependencyTests-963855156 tempest-ImageDependencyTests-963855156-project-member] https://10.4.3.192/volume/v3/snapshots/2a9859b8-57a4-4d3b-ad3e-09a4d71c0f0b returned with HTTP 202
Jul 23 04:36:14.372431 np0000005708 devstack@c-api.service[100285]: [pid: 100285|app: 0|req: 124/504] 10.4.3.192 () {66 vars in 1357 bytes} [Thu Jul 23 04:36:14 2026] DELETE /volume/v3/snapshots/2a9859b8-57a4-4d3b-ad3e-09a4d71c0f0b => generated 0 bytes in 61 msecs (HTTP/1.1 202) 6 headers in 233 bytes (1 switches on core 0)
Jul 23 04:36:14.381918 np0000005708 devstack@c-api.service[100284]: DEBUG cinder.api.middleware.request_id [req-4baed6ae-294b-403f-aa56-ce66b5aaf01c req-d4a1845e-63dd-466d-a5ff-b9a86a6ade6e None None] RequestId filter calling following filter/app {{(pid=100284) _context_setter /opt/stack/cinder/cinder/api/middleware/request_id.py:62}}
Jul 23 04:36:14.389652 np0000005708 devstack@c-api.service[100284]: INFO cinder.api.openstack.wsgi [req-4baed6ae-294b-403f-aa56-ce66b5aaf01c req-d4a1845e-63dd-466d-a5ff-b9a86a6ade6e tempest-TaggedAttachmentsTest-190690419 tempest-TaggedAttachmentsTest-190690419-project-member] POST https://10.4.3.192/volume/v3/volumes/7d1d83ce-6e59-425f-8e2a-2d7714e471c8/action
Jul 23 04:36:14.390930 np0000005708 devstack@c-api.service[100286]: DEBUG cinder.api.middleware.request_id [None req-f75c284e-f9b4-41e8-87d2-c1c2a8fcfd54 None None] RequestId filter calling following filter/app {{(pid=100286) _context_setter /opt/stack/cinder/cinder/api/middleware/request_id.py:62}}
Jul 23 04:36:14.390992 np0000005708 devstack@c-api.service[100284]: DEBUG cinder.api.openstack.wsgi [req-4baed6ae-294b-403f-aa56-ce66b5aaf01c req-d4a1845e-63dd-466d-a5ff-b9a86a6ade6e tempest-TaggedAttachmentsTest-190690419 tempest-TaggedAttachmentsTest-190690419-project-member] Action body: b'{"os-begin_detaching": null}' {{(pid=100284) get_method /opt/stack/cinder/cinder/api/openstack/wsgi.py:993}}
Jul 23 04:36:14.392636 np0000005708 devstack@c-api.service[100284]: DEBUG cinder.api.openstack.wsgi [req-4baed6ae-294b-403f-aa56-ce66b5aaf01c req-d4a1845e-63dd-466d-a5ff-b9a86a6ade6e tempest-TaggedAttachmentsTest-190690419 tempest-TaggedAttachmentsTest-190690419-project-member] Action: 'action', calling method: _begin_detaching, body: {"os-begin_detaching": null} {{(pid=100284) _process_stack /opt/stack/cinder/cinder/api/openstack/wsgi.py:876}}
Jul 23 04:36:14.393652 np0000005708 devstack@c-api.service[100286]: INFO cinder.api.openstack.wsgi [None req-f75c284e-f9b4-41e8-87d2-c1c2a8fcfd54 tempest-ImageDependencyTests-963855156 tempest-ImageDependencyTests-963855156-project-member] GET https://10.4.3.192/volume/v3/snapshots/2a9859b8-57a4-4d3b-ad3e-09a4d71c0f0b
Jul 23 04:36:14.393652 np0000005708 devstack@c-api.service[100286]: DEBUG cinder.api.openstack.wsgi [None req-f75c284e-f9b4-41e8-87d2-c1c2a8fcfd54 tempest-ImageDependencyTests-963855156 tempest-ImageDependencyTests-963855156-project-member] Empty body provided in request {{(pid=100286) get_body /opt/stack/cinder/cinder/api/openstack/wsgi.py:725}}
Jul 23 04:36:14.394012 np0000005708 devstack@c-api.service[100286]: DEBUG cinder.api.openstack.wsgi [None req-f75c284e-f9b4-41e8-87d2-c1c2a8fcfd54 tempest-ImageDependencyTests-963855156 tempest-ImageDependencyTests-963855156-project-member] Calling method 'show' {{(pid=100286) _process_stack /opt/stack/cinder/cinder/api/openstack/wsgi.py:878}}
Jul 23 04:36:14.408591 np0000005708 devstack@c-api.service[100283]: DEBUG cinder.volume.api [None req-4812c58b-ea27-4dae-8409-66d77bb582dc tempest-ServerActionsTestOtherA-1392945276 tempest-ServerActionsTestOtherA-1392945276-project-member] Task 'cinder.volume.flows.api.create_volume.QuotaCommitTask;volume:create' (d0c24f99-7296-4e1f-92cf-7cc283093772) transitioned into state 'SUCCESS' from state 'RUNNING' with result '{'volume_properties': VolumeProperties(attach_status='detached',availability_zone='nova',cgsnapshot_id=None,consistencygroup_id=None,display_description=None,display_name='tempest-tempest.common.compute-volume-393718969',encryption_key_id=None,group_id=None,group_type_id=,metadata={},multiattach=False,project_id='4ff39026f16843ad89dcad65d6606703',qos_specs=None,replication_status=,reservations=['c77d6895-b638-45e3-b076-6f20461b77af','62b718b2-252a-4e93-827c-91738636eac3','8f6ecd06-db38-4d88-a57b-a8c589eee162','ebba3ff8-f33f-409e-927e-2ae535d40f1f'],size=1,snapshot_id=None,source_replicaid=,source_volid=None,status='creating',user_id='39c472b9006d4674b64f138868c39b2a',volume_type_id=56f79026-2039-4162-863b-4d47da93291e)}' {{(pid=100283) _task_receiver /opt/stack/data/venv/lib/python3.12/site-packages/taskflow/listeners/logging.py:218}}
Jul 23 04:36:14.409352 np0000005708 devstack@c-api.service[100283]: DEBUG cinder.volume.api [None req-4812c58b-ea27-4dae-8409-66d77bb582dc tempest-ServerActionsTestOtherA-1392945276 tempest-ServerActionsTestOtherA-1392945276-project-member] Task 'cinder.volume.flows.api.create_volume.VolumeCastTask;volume:create' (f091caf7-856a-4a1b-a9c1-ef800af5141d) transitioned into state 'RUNNING' from state 'PENDING' {{(pid=100283) _task_receiver /opt/stack/data/venv/lib/python3.12/site-packages/taskflow/listeners/logging.py:242}}
Jul 23 04:36:14.409487 np0000005708 devstack@c-api.service[100286]: /opt/stack/data/venv/lib/python3.12/site-packages/oslo_context/context.py:102: DeprecationWarning: Policy enforcement is depending on the value of is_admin. This key is deprecated. Please update your policy file to use the standard policy values.
Jul 23 04:36:14.409487 np0000005708 devstack@c-api.service[100286]: warnings.warn(
Jul 23 04:36:14.409989 np0000005708 devstack@c-api.service[100286]: INFO cinder.volume.api [None req-f75c284e-f9b4-41e8-87d2-c1c2a8fcfd54 tempest-ImageDependencyTests-963855156 tempest-ImageDependencyTests-963855156-project-member] Snapshot retrieved successfully.
Jul 23 04:36:14.412343 np0000005708 devstack@c-api.service[100286]: INFO cinder.api.openstack.wsgi [None req-f75c284e-f9b4-41e8-87d2-c1c2a8fcfd54 tempest-ImageDependencyTests-963855156 tempest-ImageDependencyTests-963855156-project-member] https://10.4.3.192/volume/v3/snapshots/2a9859b8-57a4-4d3b-ad3e-09a4d71c0f0b returned with HTTP 200
Jul 23 04:36:14.412343 np0000005708 devstack@c-api.service[100286]: [pid: 100286|app: 0|req: 130/505] 10.4.3.192 () {66 vars in 1354 bytes} [Thu Jul 23 04:36:14 2026] GET /volume/v3/snapshots/2a9859b8-57a4-4d3b-ad3e-09a4d71c0f0b => generated 477 bytes in 22 msecs (HTTP/1.1 200) 7 headers in 285 bytes (1 switches on core 0)
Jul 23 04:36:14.424150 np0000005708 devstack@c-api.service[100284]: /opt/stack/data/venv/lib/python3.12/site-packages/oslo_context/context.py:102: DeprecationWarning: Policy enforcement is depending on the value of is_admin. This key is deprecated. Please update your policy file to use the standard policy values.
Jul 23 04:36:14.424150 np0000005708 devstack@c-api.service[100284]: warnings.warn(
Jul 23 04:36:14.424484 np0000005708 devstack@c-api.service[100284]: INFO cinder.volume.api [req-4baed6ae-294b-403f-aa56-ce66b5aaf01c req-d4a1845e-63dd-466d-a5ff-b9a86a6ade6e tempest-TaggedAttachmentsTest-190690419 tempest-TaggedAttachmentsTest-190690419-project-member] Volume info retrieved successfully.
Jul 23 04:36:14.436202 np0000005708 devstack@c-api.service[100283]: DEBUG cinder.volume.api [None req-4812c58b-ea27-4dae-8409-66d77bb582dc tempest-ServerActionsTestOtherA-1392945276 tempest-ServerActionsTestOtherA-1392945276-project-member] Task 'cinder.volume.flows.api.create_volume.VolumeCastTask;volume:create' (f091caf7-856a-4a1b-a9c1-ef800af5141d) transitioned into state 'SUCCESS' from state 'RUNNING' with result 'None' {{(pid=100283) _task_receiver /opt/stack/data/venv/lib/python3.12/site-packages/taskflow/listeners/logging.py:218}}
Jul 23 04:36:14.438382 np0000005708 devstack@c-api.service[100284]: INFO cinder.volume.api [req-4baed6ae-294b-403f-aa56-ce66b5aaf01c req-d4a1845e-63dd-466d-a5ff-b9a86a6ade6e tempest-TaggedAttachmentsTest-190690419 tempest-TaggedAttachmentsTest-190690419-project-member] Begin detaching volume completed successfully.
Jul 23 04:36:14.438695 np0000005708 devstack@c-api.service[100284]: INFO cinder.api.openstack.wsgi [req-4baed6ae-294b-403f-aa56-ce66b5aaf01c req-d4a1845e-63dd-466d-a5ff-b9a86a6ade6e tempest-TaggedAttachmentsTest-190690419 tempest-TaggedAttachmentsTest-190690419-project-member] https://10.4.3.192/volume/v3/volumes/7d1d83ce-6e59-425f-8e2a-2d7714e471c8/action returned with HTTP 202
Jul 23 04:36:14.439583 np0000005708 devstack@c-api.service[100284]: [pid: 100284|app: 0|req: 127/506] 10.4.3.192 () {72 vars in 1672 bytes} [Thu Jul 23 04:36:14 2026] POST /volume/v3/volumes/7d1d83ce-6e59-425f-8e2a-2d7714e471c8/action => generated 0 bytes in 58 msecs (HTTP/1.1 202) 7 headers in 289 bytes (2 switches on core 0)
Jul 23 04:36:14.444037 np0000005708 devstack@c-api.service[100283]: DEBUG cinder.volume.api [None req-4812c58b-ea27-4dae-8409-66d77bb582dc tempest-ServerActionsTestOtherA-1392945276 tempest-ServerActionsTestOtherA-1392945276-project-member] Flow 'volume_create_api' (18623af3-c5d1-4be2-95fb-0bf8f6371ebf) transitioned into state 'SUCCESS' from state 'RUNNING' {{(pid=100283) _flow_receiver /opt/stack/data/venv/lib/python3.12/site-packages/taskflow/listeners/logging.py:160}}
Jul 23 04:36:14.444037 np0000005708 devstack@c-api.service[100283]: INFO cinder.volume.api [None req-4812c58b-ea27-4dae-8409-66d77bb582dc tempest-ServerActionsTestOtherA-1392945276 tempest-ServerActionsTestOtherA-1392945276-project-member] Create volume request issued successfully.
Jul 23 04:36:14.445570 np0000005708 devstack@c-api.service[100283]: INFO cinder.api.openstack.wsgi [None req-4812c58b-ea27-4dae-8409-66d77bb582dc tempest-ServerActionsTestOtherA-1392945276 tempest-ServerActionsTestOtherA-1392945276-project-member] https://10.4.3.192/volume/v3/volumes returned with HTTP 202
Jul 23 04:36:14.449886 np0000005708 devstack@c-api.service[100283]: [pid: 100283|app: 0|req: 126/507] 10.4.3.192 () {68 vars in 1259 bytes} [Thu Jul 23 04:36:13 2026] POST /volume/v3/volumes => generated 752 bytes in 468 msecs (HTTP/1.1 202) 7 headers in 291 bytes (1 switches on core 0)
Jul 23 04:36:14.469803 np0000005708 devstack@c-api.service[100285]: DEBUG cinder.api.middleware.request_id [None req-eedab3e2-f36e-4062-9d47-54e834c089d9 None None] RequestId filter calling following filter/app {{(pid=100285) _context_setter /opt/stack/cinder/cinder/api/middleware/request_id.py:62}}
Jul 23 04:36:14.474124 np0000005708 devstack@c-api.service[100285]: INFO cinder.api.openstack.wsgi [None req-eedab3e2-f36e-4062-9d47-54e834c089d9 tempest-ServerActionsTestOtherA-1392945276 tempest-ServerActionsTestOtherA-1392945276-project-member] GET https://10.4.3.192/volume/v3/volumes/ac56518a-80af-48ba-8e20-c7e91ece79fc
Jul 23 04:36:14.474265 np0000005708 devstack@c-api.service[100285]: DEBUG cinder.api.openstack.wsgi [None req-eedab3e2-f36e-4062-9d47-54e834c089d9 tempest-ServerActionsTestOtherA-1392945276 tempest-ServerActionsTestOtherA-1392945276-project-member] Empty body provided in request {{(pid=100285) get_body /opt/stack/cinder/cinder/api/openstack/wsgi.py:725}}
Jul 23 04:36:14.476636 np0000005708 devstack@c-api.service[100285]: DEBUG cinder.api.openstack.wsgi [None req-eedab3e2-f36e-4062-9d47-54e834c089d9 tempest-ServerActionsTestOtherA-1392945276 tempest-ServerActionsTestOtherA-1392945276-project-member] Calling method 'show' {{(pid=100285) _process_stack /opt/stack/cinder/cinder/api/openstack/wsgi.py:878}}
Jul 23 04:36:14.479718 np0000005708 devstack@c-api.service[100286]: DEBUG cinder.api.middleware.request_id [None req-f02d774b-ae00-44e0-970b-7ce4493d1311 None None] RequestId filter calling following filter/app {{(pid=100286) _context_setter /opt/stack/cinder/cinder/api/middleware/request_id.py:62}}
Jul 23 04:36:14.482185 np0000005708 devstack@c-api.service[100286]: INFO cinder.api.openstack.wsgi [None req-f02d774b-ae00-44e0-970b-7ce4493d1311 tempest-TaggedAttachmentsTest-190690419 tempest-TaggedAttachmentsTest-190690419-project-member] GET https://10.4.3.192/volume/v3/volumes/7d1d83ce-6e59-425f-8e2a-2d7714e471c8
Jul 23 04:36:14.482463 np0000005708 devstack@c-api.service[100286]: DEBUG cinder.api.openstack.wsgi [None req-f02d774b-ae00-44e0-970b-7ce4493d1311 tempest-TaggedAttachmentsTest-190690419 tempest-TaggedAttachmentsTest-190690419-project-member] Empty body provided in request {{(pid=100286) get_body /opt/stack/cinder/cinder/api/openstack/wsgi.py:725}}
Jul 23 04:36:14.483476 np0000005708 devstack@c-api.service[100286]: DEBUG cinder.api.openstack.wsgi [None req-f02d774b-ae00-44e0-970b-7ce4493d1311 tempest-TaggedAttachmentsTest-190690419 tempest-TaggedAttachmentsTest-190690419-project-member] Calling method 'show' {{(pid=100286) _process_stack /opt/stack/cinder/cinder/api/openstack/wsgi.py:878}}
Jul 23 04:36:14.487814 np0000005708 devstack@c-api.service[100285]: /opt/stack/data/venv/lib/python3.12/site-packages/oslo_context/context.py:102: DeprecationWarning: Policy enforcement is depending on the value of is_admin. This key is deprecated. Please update your policy file to use the standard policy values.
Jul 23 04:36:14.487814 np0000005708 devstack@c-api.service[100285]: warnings.warn(
Jul 23 04:36:14.495413 np0000005708 devstack@c-api.service[100285]: INFO cinder.volume.api [None req-eedab3e2-f36e-4062-9d47-54e834c089d9 tempest-ServerActionsTestOtherA-1392945276 tempest-ServerActionsTestOtherA-1392945276-project-member] Volume info retrieved successfully.
Jul 23 04:36:14.502155 np0000005708 devstack@c-api.service[100285]: INFO cinder.api.openstack.wsgi [None req-eedab3e2-f36e-4062-9d47-54e834c089d9 tempest-ServerActionsTestOtherA-1392945276 tempest-ServerActionsTestOtherA-1392945276-project-member] https://10.4.3.192/volume/v3/volumes/ac56518a-80af-48ba-8e20-c7e91ece79fc returned with HTTP 200
Jul 23 04:36:14.503245 np0000005708 devstack@c-api.service[100285]: [pid: 100285|app: 0|req: 125/508] 10.4.3.192 () {66 vars in 1348 bytes} [Thu Jul 23 04:36:14 2026] GET /volume/v3/volumes/ac56518a-80af-48ba-8e20-c7e91ece79fc => generated 820 bytes in 35 msecs (HTTP/1.1 200) 7 headers in 285 bytes (1 switches on core 0)
Jul 23 04:36:14.512620 np0000005708 devstack@c-api.service[100286]: /opt/stack/data/venv/lib/python3.12/site-packages/oslo_context/context.py:102: DeprecationWarning: Policy enforcement is depending on the value of is_admin. This key is deprecated. Please update your policy file to use the standard policy values.
Jul 23 04:36:14.512620 np0000005708 devstack@c-api.service[100286]: warnings.warn(
Jul 23 04:36:14.518007 np0000005708 devstack@c-api.service[100286]: INFO cinder.volume.api [None req-f02d774b-ae00-44e0-970b-7ce4493d1311 tempest-TaggedAttachmentsTest-190690419 tempest-TaggedAttachmentsTest-190690419-project-member] Volume info retrieved successfully.
Jul 23 04:36:14.528101 np0000005708 devstack@c-api.service[100286]: INFO cinder.api.openstack.wsgi [None req-f02d774b-ae00-44e0-970b-7ce4493d1311 tempest-TaggedAttachmentsTest-190690419 tempest-TaggedAttachmentsTest-190690419-project-member] https://10.4.3.192/volume/v3/volumes/7d1d83ce-6e59-425f-8e2a-2d7714e471c8 returned with HTTP 200
Jul 23 04:36:14.528748 np0000005708 devstack@c-api.service[100286]: [pid: 100286|app: 0|req: 131/509] 10.4.3.192 () {66 vars in 1348 bytes} [Thu Jul 23 04:36:14 2026] GET /volume/v3/volumes/7d1d83ce-6e59-425f-8e2a-2d7714e471c8 => generated 1138 bytes in 49 msecs (HTTP/1.1 200) 7 headers in 286 bytes (1 switches on core 0)
Jul 23 04:36:14.536238 np0000005708 devstack@c-api.service[100284]: DEBUG cinder.api.middleware.request_id [None req-4266cac6-0410-4949-bf63-8745ea84c4f8 None None] RequestId filter calling following filter/app {{(pid=100284) _context_setter /opt/stack/cinder/cinder/api/middleware/request_id.py:62}}
Jul 23 04:36:14.536850 np0000005708 devstack@c-api.service[100284]: INFO cinder.api.openstack.wsgi [None req-4266cac6-0410-4949-bf63-8745ea84c4f8 None None] GET https://10.4.3.192/volume//
Jul 23 04:36:14.537164 np0000005708 devstack@c-api.service[100284]: DEBUG cinder.api.openstack.wsgi [None req-4266cac6-0410-4949-bf63-8745ea84c4f8 None None] Empty body provided in request {{(pid=100284) get_body /opt/stack/cinder/cinder/api/openstack/wsgi.py:725}}
Jul 23 04:36:14.537451 np0000005708 devstack@c-api.service[100284]: DEBUG cinder.api.openstack.wsgi [None req-4266cac6-0410-4949-bf63-8745ea84c4f8 None None] Calling method 'all' {{(pid=100284) _process_stack /opt/stack/cinder/cinder/api/openstack/wsgi.py:878}}
Jul 23 04:36:14.538162 np0000005708 devstack@c-api.service[100284]: INFO cinder.api.openstack.wsgi [None req-4266cac6-0410-4949-bf63-8745ea84c4f8 None None] https://10.4.3.192/volume// returned with HTTP 300
Jul 23 04:36:14.538232 np0000005708 devstack@c-api.service[100284]: [pid: 100284|app: 0|req: 128/510] 10.4.3.192 () {66 vars in 1426 bytes} [Thu Jul 23 04:36:14 2026] GET /volume/ => generated 386 bytes in 3 msecs (HTTP/1.1 300) 7 headers in 299 bytes (1 switches on core 0)
Jul 23 04:36:14.550224 np0000005708 devstack@c-api.service[100283]: DEBUG cinder.api.middleware.request_id [req-4baed6ae-294b-403f-aa56-ce66b5aaf01c req-671735e9-068f-44bb-853f-08c83a67ce95 None None] RequestId filter calling following filter/app {{(pid=100283) _context_setter /opt/stack/cinder/cinder/api/middleware/request_id.py:62}}
Jul 23 04:36:14.553219 np0000005708 devstack@c-api.service[100283]: INFO cinder.api.openstack.wsgi [req-4baed6ae-294b-403f-aa56-ce66b5aaf01c req-671735e9-068f-44bb-853f-08c83a67ce95 tempest-TaggedAttachmentsTest-190690419 tempest-TaggedAttachmentsTest-190690419-project-member] GET https://10.4.3.192/volume/v3/volumes/7d1d83ce-6e59-425f-8e2a-2d7714e471c8
Jul 23 04:36:14.553304 np0000005708 devstack@c-api.service[100283]: DEBUG cinder.api.openstack.wsgi [req-4baed6ae-294b-403f-aa56-ce66b5aaf01c req-671735e9-068f-44bb-853f-08c83a67ce95 tempest-TaggedAttachmentsTest-190690419 tempest-TaggedAttachmentsTest-190690419-project-member] Empty body provided in request {{(pid=100283) get_body /opt/stack/cinder/cinder/api/openstack/wsgi.py:725}}
Jul 23 04:36:14.554518 np0000005708 devstack@c-api.service[100283]: DEBUG cinder.api.openstack.wsgi [req-4baed6ae-294b-403f-aa56-ce66b5aaf01c req-671735e9-068f-44bb-853f-08c83a67ce95 tempest-TaggedAttachmentsTest-190690419 tempest-TaggedAttachmentsTest-190690419-project-member] Calling method 'show' {{(pid=100283) _process_stack /opt/stack/cinder/cinder/api/openstack/wsgi.py:878}}
Jul 23 04:36:14.571689 np0000005708 devstack@c-api.service[100283]: /opt/stack/data/venv/lib/python3.12/site-packages/oslo_context/context.py:102: DeprecationWarning: Policy enforcement is depending on the value of is_admin. This key is deprecated. Please update your policy file to use the standard policy values.
Jul 23 04:36:14.571689 np0000005708 devstack@c-api.service[100283]: warnings.warn(
Jul 23 04:36:14.578005 np0000005708 devstack@c-api.service[100283]: INFO cinder.volume.api [req-4baed6ae-294b-403f-aa56-ce66b5aaf01c req-671735e9-068f-44bb-853f-08c83a67ce95 tempest-TaggedAttachmentsTest-190690419 tempest-TaggedAttachmentsTest-190690419-project-member] Volume info retrieved successfully.
Jul 23 04:36:14.586637 np0000005708 devstack@c-api.service[100283]: INFO cinder.api.openstack.wsgi [req-4baed6ae-294b-403f-aa56-ce66b5aaf01c req-671735e9-068f-44bb-853f-08c83a67ce95 tempest-TaggedAttachmentsTest-190690419 tempest-TaggedAttachmentsTest-190690419-project-member] https://10.4.3.192/volume/v3/volumes/7d1d83ce-6e59-425f-8e2a-2d7714e471c8 returned with HTTP 200
Jul 23 04:36:14.587486 np0000005708 devstack@c-api.service[100283]: [pid: 100283|app: 0|req: 127/511] 10.4.3.192 () {70 vars in 1639 bytes} [Thu Jul 23 04:36:14 2026] GET /volume/v3/volumes/7d1d83ce-6e59-425f-8e2a-2d7714e471c8 => generated 1318 bytes in 38 msecs (HTTP/1.1 200) 7 headers in 287 bytes (1 switches on core 0)
Jul 23 04:36:15.425657 np0000005708 devstack@c-api.service[100285]: DEBUG cinder.api.middleware.request_id [None req-13f649af-e774-4267-a7cd-18479cc87215 None None] RequestId filter calling following filter/app {{(pid=100285) _context_setter /opt/stack/cinder/cinder/api/middleware/request_id.py:62}}
Jul 23 04:36:15.427995 np0000005708 devstack@c-api.service[100285]: INFO cinder.api.openstack.wsgi [None req-13f649af-e774-4267-a7cd-18479cc87215 tempest-ImageDependencyTests-963855156 tempest-ImageDependencyTests-963855156-project-member] GET https://10.4.3.192/volume/v3/snapshots/2a9859b8-57a4-4d3b-ad3e-09a4d71c0f0b
Jul 23 04:36:15.428263 np0000005708 devstack@c-api.service[100285]: DEBUG cinder.api.openstack.wsgi [None req-13f649af-e774-4267-a7cd-18479cc87215 tempest-ImageDependencyTests-963855156 tempest-ImageDependencyTests-963855156-project-member] Empty body provided in request {{(pid=100285) get_body /opt/stack/cinder/cinder/api/openstack/wsgi.py:725}}
Jul 23 04:36:15.428485 np0000005708 devstack@c-api.service[100285]: DEBUG cinder.api.openstack.wsgi [None req-13f649af-e774-4267-a7cd-18479cc87215 tempest-ImageDependencyTests-963855156 tempest-ImageDependencyTests-963855156-project-member] Calling method 'show' {{(pid=100285) _process_stack /opt/stack/cinder/cinder/api/openstack/wsgi.py:878}}
Jul 23 04:36:15.434061 np0000005708 devstack@c-api.service[100285]: INFO cinder.api.openstack.wsgi [None req-13f649af-e774-4267-a7cd-18479cc87215 tempest-ImageDependencyTests-963855156 tempest-ImageDependencyTests-963855156-project-member] https://10.4.3.192/volume/v3/snapshots/2a9859b8-57a4-4d3b-ad3e-09a4d71c0f0b returned with HTTP 404
Jul 23 04:36:15.435309 np0000005708 devstack@c-api.service[100285]: [pid: 100285|app: 0|req: 126/512] 10.4.3.192 () {66 vars in 1354 bytes} [Thu Jul 23 04:36:15 2026] GET /volume/v3/snapshots/2a9859b8-57a4-4d3b-ad3e-09a4d71c0f0b => generated 111 bytes in 10 msecs (HTTP/1.1 404) 7 headers in 292 bytes (1 switches on core 0)
Jul 23 04:36:15.522707 np0000005708 devstack@c-api.service[100286]: DEBUG cinder.api.middleware.request_id [None req-423e0932-fbca-4983-b6ab-c5ab6869ba32 None None] RequestId filter calling following filter/app {{(pid=100286) _context_setter /opt/stack/cinder/cinder/api/middleware/request_id.py:62}}
Jul 23 04:36:15.525090 np0000005708 devstack@c-api.service[100286]: INFO cinder.api.openstack.wsgi [None req-423e0932-fbca-4983-b6ab-c5ab6869ba32 tempest-ServerActionsTestOtherA-1392945276 tempest-ServerActionsTestOtherA-1392945276-project-member] GET https://10.4.3.192/volume/v3/volumes/ac56518a-80af-48ba-8e20-c7e91ece79fc
Jul 23 04:36:15.525354 np0000005708 devstack@c-api.service[100286]: DEBUG cinder.api.openstack.wsgi [None req-423e0932-fbca-4983-b6ab-c5ab6869ba32 tempest-ServerActionsTestOtherA-1392945276 tempest-ServerActionsTestOtherA-1392945276-project-member] Empty body provided in request {{(pid=100286) get_body /opt/stack/cinder/cinder/api/openstack/wsgi.py:725}}
Jul 23 04:36:15.525620 np0000005708 devstack@c-api.service[100286]: DEBUG cinder.api.openstack.wsgi [None req-423e0932-fbca-4983-b6ab-c5ab6869ba32 tempest-ServerActionsTestOtherA-1392945276 tempest-ServerActionsTestOtherA-1392945276-project-member] Calling method 'show' {{(pid=100286) _process_stack /opt/stack/cinder/cinder/api/openstack/wsgi.py:878}}
Jul 23 04:36:15.528250 np0000005708 devstack@c-api.service[100286]: DEBUG dbcounter [-] [100286] Writing DB stats cinder:SELECT=163,cinder:UPDATE=27,cinder:INSERT=13 {{(pid=100286) stat_writer /opt/stack/data/venv/lib/python3.12/site-packages/dbcounter.py:115}}
Jul 23 04:36:15.534916 np0000005708 devstack@c-api.service[100286]: /opt/stack/data/venv/lib/python3.12/site-packages/oslo_context/context.py:102: DeprecationWarning: Policy enforcement is depending on the value of is_admin. This key is deprecated. Please update your policy file to use the standard policy values.
Jul 23 04:36:15.534916 np0000005708 devstack@c-api.service[100286]: warnings.warn(
Jul 23 04:36:15.542873 np0000005708 devstack@c-api.service[100286]: INFO cinder.volume.api [None req-423e0932-fbca-4983-b6ab-c5ab6869ba32 tempest-ServerActionsTestOtherA-1392945276 tempest-ServerActionsTestOtherA-1392945276-project-member] Volume info retrieved successfully.
Jul 23 04:36:15.545759 np0000005708 devstack@c-api.service[100284]: DEBUG cinder.api.middleware.request_id [None req-154acaf1-0153-4a3d-b2a0-f37dcc8f4e70 None None] RequestId filter calling following filter/app {{(pid=100284) _context_setter /opt/stack/cinder/cinder/api/middleware/request_id.py:62}}
Jul 23 04:36:15.548170 np0000005708 devstack@c-api.service[100284]: INFO cinder.api.openstack.wsgi [None req-154acaf1-0153-4a3d-b2a0-f37dcc8f4e70 tempest-TaggedAttachmentsTest-190690419 tempest-TaggedAttachmentsTest-190690419-project-member] GET https://10.4.3.192/volume/v3/volumes/7d1d83ce-6e59-425f-8e2a-2d7714e471c8
Jul 23 04:36:15.548409 np0000005708 devstack@c-api.service[100284]: DEBUG cinder.api.openstack.wsgi [None req-154acaf1-0153-4a3d-b2a0-f37dcc8f4e70 tempest-TaggedAttachmentsTest-190690419 tempest-TaggedAttachmentsTest-190690419-project-member] Empty body provided in request {{(pid=100284) get_body /opt/stack/cinder/cinder/api/openstack/wsgi.py:725}}
Jul 23 04:36:15.548637 np0000005708 devstack@c-api.service[100284]: DEBUG cinder.api.openstack.wsgi [None req-154acaf1-0153-4a3d-b2a0-f37dcc8f4e70 tempest-TaggedAttachmentsTest-190690419 tempest-TaggedAttachmentsTest-190690419-project-member] Calling method 'show' {{(pid=100284) _process_stack /opt/stack/cinder/cinder/api/openstack/wsgi.py:878}}
Jul 23 04:36:15.548845 np0000005708 devstack@c-api.service[100286]: INFO cinder.api.openstack.wsgi [None req-423e0932-fbca-4983-b6ab-c5ab6869ba32 tempest-ServerActionsTestOtherA-1392945276 tempest-ServerActionsTestOtherA-1392945276-project-member] https://10.4.3.192/volume/v3/volumes/ac56518a-80af-48ba-8e20-c7e91ece79fc returned with HTTP 200
Jul 23 04:36:15.549275 np0000005708 devstack@c-api.service[100286]: [pid: 100286|app: 0|req: 132/513] 10.4.3.192 () {66 vars in 1348 bytes} [Thu Jul 23 04:36:15 2026] GET /volume/v3/volumes/ac56518a-80af-48ba-8e20-c7e91ece79fc => generated 1360 bytes in 27 msecs (HTTP/1.1 200) 7 headers in 286 bytes (1 switches on core 0)
Jul 23 04:36:15.551942 np0000005708 devstack@c-api.service[100284]: DEBUG dbcounter [-] [100284] Writing DB stats cinder:SELECT=104,cinder:UPDATE=8,cinder:INSERT=4 {{(pid=100284) stat_writer /opt/stack/data/venv/lib/python3.12/site-packages/dbcounter.py:115}}
Jul 23 04:36:15.567151 np0000005708 devstack@c-api.service[100284]: /opt/stack/data/venv/lib/python3.12/site-packages/oslo_context/context.py:102: DeprecationWarning: Policy enforcement is depending on the value of is_admin. This key is deprecated. Please update your policy file to use the standard policy values.
Jul 23 04:36:15.567151 np0000005708 devstack@c-api.service[100284]: warnings.warn(
Jul 23 04:36:15.572226 np0000005708 devstack@c-api.service[100284]: INFO cinder.volume.api [None req-154acaf1-0153-4a3d-b2a0-f37dcc8f4e70 tempest-TaggedAttachmentsTest-190690419 tempest-TaggedAttachmentsTest-190690419-project-member] Volume info retrieved successfully.
Jul 23 04:36:15.578261 np0000005708 devstack@c-api.service[100284]: INFO cinder.api.openstack.wsgi [None req-154acaf1-0153-4a3d-b2a0-f37dcc8f4e70 tempest-TaggedAttachmentsTest-190690419 tempest-TaggedAttachmentsTest-190690419-project-member] https://10.4.3.192/volume/v3/volumes/7d1d83ce-6e59-425f-8e2a-2d7714e471c8 returned with HTTP 200
Jul 23 04:36:15.578941 np0000005708 devstack@c-api.service[100284]: [pid: 100284|app: 0|req: 129/514] 10.4.3.192 () {66 vars in 1348 bytes} [Thu Jul 23 04:36:15 2026] GET /volume/v3/volumes/7d1d83ce-6e59-425f-8e2a-2d7714e471c8 => generated 1138 bytes in 34 msecs (HTTP/1.1 200) 7 headers in 286 bytes (1 switches on core 0)
Jul 23 04:36:15.591026 np0000005708 devstack@c-api.service[100283]: DEBUG cinder.api.middleware.request_id [req-b358ed60-8401-46c9-a862-3ec0716a0a18 req-d8f87f28-f4b2-4aee-a367-6422a1aac188 None None] RequestId filter calling following filter/app {{(pid=100283) _context_setter /opt/stack/cinder/cinder/api/middleware/request_id.py:62}}
Jul 23 04:36:15.595563 np0000005708 devstack@c-api.service[100283]: INFO cinder.api.openstack.wsgi [req-b358ed60-8401-46c9-a862-3ec0716a0a18 req-d8f87f28-f4b2-4aee-a367-6422a1aac188 tempest-ServerActionsTestOtherA-1392945276 tempest-ServerActionsTestOtherA-1392945276-project-member] GET https://10.4.3.192/volume/v3/volumes/ac56518a-80af-48ba-8e20-c7e91ece79fc
Jul 23 04:36:15.595885 np0000005708 devstack@c-api.service[100283]: DEBUG cinder.api.openstack.wsgi [req-b358ed60-8401-46c9-a862-3ec0716a0a18 req-d8f87f28-f4b2-4aee-a367-6422a1aac188 tempest-ServerActionsTestOtherA-1392945276 tempest-ServerActionsTestOtherA-1392945276-project-member] Empty body provided in request {{(pid=100283) get_body /opt/stack/cinder/cinder/api/openstack/wsgi.py:725}}
Jul 23 04:36:15.596147 np0000005708 devstack@c-api.service[100283]: DEBUG cinder.api.openstack.wsgi [req-b358ed60-8401-46c9-a862-3ec0716a0a18 req-d8f87f28-f4b2-4aee-a367-6422a1aac188 tempest-ServerActionsTestOtherA-1392945276 tempest-ServerActionsTestOtherA-1392945276-project-member] Calling method 'show' {{(pid=100283) _process_stack /opt/stack/cinder/cinder/api/openstack/wsgi.py:878}}
Jul 23 04:36:15.606207 np0000005708 devstack@c-api.service[100283]: /opt/stack/data/venv/lib/python3.12/site-packages/oslo_context/context.py:102: DeprecationWarning: Policy enforcement is depending on the value of is_admin. This key is deprecated. Please update your policy file to use the standard policy values.
Jul 23 04:36:15.606207 np0000005708 devstack@c-api.service[100283]: warnings.warn(
Jul 23 04:36:15.610680 np0000005708 devstack@c-api.service[100283]: INFO cinder.volume.api [req-b358ed60-8401-46c9-a862-3ec0716a0a18 req-d8f87f28-f4b2-4aee-a367-6422a1aac188 tempest-ServerActionsTestOtherA-1392945276 tempest-ServerActionsTestOtherA-1392945276-project-member] Volume info retrieved successfully.
Jul 23 04:36:15.616369 np0000005708 devstack@c-api.service[100283]: INFO cinder.api.openstack.wsgi [req-b358ed60-8401-46c9-a862-3ec0716a0a18 req-d8f87f28-f4b2-4aee-a367-6422a1aac188 tempest-ServerActionsTestOtherA-1392945276 tempest-ServerActionsTestOtherA-1392945276-project-member] https://10.4.3.192/volume/v3/volumes/ac56518a-80af-48ba-8e20-c7e91ece79fc returned with HTTP 200
Jul 23 04:36:15.616894 np0000005708 devstack@c-api.service[100283]: [pid: 100283|app: 0|req: 128/515] 10.4.3.192 () {68 vars in 1598 bytes} [Thu Jul 23 04:36:15 2026] GET /volume/v3/volumes/ac56518a-80af-48ba-8e20-c7e91ece79fc => generated 1360 bytes in 26 msecs (HTTP/1.1 200) 7 headers in 286 bytes (1 switches on core 0)
Jul 23 04:36:16.162311 np0000005708 devstack@c-api.service[100285]: DEBUG cinder.api.middleware.request_id [req-4baed6ae-294b-403f-aa56-ce66b5aaf01c req-1688b48e-2e4b-4760-8132-5999cd5b2572 None None] RequestId filter calling following filter/app {{(pid=100285) _context_setter /opt/stack/cinder/cinder/api/middleware/request_id.py:62}}
Jul 23 04:36:16.166178 np0000005708 devstack@c-api.service[100285]: INFO cinder.api.openstack.wsgi [req-4baed6ae-294b-403f-aa56-ce66b5aaf01c req-1688b48e-2e4b-4760-8132-5999cd5b2572 tempest-TaggedAttachmentsTest-190690419 tempest-TaggedAttachmentsTest-190690419-project-member] DELETE https://10.4.3.192/volume/v3/attachments/4a53a57c-7f26-4acb-996f-5440e2071da2
Jul 23 04:36:16.166310 np0000005708 devstack@c-api.service[100285]: DEBUG cinder.api.openstack.wsgi [req-4baed6ae-294b-403f-aa56-ce66b5aaf01c req-1688b48e-2e4b-4760-8132-5999cd5b2572 tempest-TaggedAttachmentsTest-190690419 tempest-TaggedAttachmentsTest-190690419-project-member] Empty body provided in request {{(pid=100285) get_body /opt/stack/cinder/cinder/api/openstack/wsgi.py:725}}
Jul 23 04:36:16.166660 np0000005708 devstack@c-api.service[100285]: DEBUG cinder.api.openstack.wsgi [req-4baed6ae-294b-403f-aa56-ce66b5aaf01c req-1688b48e-2e4b-4760-8132-5999cd5b2572 tempest-TaggedAttachmentsTest-190690419 tempest-TaggedAttachmentsTest-190690419-project-member] Calling method 'version_select' {{(pid=100285) _process_stack /opt/stack/cinder/cinder/api/openstack/wsgi.py:878}}
Jul 23 04:36:16.178102 np0000005708 devstack@c-api.service[100285]: /opt/stack/data/venv/lib/python3.12/site-packages/oslo_context/context.py:102: DeprecationWarning: Policy enforcement is depending on the value of is_admin. This key is deprecated. Please update your policy file to use the standard policy values.
Jul 23 04:36:16.178102 np0000005708 devstack@c-api.service[100285]: warnings.warn(
Jul 23 04:36:16.247396 np0000005708 devstack@c-api.service[100285]: INFO cinder.api.openstack.wsgi [req-4baed6ae-294b-403f-aa56-ce66b5aaf01c req-1688b48e-2e4b-4760-8132-5999cd5b2572 tempest-TaggedAttachmentsTest-190690419 tempest-TaggedAttachmentsTest-190690419-project-member] https://10.4.3.192/volume/v3/attachments/4a53a57c-7f26-4acb-996f-5440e2071da2 returned with HTTP 200
Jul 23 04:36:16.248165 np0000005708 devstack@c-api.service[100285]: [pid: 100285|app: 0|req: 127/516] 10.4.3.192 () {72 vars in 1673 bytes} [Thu Jul 23 04:36:16 2026] DELETE /volume/v3/attachments/4a53a57c-7f26-4acb-996f-5440e2071da2 => generated 19 bytes in 86 msecs (HTTP/1.1 200) 7 headers in 285 bytes (1 switches on core 0)
Jul 23 04:36:16.314569 np0000005708 devstack@c-api.service[100286]: DEBUG cinder.api.middleware.request_id [req-b358ed60-8401-46c9-a862-3ec0716a0a18 req-b36ef957-cf01-468a-8cfe-1270236fa28c None None] RequestId filter calling following filter/app {{(pid=100286) _context_setter /opt/stack/cinder/cinder/api/middleware/request_id.py:62}}
