Jul 23 04:35:19.958320 np0000005708 devstack@g-api.service[103074]: DEBUG glance.api.middleware.version_negotiation [None req-fe9ffda3-c9a8-4175-86a7-784dac7707fd tempest-ServerStableDeviceRescueTest-302950043 tempest-ServerStableDeviceRescueTest-302950043-project-member] Determining version of request: GET /v2/images/4e58d3ae-1bbc-4304-8bc7-985b1edb36d4 Accept: application/json {{(pid=103074) process_request /opt/stack/glance/glance/api/middleware/version_negotiation.py:44}}
Jul 23 04:35:19.960628 np0000005708 devstack@g-api.service[103074]: DEBUG glance.api.middleware.version_negotiation [None req-fe9ffda3-c9a8-4175-86a7-784dac7707fd tempest-ServerStableDeviceRescueTest-302950043 tempest-ServerStableDeviceRescueTest-302950043-project-member] Using url versioning {{(pid=103074) process_request /opt/stack/glance/glance/api/middleware/version_negotiation.py:57}}
Jul 23 04:35:19.961583 np0000005708 devstack@g-api.service[103074]: DEBUG glance.api.middleware.version_negotiation [None req-fe9ffda3-c9a8-4175-86a7-784dac7707fd tempest-ServerStableDeviceRescueTest-302950043 tempest-ServerStableDeviceRescueTest-302950043-project-member] Matched version: v2 {{(pid=103074) process_request /opt/stack/glance/glance/api/middleware/version_negotiation.py:69}}
Jul 23 04:35:19.961583 np0000005708 devstack@g-api.service[103074]: DEBUG glance.api.middleware.version_negotiation [None req-fe9ffda3-c9a8-4175-86a7-784dac7707fd tempest-ServerStableDeviceRescueTest-302950043 tempest-ServerStableDeviceRescueTest-302950043-project-member] new path /v2/images/4e58d3ae-1bbc-4304-8bc7-985b1edb36d4 {{(pid=103074) process_request /opt/stack/glance/glance/api/middleware/version_negotiation.py:70}}
Jul 23 04:35:19.973343 np0000005708 devstack@g-api.service[103074]: [pid: 103074|app: 0|req: 42/158] 127.0.0.1 () {40 vars in 838 bytes} [Thu Jul 23 04:35:19 2026] GET /v2/images/4e58d3ae-1bbc-4304-8bc7-985b1edb36d4 => generated 649 bytes in 15 msecs (HTTP/1.1 200) 4 headers in 157 bytes (1 switches on core 0)
Jul 23 04:35:19.989034 np0000005708 devstack@g-api.service[103075]: DEBUG swiftclient [None req-c7cdad20-1a3f-47e8-8cfd-e6e75159fb37 tempest-VolumesActionsTest-202466475 tempest-VolumesActionsTest-202466475-project-member] REQ: curl -i https://10.4.3.192:8080/v1/AUTH_6bb84424116b4c2d83924449506b9af4/glance/4e58d3ae-1bbc-4304-8bc7-985b1edb36d4-00001 -X PUT -H "X-Auth-Token: gAAAAABqYZoF-5eN..." {{(pid=103075) http_log /opt/stack/data/venv/lib/python3.12/site-packages/swiftclient/client.py:160}}
Jul 23 04:35:19.989678 np0000005708 devstack@g-api.service[103075]: DEBUG swiftclient [None req-c7cdad20-1a3f-47e8-8cfd-e6e75159fb37 tempest-VolumesActionsTest-202466475 tempest-VolumesActionsTest-202466475-project-member] RESP STATUS: 201 Created {{(pid=103075) http_log /opt/stack/data/venv/lib/python3.12/site-packages/swiftclient/client.py:161}}
Jul 23 04:35:19.989678 np0000005708 devstack@g-api.service[103075]: DEBUG swiftclient [None req-c7cdad20-1a3f-47e8-8cfd-e6e75159fb37 tempest-VolumesActionsTest-202466475 tempest-VolumesActionsTest-202466475-project-member] RESP HEADERS: {'Date': 'Thu, 23 Jul 2026 04:35:19 GMT', 'Server': 'Apache/2.4.58 (Ubuntu)', 'Content-Type': 'text/html; charset=UTF-8', 'Content-Length': '0', 'Etag': 'eda9a9889837ac4bc81d6387d92c1bec', 'Last-Modified': 'Thu, 23 Jul 2026 04:35:18 GMT', 'X-Trans-Id': 'txd3f7e3c538b04868883c2-006a619a05', 'X-Openstack-Request-Id': 'txd3f7e3c538b04868883c2-006a619a05', 'Connection': 'close'} {{(pid=103075) http_log /opt/stack/data/venv/lib/python3.12/site-packages/swiftclient/client.py:162}}
Jul 23 04:35:19.989678 np0000005708 devstack@g-api.service[103075]: DEBUG glance_store._drivers.swift.store [None req-c7cdad20-1a3f-47e8-8cfd-e6e75159fb37 tempest-VolumesActionsTest-202466475 tempest-VolumesActionsTest-202466475-project-member] Wrote chunk 4e58d3ae-1bbc-4304-8bc7-985b1edb36d4-00001 (1/?) of length 204800000 to Swift returning MD5 of content: eda9a9889837ac4bc81d6387d92c1bec {{(pid=103075) add /opt/stack/data/venv/lib/python3.12/site-packages/glance_store/_drivers/swift/store.py:1059}}
Jul 23 04:35:20.279490 np0000005708 devstack@g-api.service[103072]: DEBUG glance.location [None req-74957726-f6cc-43f2-ab79-c8f9a58779f2 tempest-ServerStableDeviceRescueTest-302950043 tempest-ServerStableDeviceRescueTest-302950043-project-member] Enabling in-flight format inspection for qcow2 {{(pid=103072) set_data /opt/stack/glance/glance/location.py:596}}
Jul 23 04:35:20.279490 np0000005708 devstack@g-api.service[103072]: DEBUG glance_store.backend [None req-74957726-f6cc-43f2-ab79-c8f9a58779f2 tempest-ServerStableDeviceRescueTest-302950043 tempest-ServerStableDeviceRescueTest-302950043-project-member] Attempting to import store swift {{(pid=103072) _load_store /opt/stack/data/venv/lib/python3.12/site-packages/glance_store/backend.py:215}}
Jul 23 04:35:20.281345 np0000005708 devstack@g-api.service[103072]: DEBUG glance_store.capabilities [None req-74957726-f6cc-43f2-ab79-c8f9a58779f2 tempest-ServerStableDeviceRescueTest-302950043 tempest-ServerStableDeviceRescueTest-302950043-project-member] Store glance_store._drivers.swift.store.SingleTenantStore doesn't support updating dynamic storage capabilities. Please overwrite 'update_capabilities' method of the store to implement updating logics if needed. {{(pid=103072) update_capabilities /opt/stack/data/venv/lib/python3.12/site-packages/glance_store/capabilities.py:91}}
Jul 23 04:35:20.281509 np0000005708 devstack@g-api.service[103072]: DEBUG glance_store.driver [None req-74957726-f6cc-43f2-ab79-c8f9a58779f2 tempest-ServerStableDeviceRescueTest-302950043 tempest-ServerStableDeviceRescueTest-302950043-project-member] Late loading location class glance_store._drivers.swift.store.StoreLocation {{(pid=103072) get_store_location_class /opt/stack/data/venv/lib/python3.12/site-packages/glance_store/driver.py:134}}
Jul 23 04:35:20.282395 np0000005708 devstack@g-api.service[103072]: DEBUG glance_store.location [None req-74957726-f6cc-43f2-ab79-c8f9a58779f2 tempest-ServerStableDeviceRescueTest-302950043 tempest-ServerStableDeviceRescueTest-302950043-project-member] Registering scheme swift+https with {'store': , 'location_class': , 'store_entry': 'swift'} {{(pid=103072) register_scheme_map /opt/stack/data/venv/lib/python3.12/site-packages/glance_store/location.py:146}}
Jul 23 04:35:20.282395 np0000005708 devstack@g-api.service[103072]: DEBUG glance_store.location [None req-74957726-f6cc-43f2-ab79-c8f9a58779f2 tempest-ServerStableDeviceRescueTest-302950043 tempest-ServerStableDeviceRescueTest-302950043-project-member] Registering scheme swift+https with {'store': , 'location_class': , 'store_entry': 'swift'} {{(pid=103072) register_scheme_map /opt/stack/data/venv/lib/python3.12/site-packages/glance_store/location.py:146}}
Jul 23 04:35:20.282395 np0000005708 devstack@g-api.service[103072]: DEBUG glance_store.location [None req-74957726-f6cc-43f2-ab79-c8f9a58779f2 tempest-ServerStableDeviceRescueTest-302950043 tempest-ServerStableDeviceRescueTest-302950043-project-member] Registering scheme swift with {'store': , 'location_class': , 'store_entry': 'swift'} {{(pid=103072) register_scheme_map /opt/stack/data/venv/lib/python3.12/site-packages/glance_store/location.py:146}}
Jul 23 04:35:20.282395 np0000005708 devstack@g-api.service[103072]: DEBUG glance_store.location [None req-74957726-f6cc-43f2-ab79-c8f9a58779f2 tempest-ServerStableDeviceRescueTest-302950043 tempest-ServerStableDeviceRescueTest-302950043-project-member] Registering scheme swift+https with {'store': , 'location_class': , 'store_entry': 'swift'} {{(pid=103072) register_scheme_map /opt/stack/data/venv/lib/python3.12/site-packages/glance_store/location.py:146}}
Jul 23 04:35:20.282395 np0000005708 devstack@g-api.service[103072]: DEBUG glance_store.location [None req-74957726-f6cc-43f2-ab79-c8f9a58779f2 tempest-ServerStableDeviceRescueTest-302950043 tempest-ServerStableDeviceRescueTest-302950043-project-member] Registering scheme swift with {'store': , 'location_class': , 'store_entry': 'swift'} {{(pid=103072) register_scheme_map /opt/stack/data/venv/lib/python3.12/site-packages/glance_store/location.py:146}}
Jul 23 04:35:20.282395 np0000005708 devstack@g-api.service[103072]: DEBUG glance_store.location [None req-74957726-f6cc-43f2-ab79-c8f9a58779f2 tempest-ServerStableDeviceRescueTest-302950043 tempest-ServerStableDeviceRescueTest-302950043-project-member] Registering scheme swift+http with {'store': , 'location_class': , 'store_entry': 'swift'} {{(pid=103072) register_scheme_map /opt/stack/data/venv/lib/python3.12/site-packages/glance_store/location.py:146}}
Jul 23 04:35:20.282395 np0000005708 devstack@g-api.service[103072]: DEBUG glance_store.location [None req-74957726-f6cc-43f2-ab79-c8f9a58779f2 tempest-ServerStableDeviceRescueTest-302950043 tempest-ServerStableDeviceRescueTest-302950043-project-member] Registering scheme swift+https with {'store': , 'location_class': , 'store_entry': 'swift'} {{(pid=103072) register_scheme_map /opt/stack/data/venv/lib/python3.12/site-packages/glance_store/location.py:146}}
Jul 23 04:35:20.282395 np0000005708 devstack@g-api.service[103072]: DEBUG glance_store.location [None req-74957726-f6cc-43f2-ab79-c8f9a58779f2 tempest-ServerStableDeviceRescueTest-302950043 tempest-ServerStableDeviceRescueTest-302950043-project-member] Registering scheme swift with {'store': , 'location_class': , 'store_entry': 'swift'} {{(pid=103072) register_scheme_map /opt/stack/data/venv/lib/python3.12/site-packages/glance_store/location.py:146}}
Jul 23 04:35:20.282992 np0000005708 devstack@g-api.service[103072]: DEBUG glance_store.location [None req-74957726-f6cc-43f2-ab79-c8f9a58779f2 tempest-ServerStableDeviceRescueTest-302950043 tempest-ServerStableDeviceRescueTest-302950043-project-member] Registering scheme swift+http with {'store': , 'location_class': , 'store_entry': 'swift'} {{(pid=103072) register_scheme_map /opt/stack/data/venv/lib/python3.12/site-packages/glance_store/location.py:146}}
Jul 23 04:35:20.283029 np0000005708 devstack@g-api.service[103073]: DEBUG glance.api.middleware.version_negotiation [None req-fe9ffda3-c9a8-4175-86a7-784dac7707fd tempest-ServerStableDeviceRescueTest-302950043 tempest-ServerStableDeviceRescueTest-302950043-project-member] Determining version of request: GET /v2/images/67f8aed9-cc19-4db5-9dba-3c0427c8d2d9 Accept: */* {{(pid=103073) process_request /opt/stack/glance/glance/api/middleware/version_negotiation.py:44}}
Jul 23 04:35:20.283786 np0000005708 devstack@g-api.service[103072]: DEBUG glance_store.location [None req-74957726-f6cc-43f2-ab79-c8f9a58779f2 tempest-ServerStableDeviceRescueTest-302950043 tempest-ServerStableDeviceRescueTest-302950043-project-member] Registering scheme swift+config with {'store': , 'location_class': , 'store_entry': 'swift'} {{(pid=103072) register_scheme_map /opt/stack/data/venv/lib/python3.12/site-packages/glance_store/location.py:146}}
Jul 23 04:35:20.283947 np0000005708 devstack@g-api.service[103073]: DEBUG glance.api.middleware.version_negotiation [None req-fe9ffda3-c9a8-4175-86a7-784dac7707fd tempest-ServerStableDeviceRescueTest-302950043 tempest-ServerStableDeviceRescueTest-302950043-project-member] Using url versioning {{(pid=103073) process_request /opt/stack/glance/glance/api/middleware/version_negotiation.py:57}}
Jul 23 04:35:20.283947 np0000005708 devstack@g-api.service[103073]: DEBUG glance.api.middleware.version_negotiation [None req-fe9ffda3-c9a8-4175-86a7-784dac7707fd tempest-ServerStableDeviceRescueTest-302950043 tempest-ServerStableDeviceRescueTest-302950043-project-member] Matched version: v2 {{(pid=103073) process_request /opt/stack/glance/glance/api/middleware/version_negotiation.py:69}}
Jul 23 04:35:20.283947 np0000005708 devstack@g-api.service[103073]: DEBUG glance.api.middleware.version_negotiation [None req-fe9ffda3-c9a8-4175-86a7-784dac7707fd tempest-ServerStableDeviceRescueTest-302950043 tempest-ServerStableDeviceRescueTest-302950043-project-member] new path /v2/images/67f8aed9-cc19-4db5-9dba-3c0427c8d2d9 {{(pid=103073) process_request /opt/stack/glance/glance/api/middleware/version_negotiation.py:70}}
Jul 23 04:35:20.306774 np0000005708 devstack@g-api.service[103073]: [pid: 103073|app: 0|req: 45/159] 127.0.0.1 () {44 vars in 1115 bytes} [Thu Jul 23 04:35:20 2026] GET /v2/images/67f8aed9-cc19-4db5-9dba-3c0427c8d2d9 => generated 1444 bytes in 23 msecs (HTTP/1.1 200) 4 headers in 158 bytes (1 switches on core 0)
Jul 23 04:35:20.354507 np0000005708 devstack@g-api.service[103074]: DEBUG glance.api.middleware.version_negotiation [None req-1ecf4089-a7d1-4b63-82b4-1e6b7e5acf55 tempest-VolumesActionsTest-202466475 tempest-VolumesActionsTest-202466475-project-member] Determining version of request: GET /v2/schemas/image Accept: */* {{(pid=103074) process_request /opt/stack/glance/glance/api/middleware/version_negotiation.py:44}}
Jul 23 04:35:20.354507 np0000005708 devstack@g-api.service[103074]: DEBUG glance.api.middleware.version_negotiation [None req-1ecf4089-a7d1-4b63-82b4-1e6b7e5acf55 tempest-VolumesActionsTest-202466475 tempest-VolumesActionsTest-202466475-project-member] Using url versioning {{(pid=103074) process_request /opt/stack/glance/glance/api/middleware/version_negotiation.py:57}}
Jul 23 04:35:20.354935 np0000005708 devstack@g-api.service[103074]: DEBUG glance.api.middleware.version_negotiation [None req-1ecf4089-a7d1-4b63-82b4-1e6b7e5acf55 tempest-VolumesActionsTest-202466475 tempest-VolumesActionsTest-202466475-project-member] Matched version: v2 {{(pid=103074) process_request /opt/stack/glance/glance/api/middleware/version_negotiation.py:69}}
Jul 23 04:35:20.354935 np0000005708 devstack@g-api.service[103074]: DEBUG glance.api.middleware.version_negotiation [None req-1ecf4089-a7d1-4b63-82b4-1e6b7e5acf55 tempest-VolumesActionsTest-202466475 tempest-VolumesActionsTest-202466475-project-member] new path /v2/schemas/image {{(pid=103074) process_request /opt/stack/glance/glance/api/middleware/version_negotiation.py:70}}
Jul 23 04:35:20.357875 np0000005708 devstack@g-api.service[103074]: [pid: 103074|app: 0|req: 43/160] 127.0.0.1 () {44 vars in 1055 bytes} [Thu Jul 23 04:35:20 2026] GET /v2/schemas/image => generated 6083 bytes in 4 msecs (HTTP/1.1 200) 4 headers in 158 bytes (1 switches on core 0)
Jul 23 04:35:20.989029 np0000005708 devstack@g-api.service[103073]: DEBUG glance.api.middleware.version_negotiation [None req-9410a8db-5c4e-4e33-9089-9224ec8f3cd8 tempest-ServerStableDeviceRescueTest-302950043 tempest-ServerStableDeviceRescueTest-302950043-project-member] Determining version of request: GET /v2/images/4e58d3ae-1bbc-4304-8bc7-985b1edb36d4 Accept: application/json {{(pid=103073) process_request /opt/stack/glance/glance/api/middleware/version_negotiation.py:44}}
Jul 23 04:35:20.989264 np0000005708 devstack@g-api.service[103073]: DEBUG glance.api.middleware.version_negotiation [None req-9410a8db-5c4e-4e33-9089-9224ec8f3cd8 tempest-ServerStableDeviceRescueTest-302950043 tempest-ServerStableDeviceRescueTest-302950043-project-member] Using url versioning {{(pid=103073) process_request /opt/stack/glance/glance/api/middleware/version_negotiation.py:57}}
Jul 23 04:35:20.989509 np0000005708 devstack@g-api.service[103073]: DEBUG glance.api.middleware.version_negotiation [None req-9410a8db-5c4e-4e33-9089-9224ec8f3cd8 tempest-ServerStableDeviceRescueTest-302950043 tempest-ServerStableDeviceRescueTest-302950043-project-member] Matched version: v2 {{(pid=103073) process_request /opt/stack/glance/glance/api/middleware/version_negotiation.py:69}}
Jul 23 04:35:20.989929 np0000005708 devstack@g-api.service[103073]: DEBUG glance.api.middleware.version_negotiation [None req-9410a8db-5c4e-4e33-9089-9224ec8f3cd8 tempest-ServerStableDeviceRescueTest-302950043 tempest-ServerStableDeviceRescueTest-302950043-project-member] new path /v2/images/4e58d3ae-1bbc-4304-8bc7-985b1edb36d4 {{(pid=103073) process_request /opt/stack/glance/glance/api/middleware/version_negotiation.py:70}}
Jul 23 04:35:21.005222 np0000005708 devstack@g-api.service[103073]: [pid: 103073|app: 0|req: 46/161] 127.0.0.1 () {40 vars in 838 bytes} [Thu Jul 23 04:35:20 2026] GET /v2/images/4e58d3ae-1bbc-4304-8bc7-985b1edb36d4 => generated 649 bytes in 16 msecs (HTTP/1.1 200) 4 headers in 157 bytes (1 switches on core 0)
Jul 23 04:35:21.212401 np0000005708 devstack@g-api.service[103072]: DEBUG swiftclient [None req-74957726-f6cc-43f2-ab79-c8f9a58779f2 tempest-ServerStableDeviceRescueTest-302950043 tempest-ServerStableDeviceRescueTest-302950043-project-member] REQ: curl -i https://10.4.3.192:8080/v1/AUTH_6bb84424116b4c2d83924449506b9af4/glance -I -H "X-Auth-Token: gAAAAABqYZoI1qxq..." {{(pid=103072) http_log /opt/stack/data/venv/lib/python3.12/site-packages/swiftclient/client.py:160}}
Jul 23 04:35:21.213008 np0000005708 devstack@g-api.service[103072]: DEBUG swiftclient [None req-74957726-f6cc-43f2-ab79-c8f9a58779f2 tempest-ServerStableDeviceRescueTest-302950043 tempest-ServerStableDeviceRescueTest-302950043-project-member] RESP STATUS: 204 No Content {{(pid=103072) http_log /opt/stack/data/venv/lib/python3.12/site-packages/swiftclient/client.py:161}}
Jul 23 04:35:21.213008 np0000005708 devstack@g-api.service[103072]: DEBUG swiftclient [None req-74957726-f6cc-43f2-ab79-c8f9a58779f2 tempest-ServerStableDeviceRescueTest-302950043 tempest-ServerStableDeviceRescueTest-302950043-project-member] RESP HEADERS: {'Date': 'Thu, 23 Jul 2026 04:35:21 GMT', 'Server': 'Apache/2.4.58 (Ubuntu)', 'Content-Type': 'text/plain; charset=utf-8', 'X-Container-Object-Count': '4', 'X-Container-Bytes-Used': '269156352', 'X-Timestamp': '1784781079.95991', 'Last-Modified': 'Thu, 23 Jul 2026 04:31:20 GMT', 'Accept-Ranges': 'bytes', 'X-Storage-Policy': 'Policy-0', 'X-Container-Sharding': 'False', 'Vary': 'Accept', 'X-Trans-Id': 'tx1cbe5afe522142cbbdddb-006a619a08', 'X-Openstack-Request-Id': 'tx1cbe5afe522142cbbdddb-006a619a08', 'Connection': 'close'} {{(pid=103072) http_log /opt/stack/data/venv/lib/python3.12/site-packages/swiftclient/client.py:162}}
Jul 23 04:35:21.213231 np0000005708 devstack@g-api.service[103072]: DEBUG glance_store._drivers.swift.store [None req-74957726-f6cc-43f2-ab79-c8f9a58779f2 tempest-ServerStableDeviceRescueTest-302950043 tempest-ServerStableDeviceRescueTest-302950043-project-member] Adding image object '67f8aed9-cc19-4db5-9dba-3c0427c8d2d9' to Swift {{(pid=103072) add /opt/stack/data/venv/lib/python3.12/site-packages/glance_store/_drivers/swift/store.py:970}}
Jul 23 04:35:21.213231 np0000005708 devstack@g-api.service[103072]: DEBUG glance_store._drivers.swift.store [None req-74957726-f6cc-43f2-ab79-c8f9a58779f2 tempest-ServerStableDeviceRescueTest-302950043 tempest-ServerStableDeviceRescueTest-302950043-project-member] Cannot determine image size because it is either not provided in the request or chunked-transfer encoding is used. Adding image as a segmented object to Swift. {{(pid=103072) add /opt/stack/data/venv/lib/python3.12/site-packages/glance_store/_drivers/swift/store.py:994}}
Jul 23 04:35:21.225703 np0000005708 devstack@g-api.service[103072]: DEBUG oslo_utils.imageutils.format_inspector [None req-74957726-f6cc-43f2-ab79-c8f9a58779f2 tempest-ServerStableDeviceRescueTest-302950043 tempest-ServerStableDeviceRescueTest-302950043-project-member] Format inspector for vmdk does not match, excluding from consideration (Signature KDMV not found: b'QFI\xfb') {{(pid=103072) _process_chunk /opt/stack/data/venv/lib/python3.12/site-packages/oslo_utils/imageutils/format_inspector.py:1758}}
Jul 23 04:35:21.231564 np0000005708 devstack@g-api.service[103072]: DEBUG oslo_utils.imageutils.format_inspector [None req-74957726-f6cc-43f2-ab79-c8f9a58779f2 tempest-ServerStableDeviceRescueTest-302950043 tempest-ServerStableDeviceRescueTest-302950043-project-member] Format inspector for vhdx does not match, excluding from consideration (Region signature not found at 30000) {{(pid=103072) _process_chunk /opt/stack/data/venv/lib/python3.12/site-packages/oslo_utils/imageutils/format_inspector.py:1758}}
Jul 23 04:35:21.516479 np0000005708 devstack@g-api.service[103074]: DEBUG glance.api.middleware.version_negotiation [None req-9410a8db-5c4e-4e33-9089-9224ec8f3cd8 tempest-ServerStableDeviceRescueTest-302950043 tempest-ServerStableDeviceRescueTest-302950043-project-member] Determining version of request: GET /v2/images/67f8aed9-cc19-4db5-9dba-3c0427c8d2d9 Accept: */* {{(pid=103074) process_request /opt/stack/glance/glance/api/middleware/version_negotiation.py:44}}
Jul 23 04:35:21.516479 np0000005708 devstack@g-api.service[103074]: DEBUG glance.api.middleware.version_negotiation [None req-9410a8db-5c4e-4e33-9089-9224ec8f3cd8 tempest-ServerStableDeviceRescueTest-302950043 tempest-ServerStableDeviceRescueTest-302950043-project-member] Using url versioning {{(pid=103074) process_request /opt/stack/glance/glance/api/middleware/version_negotiation.py:57}}
Jul 23 04:35:21.517075 np0000005708 devstack@g-api.service[103074]: DEBUG glance.api.middleware.version_negotiation [None req-9410a8db-5c4e-4e33-9089-9224ec8f3cd8 tempest-ServerStableDeviceRescueTest-302950043 tempest-ServerStableDeviceRescueTest-302950043-project-member] Matched version: v2 {{(pid=103074) process_request /opt/stack/glance/glance/api/middleware/version_negotiation.py:69}}
Jul 23 04:35:21.517075 np0000005708 devstack@g-api.service[103074]: DEBUG glance.api.middleware.version_negotiation [None req-9410a8db-5c4e-4e33-9089-9224ec8f3cd8 tempest-ServerStableDeviceRescueTest-302950043 tempest-ServerStableDeviceRescueTest-302950043-project-member] new path /v2/images/67f8aed9-cc19-4db5-9dba-3c0427c8d2d9 {{(pid=103074) process_request /opt/stack/glance/glance/api/middleware/version_negotiation.py:70}}
Jul 23 04:35:21.561647 np0000005708 devstack@g-api.service[103074]: [pid: 103074|app: 0|req: 44/162] 127.0.0.1 () {44 vars in 1115 bytes} [Thu Jul 23 04:35:21 2026] GET /v2/images/67f8aed9-cc19-4db5-9dba-3c0427c8d2d9 => generated 1444 bytes in 47 msecs (HTTP/1.1 200) 4 headers in 158 bytes (1 switches on core 0)
Jul 23 04:35:21.659733 np0000005708 devstack@g-api.service[103073]: DEBUG glance.api.middleware.version_negotiation [None req-2d3160f6-6f2a-4bc1-bf93-df94ff27d96c tempest-VolumesActionsTest-202466475 tempest-VolumesActionsTest-202466475-project-member] Determining version of request: GET /v2/schemas/image Accept: */* {{(pid=103073) process_request /opt/stack/glance/glance/api/middleware/version_negotiation.py:44}}
Jul 23 04:35:21.660509 np0000005708 devstack@g-api.service[103073]: DEBUG glance.api.middleware.version_negotiation [None req-2d3160f6-6f2a-4bc1-bf93-df94ff27d96c tempest-VolumesActionsTest-202466475 tempest-VolumesActionsTest-202466475-project-member] Using url versioning {{(pid=103073) process_request /opt/stack/glance/glance/api/middleware/version_negotiation.py:57}}
Jul 23 04:35:21.660509 np0000005708 devstack@g-api.service[103073]: DEBUG glance.api.middleware.version_negotiation [None req-2d3160f6-6f2a-4bc1-bf93-df94ff27d96c tempest-VolumesActionsTest-202466475 tempest-VolumesActionsTest-202466475-project-member] Matched version: v2 {{(pid=103073) process_request /opt/stack/glance/glance/api/middleware/version_negotiation.py:69}}
Jul 23 04:35:21.660735 np0000005708 devstack@g-api.service[103073]: DEBUG glance.api.middleware.version_negotiation [None req-2d3160f6-6f2a-4bc1-bf93-df94ff27d96c tempest-VolumesActionsTest-202466475 tempest-VolumesActionsTest-202466475-project-member] new path /v2/schemas/image {{(pid=103073) process_request /opt/stack/glance/glance/api/middleware/version_negotiation.py:70}}
Jul 23 04:35:21.664186 np0000005708 devstack@g-api.service[103073]: [pid: 103073|app: 0|req: 47/163] 127.0.0.1 () {44 vars in 1055 bytes} [Thu Jul 23 04:35:21 2026] GET /v2/schemas/image => generated 6083 bytes in 5 msecs (HTTP/1.1 200) 4 headers in 158 bytes (1 switches on core 0)
Jul 23 04:35:21.999566 np0000005708 devstack@g-api.service[103072]: DEBUG swiftclient [None req-74957726-f6cc-43f2-ab79-c8f9a58779f2 tempest-ServerStableDeviceRescueTest-302950043 tempest-ServerStableDeviceRescueTest-302950043-project-member] REQ: curl -i https://10.4.3.192:8080/v1/AUTH_6bb84424116b4c2d83924449506b9af4/glance/67f8aed9-cc19-4db5-9dba-3c0427c8d2d9-00001 -X PUT -H "X-Auth-Token: gAAAAABqYZoI1qxq..." {{(pid=103072) http_log /opt/stack/data/venv/lib/python3.12/site-packages/swiftclient/client.py:160}}
Jul 23 04:35:22.000025 np0000005708 devstack@g-api.service[103072]: DEBUG swiftclient [None req-74957726-f6cc-43f2-ab79-c8f9a58779f2 tempest-ServerStableDeviceRescueTest-302950043 tempest-ServerStableDeviceRescueTest-302950043-project-member] RESP STATUS: 201 Created {{(pid=103072) http_log /opt/stack/data/venv/lib/python3.12/site-packages/swiftclient/client.py:161}}
Jul 23 04:35:22.000025 np0000005708 devstack@g-api.service[103072]: DEBUG swiftclient [None req-74957726-f6cc-43f2-ab79-c8f9a58779f2 tempest-ServerStableDeviceRescueTest-302950043 tempest-ServerStableDeviceRescueTest-302950043-project-member] RESP HEADERS: {'Date': 'Thu, 23 Jul 2026 04:35:21 GMT', 'Server': 'Apache/2.4.58 (Ubuntu)', 'Content-Type': 'text/html; charset=UTF-8', 'Content-Length': '0', 'Etag': '8e2a483694d67895fdc25c8eafc46bbd', 'Last-Modified': 'Thu, 23 Jul 2026 04:35:22 GMT', 'X-Trans-Id': 'tx72d8ae720bf042a1b15b3-006a619a09', 'X-Openstack-Request-Id': 'tx72d8ae720bf042a1b15b3-006a619a09', 'Connection': 'close'} {{(pid=103072) http_log /opt/stack/data/venv/lib/python3.12/site-packages/swiftclient/client.py:162}}
Jul 23 04:35:22.003852 np0000005708 devstack@g-api.service[103072]: DEBUG glance_store._drivers.swift.store [None req-74957726-f6cc-43f2-ab79-c8f9a58779f2 tempest-ServerStableDeviceRescueTest-302950043 tempest-ServerStableDeviceRescueTest-302950043-project-member] Wrote chunk 67f8aed9-cc19-4db5-9dba-3c0427c8d2d9-00001 (1/?) of length 53936128 to Swift returning MD5 of content: 8e2a483694d67895fdc25c8eafc46bbd {{(pid=103072) add /opt/stack/data/venv/lib/python3.12/site-packages/glance_store/_drivers/swift/store.py:1059}}
Jul 23 04:35:22.003852 np0000005708 devstack@g-api.service[103072]: DEBUG glance_store._drivers.swift.store [None req-74957726-f6cc-43f2-ab79-c8f9a58779f2 tempest-ServerStableDeviceRescueTest-302950043 tempest-ServerStableDeviceRescueTest-302950043-project-member] Not writing zero-length chunk. {{(pid=103072) add /opt/stack/data/venv/lib/python3.12/site-packages/glance_store/_drivers/swift/store.py:1028}}
Jul 23 04:35:22.020169 np0000005708 devstack@g-api.service[103074]: DEBUG glance.api.middleware.version_negotiation [None req-2e4a1dd2-7109-444f-814d-a48c8d593d8a tempest-ServerStableDeviceRescueTest-302950043 tempest-ServerStableDeviceRescueTest-302950043-project-member] Determining version of request: GET /v2/images/4e58d3ae-1bbc-4304-8bc7-985b1edb36d4 Accept: application/json {{(pid=103074) process_request /opt/stack/glance/glance/api/middleware/version_negotiation.py:44}}
Jul 23 04:35:22.020442 np0000005708 devstack@g-api.service[103074]: DEBUG glance.api.middleware.version_negotiation [None req-2e4a1dd2-7109-444f-814d-a48c8d593d8a tempest-ServerStableDeviceRescueTest-302950043 tempest-ServerStableDeviceRescueTest-302950043-project-member] Using url versioning {{(pid=103074) process_request /opt/stack/glance/glance/api/middleware/version_negotiation.py:57}}
Jul 23 04:35:22.020792 np0000005708 devstack@g-api.service[103074]: DEBUG glance.api.middleware.version_negotiation [None req-2e4a1dd2-7109-444f-814d-a48c8d593d8a tempest-ServerStableDeviceRescueTest-302950043 tempest-ServerStableDeviceRescueTest-302950043-project-member] Matched version: v2 {{(pid=103074) process_request /opt/stack/glance/glance/api/middleware/version_negotiation.py:69}}
Jul 23 04:35:22.020979 np0000005708 devstack@g-api.service[103074]: DEBUG glance.api.middleware.version_negotiation [None req-2e4a1dd2-7109-444f-814d-a48c8d593d8a tempest-ServerStableDeviceRescueTest-302950043 tempest-ServerStableDeviceRescueTest-302950043-project-member] new path /v2/images/4e58d3ae-1bbc-4304-8bc7-985b1edb36d4 {{(pid=103074) process_request /opt/stack/glance/glance/api/middleware/version_negotiation.py:70}}
Jul 23 04:35:22.041399 np0000005708 devstack@g-api.service[103072]: DEBUG swiftclient [None req-74957726-f6cc-43f2-ab79-c8f9a58779f2 tempest-ServerStableDeviceRescueTest-302950043 tempest-ServerStableDeviceRescueTest-302950043-project-member] REQ: curl -i https://10.4.3.192:8080/v1/AUTH_6bb84424116b4c2d83924449506b9af4/glance/67f8aed9-cc19-4db5-9dba-3c0427c8d2d9 -X PUT -H "X-Object-Manifest: glance/67f8aed9-cc19-4db5-9dba-3c0427c8d2d9-" -H "X-Auth-Token: gAAAAABqYZoI1qxq..." -H "Content-Length: 0" {{(pid=103072) http_log /opt/stack/data/venv/lib/python3.12/site-packages/swiftclient/client.py:160}}
Jul 23 04:35:22.041592 np0000005708 devstack@g-api.service[103074]: [pid: 103074|app: 0|req: 45/164] 127.0.0.1 () {40 vars in 838 bytes} [Thu Jul 23 04:35:22 2026] GET /v2/images/4e58d3ae-1bbc-4304-8bc7-985b1edb36d4 => generated 649 bytes in 21 msecs (HTTP/1.1 200) 4 headers in 157 bytes (1 switches on core 0)
Jul 23 04:35:22.041724 np0000005708 devstack@g-api.service[103072]: DEBUG swiftclient [None req-74957726-f6cc-43f2-ab79-c8f9a58779f2 tempest-ServerStableDeviceRescueTest-302950043 tempest-ServerStableDeviceRescueTest-302950043-project-member] RESP STATUS: 201 Created {{(pid=103072) http_log /opt/stack/data/venv/lib/python3.12/site-packages/swiftclient/client.py:161}}
Jul 23 04:35:22.041724 np0000005708 devstack@g-api.service[103072]: DEBUG swiftclient [None req-74957726-f6cc-43f2-ab79-c8f9a58779f2 tempest-ServerStableDeviceRescueTest-302950043 tempest-ServerStableDeviceRescueTest-302950043-project-member] RESP HEADERS: {'Date': 'Thu, 23 Jul 2026 04:35:22 GMT', 'Server': 'Apache/2.4.58 (Ubuntu)', 'Content-Type': 'text/html; charset=UTF-8', 'Content-Length': '0', 'Etag': 'd41d8cd98f00b204e9800998ecf8427e', 'Last-Modified': 'Thu, 23 Jul 2026 04:35:23 GMT', 'X-Trans-Id': 'txfc03df09523847febd1e8-006a619a0a', 'X-Openstack-Request-Id': 'txfc03df09523847febd1e8-006a619a0a', 'Connection': 'close'} {{(pid=103072) http_log /opt/stack/data/venv/lib/python3.12/site-packages/swiftclient/client.py:162}}
Jul 23 04:35:22.042221 np0000005708 devstack@g-api.service[103072]: INFO glance.location [None req-74957726-f6cc-43f2-ab79-c8f9a58779f2 tempest-ServerStableDeviceRescueTest-302950043 tempest-ServerStableDeviceRescueTest-302950043-project-member] Image format matched and virtual size computed: 1073741824
Jul 23 04:35:22.116410 np0000005708 devstack@g-api.service[103072]: DEBUG glance_store.backend [None req-74957726-f6cc-43f2-ab79-c8f9a58779f2 tempest-ServerStableDeviceRescueTest-302950043 tempest-ServerStableDeviceRescueTest-302950043-project-member] Attempting to import store swift {{(pid=103072) _load_store /opt/stack/data/venv/lib/python3.12/site-packages/glance_store/backend.py:215}}
Jul 23 04:35:22.118445 np0000005708 devstack@g-api.service[103072]: DEBUG glance_store.capabilities [None req-74957726-f6cc-43f2-ab79-c8f9a58779f2 tempest-ServerStableDeviceRescueTest-302950043 tempest-ServerStableDeviceRescueTest-302950043-project-member] Store glance_store._drivers.swift.store.SingleTenantStore doesn't support updating dynamic storage capabilities. Please overwrite 'update_capabilities' method of the store to implement updating logics if needed. {{(pid=103072) update_capabilities /opt/stack/data/venv/lib/python3.12/site-packages/glance_store/capabilities.py:91}}
Jul 23 04:35:22.118445 np0000005708 devstack@g-api.service[103072]: DEBUG glance_store.driver [None req-74957726-f6cc-43f2-ab79-c8f9a58779f2 tempest-ServerStableDeviceRescueTest-302950043 tempest-ServerStableDeviceRescueTest-302950043-project-member] Late loading location class glance_store._drivers.swift.store.StoreLocation {{(pid=103072) get_store_location_class /opt/stack/data/venv/lib/python3.12/site-packages/glance_store/driver.py:134}}
Jul 23 04:35:22.118445 np0000005708 devstack@g-api.service[103072]: DEBUG glance_store.location [None req-74957726-f6cc-43f2-ab79-c8f9a58779f2 tempest-ServerStableDeviceRescueTest-302950043 tempest-ServerStableDeviceRescueTest-302950043-project-member] Registering scheme swift+https with {'store': , 'location_class': , 'store_entry': 'swift'} {{(pid=103072) register_scheme_map /opt/stack/data/venv/lib/python3.12/site-packages/glance_store/location.py:146}}
Jul 23 04:35:22.118638 np0000005708 devstack@g-api.service[103072]: DEBUG glance_store.location [None req-74957726-f6cc-43f2-ab79-c8f9a58779f2 tempest-ServerStableDeviceRescueTest-302950043 tempest-ServerStableDeviceRescueTest-302950043-project-member] Registering scheme swift+https with {'store': , 'location_class': , 'store_entry': 'swift'} {{(pid=103072) register_scheme_map /opt/stack/data/venv/lib/python3.12/site-packages/glance_store/location.py:146}}
Jul 23 04:35:22.118716 np0000005708 devstack@g-api.service[103072]: DEBUG glance_store.location [None req-74957726-f6cc-43f2-ab79-c8f9a58779f2 tempest-ServerStableDeviceRescueTest-302950043 tempest-ServerStableDeviceRescueTest-302950043-project-member] Registering scheme swift with {'store': , 'location_class': , 'store_entry': 'swift'} {{(pid=103072) register_scheme_map /opt/stack/data/venv/lib/python3.12/site-packages/glance_store/location.py:146}}
Jul 23 04:35:22.118780 np0000005708 devstack@g-api.service[103072]: DEBUG glance_store.location [None req-74957726-f6cc-43f2-ab79-c8f9a58779f2 tempest-ServerStableDeviceRescueTest-302950043 tempest-ServerStableDeviceRescueTest-302950043-project-member] Registering scheme swift+https with {'store': , 'location_class': , 'store_entry': 'swift'} {{(pid=103072) register_scheme_map /opt/stack/data/venv/lib/python3.12/site-packages/glance_store/location.py:146}}
Jul 23 04:35:22.119351 np0000005708 devstack@g-api.service[103072]: DEBUG glance_store.location [None req-74957726-f6cc-43f2-ab79-c8f9a58779f2 tempest-ServerStableDeviceRescueTest-302950043 tempest-ServerStableDeviceRescueTest-302950043-project-member] Registering scheme swift with {'store': , 'location_class': , 'store_entry': 'swift'} {{(pid=103072) register_scheme_map /opt/stack/data/venv/lib/python3.12/site-packages/glance_store/location.py:146}}
Jul 23 04:35:22.119351 np0000005708 devstack@g-api.service[103072]: DEBUG glance_store.location [None req-74957726-f6cc-43f2-ab79-c8f9a58779f2 tempest-ServerStableDeviceRescueTest-302950043 tempest-ServerStableDeviceRescueTest-302950043-project-member] Registering scheme swift+http with {'store': , 'location_class': , 'store_entry': 'swift'} {{(pid=103072) register_scheme_map /opt/stack/data/venv/lib/python3.12/site-packages/glance_store/location.py:146}}
Jul 23 04:35:22.119351 np0000005708 devstack@g-api.service[103072]: DEBUG glance_store.location [None req-74957726-f6cc-43f2-ab79-c8f9a58779f2 tempest-ServerStableDeviceRescueTest-302950043 tempest-ServerStableDeviceRescueTest-302950043-project-member] Registering scheme swift+https with {'store': , 'location_class': , 'store_entry': 'swift'} {{(pid=103072) register_scheme_map /opt/stack/data/venv/lib/python3.12/site-packages/glance_store/location.py:146}}
Jul 23 04:35:22.119351 np0000005708 devstack@g-api.service[103072]: DEBUG glance_store.location [None req-74957726-f6cc-43f2-ab79-c8f9a58779f2 tempest-ServerStableDeviceRescueTest-302950043 tempest-ServerStableDeviceRescueTest-302950043-project-member] Registering scheme swift with {'store': , 'location_class': , 'store_entry': 'swift'} {{(pid=103072) register_scheme_map /opt/stack/data/venv/lib/python3.12/site-packages/glance_store/location.py:146}}
Jul 23 04:35:22.119603 np0000005708 devstack@g-api.service[103072]: DEBUG glance_store.location [None req-74957726-f6cc-43f2-ab79-c8f9a58779f2 tempest-ServerStableDeviceRescueTest-302950043 tempest-ServerStableDeviceRescueTest-302950043-project-member] Registering scheme swift+http with {'store': , 'location_class': , 'store_entry': 'swift'} {{(pid=103072) register_scheme_map /opt/stack/data/venv/lib/python3.12/site-packages/glance_store/location.py:146}}
Jul 23 04:35:22.119603 np0000005708 devstack@g-api.service[103072]: DEBUG glance_store.location [None req-74957726-f6cc-43f2-ab79-c8f9a58779f2 tempest-ServerStableDeviceRescueTest-302950043 tempest-ServerStableDeviceRescueTest-302950043-project-member] Registering scheme swift+config with {'store': , 'location_class': , 'store_entry': 'swift'} {{(pid=103072) register_scheme_map /opt/stack/data/venv/lib/python3.12/site-packages/glance_store/location.py:146}}
Jul 23 04:35:22.119603 np0000005708 devstack@g-api.service[103072]: DEBUG glance_store.backend [None req-74957726-f6cc-43f2-ab79-c8f9a58779f2 tempest-ServerStableDeviceRescueTest-302950043 tempest-ServerStableDeviceRescueTest-302950043-project-member] Skipping store.set_acls... not implemented. {{(pid=103072) set_acls /opt/stack/data/venv/lib/python3.12/site-packages/glance_store/backend.py:507}}
Jul 23 04:35:22.126345 np0000005708 devstack@g-api.service[103072]: [pid: 103072|app: 0|req: 40/165] 127.0.0.1 () {46 vars in 1158 bytes} [Thu Jul 23 04:35:18 2026] PUT /v2/images/67f8aed9-cc19-4db5-9dba-3c0427c8d2d9/file => generated 0 bytes in 3668 msecs (HTTP/1.1 204) 4 headers in 171 bytes (1 switches on core 0)
Jul 23 04:35:22.174773 np0000005708 devstack@g-api.service[103073]: DEBUG glance.api.middleware.version_negotiation [None req-2e4a1dd2-7109-444f-814d-a48c8d593d8a tempest-ServerStableDeviceRescueTest-302950043 tempest-ServerStableDeviceRescueTest-302950043-project-member] Determining version of request: GET /v2/images/67f8aed9-cc19-4db5-9dba-3c0427c8d2d9 Accept: */* {{(pid=103073) process_request /opt/stack/glance/glance/api/middleware/version_negotiation.py:44}}
Jul 23 04:35:22.174773 np0000005708 devstack@g-api.service[103073]: DEBUG glance.api.middleware.version_negotiation [None req-2e4a1dd2-7109-444f-814d-a48c8d593d8a tempest-ServerStableDeviceRescueTest-302950043 tempest-ServerStableDeviceRescueTest-302950043-project-member] Using url versioning {{(pid=103073) process_request /opt/stack/glance/glance/api/middleware/version_negotiation.py:57}}
Jul 23 04:35:22.174773 np0000005708 devstack@g-api.service[103073]: DEBUG glance.api.middleware.version_negotiation [None req-2e4a1dd2-7109-444f-814d-a48c8d593d8a tempest-ServerStableDeviceRescueTest-302950043 tempest-ServerStableDeviceRescueTest-302950043-project-member] Matched version: v2 {{(pid=103073) process_request /opt/stack/glance/glance/api/middleware/version_negotiation.py:69}}
Jul 23 04:35:22.174773 np0000005708 devstack@g-api.service[103073]: DEBUG glance.api.middleware.version_negotiation [None req-2e4a1dd2-7109-444f-814d-a48c8d593d8a tempest-ServerStableDeviceRescueTest-302950043 tempest-ServerStableDeviceRescueTest-302950043-project-member] new path /v2/images/67f8aed9-cc19-4db5-9dba-3c0427c8d2d9 {{(pid=103073) process_request /opt/stack/glance/glance/api/middleware/version_negotiation.py:70}}
Jul 23 04:35:22.194514 np0000005708 devstack@g-api.service[103073]: [pid: 103073|app: 0|req: 48/166] 127.0.0.1 () {44 vars in 1115 bytes} [Thu Jul 23 04:35:22 2026] GET /v2/images/67f8aed9-cc19-4db5-9dba-3c0427c8d2d9 => generated 1614 bytes in 21 msecs (HTTP/1.1 200) 4 headers in 158 bytes (1 switches on core 0)
Jul 23 04:35:22.251607 np0000005708 devstack@g-api.service[103074]: DEBUG glance.api.middleware.version_negotiation [None req-599170da-9a55-4440-ba89-8f4a657120c9 tempest-VolumesActionsTest-202466475 tempest-VolumesActionsTest-202466475-project-member] Determining version of request: GET /v2/schemas/image Accept: */* {{(pid=103074) process_request /opt/stack/glance/glance/api/middleware/version_negotiation.py:44}}
Jul 23 04:35:22.251607 np0000005708 devstack@g-api.service[103074]: DEBUG glance.api.middleware.version_negotiation [None req-599170da-9a55-4440-ba89-8f4a657120c9 tempest-VolumesActionsTest-202466475 tempest-VolumesActionsTest-202466475-project-member] Using url versioning {{(pid=103074) process_request /opt/stack/glance/glance/api/middleware/version_negotiation.py:57}}
Jul 23 04:35:22.251607 np0000005708 devstack@g-api.service[103074]: DEBUG glance.api.middleware.version_negotiation [None req-599170da-9a55-4440-ba89-8f4a657120c9 tempest-VolumesActionsTest-202466475 tempest-VolumesActionsTest-202466475-project-member] Matched version: v2 {{(pid=103074) process_request /opt/stack/glance/glance/api/middleware/version_negotiation.py:69}}
Jul 23 04:35:22.251607 np0000005708 devstack@g-api.service[103074]: DEBUG glance.api.middleware.version_negotiation [None req-599170da-9a55-4440-ba89-8f4a657120c9 tempest-VolumesActionsTest-202466475 tempest-VolumesActionsTest-202466475-project-member] new path /v2/schemas/image {{(pid=103074) process_request /opt/stack/glance/glance/api/middleware/version_negotiation.py:70}}
Jul 23 04:35:22.254104 np0000005708 devstack@g-api.service[103074]: [pid: 103074|app: 0|req: 46/167] 127.0.0.1 () {44 vars in 1055 bytes} [Thu Jul 23 04:35:22 2026] GET /v2/schemas/image => generated 6083 bytes in 5 msecs (HTTP/1.1 200) 4 headers in 158 bytes (1 switches on core 0)
Jul 23 04:35:22.507871 np0000005708 devstack@g-api.service[103075]: DEBUG swiftclient [None req-c7cdad20-1a3f-47e8-8cfd-e6e75159fb37 tempest-VolumesActionsTest-202466475 tempest-VolumesActionsTest-202466475-project-member] REQ: curl -i https://10.4.3.192:8080/v1/AUTH_6bb84424116b4c2d83924449506b9af4/glance/4e58d3ae-1bbc-4304-8bc7-985b1edb36d4-00002 -X PUT -H "X-Auth-Token: gAAAAABqYZoF-5eN..." {{(pid=103075) http_log /opt/stack/data/venv/lib/python3.12/site-packages/swiftclient/client.py:160}}
Jul 23 04:35:22.507871 np0000005708 devstack@g-api.service[103075]: DEBUG swiftclient [None req-c7cdad20-1a3f-47e8-8cfd-e6e75159fb37 tempest-VolumesActionsTest-202466475 tempest-VolumesActionsTest-202466475-project-member] RESP STATUS: 201 Created {{(pid=103075) http_log /opt/stack/data/venv/lib/python3.12/site-packages/swiftclient/client.py:161}}
Jul 23 04:35:22.507871 np0000005708 devstack@g-api.service[103075]: DEBUG swiftclient [None req-c7cdad20-1a3f-47e8-8cfd-e6e75159fb37 tempest-VolumesActionsTest-202466475 tempest-VolumesActionsTest-202466475-project-member] RESP HEADERS: {'Date': 'Thu, 23 Jul 2026 04:35:22 GMT', 'Server': 'Apache/2.4.58 (Ubuntu)', 'Content-Type': 'text/html; charset=UTF-8', 'Content-Length': '0', 'Etag': 'eda9a9889837ac4bc81d6387d92c1bec', 'Last-Modified': 'Thu, 23 Jul 2026 04:35:20 GMT', 'X-Trans-Id': 'tx945d567bda76488abe319-006a619a07', 'X-Openstack-Request-Id': 'tx945d567bda76488abe319-006a619a07', 'Connection': 'close'} {{(pid=103075) http_log /opt/stack/data/venv/lib/python3.12/site-packages/swiftclient/client.py:162}}
Jul 23 04:35:22.508389 np0000005708 devstack@g-api.service[103075]: DEBUG glance_store._drivers.swift.store [None req-c7cdad20-1a3f-47e8-8cfd-e6e75159fb37 tempest-VolumesActionsTest-202466475 tempest-VolumesActionsTest-202466475-project-member] Wrote chunk 4e58d3ae-1bbc-4304-8bc7-985b1edb36d4-00002 (2/?) of length 204800000 to Swift returning MD5 of content: eda9a9889837ac4bc81d6387d92c1bec {{(pid=103075) add /opt/stack/data/venv/lib/python3.12/site-packages/glance_store/_drivers/swift/store.py:1059}}
Jul 23 04:35:22.741398 np0000005708 devstack@g-api.service[103072]: DEBUG glance.api.middleware.version_negotiation [None req-74957726-f6cc-43f2-ab79-c8f9a58779f2 tempest-ServerStableDeviceRescueTest-302950043 tempest-ServerStableDeviceRescueTest-302950043-project-member] Determining version of request: GET /v2/images/67f8aed9-cc19-4db5-9dba-3c0427c8d2d9 Accept: */* {{(pid=103072) process_request /opt/stack/glance/glance/api/middleware/version_negotiation.py:44}}
Jul 23 04:35:22.741398 np0000005708 devstack@g-api.service[103072]: DEBUG glance.api.middleware.version_negotiation [None req-74957726-f6cc-43f2-ab79-c8f9a58779f2 tempest-ServerStableDeviceRescueTest-302950043 tempest-ServerStableDeviceRescueTest-302950043-project-member] Using url versioning {{(pid=103072) process_request /opt/stack/glance/glance/api/middleware/version_negotiation.py:57}}
Jul 23 04:35:22.741398 np0000005708 devstack@g-api.service[103072]: DEBUG glance.api.middleware.version_negotiation [None req-74957726-f6cc-43f2-ab79-c8f9a58779f2 tempest-ServerStableDeviceRescueTest-302950043 tempest-ServerStableDeviceRescueTest-302950043-project-member] Matched version: v2 {{(pid=103072) process_request /opt/stack/glance/glance/api/middleware/version_negotiation.py:69}}
Jul 23 04:35:22.741897 np0000005708 devstack@g-api.service[103072]: DEBUG glance.api.middleware.version_negotiation [None req-74957726-f6cc-43f2-ab79-c8f9a58779f2 tempest-ServerStableDeviceRescueTest-302950043 tempest-ServerStableDeviceRescueTest-302950043-project-member] new path /v2/images/67f8aed9-cc19-4db5-9dba-3c0427c8d2d9 {{(pid=103072) process_request /opt/stack/glance/glance/api/middleware/version_negotiation.py:70}}
Jul 23 04:35:22.765758 np0000005708 devstack@g-api.service[103072]: [pid: 103072|app: 0|req: 41/168] 127.0.0.1 () {44 vars in 1115 bytes} [Thu Jul 23 04:35:22 2026] GET /v2/images/67f8aed9-cc19-4db5-9dba-3c0427c8d2d9 => generated 1614 bytes in 25 msecs (HTTP/1.1 200) 4 headers in 158 bytes (1 switches on core 0)
Jul 23 04:35:22.811550 np0000005708 devstack@g-api.service[103073]: DEBUG glance.api.middleware.version_negotiation [None req-74957726-f6cc-43f2-ab79-c8f9a58779f2 tempest-ServerStableDeviceRescueTest-302950043 tempest-ServerStableDeviceRescueTest-302950043-project-member] Determining version of request: GET /v2/schemas/image Accept: */* {{(pid=103073) process_request /opt/stack/glance/glance/api/middleware/version_negotiation.py:44}}
Jul 23 04:35:22.811962 np0000005708 devstack@g-api.service[103073]: DEBUG glance.api.middleware.version_negotiation [None req-74957726-f6cc-43f2-ab79-c8f9a58779f2 tempest-ServerStableDeviceRescueTest-302950043 tempest-ServerStableDeviceRescueTest-302950043-project-member] Using url versioning {{(pid=103073) process_request /opt/stack/glance/glance/api/middleware/version_negotiation.py:57}}
Jul 23 04:35:22.812010 np0000005708 devstack@g-api.service[103073]: DEBUG glance.api.middleware.version_negotiation [None req-74957726-f6cc-43f2-ab79-c8f9a58779f2 tempest-ServerStableDeviceRescueTest-302950043 tempest-ServerStableDeviceRescueTest-302950043-project-member] Matched version: v2 {{(pid=103073) process_request /opt/stack/glance/glance/api/middleware/version_negotiation.py:69}}
Jul 23 04:35:22.812190 np0000005708 devstack@g-api.service[103073]: DEBUG glance.api.middleware.version_negotiation [None req-74957726-f6cc-43f2-ab79-c8f9a58779f2 tempest-ServerStableDeviceRescueTest-302950043 tempest-ServerStableDeviceRescueTest-302950043-project-member] new path /v2/schemas/image {{(pid=103073) process_request /opt/stack/glance/glance/api/middleware/version_negotiation.py:70}}
Jul 23 04:35:22.816777 np0000005708 devstack@g-api.service[103073]: [pid: 103073|app: 0|req: 49/169] 127.0.0.1 () {44 vars in 1055 bytes} [Thu Jul 23 04:35:22 2026] GET /v2/schemas/image => generated 6083 bytes in 5 msecs (HTTP/1.1 200) 4 headers in 158 bytes (1 switches on core 0)
Jul 23 04:35:22.894980 np0000005708 devstack@g-api.service[103074]: DEBUG glance.api.middleware.version_negotiation [None req-74957726-f6cc-43f2-ab79-c8f9a58779f2 tempest-ServerStableDeviceRescueTest-302950043 tempest-ServerStableDeviceRescueTest-302950043-project-member] Determining version of request: GET /v2/images/67f8aed9-cc19-4db5-9dba-3c0427c8d2d9 Accept: */* {{(pid=103074) process_request /opt/stack/glance/glance/api/middleware/version_negotiation.py:44}}
Jul 23 04:35:22.895290 np0000005708 devstack@g-api.service[103074]: DEBUG glance.api.middleware.version_negotiation [None req-74957726-f6cc-43f2-ab79-c8f9a58779f2 tempest-ServerStableDeviceRescueTest-302950043 tempest-ServerStableDeviceRescueTest-302950043-project-member] Using url versioning {{(pid=103074) process_request /opt/stack/glance/glance/api/middleware/version_negotiation.py:57}}
Jul 23 04:35:22.895290 np0000005708 devstack@g-api.service[103074]: DEBUG glance.api.middleware.version_negotiation [None req-74957726-f6cc-43f2-ab79-c8f9a58779f2 tempest-ServerStableDeviceRescueTest-302950043 tempest-ServerStableDeviceRescueTest-302950043-project-member] Matched version: v2 {{(pid=103074) process_request /opt/stack/glance/glance/api/middleware/version_negotiation.py:69}}
Jul 23 04:35:22.895372 np0000005708 devstack@g-api.service[103074]: DEBUG glance.api.middleware.version_negotiation [None req-74957726-f6cc-43f2-ab79-c8f9a58779f2 tempest-ServerStableDeviceRescueTest-302950043 tempest-ServerStableDeviceRescueTest-302950043-project-member] new path /v2/images/67f8aed9-cc19-4db5-9dba-3c0427c8d2d9 {{(pid=103074) process_request /opt/stack/glance/glance/api/middleware/version_negotiation.py:70}}
Jul 23 04:35:22.919220 np0000005708 devstack@g-api.service[103074]: [pid: 103074|app: 0|req: 47/170] 127.0.0.1 () {44 vars in 1115 bytes} [Thu Jul 23 04:35:22 2026] GET /v2/images/67f8aed9-cc19-4db5-9dba-3c0427c8d2d9 => generated 1614 bytes in 24 msecs (HTTP/1.1 200) 4 headers in 158 bytes (1 switches on core 0)
Jul 23 04:35:22.958033 np0000005708 devstack@g-api.service[103072]: DEBUG glance.api.middleware.version_negotiation [None req-fc03e93a-694a-4947-bd0b-5e905599073e tempest-ServerStableDeviceRescueTest-302950043 tempest-ServerStableDeviceRescueTest-302950043-project-member] Determining version of request: GET /v2/schemas/image Accept: */* {{(pid=103072) process_request /opt/stack/glance/glance/api/middleware/version_negotiation.py:44}}
Jul 23 04:35:22.958384 np0000005708 devstack@g-api.service[103072]: DEBUG glance.api.middleware.version_negotiation [None req-fc03e93a-694a-4947-bd0b-5e905599073e tempest-ServerStableDeviceRescueTest-302950043 tempest-ServerStableDeviceRescueTest-302950043-project-member] Using url versioning {{(pid=103072) process_request /opt/stack/glance/glance/api/middleware/version_negotiation.py:57}}
