Jul 23 04:31:14.637295 np0000005708 devstack@g-api.service[103075]: DEBUG glance.common.config [None req-a0aa4578-0f1a-4874-813b-b18cfeef5794 None None] database.db_max_retry_interval = 10 {{(pid=103075) log_opt_values /opt/stack/data/venv/lib/python3.12/site-packages/oslo_config/cfg.py:3253}}
Jul 23 04:31:14.637316 np0000005708 devstack@g-api.service[103074]: DEBUG glance.common.config [None req-b97a7b04-ccb2-41b6-b340-12ab2eb0989c None None] database.db_inc_retry_interval = True {{(pid=103074) log_opt_values /opt/stack/data/venv/lib/python3.12/site-packages/oslo_config/cfg.py:3253}}
Jul 23 04:31:14.637343 np0000005708 devstack@g-api.service[103075]: DEBUG glance.common.config [None req-a0aa4578-0f1a-4874-813b-b18cfeef5794 None None] database.db_retry_interval = 1 {{(pid=103075) log_opt_values /opt/stack/data/venv/lib/python3.12/site-packages/oslo_config/cfg.py:3253}}
Jul 23 04:31:14.637364 np0000005708 devstack@g-api.service[103074]: DEBUG glance.common.config [None req-b97a7b04-ccb2-41b6-b340-12ab2eb0989c None None] database.db_max_retries = 20 {{(pid=103074) log_opt_values /opt/stack/data/venv/lib/python3.12/site-packages/oslo_config/cfg.py:3253}}
Jul 23 04:31:14.637364 np0000005708 devstack@g-api.service[103074]: DEBUG glance.common.config [None req-b97a7b04-ccb2-41b6-b340-12ab2eb0989c None None] database.db_max_retry_interval = 10 {{(pid=103074) log_opt_values /opt/stack/data/venv/lib/python3.12/site-packages/oslo_config/cfg.py:3253}}
Jul 23 04:31:14.637414 np0000005708 devstack@g-api.service[103075]: DEBUG glance.common.config [None req-a0aa4578-0f1a-4874-813b-b18cfeef5794 None None] database.max_overflow = 50 {{(pid=103075) log_opt_values /opt/stack/data/venv/lib/python3.12/site-packages/oslo_config/cfg.py:3253}}
Jul 23 04:31:14.637438 np0000005708 devstack@g-api.service[103074]: DEBUG glance.common.config [None req-b97a7b04-ccb2-41b6-b340-12ab2eb0989c None None] database.db_retry_interval = 1 {{(pid=103074) log_opt_values /opt/stack/data/venv/lib/python3.12/site-packages/oslo_config/cfg.py:3253}}
Jul 23 04:31:14.637460 np0000005708 devstack@g-api.service[103075]: DEBUG glance.common.config [None req-a0aa4578-0f1a-4874-813b-b18cfeef5794 None None] database.max_pool_size = 5 {{(pid=103075) log_opt_values /opt/stack/data/venv/lib/python3.12/site-packages/oslo_config/cfg.py:3253}}
Jul 23 04:31:14.637460 np0000005708 devstack@g-api.service[103075]: DEBUG glance.common.config [None req-a0aa4578-0f1a-4874-813b-b18cfeef5794 None None] database.max_retries = 10 {{(pid=103075) log_opt_values /opt/stack/data/venv/lib/python3.12/site-packages/oslo_config/cfg.py:3253}}
Jul 23 04:31:14.637500 np0000005708 devstack@g-api.service[103074]: DEBUG glance.common.config [None req-b97a7b04-ccb2-41b6-b340-12ab2eb0989c None None] database.max_overflow = 50 {{(pid=103074) log_opt_values /opt/stack/data/venv/lib/python3.12/site-packages/oslo_config/cfg.py:3253}}
Jul 23 04:31:14.637527 np0000005708 devstack@g-api.service[103075]: DEBUG glance.common.config [None req-a0aa4578-0f1a-4874-813b-b18cfeef5794 None None] database.mysql_sql_mode = TRADITIONAL {{(pid=103075) log_opt_values /opt/stack/data/venv/lib/python3.12/site-packages/oslo_config/cfg.py:3253}}
Jul 23 04:31:14.637551 np0000005708 devstack@g-api.service[103074]: DEBUG glance.common.config [None req-b97a7b04-ccb2-41b6-b340-12ab2eb0989c None None] database.max_pool_size = 5 {{(pid=103074) log_opt_values /opt/stack/data/venv/lib/python3.12/site-packages/oslo_config/cfg.py:3253}}
Jul 23 04:31:14.637551 np0000005708 devstack@g-api.service[103074]: DEBUG glance.common.config [None req-b97a7b04-ccb2-41b6-b340-12ab2eb0989c None None] database.max_retries = 10 {{(pid=103074) log_opt_values /opt/stack/data/venv/lib/python3.12/site-packages/oslo_config/cfg.py:3253}}
Jul 23 04:31:14.637593 np0000005708 devstack@g-api.service[103075]: DEBUG glance.common.config [None req-a0aa4578-0f1a-4874-813b-b18cfeef5794 None None] database.mysql_wsrep_sync_wait = None {{(pid=103075) log_opt_values /opt/stack/data/venv/lib/python3.12/site-packages/oslo_config/cfg.py:3253}}
Jul 23 04:31:14.637618 np0000005708 devstack@g-api.service[103074]: DEBUG glance.common.config [None req-b97a7b04-ccb2-41b6-b340-12ab2eb0989c None None] database.mysql_sql_mode = TRADITIONAL {{(pid=103074) log_opt_values /opt/stack/data/venv/lib/python3.12/site-packages/oslo_config/cfg.py:3253}}
Jul 23 04:31:14.637641 np0000005708 devstack@g-api.service[103075]: DEBUG glance.common.config [None req-a0aa4578-0f1a-4874-813b-b18cfeef5794 None None] database.pool_timeout = None {{(pid=103075) log_opt_values /opt/stack/data/venv/lib/python3.12/site-packages/oslo_config/cfg.py:3253}}
Jul 23 04:31:14.637667 np0000005708 devstack@g-api.service[103074]: DEBUG glance.common.config [None req-b97a7b04-ccb2-41b6-b340-12ab2eb0989c None None] database.mysql_wsrep_sync_wait = None {{(pid=103074) log_opt_values /opt/stack/data/venv/lib/python3.12/site-packages/oslo_config/cfg.py:3253}}
Jul 23 04:31:14.637692 np0000005708 devstack@g-api.service[103075]: DEBUG glance.common.config [None req-a0aa4578-0f1a-4874-813b-b18cfeef5794 None None] database.retry_interval = 10 {{(pid=103075) log_opt_values /opt/stack/data/venv/lib/python3.12/site-packages/oslo_config/cfg.py:3253}}
Jul 23 04:31:14.637717 np0000005708 devstack@g-api.service[103074]: DEBUG glance.common.config [None req-b97a7b04-ccb2-41b6-b340-12ab2eb0989c None None] database.pool_timeout = None {{(pid=103074) log_opt_values /opt/stack/data/venv/lib/python3.12/site-packages/oslo_config/cfg.py:3253}}
Jul 23 04:31:14.637744 np0000005708 devstack@g-api.service[103075]: DEBUG glance.common.config [None req-a0aa4578-0f1a-4874-813b-b18cfeef5794 None None] database.slave_connection = **** {{(pid=103075) log_opt_values /opt/stack/data/venv/lib/python3.12/site-packages/oslo_config/cfg.py:3253}}
Jul 23 04:31:14.637768 np0000005708 devstack@g-api.service[103074]: DEBUG glance.common.config [None req-b97a7b04-ccb2-41b6-b340-12ab2eb0989c None None] database.retry_interval = 10 {{(pid=103074) log_opt_values /opt/stack/data/venv/lib/python3.12/site-packages/oslo_config/cfg.py:3253}}
Jul 23 04:31:14.637789 np0000005708 devstack@g-api.service[103075]: DEBUG glance.common.config [None req-a0aa4578-0f1a-4874-813b-b18cfeef5794 None None] database.sqlite_synchronous = True {{(pid=103075) log_opt_values /opt/stack/data/venv/lib/python3.12/site-packages/oslo_config/cfg.py:3253}}
Jul 23 04:31:14.637813 np0000005708 devstack@g-api.service[103074]: DEBUG glance.common.config [None req-b97a7b04-ccb2-41b6-b340-12ab2eb0989c None None] database.slave_connection = **** {{(pid=103074) log_opt_values /opt/stack/data/venv/lib/python3.12/site-packages/oslo_config/cfg.py:3253}}
Jul 23 04:31:14.637856 np0000005708 devstack@g-api.service[103075]: DEBUG glance.common.config [None req-a0aa4578-0f1a-4874-813b-b18cfeef5794 None None] database.synchronous_reader = True {{(pid=103075) log_opt_values /opt/stack/data/venv/lib/python3.12/site-packages/oslo_config/cfg.py:3253}}
Jul 23 04:31:14.637881 np0000005708 devstack@g-api.service[103074]: DEBUG glance.common.config [None req-b97a7b04-ccb2-41b6-b340-12ab2eb0989c None None] database.sqlite_synchronous = True {{(pid=103074) log_opt_values /opt/stack/data/venv/lib/python3.12/site-packages/oslo_config/cfg.py:3253}}
Jul 23 04:31:14.637911 np0000005708 devstack@g-api.service[103075]: DEBUG glance.common.config [None req-a0aa4578-0f1a-4874-813b-b18cfeef5794 None None] database.use_db_reconnect = False {{(pid=103075) log_opt_values /opt/stack/data/venv/lib/python3.12/site-packages/oslo_config/cfg.py:3253}}
Jul 23 04:31:14.637941 np0000005708 devstack@g-api.service[103074]: DEBUG glance.common.config [None req-b97a7b04-ccb2-41b6-b340-12ab2eb0989c None None] database.synchronous_reader = True {{(pid=103074) log_opt_values /opt/stack/data/venv/lib/python3.12/site-packages/oslo_config/cfg.py:3253}}
Jul 23 04:31:14.637970 np0000005708 devstack@g-api.service[103075]: DEBUG glance.common.config [None req-a0aa4578-0f1a-4874-813b-b18cfeef5794 None None] healthcheck.allowed_source_ranges = [] {{(pid=103075) log_opt_values /opt/stack/data/venv/lib/python3.12/site-packages/oslo_config/cfg.py:3253}}
Jul 23 04:31:14.637994 np0000005708 devstack@g-api.service[103074]: DEBUG glance.common.config [None req-b97a7b04-ccb2-41b6-b340-12ab2eb0989c None None] database.use_db_reconnect = False {{(pid=103074) log_opt_values /opt/stack/data/venv/lib/python3.12/site-packages/oslo_config/cfg.py:3253}}
Jul 23 04:31:14.638017 np0000005708 devstack@g-api.service[103075]: DEBUG glance.common.config [None req-a0aa4578-0f1a-4874-813b-b18cfeef5794 None None] healthcheck.backends = ['disable_by_file'] {{(pid=103075) log_opt_values /opt/stack/data/venv/lib/python3.12/site-packages/oslo_config/cfg.py:3253}}
Jul 23 04:31:14.638044 np0000005708 devstack@g-api.service[103074]: DEBUG glance.common.config [None req-b97a7b04-ccb2-41b6-b340-12ab2eb0989c None None] healthcheck.allowed_source_ranges = [] {{(pid=103074) log_opt_values /opt/stack/data/venv/lib/python3.12/site-packages/oslo_config/cfg.py:3253}}
Jul 23 04:31:14.638072 np0000005708 devstack@g-api.service[103075]: DEBUG glance.common.config [None req-a0aa4578-0f1a-4874-813b-b18cfeef5794 None None] healthcheck.detailed = False {{(pid=103075) log_opt_values /opt/stack/data/venv/lib/python3.12/site-packages/oslo_config/cfg.py:3253}}
Jul 23 04:31:14.638096 np0000005708 devstack@g-api.service[103074]: DEBUG glance.common.config [None req-b97a7b04-ccb2-41b6-b340-12ab2eb0989c None None] healthcheck.backends = ['disable_by_file'] {{(pid=103074) log_opt_values /opt/stack/data/venv/lib/python3.12/site-packages/oslo_config/cfg.py:3253}}
Jul 23 04:31:14.638126 np0000005708 devstack@g-api.service[103075]: DEBUG glance.common.config [None req-a0aa4578-0f1a-4874-813b-b18cfeef5794 None None] healthcheck.disable_by_file_path = None {{(pid=103075) log_opt_values /opt/stack/data/venv/lib/python3.12/site-packages/oslo_config/cfg.py:3253}}
Jul 23 04:31:14.638163 np0000005708 devstack@g-api.service[103074]: DEBUG glance.common.config [None req-b97a7b04-ccb2-41b6-b340-12ab2eb0989c None None] healthcheck.detailed = False {{(pid=103074) log_opt_values /opt/stack/data/venv/lib/python3.12/site-packages/oslo_config/cfg.py:3253}}
Jul 23 04:31:14.638188 np0000005708 devstack@g-api.service[103075]: DEBUG glance.common.config [None req-a0aa4578-0f1a-4874-813b-b18cfeef5794 None None] healthcheck.ignore_proxied_requests = False {{(pid=103075) log_opt_values /opt/stack/data/venv/lib/python3.12/site-packages/oslo_config/cfg.py:3253}}
Jul 23 04:31:14.638211 np0000005708 devstack@g-api.service[103074]: DEBUG glance.common.config [None req-b97a7b04-ccb2-41b6-b340-12ab2eb0989c None None] healthcheck.disable_by_file_path = None {{(pid=103074) log_opt_values /opt/stack/data/venv/lib/python3.12/site-packages/oslo_config/cfg.py:3253}}
Jul 23 04:31:14.638239 np0000005708 devstack@g-api.service[103075]: DEBUG glance.common.config [None req-a0aa4578-0f1a-4874-813b-b18cfeef5794 None None] ******************************************************************************** {{(pid=103075) log_opt_values /opt/stack/data/venv/lib/python3.12/site-packages/oslo_config/cfg.py:3260}}
Jul 23 04:31:14.638266 np0000005708 devstack@g-api.service[103074]: DEBUG glance.common.config [None req-b97a7b04-ccb2-41b6-b340-12ab2eb0989c None None] healthcheck.ignore_proxied_requests = False {{(pid=103074) log_opt_values /opt/stack/data/venv/lib/python3.12/site-packages/oslo_config/cfg.py:3253}}
Jul 23 04:31:14.638290 np0000005708 devstack@g-api.service[103075]: WSGI app 0 (mountpoint='') ready in 2 seconds on interpreter 0x7b01df6a4668 pid: 103075 (default app)
Jul 23 04:31:14.638314 np0000005708 devstack@g-api.service[103074]: DEBUG glance.common.config [None req-b97a7b04-ccb2-41b6-b340-12ab2eb0989c None None] ******************************************************************************** {{(pid=103074) log_opt_values /opt/stack/data/venv/lib/python3.12/site-packages/oslo_config/cfg.py:3260}}
Jul 23 04:31:14.638314 np0000005708 devstack@g-api.service[103074]: WSGI app 0 (mountpoint='') ready in 2 seconds on interpreter 0x7b01df6a4668 pid: 103074 (default app)
Jul 23 04:31:15.884535 np0000005708 devstack@g-api.service[103072]: DEBUG glance.api.middleware.version_negotiation [None req-98846616-7804-4598-8019-6211d1811e6f None None] Determining version of request: GET / Accept: application/json {{(pid=103072) process_request /opt/stack/glance/glance/api/middleware/version_negotiation.py:44}}
Jul 23 04:31:15.884965 np0000005708 devstack@g-api.service[103072]: DEBUG glance.api.middleware.version_negotiation [None req-98846616-7804-4598-8019-6211d1811e6f None None] Using url versioning {{(pid=103072) process_request /opt/stack/glance/glance/api/middleware/version_negotiation.py:57}}
Jul 23 04:31:15.884965 np0000005708 devstack@g-api.service[103072]: DEBUG glance.api.middleware.version_negotiation [None req-98846616-7804-4598-8019-6211d1811e6f None None] Unknown version. Returning version choices. {{(pid=103072) process_request /opt/stack/glance/glance/api/middleware/version_negotiation.py:64}}
Jul 23 04:31:15.885653 np0000005708 devstack@g-api.service[103072]: [pid: 103072|app: 0|req: 1/2] 127.0.0.1 () {36 vars in 573 bytes} [Thu Jul 23 04:31:15 2026] GET / => generated 1515 bytes in 1 msecs (HTTP/1.1 300) 3 headers in 106 bytes (1 switches on core 0)
Jul 23 04:31:15.899167 np0000005708 devstack@g-api.service[103073]: DEBUG glance.api.middleware.version_negotiation [None req-f5e76ff9-0b09-4715-87f3-37bf5199c0bf None None] Determining version of request: POST /v2/images Accept: */* {{(pid=103073) process_request /opt/stack/glance/glance/api/middleware/version_negotiation.py:44}}
Jul 23 04:31:15.899648 np0000005708 devstack@g-api.service[103073]: DEBUG glance.api.middleware.version_negotiation [None req-f5e76ff9-0b09-4715-87f3-37bf5199c0bf None None] Using url versioning {{(pid=103073) process_request /opt/stack/glance/glance/api/middleware/version_negotiation.py:57}}
Jul 23 04:31:15.899648 np0000005708 devstack@g-api.service[103073]: DEBUG glance.api.middleware.version_negotiation [None req-f5e76ff9-0b09-4715-87f3-37bf5199c0bf None None] Matched version: v2 {{(pid=103073) process_request /opt/stack/glance/glance/api/middleware/version_negotiation.py:69}}
Jul 23 04:31:15.899731 np0000005708 devstack@g-api.service[103073]: DEBUG glance.api.middleware.version_negotiation [None req-f5e76ff9-0b09-4715-87f3-37bf5199c0bf None None] new path /v2/images {{(pid=103073) process_request /opt/stack/glance/glance/api/middleware/version_negotiation.py:70}}
Jul 23 04:31:16.889873 np0000005708 devstack@g-api.service[103073]: [pid: 103073|app: 0|req: 2/3] 127.0.0.1 () {42 vars in 836 bytes} [Thu Jul 23 04:31:15 2026] POST /v2/images => generated 807 bytes in 991 msecs (HTTP/1.1 201) 6 headers in 315 bytes (1 switches on core 0)
Jul 23 04:31:16.898532 np0000005708 devstack@g-api.service[103075]: DEBUG glance.api.middleware.version_negotiation [None req-a0aa4578-0f1a-4874-813b-b18cfeef5794 None None] Determining version of request: PUT /v2/images/b333cef4-bee2-4f94-be5e-3665e76d3645/stage Accept: {{(pid=103075) process_request /opt/stack/glance/glance/api/middleware/version_negotiation.py:44}}
Jul 23 04:31:16.898935 np0000005708 devstack@g-api.service[103075]: DEBUG glance.api.middleware.version_negotiation [None req-a0aa4578-0f1a-4874-813b-b18cfeef5794 None None] Using url versioning {{(pid=103075) process_request /opt/stack/glance/glance/api/middleware/version_negotiation.py:57}}
Jul 23 04:31:16.899173 np0000005708 devstack@g-api.service[103075]: DEBUG glance.api.middleware.version_negotiation [None req-a0aa4578-0f1a-4874-813b-b18cfeef5794 None None] Matched version: v2 {{(pid=103075) process_request /opt/stack/glance/glance/api/middleware/version_negotiation.py:69}}
Jul 23 04:31:16.899275 np0000005708 devstack@g-api.service[103075]: DEBUG glance.api.middleware.version_negotiation [None req-a0aa4578-0f1a-4874-813b-b18cfeef5794 None None] new path /v2/images/b333cef4-bee2-4f94-be5e-3665e76d3645/stage {{(pid=103075) process_request /opt/stack/glance/glance/api/middleware/version_negotiation.py:70}}
Jul 23 04:31:17.488811 np0000005708 devstack@g-api.service[103075]: DEBUG glance_store.backend [None req-5e7034f3-0872-4da9-a7da-5b81f6de0a0b admin admin] Attempting to import store cinder {{(pid=103075) _load_store /opt/stack/data/venv/lib/python3.12/site-packages/glance_store/backend.py:215}}
Jul 23 04:31:17.488986 np0000005708 devstack@g-api.service[103075]: DEBUG glance_store.backend [None req-5e7034f3-0872-4da9-a7da-5b81f6de0a0b admin admin] Attempting to import store file {{(pid=103075) _load_store /opt/stack/data/venv/lib/python3.12/site-packages/glance_store/backend.py:215}}
Jul 23 04:31:17.489156 np0000005708 devstack@g-api.service[103075]: DEBUG glance_store.backend [None req-5e7034f3-0872-4da9-a7da-5b81f6de0a0b admin admin] Attempting to import store glance.store.cinder.Store {{(pid=103075) _load_store /opt/stack/data/venv/lib/python3.12/site-packages/glance_store/backend.py:215}}
Jul 23 04:31:17.489283 np0000005708 devstack@g-api.service[103075]: DEBUG glance_store.backend [None req-5e7034f3-0872-4da9-a7da-5b81f6de0a0b admin admin] Attempting to import store glance.store.filesystem.Store {{(pid=103075) _load_store /opt/stack/data/venv/lib/python3.12/site-packages/glance_store/backend.py:215}}
Jul 23 04:31:17.489401 np0000005708 devstack@g-api.service[103075]: DEBUG glance_store.backend [None req-5e7034f3-0872-4da9-a7da-5b81f6de0a0b admin admin] Attempting to import store glance.store.http.Store {{(pid=103075) _load_store /opt/stack/data/venv/lib/python3.12/site-packages/glance_store/backend.py:215}}
Jul 23 04:31:17.489543 np0000005708 devstack@g-api.service[103075]: DEBUG glance_store.backend [None req-5e7034f3-0872-4da9-a7da-5b81f6de0a0b admin admin] Attempting to import store glance.store.rbd.Store {{(pid=103075) _load_store /opt/stack/data/venv/lib/python3.12/site-packages/glance_store/backend.py:215}}
Jul 23 04:31:17.489639 np0000005708 devstack@g-api.service[103075]: DEBUG glance_store.backend [None req-5e7034f3-0872-4da9-a7da-5b81f6de0a0b admin admin] Attempting to import store glance.store.s3.Store {{(pid=103075) _load_store /opt/stack/data/venv/lib/python3.12/site-packages/glance_store/backend.py:215}}
Jul 23 04:31:17.489735 np0000005708 devstack@g-api.service[103075]: DEBUG glance_store.backend [None req-5e7034f3-0872-4da9-a7da-5b81f6de0a0b admin admin] Attempting to import store glance.store.swift.Store {{(pid=103075) _load_store /opt/stack/data/venv/lib/python3.12/site-packages/glance_store/backend.py:215}}
Jul 23 04:31:17.489837 np0000005708 devstack@g-api.service[103075]: DEBUG glance_store.backend [None req-5e7034f3-0872-4da9-a7da-5b81f6de0a0b admin admin] Attempting to import store glance.store.vmware_datastore.Store {{(pid=103075) _load_store /opt/stack/data/venv/lib/python3.12/site-packages/glance_store/backend.py:215}}
Jul 23 04:31:17.489941 np0000005708 devstack@g-api.service[103075]: DEBUG glance_store.backend [None req-5e7034f3-0872-4da9-a7da-5b81f6de0a0b admin admin] Attempting to import store http {{(pid=103075) _load_store /opt/stack/data/venv/lib/python3.12/site-packages/glance_store/backend.py:215}}
Jul 23 04:31:17.490027 np0000005708 devstack@g-api.service[103075]: DEBUG glance_store.backend [None req-5e7034f3-0872-4da9-a7da-5b81f6de0a0b admin admin] Attempting to import store no_conf {{(pid=103075) _load_store /opt/stack/data/venv/lib/python3.12/site-packages/glance_store/backend.py:215}}
Jul 23 04:31:17.490115 np0000005708 devstack@g-api.service[103075]: DEBUG glance_store.backend [None req-5e7034f3-0872-4da9-a7da-5b81f6de0a0b admin admin] Attempting to import store rbd {{(pid=103075) _load_store /opt/stack/data/venv/lib/python3.12/site-packages/glance_store/backend.py:215}}
Jul 23 04:31:17.490219 np0000005708 devstack@g-api.service[103075]: DEBUG glance_store.backend [None req-5e7034f3-0872-4da9-a7da-5b81f6de0a0b admin admin] Attempting to import store s3 {{(pid=103075) _load_store /opt/stack/data/venv/lib/python3.12/site-packages/glance_store/backend.py:215}}
Jul 23 04:31:17.490309 np0000005708 devstack@g-api.service[103075]: DEBUG glance_store.backend [None req-5e7034f3-0872-4da9-a7da-5b81f6de0a0b admin admin] Attempting to import store swift {{(pid=103075) _load_store /opt/stack/data/venv/lib/python3.12/site-packages/glance_store/backend.py:215}}
Jul 23 04:31:17.490395 np0000005708 devstack@g-api.service[103075]: DEBUG glance_store.backend [None req-5e7034f3-0872-4da9-a7da-5b81f6de0a0b admin admin] Attempting to import store vmware {{(pid=103075) _load_store /opt/stack/data/venv/lib/python3.12/site-packages/glance_store/backend.py:215}}
Jul 23 04:31:17.490499 np0000005708 devstack@g-api.service[103075]: DEBUG glance_store.backend [None req-5e7034f3-0872-4da9-a7da-5b81f6de0a0b admin admin] Registering options for group glance_store {{(pid=103075) register_opts /opt/stack/data/venv/lib/python3.12/site-packages/glance_store/backend.py:144}}
Jul 23 04:31:17.490597 np0000005708 devstack@g-api.service[103075]: DEBUG glance_store.backend [None req-5e7034f3-0872-4da9-a7da-5b81f6de0a0b admin admin] Registering options for group glance_store {{(pid=103075) register_opts /opt/stack/data/venv/lib/python3.12/site-packages/glance_store/backend.py:144}}
Jul 23 04:31:17.490959 np0000005708 devstack@g-api.service[103075]: DEBUG glance_store.backend [None req-5e7034f3-0872-4da9-a7da-5b81f6de0a0b admin admin] Attempting to import store file {{(pid=103075) _load_store /opt/stack/data/venv/lib/python3.12/site-packages/glance_store/backend.py:215}}
Jul 23 04:31:17.491396 np0000005708 devstack@g-api.service[103075]: INFO glance_store._drivers.filesystem [None req-5e7034f3-0872-4da9-a7da-5b81f6de0a0b admin admin] Directory to write image files does not exist (/tmp/staging/). Creating.
Jul 23 04:31:17.491692 np0000005708 devstack@g-api.service[103075]: DEBUG glance_store.capabilities [None req-5e7034f3-0872-4da9-a7da-5b81f6de0a0b admin admin] Store glance_store._drivers.filesystem.Store doesn't support updating dynamic storage capabilities. Please overwrite 'update_capabilities' method of the store to implement updating logics if needed. {{(pid=103075) update_capabilities /opt/stack/data/venv/lib/python3.12/site-packages/glance_store/capabilities.py:91}}
Jul 23 04:31:18.073679 np0000005708 devstack@g-api.service[103075]: DEBUG glance_store._drivers.filesystem [None req-5e7034f3-0872-4da9-a7da-5b81f6de0a0b admin admin] Wrote 21430272 bytes to /tmp/staging/b333cef4-bee2-4f94-be5e-3665e76d3645 with checksum c8fc807773e5354afe61636071771906 and multihash c8fc807773e5354afe61636071771906 {{(pid=103075) add /opt/stack/data/venv/lib/python3.12/site-packages/glance_store/_drivers/filesystem.py:899}}
Jul 23 04:31:18.094137 np0000005708 devstack@g-api.service[103075]: [pid: 103075|app: 0|req: 1/4] 127.0.0.1 () {42 vars in 931 bytes} [Thu Jul 23 04:31:16 2026] PUT /v2/images/b333cef4-bee2-4f94-be5e-3665e76d3645/stage => generated 0 bytes in 1196 msecs (HTTP/1.1 204) 4 headers in 171 bytes (1 switches on core 0)
Jul 23 04:31:18.102912 np0000005708 devstack@g-api.service[103074]: DEBUG glance.api.middleware.version_negotiation [None req-b97a7b04-ccb2-41b6-b340-12ab2eb0989c None None] Determining version of request: POST /v2/images/b333cef4-bee2-4f94-be5e-3665e76d3645/import Accept: */* {{(pid=103074) process_request /opt/stack/glance/glance/api/middleware/version_negotiation.py:44}}
Jul 23 04:31:18.103226 np0000005708 devstack@g-api.service[103074]: DEBUG glance.api.middleware.version_negotiation [None req-b97a7b04-ccb2-41b6-b340-12ab2eb0989c None None] Using url versioning {{(pid=103074) process_request /opt/stack/glance/glance/api/middleware/version_negotiation.py:57}}
Jul 23 04:31:18.103511 np0000005708 devstack@g-api.service[103074]: DEBUG glance.api.middleware.version_negotiation [None req-b97a7b04-ccb2-41b6-b340-12ab2eb0989c None None] Matched version: v2 {{(pid=103074) process_request /opt/stack/glance/glance/api/middleware/version_negotiation.py:69}}
Jul 23 04:31:18.103698 np0000005708 devstack@g-api.service[103074]: DEBUG glance.api.middleware.version_negotiation [None req-b97a7b04-ccb2-41b6-b340-12ab2eb0989c None None] new path /v2/images/b333cef4-bee2-4f94-be5e-3665e76d3645/import {{(pid=103074) process_request /opt/stack/glance/glance/api/middleware/version_negotiation.py:70}}
Jul 23 04:31:18.753930 np0000005708 devstack@g-api.service[103074]: DEBUG glance.domain [None req-156c06b6-e60e-40f8-bbd8-368395669dc2 admin admin] Loading taskflow executor {{(pid=103074) new_task_executor /opt/stack/glance/glance/domain/__init__.py:515}}
Jul 23 04:31:18.928104 np0000005708 devstack@g-api.service[103074]: DEBUG oslo_concurrency.lockutils [None req-156c06b6-e60e-40f8-bbd8-368395669dc2 admin admin] Acquiring lock "tasks_pool" by "glance.api.common.memoize..memoizer_wrapper..memoizer" {{(pid=103074) inner /opt/stack/data/venv/lib/python3.12/site-packages/oslo_concurrency/lockutils.py:512}}
Jul 23 04:31:18.928210 np0000005708 devstack@g-api.service[103074]: DEBUG oslo_concurrency.lockutils [None req-156c06b6-e60e-40f8-bbd8-368395669dc2 admin admin] Lock "tasks_pool" acquired by "glance.api.common.memoize..memoizer_wrapper..memoizer" :: waited 0.000s {{(pid=103074) inner /opt/stack/data/venv/lib/python3.12/site-packages/oslo_concurrency/lockutils.py:525}}
Jul 23 04:31:18.928559 np0000005708 devstack@g-api.service[103074]: DEBUG glance.api.common [None req-156c06b6-e60e-40f8-bbd8-368395669dc2 admin admin] Initializing named threadpool 'tasks_pool' {{(pid=103074) _get_thread_pool /opt/stack/glance/glance/api/common.py:242}}
Jul 23 04:31:18.929001 np0000005708 devstack@g-api.service[103074]: DEBUG glance.async_ [None req-156c06b6-e60e-40f8-bbd8-368395669dc2 admin admin] Creating threadpool model 'ThreadPoolExecutor' with size 16 {{(pid=103074) __init__ /opt/stack/glance/glance/async_/__init__.py:100}}
Jul 23 04:31:18.929118 np0000005708 devstack@g-api.service[103074]: DEBUG oslo_concurrency.lockutils [None req-156c06b6-e60e-40f8-bbd8-368395669dc2 admin admin] Lock "tasks_pool" "released" by "glance.api.common.memoize..memoizer_wrapper..memoizer" :: held 0.001s {{(pid=103074) inner /opt/stack/data/venv/lib/python3.12/site-packages/oslo_concurrency/lockutils.py:544}}
Jul 23 04:31:18.929216 np0000005708 devstack@g-api.service[103074]: DEBUG glance.async_ [None req-156c06b6-e60e-40f8-bbd8-368395669dc2 admin admin] Spawning with ThreadPoolExecutor: >((,), {}) {{(pid=103074) spawn /opt/stack/glance/glance/async_/__init__.py:106}}
Jul 23 04:31:18.930677 np0000005708 devstack@g-api.service[103074]: [pid: 103074|app: 0|req: 1/5] 127.0.0.1 () {42 vars in 923 bytes} [Thu Jul 23 04:31:18 2026] POST /v2/images/b333cef4-bee2-4f94-be5e-3665e76d3645/import => generated 0 bytes in 828 msecs (HTTP/1.1 202) 4 headers in 169 bytes (1 switches on core 0)
Jul 23 04:31:18.932893 np0000005708 devstack@g-api.service[103074]: INFO glance.domain [-] Task [1aa4a4a2-be1a-42d9-99e8-88077875fe3f] status changing from pending to processing
Jul 23 04:31:18.938613 np0000005708 devstack@g-api.service[103072]: DEBUG glance.api.middleware.version_negotiation [None req-98846616-7804-4598-8019-6211d1811e6f None None] Determining version of request: GET /v2/images/b333cef4-bee2-4f94-be5e-3665e76d3645 Accept: */* {{(pid=103072) process_request /opt/stack/glance/glance/api/middleware/version_negotiation.py:44}}
Jul 23 04:31:18.938949 np0000005708 devstack@g-api.service[103072]: DEBUG glance.api.middleware.version_negotiation [None req-98846616-7804-4598-8019-6211d1811e6f None None] Using url versioning {{(pid=103072) process_request /opt/stack/glance/glance/api/middleware/version_negotiation.py:57}}
Jul 23 04:31:18.939168 np0000005708 devstack@g-api.service[103072]: DEBUG glance.api.middleware.version_negotiation [None req-98846616-7804-4598-8019-6211d1811e6f None None] Matched version: v2 {{(pid=103072) process_request /opt/stack/glance/glance/api/middleware/version_negotiation.py:69}}
Jul 23 04:31:18.939292 np0000005708 devstack@g-api.service[103072]: DEBUG glance.api.middleware.version_negotiation [None req-98846616-7804-4598-8019-6211d1811e6f None None] new path /v2/images/b333cef4-bee2-4f94-be5e-3665e76d3645 {{(pid=103072) process_request /opt/stack/glance/glance/api/middleware/version_negotiation.py:70}}
Jul 23 04:31:18.944740 np0000005708 devstack@g-api.service[103074]: DEBUG glance.async_.taskflow_executor [-] Taskflow executor picked up the execution of task ID 1aa4a4a2-be1a-42d9-99e8-88077875fe3f of task type api_image_import {{(pid=103074) _run /opt/stack/glance/glance/async_/taskflow_executor.py:175}}
Jul 23 04:31:18.964733 np0000005708 devstack@g-api.service[103074]: DEBUG glance_store.backend [-] Attempting to import store cinder {{(pid=103074) _load_store /opt/stack/data/venv/lib/python3.12/site-packages/glance_store/backend.py:215}}
Jul 23 04:31:18.964852 np0000005708 devstack@g-api.service[103074]: DEBUG glance_store.backend [-] Attempting to import store file {{(pid=103074) _load_store /opt/stack/data/venv/lib/python3.12/site-packages/glance_store/backend.py:215}}
Jul 23 04:31:18.964943 np0000005708 devstack@g-api.service[103074]: DEBUG glance_store.backend [-] Attempting to import store glance.store.cinder.Store {{(pid=103074) _load_store /opt/stack/data/venv/lib/python3.12/site-packages/glance_store/backend.py:215}}
Jul 23 04:31:18.965021 np0000005708 devstack@g-api.service[103074]: DEBUG glance_store.backend [-] Attempting to import store glance.store.filesystem.Store {{(pid=103074) _load_store /opt/stack/data/venv/lib/python3.12/site-packages/glance_store/backend.py:215}}
Jul 23 04:31:18.965175 np0000005708 devstack@g-api.service[103074]: DEBUG glance_store.backend [-] Attempting to import store glance.store.http.Store {{(pid=103074) _load_store /opt/stack/data/venv/lib/python3.12/site-packages/glance_store/backend.py:215}}
Jul 23 04:31:18.965214 np0000005708 devstack@g-api.service[103074]: DEBUG glance_store.backend [-] Attempting to import store glance.store.rbd.Store {{(pid=103074) _load_store /opt/stack/data/venv/lib/python3.12/site-packages/glance_store/backend.py:215}}
Jul 23 04:31:18.965318 np0000005708 devstack@g-api.service[103074]: DEBUG glance_store.backend [-] Attempting to import store glance.store.s3.Store {{(pid=103074) _load_store /opt/stack/data/venv/lib/python3.12/site-packages/glance_store/backend.py:215}}
Jul 23 04:31:18.965389 np0000005708 devstack@g-api.service[103074]: DEBUG glance_store.backend [-] Attempting to import store glance.store.swift.Store {{(pid=103074) _load_store /opt/stack/data/venv/lib/python3.12/site-packages/glance_store/backend.py:215}}
Jul 23 04:31:18.965474 np0000005708 devstack@g-api.service[103074]: DEBUG glance_store.backend [-] Attempting to import store glance.store.vmware_datastore.Store {{(pid=103074) _load_store /opt/stack/data/venv/lib/python3.12/site-packages/glance_store/backend.py:215}}
Jul 23 04:31:18.965544 np0000005708 devstack@g-api.service[103074]: DEBUG glance_store.backend [-] Attempting to import store http {{(pid=103074) _load_store /opt/stack/data/venv/lib/python3.12/site-packages/glance_store/backend.py:215}}
Jul 23 04:31:18.965611 np0000005708 devstack@g-api.service[103074]: DEBUG glance_store.backend [-] Attempting to import store no_conf {{(pid=103074) _load_store /opt/stack/data/venv/lib/python3.12/site-packages/glance_store/backend.py:215}}
Jul 23 04:31:18.965680 np0000005708 devstack@g-api.service[103074]: DEBUG glance_store.backend [-] Attempting to import store rbd {{(pid=103074) _load_store /opt/stack/data/venv/lib/python3.12/site-packages/glance_store/backend.py:215}}
Jul 23 04:31:18.965763 np0000005708 devstack@g-api.service[103074]: DEBUG glance_store.backend [-] Attempting to import store s3 {{(pid=103074) _load_store /opt/stack/data/venv/lib/python3.12/site-packages/glance_store/backend.py:215}}
Jul 23 04:31:18.965872 np0000005708 devstack@g-api.service[103074]: DEBUG glance_store.backend [-] Attempting to import store swift {{(pid=103074) _load_store /opt/stack/data/venv/lib/python3.12/site-packages/glance_store/backend.py:215}}
Jul 23 04:31:18.965967 np0000005708 devstack@g-api.service[103074]: DEBUG glance_store.backend [-] Attempting to import store vmware {{(pid=103074) _load_store /opt/stack/data/venv/lib/python3.12/site-packages/glance_store/backend.py:215}}
Jul 23 04:31:18.966047 np0000005708 devstack@g-api.service[103074]: DEBUG glance_store.backend [-] Registering options for group glance_store {{(pid=103074) register_opts /opt/stack/data/venv/lib/python3.12/site-packages/glance_store/backend.py:144}}
Jul 23 04:31:18.966119 np0000005708 devstack@g-api.service[103074]: DEBUG glance_store.backend [-] Registering options for group glance_store {{(pid=103074) register_opts /opt/stack/data/venv/lib/python3.12/site-packages/glance_store/backend.py:144}}
Jul 23 04:31:18.966410 np0000005708 devstack@g-api.service[103074]: DEBUG glance_store.backend [-] Attempting to import store file {{(pid=103074) _load_store /opt/stack/data/venv/lib/python3.12/site-packages/glance_store/backend.py:215}}
Jul 23 04:31:18.966741 np0000005708 devstack@g-api.service[103074]: DEBUG glance_store.capabilities [-] Store glance_store._drivers.filesystem.Store doesn't support updating dynamic storage capabilities. Please overwrite 'update_capabilities' method of the store to implement updating logics if needed. {{(pid=103074) update_capabilities /opt/stack/data/venv/lib/python3.12/site-packages/glance_store/capabilities.py:91}}
Jul 23 04:31:18.973181 np0000005708 devstack@g-api.service[103074]: DEBUG glance.async_.flows.api_image_import [-] Image b333cef4-bee2-4f94-be5e-3665e76d3645 os_glance_importing_to_stores= {{(pid=103074) merge_store_list /opt/stack/glance/glance/async_/flows/api_image_import.py:297}}
Jul 23 04:31:18.973268 np0000005708 devstack@g-api.service[103074]: DEBUG glance.async_.flows.api_image_import [-] Image b333cef4-bee2-4f94-be5e-3665e76d3645 os_glance_failed_import= {{(pid=103074) merge_store_list /opt/stack/glance/glance/async_/flows/api_image_import.py:297}}
Jul 23 04:31:18.974517 np0000005708 devstack@g-api.service[103072]: [pid: 103072|app: 0|req: 2/6] 127.0.0.1 () {38 vars in 856 bytes} [Thu Jul 23 04:31:18 2026] GET /v2/images/b333cef4-bee2-4f94-be5e-3665e76d3645 => generated 879 bytes in 36 msecs (HTTP/1.1 200) 4 headers in 157 bytes (1 switches on core 0)
Jul 23 04:31:18.977599 np0000005708 devstack@g-api.service[103074]: DEBUG glance.async_.flows.api_image_import [-] Image b333cef4-bee2-4f94-be5e-3665e76d3645 status changing from uploading to importing {{(pid=103074) __exit__ /opt/stack/glance/glance/async_/flows/api_image_import.py:184}}
Jul 23 04:31:19.448770 np0000005708 devstack@g-api.service[103074]: DEBUG glance.async_ [-] Creating threadpool model 'ThreadPoolExecutor' with size 10 {{(pid=103074) __init__ /opt/stack/glance/glance/async_/__init__.py:100}}
Jul 23 04:31:19.463418 np0000005708 devstack@g-api.service[103074]: DEBUG glance.async_.taskflow_executor [-] Flow 'api_image_import' (b681823a-84a4-4c01-8e1e-0449da800f87) transitioned into state 'RUNNING' from state 'PENDING' {{(pid=103074) _flow_receiver /opt/stack/data/venv/lib/python3.12/site-packages/taskflow/listeners/logging.py:160}}
Jul 23 04:31:19.465193 np0000005708 devstack@g-api.service[103074]: DEBUG glance.async_.taskflow_executor [-] Task 'api_image_import-ImageLock-1aa4a4a2-be1a-42d9-99e8-88077875fe3f' (babc0f57-d00a-4c32-ad99-75f9aed73cc0) transitioned into state 'RUNNING' from state 'PENDING' {{(pid=103074) _task_receiver /opt/stack/data/venv/lib/python3.12/site-packages/taskflow/listeners/logging.py:242}}
Jul 23 04:31:19.472155 np0000005708 devstack@g-api.service[103074]: DEBUG glance.async_.flows.api_image_import [-] Image b333cef4-bee2-4f94-be5e-3665e76d3645 import task 1aa4a4a2-be1a-42d9-99e8-88077875fe3f lock confirmed {{(pid=103074) execute /opt/stack/glance/glance/async_/flows/api_image_import.py:497}}
Jul 23 04:31:19.473031 np0000005708 devstack@g-api.service[103074]: DEBUG glance.async_.taskflow_executor [-] Task 'api_image_import-ImageLock-1aa4a4a2-be1a-42d9-99e8-88077875fe3f' (babc0f57-d00a-4c32-ad99-75f9aed73cc0) transitioned into state 'SUCCESS' from state 'RUNNING' with result 'None' {{(pid=103074) _task_receiver /opt/stack/data/venv/lib/python3.12/site-packages/taskflow/listeners/logging.py:218}}
Jul 23 04:31:19.473794 np0000005708 devstack@g-api.service[103074]: DEBUG glance.async_.taskflow_executor [-] Task 'api_image_import-ConfigureStaging-1aa4a4a2-be1a-42d9-99e8-88077875fe3f' (acfb047b-1ae4-403c-9fc8-a1d57c0adb15) transitioned into state 'RUNNING' from state 'PENDING' {{(pid=103074) _task_receiver /opt/stack/data/venv/lib/python3.12/site-packages/taskflow/listeners/logging.py:242}}
Jul 23 04:31:19.474566 np0000005708 devstack@g-api.service[103074]: DEBUG glance.async_.taskflow_executor [-] Task 'api_image_import-ConfigureStaging-1aa4a4a2-be1a-42d9-99e8-88077875fe3f' (acfb047b-1ae4-403c-9fc8-a1d57c0adb15) transitioned into state 'SUCCESS' from state 'RUNNING' with result 'file:///tmp/staging/b333cef4-bee2-4f94-be5e-3665e76d3645' {{(pid=103074) _task_receiver /opt/stack/data/venv/lib/python3.12/site-packages/taskflow/listeners/logging.py:218}}
Jul 23 04:31:19.475302 np0000005708 devstack@g-api.service[103074]: DEBUG glance.async_.taskflow_executor [-] Task 'api_image_import--ImportToStore-1aa4a4a2-be1a-42d9-99e8-88077875fe3f' (2d34fdf6-8dfa-4bdf-98df-7ed33ac53e10) transitioned into state 'RUNNING' from state 'PENDING' {{(pid=103074) _task_receiver /opt/stack/data/venv/lib/python3.12/site-packages/taskflow/listeners/logging.py:242}}
Jul 23 04:31:19.481187 np0000005708 devstack@g-api.service[103074]: INFO glance.common.scripts.image_import.main [-] Task 1aa4a4a2-be1a-42d9-99e8-88077875fe3f: Got image data uri file:///tmp/staging/b333cef4-bee2-4f94-be5e-3665e76d3645 to be imported
Jul 23 04:31:19.482536 np0000005708 devstack@g-api.service[103074]: DEBUG glance.location [-] Enabling in-flight format inspection for qcow2 {{(pid=103074) set_data /opt/stack/glance/glance/location.py:596}}
Jul 23 04:31:19.482972 np0000005708 devstack@g-api.service[103074]: DEBUG glance_store.backend [-] Attempting to import store swift {{(pid=103074) _load_store /opt/stack/data/venv/lib/python3.12/site-packages/glance_store/backend.py:215}}
Jul 23 04:31:19.484406 np0000005708 devstack@g-api.service[103074]: DEBUG glance_store.capabilities [-] Store glance_store._drivers.swift.store.SingleTenantStore doesn't support updating dynamic storage capabilities. Please overwrite 'update_capabilities' method of the store to implement updating logics if needed. {{(pid=103074) update_capabilities /opt/stack/data/venv/lib/python3.12/site-packages/glance_store/capabilities.py:91}}
Jul 23 04:31:19.484490 np0000005708 devstack@g-api.service[103074]: DEBUG glance_store.driver [-] Late loading location class glance_store._drivers.swift.store.StoreLocation {{(pid=103074) get_store_location_class /opt/stack/data/venv/lib/python3.12/site-packages/glance_store/driver.py:134}}
Jul 23 04:31:19.484560 np0000005708 devstack@g-api.service[103074]: DEBUG glance_store.location [-] Registering scheme swift+https with {'store': , 'location_class': , 'store_entry': 'swift'} {{(pid=103074) register_scheme_map /opt/stack/data/venv/lib/python3.12/site-packages/glance_store/location.py:146}}
Jul 23 04:31:19.484617 np0000005708 devstack@g-api.service[103074]: DEBUG glance_store.location [-] Registering scheme swift+https with {'store': , 'location_class': , 'store_entry': 'swift'} {{(pid=103074) register_scheme_map /opt/stack/data/venv/lib/python3.12/site-packages/glance_store/location.py:146}}
Jul 23 04:31:19.484669 np0000005708 devstack@g-api.service[103074]: DEBUG glance_store.location [-] Registering scheme swift with {'store': , 'location_class': , 'store_entry': 'swift'} {{(pid=103074) register_scheme_map /opt/stack/data/venv/lib/python3.12/site-packages/glance_store/location.py:146}}
Jul 23 04:31:19.484722 np0000005708 devstack@g-api.service[103074]: DEBUG glance_store.location [-] Registering scheme swift+https with {'store': , 'location_class': , 'store_entry': 'swift'} {{(pid=103074) register_scheme_map /opt/stack/data/venv/lib/python3.12/site-packages/glance_store/location.py:146}}
Jul 23 04:31:19.484776 np0000005708 devstack@g-api.service[103074]: DEBUG glance_store.location [-] Registering scheme swift with {'store': , 'location_class': , 'store_entry': 'swift'} {{(pid=103074) register_scheme_map /opt/stack/data/venv/lib/python3.12/site-packages/glance_store/location.py:146}}
Jul 23 04:31:19.484817 np0000005708 devstack@g-api.service[103074]: DEBUG glance_store.location [-] Registering scheme swift+http with {'store': , 'location_class': , 'store_entry': 'swift'} {{(pid=103074) register_scheme_map /opt/stack/data/venv/lib/python3.12/site-packages/glance_store/location.py:146}}
Jul 23 04:31:19.484875 np0000005708 devstack@g-api.service[103074]: DEBUG glance_store.location [-] Registering scheme swift+https with {'store': , 'location_class': , 'store_entry': 'swift'} {{(pid=103074) register_scheme_map /opt/stack/data/venv/lib/python3.12/site-packages/glance_store/location.py:146}}
Jul 23 04:31:19.484931 np0000005708 devstack@g-api.service[103074]: DEBUG glance_store.location [-] Registering scheme swift with {'store': , 'location_class': , 'store_entry': 'swift'} {{(pid=103074) register_scheme_map /opt/stack/data/venv/lib/python3.12/site-packages/glance_store/location.py:146}}
Jul 23 04:31:19.484982 np0000005708 devstack@g-api.service[103074]: DEBUG glance_store.location [-] Registering scheme swift+http with {'store': , 'location_class': , 'store_entry': 'swift'} {{(pid=103074) register_scheme_map /opt/stack/data/venv/lib/python3.12/site-packages/glance_store/location.py:146}}
Jul 23 04:31:19.485021 np0000005708 devstack@g-api.service[103074]: DEBUG glance_store.location [-] Registering scheme swift+config with {'store': , 'location_class': , 'store_entry': 'swift'} {{(pid=103074) register_scheme_map /opt/stack/data/venv/lib/python3.12/site-packages/glance_store/location.py:146}}
Jul 23 04:31:19.924737 np0000005708 devstack@g-api.service[103074]: INFO swiftclient [-] REQ: curl -i https://10.4.3.192:8080/v1/AUTH_6bb84424116b4c2d83924449506b9af4/glance -I -H "X-Auth-Token: gAAAAABqYZkX8yMx..."
Jul 23 04:31:19.924807 np0000005708 devstack@g-api.service[103074]: INFO swiftclient [-] RESP STATUS: 404 Not Found
Jul 23 04:31:19.924935 np0000005708 devstack@g-api.service[103074]: INFO swiftclient [-] RESP HEADERS: {'Date': 'Thu, 23 Jul 2026 04:31:19 GMT', 'Server': 'Apache/2.4.58 (Ubuntu)', 'Content-Type': 'text/html; charset=UTF-8', 'X-Trans-Id': 'tx2695a3dd04394bc982d20-006a619917', 'X-Openstack-Request-Id': 'tx2695a3dd04394bc982d20-006a619917', 'Connection': 'close'}
Jul 23 04:31:19.925150 np0000005708 devstack@g-api.service[103074]: INFO glance_store._drivers.swift.store [-] Creating swift container glance
Jul 23 04:31:19.973600 np0000005708 devstack@g-api.service[103074]: DEBUG swiftclient [-] REQ: curl -i https://10.4.3.192:8080/v1/AUTH_6bb84424116b4c2d83924449506b9af4/glance -X PUT -H "X-Auth-Token: gAAAAABqYZkX8yMx..." -H "Content-Length: 0" {{(pid=103074) http_log /opt/stack/data/venv/lib/python3.12/site-packages/swiftclient/client.py:160}}
Jul 23 04:31:19.973699 np0000005708 devstack@g-api.service[103074]: DEBUG swiftclient [-] RESP STATUS: 201 Created {{(pid=103074) http_log /opt/stack/data/venv/lib/python3.12/site-packages/swiftclient/client.py:161}}
Jul 23 04:31:19.973839 np0000005708 devstack@g-api.service[103074]: DEBUG swiftclient [-] RESP HEADERS: {'Date': 'Thu, 23 Jul 2026 04:31:19 GMT', 'Server': 'Apache/2.4.58 (Ubuntu)', 'Content-Type': 'text/html; charset=UTF-8', 'Content-Length': '0', 'X-Trans-Id': 'tx4060d229747d49b288eda-006a619917', 'X-Openstack-Request-Id': 'tx4060d229747d49b288eda-006a619917', 'Connection': 'close'} {{(pid=103074) http_log /opt/stack/data/venv/lib/python3.12/site-packages/swiftclient/client.py:162}}
Jul 23 04:31:19.973933 np0000005708 devstack@g-api.service[103074]: DEBUG glance_store._drivers.swift.store [-] Adding image object 'b333cef4-bee2-4f94-be5e-3665e76d3645' to Swift {{(pid=103074) add /opt/stack/data/venv/lib/python3.12/site-packages/glance_store/_drivers/swift/store.py:970}}
Jul 23 04:31:19.978918 np0000005708 devstack@g-api.service[103074]: DEBUG oslo_utils.imageutils.format_inspector [-] Format inspector for vmdk does not match, excluding from consideration (Signature KDMV not found: b'QFI\xfb') {{(pid=103074) _process_chunk /opt/stack/data/venv/lib/python3.12/site-packages/oslo_utils/imageutils/format_inspector.py:1758}}
Jul 23 04:31:19.982202 np0000005708 devstack@g-api.service[103074]: DEBUG oslo_utils.imageutils.format_inspector [-] Format inspector for vhdx does not match, excluding from consideration (Region signature not found at 30000) {{(pid=103074) _process_chunk /opt/stack/data/venv/lib/python3.12/site-packages/oslo_utils/imageutils/format_inspector.py:1758}}
Jul 23 04:31:20.278450 np0000005708 devstack@g-api.service[103074]: DEBUG swiftclient [-] REQ: curl -i https://10.4.3.192:8080/v1/AUTH_6bb84424116b4c2d83924449506b9af4/glance/b333cef4-bee2-4f94-be5e-3665e76d3645 -X PUT -H "X-Auth-Token: gAAAAABqYZkX8yMx..." -H "Content-Length: 21430272" {{(pid=103074) http_log /opt/stack/data/venv/lib/python3.12/site-packages/swiftclient/client.py:160}}
Jul 23 04:31:20.278450 np0000005708 devstack@g-api.service[103074]: DEBUG swiftclient [-] RESP STATUS: 201 Created {{(pid=103074) http_log /opt/stack/data/venv/lib/python3.12/site-packages/swiftclient/client.py:161}}
Jul 23 04:31:20.278450 np0000005708 devstack@g-api.service[103074]: DEBUG swiftclient [-] RESP HEADERS: {'Date': 'Thu, 23 Jul 2026 04:31:20 GMT', 'Server': 'Apache/2.4.58 (Ubuntu)', 'Content-Type': 'text/html; charset=UTF-8', 'Content-Length': '0', 'Etag': 'c8fc807773e5354afe61636071771906', 'Last-Modified': 'Thu, 23 Jul 2026 04:31:20 GMT', 'X-Trans-Id': 'txd372acad9e424fd5bc7ef-006a619917', 'X-Openstack-Request-Id': 'txd372acad9e424fd5bc7ef-006a619917', 'Connection': 'close'} {{(pid=103074) http_log /opt/stack/data/venv/lib/python3.12/site-packages/swiftclient/client.py:162}}
Jul 23 04:31:20.291702 np0000005708 devstack@g-api.service[103074]: INFO glance.location [-] Image format matched and virtual size computed: 117440512
Jul 23 04:31:20.298819 np0000005708 devstack@g-api.service[103074]: DEBUG glance.async_.flows.api_image_import [-] Image b333cef4-bee2-4f94-be5e-3665e76d3645 status changing from importing to active {{(pid=103074) __exit__ /opt/stack/glance/glance/async_/flows/api_image_import.py:184}}
Jul 23 04:31:20.323114 np0000005708 devstack@g-api.service[103074]: DEBUG glance_store.backend [-] Attempting to import store swift {{(pid=103074) _load_store /opt/stack/data/venv/lib/python3.12/site-packages/glance_store/backend.py:215}}
Jul 23 04:31:20.324464 np0000005708 devstack@g-api.service[103074]: DEBUG glance_store.capabilities [-] Store glance_store._drivers.swift.store.SingleTenantStore doesn't support updating dynamic storage capabilities. Please overwrite 'update_capabilities' method of the store to implement updating logics if needed. {{(pid=103074) update_capabilities /opt/stack/data/venv/lib/python3.12/site-packages/glance_store/capabilities.py:91}}
Jul 23 04:31:20.324528 np0000005708 devstack@g-api.service[103074]: DEBUG glance_store.driver [-] Late loading location class glance_store._drivers.swift.store.StoreLocation {{(pid=103074) get_store_location_class /opt/stack/data/venv/lib/python3.12/site-packages/glance_store/driver.py:134}}
Jul 23 04:31:20.324623 np0000005708 devstack@g-api.service[103074]: DEBUG glance_store.location [-] Registering scheme swift+https with {'store': , 'location_class': , 'store_entry': 'swift'} {{(pid=103074) register_scheme_map /opt/stack/data/venv/lib/python3.12/site-packages/glance_store/location.py:146}}
Jul 23 04:31:20.324727 np0000005708 devstack@g-api.service[103074]: DEBUG glance_store.location [-] Registering scheme swift+https with {'store': , 'location_class': , 'store_entry': 'swift'} {{(pid=103074) register_scheme_map /opt/stack/data/venv/lib/python3.12/site-packages/glance_store/location.py:146}}
Jul 23 04:31:20.324776 np0000005708 devstack@g-api.service[103074]: DEBUG glance_store.location [-] Registering scheme swift with {'store': , 'location_class': , 'store_entry': 'swift'} {{(pid=103074) register_scheme_map /opt/stack/data/venv/lib/python3.12/site-packages/glance_store/location.py:146}}
Jul 23 04:31:20.324837 np0000005708 devstack@g-api.service[103074]: DEBUG glance_store.location [-] Registering scheme swift+https with {'store': , 'location_class': , 'store_entry': 'swift'} {{(pid=103074) register_scheme_map /opt/stack/data/venv/lib/python3.12/site-packages/glance_store/location.py:146}}
Jul 23 04:31:20.324882 np0000005708 devstack@g-api.service[103074]: DEBUG glance_store.location [-] Registering scheme swift with {'store': , 'location_class': , 'store_entry': 'swift'} {{(pid=103074) register_scheme_map /opt/stack/data/venv/lib/python3.12/site-packages/glance_store/location.py:146}}
Jul 23 04:31:20.324919 np0000005708 devstack@g-api.service[103074]: DEBUG glance_store.location [-] Registering scheme swift+http with {'store': , 'location_class': , 'store_entry': 'swift'} {{(pid=103074) register_scheme_map /opt/stack/data/venv/lib/python3.12/site-packages/glance_store/location.py:146}}
Jul 23 04:31:20.324979 np0000005708 devstack@g-api.service[103074]: DEBUG glance_store.location [-] Registering scheme swift+https with {'store': , 'location_class': , 'store_entry': 'swift'} {{(pid=103074) register_scheme_map /opt/stack/data/venv/lib/python3.12/site-packages/glance_store/location.py:146}}
