Jul 23 04:30:56.540598 np0000005708 nova-conductor[99138]: DEBUG cotyledon.oslo_config_glue [-] workarounds.disable_compute_service_check_for_ffu = False {{(pid=99138) log_opt_values /opt/stack/data/venv/lib/python3.12/site-packages/oslo_config/cfg.py:3253}}
Jul 23 04:30:56.540598 np0000005708 nova-conductor[99138]: DEBUG cotyledon.oslo_config_glue [-] workarounds.disable_deep_image_inspection = False {{(pid=99138) log_opt_values /opt/stack/data/venv/lib/python3.12/site-packages/oslo_config/cfg.py:3253}}
Jul 23 04:30:56.540598 np0000005708 nova-conductor[99138]: DEBUG cotyledon.oslo_config_glue [-] workarounds.disable_fallback_pcpu_query = False {{(pid=99138) log_opt_values /opt/stack/data/venv/lib/python3.12/site-packages/oslo_config/cfg.py:3253}}
Jul 23 04:30:56.540598 np0000005708 nova-conductor[99138]: DEBUG cotyledon.oslo_config_glue [-] workarounds.disable_group_policy_check_upcall = False {{(pid=99138) log_opt_values /opt/stack/data/venv/lib/python3.12/site-packages/oslo_config/cfg.py:3253}}
Jul 23 04:30:56.540598 np0000005708 nova-conductor[99138]: DEBUG cotyledon.oslo_config_glue [-] workarounds.disable_libvirt_livesnapshot = False {{(pid=99138) log_opt_values /opt/stack/data/venv/lib/python3.12/site-packages/oslo_config/cfg.py:3253}}
Jul 23 04:30:56.540598 np0000005708 nova-conductor[99138]: DEBUG cotyledon.oslo_config_glue [-] workarounds.disable_rootwrap = False {{(pid=99138) log_opt_values /opt/stack/data/venv/lib/python3.12/site-packages/oslo_config/cfg.py:3253}}
Jul 23 04:30:56.540781 np0000005708 nova-conductor[99138]: DEBUG cotyledon.oslo_config_glue [-] workarounds.enable_numa_live_migration = False {{(pid=99138) log_opt_values /opt/stack/data/venv/lib/python3.12/site-packages/oslo_config/cfg.py:3253}}
Jul 23 04:30:56.540781 np0000005708 nova-conductor[99138]: DEBUG cotyledon.oslo_config_glue [-] workarounds.enable_qemu_monitor_announce_self = False {{(pid=99138) log_opt_values /opt/stack/data/venv/lib/python3.12/site-packages/oslo_config/cfg.py:3253}}
Jul 23 04:30:56.540781 np0000005708 nova-conductor[99138]: DEBUG cotyledon.oslo_config_glue [-] workarounds.ensure_libvirt_rbd_instance_dir_cleanup = False {{(pid=99138) log_opt_values /opt/stack/data/venv/lib/python3.12/site-packages/oslo_config/cfg.py:3253}}
Jul 23 04:30:56.540781 np0000005708 nova-conductor[99138]: DEBUG cotyledon.oslo_config_glue [-] workarounds.handle_virt_lifecycle_events = True {{(pid=99138) log_opt_values /opt/stack/data/venv/lib/python3.12/site-packages/oslo_config/cfg.py:3253}}
Jul 23 04:30:56.540781 np0000005708 nova-conductor[99138]: DEBUG cotyledon.oslo_config_glue [-] workarounds.libvirt_disable_apic = False {{(pid=99138) log_opt_values /opt/stack/data/venv/lib/python3.12/site-packages/oslo_config/cfg.py:3253}}
Jul 23 04:30:56.540781 np0000005708 nova-conductor[99138]: DEBUG cotyledon.oslo_config_glue [-] workarounds.never_download_image_if_on_rbd = False {{(pid=99138) log_opt_values /opt/stack/data/venv/lib/python3.12/site-packages/oslo_config/cfg.py:3253}}
Jul 23 04:30:56.540781 np0000005708 nova-conductor[99138]: DEBUG cotyledon.oslo_config_glue [-] workarounds.qemu_monitor_announce_self_count = 3 {{(pid=99138) log_opt_values /opt/stack/data/venv/lib/python3.12/site-packages/oslo_config/cfg.py:3253}}
Jul 23 04:30:56.540781 np0000005708 nova-conductor[99138]: DEBUG cotyledon.oslo_config_glue [-] workarounds.qemu_monitor_announce_self_interval = 1 {{(pid=99138) log_opt_values /opt/stack/data/venv/lib/python3.12/site-packages/oslo_config/cfg.py:3253}}
Jul 23 04:30:56.540781 np0000005708 nova-conductor[99138]: DEBUG cotyledon.oslo_config_glue [-] workarounds.reserve_disk_resource_for_image_cache = False {{(pid=99138) log_opt_values /opt/stack/data/venv/lib/python3.12/site-packages/oslo_config/cfg.py:3253}}
Jul 23 04:30:56.540972 np0000005708 nova-conductor[99138]: DEBUG cotyledon.oslo_config_glue [-] workarounds.skip_cpu_compare_at_startup = False {{(pid=99138) log_opt_values /opt/stack/data/venv/lib/python3.12/site-packages/oslo_config/cfg.py:3253}}
Jul 23 04:30:56.540972 np0000005708 nova-conductor[99138]: DEBUG cotyledon.oslo_config_glue [-] workarounds.skip_cpu_compare_on_dest = False {{(pid=99138) log_opt_values /opt/stack/data/venv/lib/python3.12/site-packages/oslo_config/cfg.py:3253}}
Jul 23 04:30:56.540972 np0000005708 nova-conductor[99138]: DEBUG cotyledon.oslo_config_glue [-] workarounds.skip_hypervisor_version_check_on_lm = False {{(pid=99138) log_opt_values /opt/stack/data/venv/lib/python3.12/site-packages/oslo_config/cfg.py:3253}}
Jul 23 04:30:56.540972 np0000005708 nova-conductor[99138]: DEBUG cotyledon.oslo_config_glue [-] workarounds.skip_reserve_in_use_ironic_nodes = False {{(pid=99138) log_opt_values /opt/stack/data/venv/lib/python3.12/site-packages/oslo_config/cfg.py:3253}}
Jul 23 04:30:56.540972 np0000005708 nova-conductor[99138]: DEBUG cotyledon.oslo_config_glue [-] workarounds.unified_limits_count_pcpu_as_vcpu = False {{(pid=99138) log_opt_values /opt/stack/data/venv/lib/python3.12/site-packages/oslo_config/cfg.py:3253}}
Jul 23 04:30:56.540972 np0000005708 nova-conductor[99138]: DEBUG cotyledon.oslo_config_glue [-] workarounds.wait_for_vif_plugged_event_during_hard_reboot = [] {{(pid=99138) log_opt_values /opt/stack/data/venv/lib/python3.12/site-packages/oslo_config/cfg.py:3253}}
Jul 23 04:30:56.540972 np0000005708 nova-conductor[99138]: DEBUG cotyledon.oslo_config_glue [-] wsgi.api_paste_config = /etc/nova/api-paste.ini {{(pid=99138) log_opt_values /opt/stack/data/venv/lib/python3.12/site-packages/oslo_config/cfg.py:3253}}
Jul 23 04:30:56.540972 np0000005708 nova-conductor[99138]: DEBUG cotyledon.oslo_config_glue [-] wsgi.secure_proxy_ssl_header = None {{(pid=99138) log_opt_values /opt/stack/data/venv/lib/python3.12/site-packages/oslo_config/cfg.py:3253}}
Jul 23 04:30:56.540972 np0000005708 nova-conductor[99138]: DEBUG cotyledon.oslo_config_glue [-] zvm.ca_file = None {{(pid=99138) log_opt_values /opt/stack/data/venv/lib/python3.12/site-packages/oslo_config/cfg.py:3253}}
Jul 23 04:30:56.541149 np0000005708 nova-conductor[99138]: DEBUG cotyledon.oslo_config_glue [-] zvm.cloud_connector_url = None {{(pid=99138) log_opt_values /opt/stack/data/venv/lib/python3.12/site-packages/oslo_config/cfg.py:3253}}
Jul 23 04:30:56.541149 np0000005708 nova-conductor[99138]: DEBUG cotyledon.oslo_config_glue [-] zvm.image_tmp_path = /opt/stack/data/nova/images {{(pid=99138) log_opt_values /opt/stack/data/venv/lib/python3.12/site-packages/oslo_config/cfg.py:3253}}
Jul 23 04:30:56.541149 np0000005708 nova-conductor[99138]: DEBUG cotyledon.oslo_config_glue [-] zvm.reachable_timeout = 300 {{(pid=99138) log_opt_values /opt/stack/data/venv/lib/python3.12/site-packages/oslo_config/cfg.py:3253}}
Jul 23 04:30:56.541149 np0000005708 nova-conductor[99138]: DEBUG cotyledon.oslo_config_glue [-] oslo_versionedobjects.fatal_exception_format_errors = False {{(pid=99138) log_opt_values /opt/stack/data/venv/lib/python3.12/site-packages/oslo_config/cfg.py:3253}}
Jul 23 04:30:56.541149 np0000005708 nova-conductor[99138]: DEBUG cotyledon.oslo_config_glue [-] oslo_middleware.http_basic_auth_user_file = /etc/htpasswd {{(pid=99138) log_opt_values /opt/stack/data/venv/lib/python3.12/site-packages/oslo_config/cfg.py:3253}}
Jul 23 04:30:56.541149 np0000005708 nova-conductor[99138]: DEBUG cotyledon.oslo_config_glue [-] profiler.connection_string = messaging:// {{(pid=99138) log_opt_values /opt/stack/data/venv/lib/python3.12/site-packages/oslo_config/cfg.py:3253}}
Jul 23 04:30:56.541149 np0000005708 nova-conductor[99138]: DEBUG cotyledon.oslo_config_glue [-] profiler.enabled = False {{(pid=99138) log_opt_values /opt/stack/data/venv/lib/python3.12/site-packages/oslo_config/cfg.py:3253}}
Jul 23 04:30:56.541149 np0000005708 nova-conductor[99138]: DEBUG cotyledon.oslo_config_glue [-] profiler.es_doc_type = notification {{(pid=99138) log_opt_values /opt/stack/data/venv/lib/python3.12/site-packages/oslo_config/cfg.py:3253}}
Jul 23 04:30:56.541149 np0000005708 nova-conductor[99138]: DEBUG cotyledon.oslo_config_glue [-] profiler.es_scroll_size = 10000 {{(pid=99138) log_opt_values /opt/stack/data/venv/lib/python3.12/site-packages/oslo_config/cfg.py:3253}}
Jul 23 04:30:56.541369 np0000005708 nova-conductor[99138]: DEBUG cotyledon.oslo_config_glue [-] profiler.es_scroll_time = 2m {{(pid=99138) log_opt_values /opt/stack/data/venv/lib/python3.12/site-packages/oslo_config/cfg.py:3253}}
Jul 23 04:30:56.541369 np0000005708 nova-conductor[99138]: DEBUG cotyledon.oslo_config_glue [-] profiler.filter_error_trace = False {{(pid=99138) log_opt_values /opt/stack/data/venv/lib/python3.12/site-packages/oslo_config/cfg.py:3253}}
Jul 23 04:30:56.541369 np0000005708 nova-conductor[99138]: DEBUG cotyledon.oslo_config_glue [-] profiler.hmac_keys = **** {{(pid=99138) log_opt_values /opt/stack/data/venv/lib/python3.12/site-packages/oslo_config/cfg.py:3253}}
Jul 23 04:30:56.541369 np0000005708 nova-conductor[99138]: DEBUG cotyledon.oslo_config_glue [-] profiler.sentinel_service_name = mymaster {{(pid=99138) log_opt_values /opt/stack/data/venv/lib/python3.12/site-packages/oslo_config/cfg.py:3253}}
Jul 23 04:30:56.541369 np0000005708 nova-conductor[99138]: DEBUG cotyledon.oslo_config_glue [-] profiler.socket_timeout = 0.1 {{(pid=99138) log_opt_values /opt/stack/data/venv/lib/python3.12/site-packages/oslo_config/cfg.py:3253}}
Jul 23 04:30:56.541369 np0000005708 nova-conductor[99138]: DEBUG cotyledon.oslo_config_glue [-] profiler.trace_requests = False {{(pid=99138) log_opt_values /opt/stack/data/venv/lib/python3.12/site-packages/oslo_config/cfg.py:3253}}
Jul 23 04:30:56.541369 np0000005708 nova-conductor[99138]: DEBUG cotyledon.oslo_config_glue [-] profiler.trace_sqlalchemy = False {{(pid=99138) log_opt_values /opt/stack/data/venv/lib/python3.12/site-packages/oslo_config/cfg.py:3253}}
Jul 23 04:30:56.541369 np0000005708 nova-conductor[99138]: DEBUG cotyledon.oslo_config_glue [-] profiler_jaeger.process_tags = {} {{(pid=99138) log_opt_values /opt/stack/data/venv/lib/python3.12/site-packages/oslo_config/cfg.py:3253}}
Jul 23 04:30:56.541369 np0000005708 nova-conductor[99138]: DEBUG cotyledon.oslo_config_glue [-] profiler_jaeger.service_name_prefix = None {{(pid=99138) log_opt_values /opt/stack/data/venv/lib/python3.12/site-packages/oslo_config/cfg.py:3253}}
Jul 23 04:30:56.541538 np0000005708 nova-conductor[99138]: DEBUG cotyledon.oslo_config_glue [-] profiler_otlp.service_name_prefix = None {{(pid=99138) log_opt_values /opt/stack/data/venv/lib/python3.12/site-packages/oslo_config/cfg.py:3253}}
Jul 23 04:30:56.541538 np0000005708 nova-conductor[99138]: DEBUG cotyledon.oslo_config_glue [-] oslo_messaging_rabbit.amqp_auto_delete = False {{(pid=99138) log_opt_values /opt/stack/data/venv/lib/python3.12/site-packages/oslo_config/cfg.py:3253}}
Jul 23 04:30:56.541538 np0000005708 nova-conductor[99138]: DEBUG cotyledon.oslo_config_glue [-] oslo_messaging_rabbit.amqp_durable_queues = False {{(pid=99138) log_opt_values /opt/stack/data/venv/lib/python3.12/site-packages/oslo_config/cfg.py:3253}}
Jul 23 04:30:56.541538 np0000005708 nova-conductor[99138]: DEBUG cotyledon.oslo_config_glue [-] oslo_messaging_rabbit.conn_pool_min_size = 2 {{(pid=99138) log_opt_values /opt/stack/data/venv/lib/python3.12/site-packages/oslo_config/cfg.py:3253}}
Jul 23 04:30:56.541538 np0000005708 nova-conductor[99138]: DEBUG cotyledon.oslo_config_glue [-] oslo_messaging_rabbit.conn_pool_ttl = 1200 {{(pid=99138) log_opt_values /opt/stack/data/venv/lib/python3.12/site-packages/oslo_config/cfg.py:3253}}
Jul 23 04:30:56.541538 np0000005708 nova-conductor[99138]: DEBUG cotyledon.oslo_config_glue [-] oslo_messaging_rabbit.direct_mandatory_flag = True {{(pid=99138) log_opt_values /opt/stack/data/venv/lib/python3.12/site-packages/oslo_config/cfg.py:3253}}
Jul 23 04:30:56.541538 np0000005708 nova-conductor[99138]: DEBUG cotyledon.oslo_config_glue [-] oslo_messaging_rabbit.enable_cancel_on_failover = False {{(pid=99138) log_opt_values /opt/stack/data/venv/lib/python3.12/site-packages/oslo_config/cfg.py:3253}}
Jul 23 04:30:56.541538 np0000005708 nova-conductor[99138]: DEBUG cotyledon.oslo_config_glue [-] oslo_messaging_rabbit.heartbeat_rate = 3 {{(pid=99138) log_opt_values /opt/stack/data/venv/lib/python3.12/site-packages/oslo_config/cfg.py:3253}}
Jul 23 04:30:56.541538 np0000005708 nova-conductor[99138]: DEBUG cotyledon.oslo_config_glue [-] oslo_messaging_rabbit.heartbeat_timeout_threshold = 60 {{(pid=99138) log_opt_values /opt/stack/data/venv/lib/python3.12/site-packages/oslo_config/cfg.py:3253}}
Jul 23 04:30:56.541708 np0000005708 nova-conductor[99138]: DEBUG cotyledon.oslo_config_glue [-] oslo_messaging_rabbit.hostname = np0000005708 {{(pid=99138) log_opt_values /opt/stack/data/venv/lib/python3.12/site-packages/oslo_config/cfg.py:3253}}
Jul 23 04:30:56.541708 np0000005708 nova-conductor[99138]: DEBUG cotyledon.oslo_config_glue [-] oslo_messaging_rabbit.kombu_compression = None {{(pid=99138) log_opt_values /opt/stack/data/venv/lib/python3.12/site-packages/oslo_config/cfg.py:3253}}
Jul 23 04:30:56.541708 np0000005708 nova-conductor[99138]: DEBUG cotyledon.oslo_config_glue [-] oslo_messaging_rabbit.kombu_failover_strategy = round-robin {{(pid=99138) log_opt_values /opt/stack/data/venv/lib/python3.12/site-packages/oslo_config/cfg.py:3253}}
Jul 23 04:30:56.541708 np0000005708 nova-conductor[99138]: DEBUG cotyledon.oslo_config_glue [-] oslo_messaging_rabbit.kombu_missing_consumer_retry_timeout = 60 {{(pid=99138) log_opt_values /opt/stack/data/venv/lib/python3.12/site-packages/oslo_config/cfg.py:3253}}
Jul 23 04:30:56.541708 np0000005708 nova-conductor[99138]: DEBUG cotyledon.oslo_config_glue [-] oslo_messaging_rabbit.kombu_reconnect_delay = 1.0 {{(pid=99138) log_opt_values /opt/stack/data/venv/lib/python3.12/site-packages/oslo_config/cfg.py:3253}}
Jul 23 04:30:56.541708 np0000005708 nova-conductor[99138]: DEBUG cotyledon.oslo_config_glue [-] oslo_messaging_rabbit.kombu_reconnect_splay = 0.0 {{(pid=99138) log_opt_values /opt/stack/data/venv/lib/python3.12/site-packages/oslo_config/cfg.py:3253}}
Jul 23 04:30:56.541708 np0000005708 nova-conductor[99138]: DEBUG cotyledon.oslo_config_glue [-] oslo_messaging_rabbit.processname = nova-conductor {{(pid=99138) log_opt_values /opt/stack/data/venv/lib/python3.12/site-packages/oslo_config/cfg.py:3253}}
Jul 23 04:30:56.541708 np0000005708 nova-conductor[99138]: DEBUG cotyledon.oslo_config_glue [-] oslo_messaging_rabbit.rabbit_ha_queues = False {{(pid=99138) log_opt_values /opt/stack/data/venv/lib/python3.12/site-packages/oslo_config/cfg.py:3253}}
Jul 23 04:30:56.541708 np0000005708 nova-conductor[99138]: DEBUG cotyledon.oslo_config_glue [-] oslo_messaging_rabbit.rabbit_interval_max = 30 {{(pid=99138) log_opt_values /opt/stack/data/venv/lib/python3.12/site-packages/oslo_config/cfg.py:3253}}
Jul 23 04:30:56.541907 np0000005708 nova-conductor[99138]: DEBUG cotyledon.oslo_config_glue [-] oslo_messaging_rabbit.rabbit_login_method = AMQPLAIN {{(pid=99138) log_opt_values /opt/stack/data/venv/lib/python3.12/site-packages/oslo_config/cfg.py:3253}}
Jul 23 04:30:56.541907 np0000005708 nova-conductor[99138]: DEBUG cotyledon.oslo_config_glue [-] oslo_messaging_rabbit.rabbit_qos_prefetch_count = 0 {{(pid=99138) log_opt_values /opt/stack/data/venv/lib/python3.12/site-packages/oslo_config/cfg.py:3253}}
Jul 23 04:30:56.541907 np0000005708 nova-conductor[99138]: DEBUG cotyledon.oslo_config_glue [-] oslo_messaging_rabbit.rabbit_quorum_delivery_limit = 0 {{(pid=99138) log_opt_values /opt/stack/data/venv/lib/python3.12/site-packages/oslo_config/cfg.py:3253}}
Jul 23 04:30:56.541907 np0000005708 nova-conductor[99138]: DEBUG cotyledon.oslo_config_glue [-] oslo_messaging_rabbit.rabbit_quorum_max_memory_bytes = 0 {{(pid=99138) log_opt_values /opt/stack/data/venv/lib/python3.12/site-packages/oslo_config/cfg.py:3253}}
Jul 23 04:30:56.541907 np0000005708 nova-conductor[99138]: DEBUG cotyledon.oslo_config_glue [-] oslo_messaging_rabbit.rabbit_quorum_max_memory_length = 0 {{(pid=99138) log_opt_values /opt/stack/data/venv/lib/python3.12/site-packages/oslo_config/cfg.py:3253}}
Jul 23 04:30:56.541907 np0000005708 nova-conductor[99138]: DEBUG cotyledon.oslo_config_glue [-] oslo_messaging_rabbit.rabbit_quorum_queue = False {{(pid=99138) log_opt_values /opt/stack/data/venv/lib/python3.12/site-packages/oslo_config/cfg.py:3253}}
Jul 23 04:30:56.541907 np0000005708 nova-conductor[99138]: DEBUG cotyledon.oslo_config_glue [-] oslo_messaging_rabbit.rabbit_retry_backoff = 2 {{(pid=99138) log_opt_values /opt/stack/data/venv/lib/python3.12/site-packages/oslo_config/cfg.py:3253}}
Jul 23 04:30:56.541907 np0000005708 nova-conductor[99138]: DEBUG cotyledon.oslo_config_glue [-] oslo_messaging_rabbit.rabbit_retry_interval = 1 {{(pid=99138) log_opt_values /opt/stack/data/venv/lib/python3.12/site-packages/oslo_config/cfg.py:3253}}
Jul 23 04:30:56.541907 np0000005708 nova-conductor[99138]: DEBUG cotyledon.oslo_config_glue [-] oslo_messaging_rabbit.rabbit_stream_fanout = False {{(pid=99138) log_opt_values /opt/stack/data/venv/lib/python3.12/site-packages/oslo_config/cfg.py:3253}}
Jul 23 04:30:56.542088 np0000005708 nova-conductor[99138]: DEBUG cotyledon.oslo_config_glue [-] oslo_messaging_rabbit.rabbit_transient_queues_ttl = 1800 {{(pid=99138) log_opt_values /opt/stack/data/venv/lib/python3.12/site-packages/oslo_config/cfg.py:3253}}
Jul 23 04:30:56.542088 np0000005708 nova-conductor[99138]: DEBUG cotyledon.oslo_config_glue [-] oslo_messaging_rabbit.rabbit_transient_quorum_queue = False {{(pid=99138) log_opt_values /opt/stack/data/venv/lib/python3.12/site-packages/oslo_config/cfg.py:3253}}
Jul 23 04:30:56.542088 np0000005708 nova-conductor[99138]: DEBUG cotyledon.oslo_config_glue [-] oslo_messaging_rabbit.rpc_conn_pool_size = 30 {{(pid=99138) log_opt_values /opt/stack/data/venv/lib/python3.12/site-packages/oslo_config/cfg.py:3253}}
Jul 23 04:30:56.542088 np0000005708 nova-conductor[99138]: DEBUG cotyledon.oslo_config_glue [-] oslo_messaging_rabbit.ssl = False {{(pid=99138) log_opt_values /opt/stack/data/venv/lib/python3.12/site-packages/oslo_config/cfg.py:3253}}
Jul 23 04:30:56.542088 np0000005708 nova-conductor[99138]: DEBUG cotyledon.oslo_config_glue [-] oslo_messaging_rabbit.ssl_ca_file = {{(pid=99138) log_opt_values /opt/stack/data/venv/lib/python3.12/site-packages/oslo_config/cfg.py:3253}}
Jul 23 04:30:56.542088 np0000005708 nova-conductor[99138]: DEBUG cotyledon.oslo_config_glue [-] oslo_messaging_rabbit.ssl_cert_file = {{(pid=99138) log_opt_values /opt/stack/data/venv/lib/python3.12/site-packages/oslo_config/cfg.py:3253}}
Jul 23 04:30:56.542088 np0000005708 nova-conductor[99138]: DEBUG cotyledon.oslo_config_glue [-] oslo_messaging_rabbit.ssl_enforce_fips_mode = False {{(pid=99138) log_opt_values /opt/stack/data/venv/lib/python3.12/site-packages/oslo_config/cfg.py:3253}}
Jul 23 04:30:56.542088 np0000005708 nova-conductor[99138]: DEBUG cotyledon.oslo_config_glue [-] oslo_messaging_rabbit.ssl_enforce_hostname_verification = True {{(pid=99138) log_opt_values /opt/stack/data/venv/lib/python3.12/site-packages/oslo_config/cfg.py:3253}}
Jul 23 04:30:56.542088 np0000005708 nova-conductor[99138]: DEBUG cotyledon.oslo_config_glue [-] oslo_messaging_rabbit.ssl_key_file = {{(pid=99138) log_opt_values /opt/stack/data/venv/lib/python3.12/site-packages/oslo_config/cfg.py:3253}}
Jul 23 04:30:56.542290 np0000005708 nova-conductor[99138]: DEBUG cotyledon.oslo_config_glue [-] oslo_messaging_rabbit.ssl_version = {{(pid=99138) log_opt_values /opt/stack/data/venv/lib/python3.12/site-packages/oslo_config/cfg.py:3253}}
Jul 23 04:30:56.542290 np0000005708 nova-conductor[99138]: DEBUG cotyledon.oslo_config_glue [-] oslo_messaging_rabbit.use_queue_manager = False {{(pid=99138) log_opt_values /opt/stack/data/venv/lib/python3.12/site-packages/oslo_config/cfg.py:3253}}
Jul 23 04:30:56.542290 np0000005708 nova-conductor[99138]: DEBUG cotyledon.oslo_config_glue [-] oslo_messaging_notifications.driver = ['messagingv2'] {{(pid=99138) log_opt_values /opt/stack/data/venv/lib/python3.12/site-packages/oslo_config/cfg.py:3253}}
Jul 23 04:30:56.542290 np0000005708 nova-conductor[99138]: DEBUG cotyledon.oslo_config_glue [-] oslo_messaging_notifications.retry = -1 {{(pid=99138) log_opt_values /opt/stack/data/venv/lib/python3.12/site-packages/oslo_config/cfg.py:3253}}
Jul 23 04:30:56.542290 np0000005708 nova-conductor[99138]: DEBUG cotyledon.oslo_config_glue [-] oslo_messaging_notifications.topics = ['notifications'] {{(pid=99138) log_opt_values /opt/stack/data/venv/lib/python3.12/site-packages/oslo_config/cfg.py:3253}}
Jul 23 04:30:56.542290 np0000005708 nova-conductor[99138]: DEBUG cotyledon.oslo_config_glue [-] oslo_messaging_notifications.transport_url = **** {{(pid=99138) log_opt_values /opt/stack/data/venv/lib/python3.12/site-packages/oslo_config/cfg.py:3253}}
Jul 23 04:30:56.542290 np0000005708 nova-conductor[99138]: DEBUG cotyledon.oslo_config_glue [-] oslo_limit.auth_section = None {{(pid=99138) log_opt_values /opt/stack/data/venv/lib/python3.12/site-packages/oslo_config/cfg.py:3253}}
Jul 23 04:30:56.542290 np0000005708 nova-conductor[99138]: DEBUG cotyledon.oslo_config_glue [-] oslo_limit.auth_type = None {{(pid=99138) log_opt_values /opt/stack/data/venv/lib/python3.12/site-packages/oslo_config/cfg.py:3253}}
Jul 23 04:30:56.542290 np0000005708 nova-conductor[99138]: DEBUG cotyledon.oslo_config_glue [-] oslo_limit.cafile = None {{(pid=99138) log_opt_values /opt/stack/data/venv/lib/python3.12/site-packages/oslo_config/cfg.py:3253}}
Jul 23 04:30:56.542461 np0000005708 nova-conductor[99138]: DEBUG cotyledon.oslo_config_glue [-] oslo_limit.certfile = None {{(pid=99138) log_opt_values /opt/stack/data/venv/lib/python3.12/site-packages/oslo_config/cfg.py:3253}}
Jul 23 04:30:56.542461 np0000005708 nova-conductor[99138]: DEBUG cotyledon.oslo_config_glue [-] oslo_limit.collect_timing = False {{(pid=99138) log_opt_values /opt/stack/data/venv/lib/python3.12/site-packages/oslo_config/cfg.py:3253}}
Jul 23 04:30:56.542461 np0000005708 nova-conductor[99138]: DEBUG cotyledon.oslo_config_glue [-] oslo_limit.connect_retries = None {{(pid=99138) log_opt_values /opt/stack/data/venv/lib/python3.12/site-packages/oslo_config/cfg.py:3253}}
Jul 23 04:30:56.542461 np0000005708 nova-conductor[99138]: DEBUG cotyledon.oslo_config_glue [-] oslo_limit.connect_retry_delay = None {{(pid=99138) log_opt_values /opt/stack/data/venv/lib/python3.12/site-packages/oslo_config/cfg.py:3253}}
Jul 23 04:30:56.542461 np0000005708 nova-conductor[99138]: DEBUG cotyledon.oslo_config_glue [-] oslo_limit.endpoint_id = None {{(pid=99138) log_opt_values /opt/stack/data/venv/lib/python3.12/site-packages/oslo_config/cfg.py:3253}}
Jul 23 04:30:56.542461 np0000005708 nova-conductor[99138]: DEBUG cotyledon.oslo_config_glue [-] oslo_limit.endpoint_interface = public {{(pid=99138) log_opt_values /opt/stack/data/venv/lib/python3.12/site-packages/oslo_config/cfg.py:3253}}
Jul 23 04:30:56.542461 np0000005708 nova-conductor[99138]: DEBUG cotyledon.oslo_config_glue [-] oslo_limit.endpoint_override = None {{(pid=99138) log_opt_values /opt/stack/data/venv/lib/python3.12/site-packages/oslo_config/cfg.py:3253}}
Jul 23 04:30:56.542461 np0000005708 nova-conductor[99138]: DEBUG cotyledon.oslo_config_glue [-] oslo_limit.endpoint_region_name = None {{(pid=99138) log_opt_values /opt/stack/data/venv/lib/python3.12/site-packages/oslo_config/cfg.py:3253}}
Jul 23 04:30:56.542461 np0000005708 nova-conductor[99138]: DEBUG cotyledon.oslo_config_glue [-] oslo_limit.endpoint_service_name = None {{(pid=99138) log_opt_values /opt/stack/data/venv/lib/python3.12/site-packages/oslo_config/cfg.py:3253}}
Jul 23 04:30:56.542634 np0000005708 nova-conductor[99138]: DEBUG cotyledon.oslo_config_glue [-] oslo_limit.endpoint_service_type = None {{(pid=99138) log_opt_values /opt/stack/data/venv/lib/python3.12/site-packages/oslo_config/cfg.py:3253}}
Jul 23 04:30:56.542634 np0000005708 nova-conductor[99138]: DEBUG cotyledon.oslo_config_glue [-] oslo_limit.insecure = False {{(pid=99138) log_opt_values /opt/stack/data/venv/lib/python3.12/site-packages/oslo_config/cfg.py:3253}}
Jul 23 04:30:56.542634 np0000005708 nova-conductor[99138]: DEBUG cotyledon.oslo_config_glue [-] oslo_limit.keyfile = None {{(pid=99138) log_opt_values /opt/stack/data/venv/lib/python3.12/site-packages/oslo_config/cfg.py:3253}}
Jul 23 04:30:56.542634 np0000005708 nova-conductor[99138]: DEBUG cotyledon.oslo_config_glue [-] oslo_limit.max_version = None {{(pid=99138) log_opt_values /opt/stack/data/venv/lib/python3.12/site-packages/oslo_config/cfg.py:3253}}
Jul 23 04:30:56.542634 np0000005708 nova-conductor[99138]: DEBUG cotyledon.oslo_config_glue [-] oslo_limit.min_version = None {{(pid=99138) log_opt_values /opt/stack/data/venv/lib/python3.12/site-packages/oslo_config/cfg.py:3253}}
Jul 23 04:30:56.542634 np0000005708 nova-conductor[99138]: DEBUG cotyledon.oslo_config_glue [-] oslo_limit.region_name = None {{(pid=99138) log_opt_values /opt/stack/data/venv/lib/python3.12/site-packages/oslo_config/cfg.py:3253}}
Jul 23 04:30:56.542634 np0000005708 nova-conductor[99138]: DEBUG cotyledon.oslo_config_glue [-] oslo_limit.retriable_status_codes = None {{(pid=99138) log_opt_values /opt/stack/data/venv/lib/python3.12/site-packages/oslo_config/cfg.py:3253}}
Jul 23 04:30:56.542634 np0000005708 nova-conductor[99138]: DEBUG cotyledon.oslo_config_glue [-] oslo_limit.service_name = None {{(pid=99138) log_opt_values /opt/stack/data/venv/lib/python3.12/site-packages/oslo_config/cfg.py:3253}}
Jul 23 04:30:56.542634 np0000005708 nova-conductor[99138]: DEBUG cotyledon.oslo_config_glue [-] oslo_limit.service_type = None {{(pid=99138) log_opt_values /opt/stack/data/venv/lib/python3.12/site-packages/oslo_config/cfg.py:3253}}
Jul 23 04:30:56.542809 np0000005708 nova-conductor[99138]: DEBUG cotyledon.oslo_config_glue [-] oslo_limit.split_loggers = False {{(pid=99138) log_opt_values /opt/stack/data/venv/lib/python3.12/site-packages/oslo_config/cfg.py:3253}}
Jul 23 04:30:56.542809 np0000005708 nova-conductor[99138]: DEBUG cotyledon.oslo_config_glue [-] oslo_limit.status_code_retries = None {{(pid=99138) log_opt_values /opt/stack/data/venv/lib/python3.12/site-packages/oslo_config/cfg.py:3253}}
Jul 23 04:30:56.542809 np0000005708 nova-conductor[99138]: DEBUG cotyledon.oslo_config_glue [-] oslo_limit.status_code_retry_delay = None {{(pid=99138) log_opt_values /opt/stack/data/venv/lib/python3.12/site-packages/oslo_config/cfg.py:3253}}
Jul 23 04:30:56.542809 np0000005708 nova-conductor[99138]: DEBUG cotyledon.oslo_config_glue [-] oslo_limit.timeout = None {{(pid=99138) log_opt_values /opt/stack/data/venv/lib/python3.12/site-packages/oslo_config/cfg.py:3253}}
Jul 23 04:30:56.542809 np0000005708 nova-conductor[99138]: DEBUG cotyledon.oslo_config_glue [-] oslo_limit.valid_interfaces = None {{(pid=99138) log_opt_values /opt/stack/data/venv/lib/python3.12/site-packages/oslo_config/cfg.py:3253}}
Jul 23 04:30:56.542809 np0000005708 nova-conductor[99138]: DEBUG cotyledon.oslo_config_glue [-] oslo_limit.version = None {{(pid=99138) log_opt_values /opt/stack/data/venv/lib/python3.12/site-packages/oslo_config/cfg.py:3253}}
Jul 23 04:30:56.542809 np0000005708 nova-conductor[99138]: DEBUG cotyledon.oslo_config_glue [-] oslo_reports.file_event_handler = None {{(pid=99138) log_opt_values /opt/stack/data/venv/lib/python3.12/site-packages/oslo_config/cfg.py:3253}}
Jul 23 04:30:56.542809 np0000005708 nova-conductor[99138]: DEBUG cotyledon.oslo_config_glue [-] oslo_reports.file_event_handler_interval = 1 {{(pid=99138) log_opt_values /opt/stack/data/venv/lib/python3.12/site-packages/oslo_config/cfg.py:3253}}
Jul 23 04:30:56.542809 np0000005708 nova-conductor[99138]: DEBUG cotyledon.oslo_config_glue [-] oslo_reports.log_dir = None {{(pid=99138) log_opt_values /opt/stack/data/venv/lib/python3.12/site-packages/oslo_config/cfg.py:3253}}
Jul 23 04:30:56.542989 np0000005708 nova-conductor[99138]: DEBUG cotyledon.oslo_config_glue [-] ******************************************************************************** {{(pid=99138) log_opt_values /opt/stack/data/venv/lib/python3.12/site-packages/oslo_config/cfg.py:3260}}
Jul 23 04:30:56.542989 np0000005708 nova-conductor[99138]: DEBUG cotyledon._service_worker [-] Run service ServiceWrapper(3) [99138] {{(pid=99138) wait_forever /opt/stack/data/venv/lib/python3.12/site-packages/cotyledon/_service_worker.py:218}}
Jul 23 04:30:56.542989 np0000005708 nova-conductor[99138]: INFO nova.service [-] Starting conductor node (version 33.1.0)
Jul 23 04:30:56.543068 np0000005708 nova-conductor[99120]: DEBUG oslo_db.sqlalchemy.engines [None req-debc300b-e24c-4061-b557-ecf37c74f0cd None None] MySQL server mode set to STRICT_TRANS_TABLES,STRICT_ALL_TABLES,NO_ZERO_IN_DATE,NO_ZERO_DATE,ERROR_FOR_DIVISION_BY_ZERO,TRADITIONAL,NO_ENGINE_SUBSTITUTION {{(pid=99120) _check_effective_sql_mode /opt/stack/data/venv/lib/python3.12/site-packages/oslo_db/sqlalchemy/engines.py:325}}
Jul 23 04:30:56.543107 np0000005708 nova-conductor[99138]: INFO dbcounter [None req-cee290e7-f4cc-4359-8cf1-2731fd34c17e None None] Registered counter for database nova_cell0
Jul 23 04:30:56.543137 np0000005708 nova-conductor[99120]: DEBUG dbcounter [-] [99120] Writer thread running {{(pid=99120) stat_writer /opt/stack/data/venv/lib/python3.12/site-packages/dbcounter.py:102}}
Jul 23 04:30:56.544473 np0000005708 nova-conductor[99132]: DEBUG oslo_db.sqlalchemy.engines [None req-7cce1c67-936a-45f1-b3f4-98eafc17fd61 None None] MySQL server mode set to STRICT_TRANS_TABLES,STRICT_ALL_TABLES,NO_ZERO_IN_DATE,NO_ZERO_DATE,ERROR_FOR_DIVISION_BY_ZERO,TRADITIONAL,NO_ENGINE_SUBSTITUTION {{(pid=99132) _check_effective_sql_mode /opt/stack/data/venv/lib/python3.12/site-packages/oslo_db/sqlalchemy/engines.py:325}}
Jul 23 04:30:56.549948 np0000005708 nova-conductor[99120]: DEBUG nova.service [None req-debc300b-e24c-4061-b557-ecf37c74f0cd None None] Creating RPC server for service: nova-conductor on topic: conductor {{(pid=99120) start /opt/stack/nova/nova/service.py:196}}
Jul 23 04:30:56.553321 np0000005708 nova-conductor[99132]: DEBUG dbcounter [-] [99132] Writer thread running {{(pid=99132) stat_writer /opt/stack/data/venv/lib/python3.12/site-packages/dbcounter.py:102}}
Jul 23 04:30:56.555073 np0000005708 nova-conductor[99127]: DEBUG oslo_db.sqlalchemy.engines [None req-32c8c6cb-bb4a-40c1-94a7-4ba16f3a1773 None None] MySQL server mode set to STRICT_TRANS_TABLES,STRICT_ALL_TABLES,NO_ZERO_IN_DATE,NO_ZERO_DATE,ERROR_FOR_DIVISION_BY_ZERO,TRADITIONAL,NO_ENGINE_SUBSTITUTION {{(pid=99127) _check_effective_sql_mode /opt/stack/data/venv/lib/python3.12/site-packages/oslo_db/sqlalchemy/engines.py:325}}
Jul 23 04:30:56.555882 np0000005708 nova-conductor[99132]: DEBUG nova.service [None req-7cce1c67-936a-45f1-b3f4-98eafc17fd61 None None] Creating RPC server for service: nova-conductor on topic: conductor {{(pid=99132) start /opt/stack/nova/nova/service.py:196}}
Jul 23 04:30:56.564722 np0000005708 nova-conductor[99127]: DEBUG dbcounter [-] [99127] Writer thread running {{(pid=99127) stat_writer /opt/stack/data/venv/lib/python3.12/site-packages/dbcounter.py:102}}
Jul 23 04:30:56.567822 np0000005708 nova-conductor[99127]: DEBUG nova.service [None req-32c8c6cb-bb4a-40c1-94a7-4ba16f3a1773 None None] Creating RPC server for service: nova-conductor on topic: conductor {{(pid=99127) start /opt/stack/nova/nova/service.py:196}}
Jul 23 04:30:56.569351 np0000005708 nova-conductor[99138]: DEBUG oslo_db.sqlalchemy.engines [None req-cee290e7-f4cc-4359-8cf1-2731fd34c17e None None] MySQL server mode set to STRICT_TRANS_TABLES,STRICT_ALL_TABLES,NO_ZERO_IN_DATE,NO_ZERO_DATE,ERROR_FOR_DIVISION_BY_ZERO,TRADITIONAL,NO_ENGINE_SUBSTITUTION {{(pid=99138) _check_effective_sql_mode /opt/stack/data/venv/lib/python3.12/site-packages/oslo_db/sqlalchemy/engines.py:325}}
Jul 23 04:30:56.574992 np0000005708 nova-conductor[99132]: DEBUG nova.service [None req-7cce1c67-936a-45f1-b3f4-98eafc17fd61 None None] Join ServiceGroup membership for this service conductor {{(pid=99132) start /opt/stack/nova/nova/service.py:222}}
Jul 23 04:30:56.575366 np0000005708 nova-conductor[99120]: DEBUG nova.service [None req-debc300b-e24c-4061-b557-ecf37c74f0cd None None] Join ServiceGroup membership for this service conductor {{(pid=99120) start /opt/stack/nova/nova/service.py:222}}
Jul 23 04:30:56.575366 np0000005708 nova-conductor[99120]: DEBUG nova.servicegroup.drivers.db [None req-debc300b-e24c-4061-b557-ecf37c74f0cd None None] DB_Driver: join new ServiceGroup member np0000005708 to the conductor group, service = {{(pid=99120) join /opt/stack/nova/nova/servicegroup/drivers/db.py:44}}
Jul 23 04:30:56.575443 np0000005708 nova-conductor[99132]: DEBUG nova.servicegroup.drivers.db [None req-7cce1c67-936a-45f1-b3f4-98eafc17fd61 None None] DB_Driver: join new ServiceGroup member np0000005708 to the conductor group, service = {{(pid=99132) join /opt/stack/nova/nova/servicegroup/drivers/db.py:44}}
Jul 23 04:30:56.578771 np0000005708 nova-conductor[99138]: DEBUG dbcounter [-] [99138] Writer thread running {{(pid=99138) stat_writer /opt/stack/data/venv/lib/python3.12/site-packages/dbcounter.py:102}}
Jul 23 04:30:56.583254 np0000005708 nova-conductor[99138]: DEBUG nova.service [None req-cee290e7-f4cc-4359-8cf1-2731fd34c17e None None] Creating RPC server for service: nova-conductor on topic: conductor {{(pid=99138) start /opt/stack/nova/nova/service.py:196}}
Jul 23 04:30:56.590513 np0000005708 nova-conductor[99127]: DEBUG nova.service [None req-32c8c6cb-bb4a-40c1-94a7-4ba16f3a1773 None None] Join ServiceGroup membership for this service conductor {{(pid=99127) start /opt/stack/nova/nova/service.py:222}}
Jul 23 04:30:56.590725 np0000005708 nova-conductor[99127]: DEBUG nova.servicegroup.drivers.db [None req-32c8c6cb-bb4a-40c1-94a7-4ba16f3a1773 None None] DB_Driver: join new ServiceGroup member np0000005708 to the conductor group, service = {{(pid=99127) join /opt/stack/nova/nova/servicegroup/drivers/db.py:44}}
Jul 23 04:30:56.602345 np0000005708 nova-conductor[99138]: DEBUG nova.service [None req-cee290e7-f4cc-4359-8cf1-2731fd34c17e None None] Join ServiceGroup membership for this service conductor {{(pid=99138) start /opt/stack/nova/nova/service.py:222}}
Jul 23 04:30:56.602558 np0000005708 nova-conductor[99138]: DEBUG nova.servicegroup.drivers.db [None req-cee290e7-f4cc-4359-8cf1-2731fd34c17e None None] DB_Driver: join new ServiceGroup member np0000005708 to the conductor group, service = {{(pid=99138) join /opt/stack/nova/nova/servicegroup/drivers/db.py:44}}
Jul 23 04:31:01.591015 np0000005708 nova-conductor[99120]: DEBUG oslo.service.backend._threading.loopingcall [-] Fixed interval looping call 'nova.servicegroup.drivers.db.DbDriver._report_state' sleeping for 119.99 seconds {{(pid=99120) _run_loop /opt/stack/data/venv/lib/python3.12/site-packages/oslo_service/backend/_threading/loopingcall.py:125}}
Jul 23 04:31:01.591566 np0000005708 nova-conductor[99132]: DEBUG oslo.service.backend._threading.loopingcall [-] Fixed interval looping call 'nova.servicegroup.drivers.db.DbDriver._report_state' sleeping for 119.99 seconds {{(pid=99132) _run_loop /opt/stack/data/venv/lib/python3.12/site-packages/oslo_service/backend/_threading/loopingcall.py:125}}
Jul 23 04:31:01.607886 np0000005708 nova-conductor[99127]: DEBUG oslo.service.backend._threading.loopingcall [-] Fixed interval looping call 'nova.servicegroup.drivers.db.DbDriver._report_state' sleeping for 119.99 seconds {{(pid=99127) _run_loop /opt/stack/data/venv/lib/python3.12/site-packages/oslo_service/backend/_threading/loopingcall.py:125}}
Jul 23 04:31:01.614630 np0000005708 nova-conductor[99138]: DEBUG oslo.service.backend._threading.loopingcall [-] Fixed interval looping call 'nova.servicegroup.drivers.db.DbDriver._report_state' sleeping for 119.99 seconds {{(pid=99138) _run_loop /opt/stack/data/venv/lib/python3.12/site-packages/oslo_service/backend/_threading/loopingcall.py:125}}
Jul 23 04:31:05.158263 np0000005708 nova-conductor[97628]: DEBUG dbcounter [-] [97628] Writing DB stats nova_api:SELECT=1 {{(pid=97628) stat_writer /opt/stack/data/venv/lib/python3.12/site-packages/dbcounter.py:115}}
Jul 23 04:31:05.295149 np0000005708 nova-conductor[97628]: DEBUG dbcounter [-] [97628] Writing DB stats nova_cell0:SELECT=1 {{(pid=97628) stat_writer /opt/stack/data/venv/lib/python3.12/site-packages/dbcounter.py:115}}
Jul 23 04:31:05.298127 np0000005708 nova-conductor[97628]: DEBUG dbcounter [-] [97628] Writing DB stats nova_cell1:SELECT=1 {{(pid=97628) stat_writer /opt/stack/data/venv/lib/python3.12/site-packages/dbcounter.py:115}}
Jul 23 04:31:11.584230 np0000005708 nova-conductor[99120]: DEBUG dbcounter [-] [99120] Writing DB stats nova_cell0:SELECT=4,nova_cell0:INSERT=1,nova_cell0:UPDATE=1 {{(pid=99120) stat_writer /opt/stack/data/venv/lib/python3.12/site-packages/dbcounter.py:115}}
Jul 23 04:31:11.585358 np0000005708 nova-conductor[99132]: DEBUG dbcounter [-] [99132] Writing DB stats nova_cell0:SELECT=3,nova_cell0:UPDATE=1 {{(pid=99132) stat_writer /opt/stack/data/venv/lib/python3.12/site-packages/dbcounter.py:115}}
Jul 23 04:31:11.604339 np0000005708 nova-conductor[99127]: DEBUG dbcounter [-] [99127] Writing DB stats nova_cell0:SELECT=3 {{(pid=99127) stat_writer /opt/stack/data/venv/lib/python3.12/site-packages/dbcounter.py:115}}
Jul 23 04:31:11.610963 np0000005708 nova-conductor[99138]: DEBUG dbcounter [-] [99138] Writing DB stats nova_cell0:SELECT=3 {{(pid=99138) stat_writer /opt/stack/data/venv/lib/python3.12/site-packages/dbcounter.py:115}}
Jul 23 04:31:14.578316 np0000005708 nova-conductor[99120]: DEBUG oslo.service.backend._threading.loopingcall [None req-0cf94714-1e5b-4194-b5ce-7bc325627823 None None] Dynamic interval looping call 'nova.service.Service.periodic_tasks' sleeping for 60.00 seconds {{(pid=99120) _run_loop /opt/stack/data/venv/lib/python3.12/site-packages/oslo_service/backend/_threading/loopingcall.py:125}}
Jul 23 04:31:20.593640 np0000005708 nova-conductor[99127]: DEBUG oslo.service.backend._threading.loopingcall [None req-d8f3d52e-c7a1-4040-ab0f-2e47a9beedf0 None None] Dynamic interval looping call 'nova.service.Service.periodic_tasks' sleeping for 60.00 seconds {{(pid=99127) _run_loop /opt/stack/data/venv/lib/python3.12/site-packages/oslo_service/backend/_threading/loopingcall.py:125}}
Jul 23 04:31:31.604619 np0000005708 nova-conductor[99138]: DEBUG oslo.service.backend._threading.loopingcall [None req-6e3ff102-d2a3-417a-bf4e-ba6932336c3a None None] Dynamic interval looping call 'nova.service.Service.periodic_tasks' sleeping for 60.00 seconds {{(pid=99138) _run_loop /opt/stack/data/venv/lib/python3.12/site-packages/oslo_service/backend/_threading/loopingcall.py:125}}
Jul 23 04:31:38.577202 np0000005708 nova-conductor[99132]: DEBUG oslo.service.backend._threading.loopingcall [None req-67bcdc7f-2d6a-4244-aa69-0ddf702402d7 None None] Dynamic interval looping call 'nova.service.Service.periodic_tasks' sleeping for 60.00 seconds {{(pid=99132) _run_loop /opt/stack/data/venv/lib/python3.12/site-packages/oslo_service/backend/_threading/loopingcall.py:125}}
Jul 23 04:32:14.578861 np0000005708 nova-conductor[99120]: DEBUG oslo.service.backend._threading.loopingcall [None req-0cf94714-1e5b-4194-b5ce-7bc325627823 None None] Dynamic interval looping call 'nova.service.Service.periodic_tasks' sleeping for 60.00 seconds {{(pid=99120) _run_loop /opt/stack/data/venv/lib/python3.12/site-packages/oslo_service/backend/_threading/loopingcall.py:125}}
Jul 23 04:32:20.594218 np0000005708 nova-conductor[99127]: DEBUG oslo.service.backend._threading.loopingcall [None req-d8f3d52e-c7a1-4040-ab0f-2e47a9beedf0 None None] Dynamic interval looping call 'nova.service.Service.periodic_tasks' sleeping for 60.00 seconds {{(pid=99127) _run_loop /opt/stack/data/venv/lib/python3.12/site-packages/oslo_service/backend/_threading/loopingcall.py:125}}
Jul 23 04:32:31.605269 np0000005708 nova-conductor[99138]: DEBUG oslo.service.backend._threading.loopingcall [None req-6e3ff102-d2a3-417a-bf4e-ba6932336c3a None None] Dynamic interval looping call 'nova.service.Service.periodic_tasks' sleeping for 60.00 seconds {{(pid=99138) _run_loop /opt/stack/data/venv/lib/python3.12/site-packages/oslo_service/backend/_threading/loopingcall.py:125}}
Jul 23 04:32:38.577662 np0000005708 nova-conductor[99132]: DEBUG oslo.service.backend._threading.loopingcall [None req-67bcdc7f-2d6a-4244-aa69-0ddf702402d7 None None] Dynamic interval looping call 'nova.service.Service.periodic_tasks' sleeping for 60.00 seconds {{(pid=99132) _run_loop /opt/stack/data/venv/lib/python3.12/site-packages/oslo_service/backend/_threading/loopingcall.py:125}}
Jul 23 04:32:59.175930 np0000005708 nova-conductor[99120]: DEBUG oslo_db.sqlalchemy.engines [None req-c2d0f61c-43aa-48bf-a4e8-84d47fa9dcdb tempest-ServerRescueNegativeTestJSON-1099792136 tempest-ServerRescueNegativeTestJSON-1099792136-project-member] Parent process 97628 forked (99120) with an open database connection, which is being discarded and recreated. {{(pid=99120) checkout /opt/stack/data/venv/lib/python3.12/site-packages/oslo_db/sqlalchemy/engines.py:402}}
Jul 23 04:32:59.228234 np0000005708 nova-conductor[99120]: DEBUG dbcounter [-] [99120] Writer thread running {{(pid=99120) stat_writer /opt/stack/data/venv/lib/python3.12/site-packages/dbcounter.py:102}}
Jul 23 04:33:00.171534 np0000005708 nova-conductor[99120]: DEBUG nova.conductor.manager [None req-c2d0f61c-43aa-48bf-a4e8-84d47fa9dcdb tempest-ServerRescueNegativeTestJSON-1099792136 tempest-ServerRescueNegativeTestJSON-1099792136-project-member] Took 0.94 seconds to select destinations for 1 instance(s). {{(pid=99120) _schedule_instances /opt/stack/nova/nova/conductor/manager.py:968}}
Jul 23 04:33:00.202266 np0000005708 nova-conductor[99120]: DEBUG oslo_concurrency.lockutils [None req-c2d0f61c-43aa-48bf-a4e8-84d47fa9dcdb tempest-ServerRescueNegativeTestJSON-1099792136 tempest-ServerRescueNegativeTestJSON-1099792136-project-member] Acquiring lock "e6a909e9-4b9f-4d0c-8410-11dddfaabc10" by "nova.context.set_target_cell..get_or_set_cached_cell_and_set_connections" {{(pid=99120) inner /opt/stack/data/venv/lib/python3.12/site-packages/oslo_concurrency/lockutils.py:512}}
Jul 23 04:33:00.202795 np0000005708 nova-conductor[99120]: DEBUG oslo_concurrency.lockutils [None req-c2d0f61c-43aa-48bf-a4e8-84d47fa9dcdb tempest-ServerRescueNegativeTestJSON-1099792136 tempest-ServerRescueNegativeTestJSON-1099792136-project-member] Lock "e6a909e9-4b9f-4d0c-8410-11dddfaabc10" acquired by "nova.context.set_target_cell..get_or_set_cached_cell_and_set_connections" :: waited 0.000s {{(pid=99120) inner /opt/stack/data/venv/lib/python3.12/site-packages/oslo_concurrency/lockutils.py:525}}
Jul 23 04:33:00.204009 np0000005708 nova-conductor[99120]: DEBUG oslo_concurrency.lockutils [None req-c2d0f61c-43aa-48bf-a4e8-84d47fa9dcdb tempest-ServerRescueNegativeTestJSON-1099792136 tempest-ServerRescueNegativeTestJSON-1099792136-project-member] Lock "e6a909e9-4b9f-4d0c-8410-11dddfaabc10" "released" by "nova.context.set_target_cell..get_or_set_cached_cell_and_set_connections" :: held 0.001s {{(pid=99120) inner /opt/stack/data/venv/lib/python3.12/site-packages/oslo_concurrency/lockutils.py:544}}
Jul 23 04:33:00.205960 np0000005708 nova-conductor[99120]: INFO dbcounter [None req-c2d0f61c-43aa-48bf-a4e8-84d47fa9dcdb tempest-ServerRescueNegativeTestJSON-1099792136 tempest-ServerRescueNegativeTestJSON-1099792136-project-member] Registered counter for database nova_cell1
Jul 23 04:33:00.247149 np0000005708 nova-conductor[99120]: DEBUG oslo_db.sqlalchemy.engines [None req-c2d0f61c-43aa-48bf-a4e8-84d47fa9dcdb tempest-ServerRescueNegativeTestJSON-1099792136 tempest-ServerRescueNegativeTestJSON-1099792136-project-member] MySQL server mode set to STRICT_TRANS_TABLES,STRICT_ALL_TABLES,NO_ZERO_IN_DATE,NO_ZERO_DATE,ERROR_FOR_DIVISION_BY_ZERO,TRADITIONAL,NO_ENGINE_SUBSTITUTION {{(pid=99120) _check_effective_sql_mode /opt/stack/data/venv/lib/python3.12/site-packages/oslo_db/sqlalchemy/engines.py:325}}
Jul 23 04:33:00.254936 np0000005708 nova-conductor[99120]: DEBUG dbcounter [-] [99120] Writer thread running {{(pid=99120) stat_writer /opt/stack/data/venv/lib/python3.12/site-packages/dbcounter.py:102}}
Jul 23 04:33:00.331367 np0000005708 nova-conductor[99120]: INFO nova.utils [None req-c2d0f61c-43aa-48bf-a4e8-84d47fa9dcdb tempest-ServerRescueNegativeTestJSON-1099792136 tempest-ServerRescueNegativeTestJSON-1099792136-project-member] The cell worker thread pool ForkProcess-1.cell_worker is initialized
Jul 23 04:33:00.331808 np0000005708 nova-conductor[99120]: DEBUG oslo_concurrency.lockutils [None req-c2d0f61c-43aa-48bf-a4e8-84d47fa9dcdb tempest-ServerRescueNegativeTestJSON-1099792136 tempest-ServerRescueNegativeTestJSON-1099792136-project-member] Acquiring lock "00000000-0000-0000-0000-000000000000" by "nova.context.set_target_cell..get_or_set_cached_cell_and_set_connections" {{(pid=99120) inner /opt/stack/data/venv/lib/python3.12/site-packages/oslo_concurrency/lockutils.py:512}}
Jul 23 04:33:00.332187 np0000005708 nova-conductor[99120]: DEBUG oslo_concurrency.lockutils [None req-c2d0f61c-43aa-48bf-a4e8-84d47fa9dcdb tempest-ServerRescueNegativeTestJSON-1099792136 tempest-ServerRescueNegativeTestJSON-1099792136-project-member] Lock "00000000-0000-0000-0000-000000000000" acquired by "nova.context.set_target_cell..get_or_set_cached_cell_and_set_connections" :: waited 0.000s {{(pid=99120) inner /opt/stack/data/venv/lib/python3.12/site-packages/oslo_concurrency/lockutils.py:525}}
Jul 23 04:33:00.332681 np0000005708 nova-conductor[99120]: DEBUG oslo_concurrency.lockutils [None req-c2d0f61c-43aa-48bf-a4e8-84d47fa9dcdb tempest-ServerRescueNegativeTestJSON-1099792136 tempest-ServerRescueNegativeTestJSON-1099792136-project-member] Lock "00000000-0000-0000-0000-000000000000" "released" by "nova.context.set_target_cell..get_or_set_cached_cell_and_set_connections" :: held 0.001s {{(pid=99120) inner /opt/stack/data/venv/lib/python3.12/site-packages/oslo_concurrency/lockutils.py:544}}
Jul 23 04:33:00.333451 np0000005708 nova-conductor[99120]: DEBUG oslo_concurrency.lockutils [None req-c2d0f61c-43aa-48bf-a4e8-84d47fa9dcdb tempest-ServerRescueNegativeTestJSON-1099792136 tempest-ServerRescueNegativeTestJSON-1099792136-project-member] Acquiring lock "e6a909e9-4b9f-4d0c-8410-11dddfaabc10" by "nova.context.set_target_cell..get_or_set_cached_cell_and_set_connections" {{(pid=99120) inner /opt/stack/data/venv/lib/python3.12/site-packages/oslo_concurrency/lockutils.py:512}}
Jul 23 04:33:00.334432 np0000005708 nova-conductor[99120]: DEBUG oslo_concurrency.lockutils [None req-c2d0f61c-43aa-48bf-a4e8-84d47fa9dcdb tempest-ServerRescueNegativeTestJSON-1099792136 tempest-ServerRescueNegativeTestJSON-1099792136-project-member] Lock "e6a909e9-4b9f-4d0c-8410-11dddfaabc10" acquired by "nova.context.set_target_cell..get_or_set_cached_cell_and_set_connections" :: waited 0.000s {{(pid=99120) inner /opt/stack/data/venv/lib/python3.12/site-packages/oslo_concurrency/lockutils.py:525}}
Jul 23 04:33:00.334960 np0000005708 nova-conductor[99120]: INFO dbcounter [None req-c2d0f61c-43aa-48bf-a4e8-84d47fa9dcdb tempest-ServerRescueNegativeTestJSON-1099792136 tempest-ServerRescueNegativeTestJSON-1099792136-project-member] Registered counter for database nova_cell0
Jul 23 04:33:00.336486 np0000005708 nova-conductor[99120]: DEBUG oslo_concurrency.lockutils [None req-c2d0f61c-43aa-48bf-a4e8-84d47fa9dcdb tempest-ServerRescueNegativeTestJSON-1099792136 tempest-ServerRescueNegativeTestJSON-1099792136-project-member] Lock "e6a909e9-4b9f-4d0c-8410-11dddfaabc10" "released" by "nova.context.set_target_cell..get_or_set_cached_cell_and_set_connections" :: held 0.001s {{(pid=99120) inner /opt/stack/data/venv/lib/python3.12/site-packages/oslo_concurrency/lockutils.py:544}}
Jul 23 04:33:00.381379 np0000005708 nova-conductor[99120]: DEBUG oslo_db.sqlalchemy.engines [None req-c2d0f61c-43aa-48bf-a4e8-84d47fa9dcdb tempest-ServerRescueNegativeTestJSON-1099792136 tempest-ServerRescueNegativeTestJSON-1099792136-project-member] MySQL server mode set to STRICT_TRANS_TABLES,STRICT_ALL_TABLES,NO_ZERO_IN_DATE,NO_ZERO_DATE,ERROR_FOR_DIVISION_BY_ZERO,TRADITIONAL,NO_ENGINE_SUBSTITUTION {{(pid=99120) _check_effective_sql_mode /opt/stack/data/venv/lib/python3.12/site-packages/oslo_db/sqlalchemy/engines.py:325}}
Jul 23 04:33:00.390433 np0000005708 nova-conductor[99120]: DEBUG dbcounter [-] [99120] Writer thread running {{(pid=99120) stat_writer /opt/stack/data/venv/lib/python3.12/site-packages/dbcounter.py:102}}
Jul 23 04:33:00.401809 np0000005708 nova-conductor[99120]: DEBUG nova.quota [None req-c2d0f61c-43aa-48bf-a4e8-84d47fa9dcdb tempest-ServerRescueNegativeTestJSON-1099792136 tempest-ServerRescueNegativeTestJSON-1099792136-project-member] Getting quotas for project c350089abaa34cb29aaff9b41d2d4dbe. Resources: {'cores', 'instances', 'ram'} {{(pid=99120) _get_quotas /opt/stack/nova/nova/quota.py:389}}
Jul 23 04:33:00.405140 np0000005708 nova-conductor[99120]: DEBUG nova.quota [None req-c2d0f61c-43aa-48bf-a4e8-84d47fa9dcdb tempest-ServerRescueNegativeTestJSON-1099792136 tempest-ServerRescueNegativeTestJSON-1099792136-project-member] Getting quotas for user 3525460d10a54c7baa81972453924e8f and project c350089abaa34cb29aaff9b41d2d4dbe. Resources: {'cores', 'instances', 'ram'} {{(pid=99120) _get_quotas /opt/stack/nova/nova/quota.py:379}}
Jul 23 04:33:00.411167 np0000005708 nova-conductor[99120]: DEBUG nova.conductor.manager [None req-c2d0f61c-43aa-48bf-a4e8-84d47fa9dcdb tempest-ServerRescueNegativeTestJSON-1099792136 tempest-ServerRescueNegativeTestJSON-1099792136-project-member] [instance: 1df63ac7-01f3-42ec-ab44-61d2c350cf14] Selected host: np0000005708; Selected node: np0000005708; Alternates: [] {{(pid=99120) schedule_and_build_instances /opt/stack/nova/nova/conductor/manager.py:1784}}
