Jul 23 04:30:25.422602 np0000005708 devstack@neutron-api.service[90836]: DEBUG neutron.plugins.ml2.drivers.ovn.mech_driver.mech_driver [None req-9540e45f-c800-4c7c-ae95-965b5f26c13c None None] Hash Ring setup using WSGI start time 2026-07-23 04:30:18+00:00 {{(pid=90836) _init_hash_ring /opt/stack/neutron/neutron/plugins/ml2/drivers/ovn/mech_driver/mech_driver.py:404}}
Jul 23 04:30:25.422716 np0000005708 devstack@neutron-api.service[90838]: DEBUG neutron.api.extensions [None req-65303a9f-ef34-4418-bd9c-ce882a67b354 None None] Loading extension file: segments_peer_subnet_host_routes.py {{(pid=90838) _load_all_extensions_from_path /opt/stack/neutron/neutron/api/extensions.py:449}}
Jul 23 04:30:25.422965 np0000005708 devstack@neutron-api.service[90838]: DEBUG neutron.api.extensions [None req-65303a9f-ef34-4418-bd9c-ce882a67b354 None None] Ext name="Segments peer-subnet host routes" alias="segments-peer-subnet-host-routes" description="Add host routes to subnets on a routed network (segments)" updated="2018-06-12T10:00:00-00:00" {{(pid=90838) _check_extension /opt/stack/neutron/neutron/api/extensions.py:415}}
Jul 23 04:30:25.423190 np0000005708 devstack@neutron-api.service[90838]: INFO neutron.api.extensions [None req-65303a9f-ef34-4418-bd9c-ce882a67b354 None None] Extension segments-peer-subnet-host-routes not supported by any of loaded plugins
Jul 23 04:30:25.423276 np0000005708 devstack@neutron-api.service[90838]: DEBUG neutron.api.extensions [None req-65303a9f-ef34-4418-bd9c-ce882a67b354 None None] Loading extension file: servicetype.py {{(pid=90838) _load_all_extensions_from_path /opt/stack/neutron/neutron/api/extensions.py:449}}
Jul 23 04:30:25.423646 np0000005708 devstack@neutron-api.service[90838]: DEBUG neutron.api.extensions [None req-65303a9f-ef34-4418-bd9c-ce882a67b354 None None] Ext name="Neutron Service Type Management" alias="service-type" description="API for retrieving service providers for Neutron advanced services" updated="2013-01-20T00:00:00-00:00" {{(pid=90838) _check_extension /opt/stack/neutron/neutron/api/extensions.py:415}}
Jul 23 04:30:25.423794 np0000005708 devstack@neutron-api.service[90838]: INFO neutron.api.extensions [None req-65303a9f-ef34-4418-bd9c-ce882a67b354 None None] Loaded extension: service-type
Jul 23 04:30:25.423919 np0000005708 devstack@neutron-api.service[90838]: DEBUG neutron.api.extensions [None req-65303a9f-ef34-4418-bd9c-ce882a67b354 None None] Loading extension file: sorting.py {{(pid=90838) _load_all_extensions_from_path /opt/stack/neutron/neutron/api/extensions.py:449}}
Jul 23 04:30:25.424215 np0000005708 devstack@neutron-api.service[90838]: DEBUG neutron.api.extensions [None req-65303a9f-ef34-4418-bd9c-ce882a67b354 None None] Ext name="Sorting support" alias="sorting" description="Extension that indicates that sorting is enabled." updated="2016-06-12T00:00:00-00:00" {{(pid=90838) _check_extension /opt/stack/neutron/neutron/api/extensions.py:415}}
Jul 23 04:30:25.424315 np0000005708 devstack@neutron-api.service[90838]: INFO neutron.api.extensions [None req-65303a9f-ef34-4418-bd9c-ce882a67b354 None None] Loaded extension: sorting
Jul 23 04:30:25.424408 np0000005708 devstack@neutron-api.service[90838]: DEBUG neutron.api.extensions [None req-65303a9f-ef34-4418-bd9c-ce882a67b354 None None] Loading extension file: standard_attr_segment.py {{(pid=90838) _load_all_extensions_from_path /opt/stack/neutron/neutron/api/extensions.py:449}}
Jul 23 04:30:25.424628 np0000005708 devstack@neutron-api.service[90838]: DEBUG neutron.api.extensions [None req-65303a9f-ef34-4418-bd9c-ce882a67b354 None None] Ext name="Standard Attribute Segment Extension" alias="standard-attr-segment" description="Add standard attributes to Segment resource" updated="2018-04-09T10:00:00-00:00" {{(pid=90838) _check_extension /opt/stack/neutron/neutron/api/extensions.py:415}}
Jul 23 04:30:25.424864 np0000005708 devstack@neutron-api.service[90838]: INFO neutron.api.extensions [None req-65303a9f-ef34-4418-bd9c-ce882a67b354 None None] Extension standard-attr-segment not supported by any of loaded plugins
Jul 23 04:30:25.424989 np0000005708 devstack@neutron-api.service[90838]: DEBUG neutron.api.extensions [None req-65303a9f-ef34-4418-bd9c-ce882a67b354 None None] Loading extension file: standardattrdescription.py {{(pid=90838) _load_all_extensions_from_path /opt/stack/neutron/neutron/api/extensions.py:449}}
Jul 23 04:30:25.425292 np0000005708 devstack@neutron-api.service[90835]: DEBUG oslo_concurrency.processutils [None req-1f3f8953-e071-494f-b6a8-06e8b7a648f1 None None] CMD "ovsdb-client transact ssl:10.4.3.192:6641 --timeout 180 -p /opt/stack/data/CA/int-ca/private/devstack-cert.key -c /opt/stack/data/CA/int-ca/devstack-cert.crt -C /opt/stack/data/CA/int-ca/ca-chain.pem ["OVN_Northbound", {"op": "wait", "timeout": 0, "table": "Port_Group", "where": [["name", "==", "neutron_pg_drop"]], "until": "==", "rows": []}, {"op": "insert", "table": "ACL", "row": {"action": "drop", "direction": "to-lport", "match": "outport == @neutron_pg_drop && ip", "priority": 1001}, "uuid-name": "droptoport"}, {"op": "insert", "table": "ACL", "row": {"action": "drop", "direction": "from-lport", "match": "inport == @neutron_pg_drop && ip", "priority": 1001}, "uuid-name": "dropfromport"}, {"op": "insert", "table": "Port_Group", "row": {"name": "neutron_pg_drop", "acls": ["set", [["named-uuid", "droptoport"], ["named-uuid", "dropfromport"]]]}}]" returned: 0 in 0.035s {{(pid=90835) execute /opt/stack/data/venv/lib/python3.12/site-packages/oslo_concurrency/processutils.py:468}}
Jul 23 04:30:25.425355 np0000005708 devstack@neutron-api.service[90838]: DEBUG neutron.api.extensions [None req-65303a9f-ef34-4418-bd9c-ce882a67b354 None None] Ext name="standard-attr-description" alias="standard-attr-description" description="Extension to add descriptions to standard attributes" updated="2016-02-10T10:00:00-00:00" {{(pid=90838) _check_extension /opt/stack/neutron/neutron/api/extensions.py:415}}
Jul 23 04:30:25.425455 np0000005708 devstack@neutron-api.service[90838]: INFO neutron.api.extensions [None req-65303a9f-ef34-4418-bd9c-ce882a67b354 None None] Loaded extension: standard-attr-description
Jul 23 04:30:25.425537 np0000005708 devstack@neutron-api.service[90838]: DEBUG neutron.api.extensions [None req-65303a9f-ef34-4418-bd9c-ce882a67b354 None None] Loading extension file: stateful_security_group.py {{(pid=90838) _load_all_extensions_from_path /opt/stack/neutron/neutron/api/extensions.py:449}}
Jul 23 04:30:25.425765 np0000005708 devstack@neutron-api.service[90835]: DEBUG neutron_lib.callbacks.manager [None req-1f3f8953-e071-494f-b6a8-06e8b7a648f1 None None] Publish callbacks ['neutron.plugins.ml2.drivers.ovn.mech_driver.mech_driver.OVNMechanismDriver.post_fork_initialize-391191', 'neutron.services.pvlan.drivers.ovn.driver._initialize_pvlan_pg_drop-8131613065650', 'neutron.services.ovn_l3.plugin.OVNL3RouterPlugin._post_fork_initialize-7815'] for process (None), after_init {{(pid=90835) _notify_loop /opt/stack/data/venv/lib/python3.12/site-packages/neutron_lib/callbacks/manager.py:184}}
Jul 23 04:30:25.425818 np0000005708 devstack@neutron-api.service[90838]: DEBUG neutron.api.extensions [None req-65303a9f-ef34-4418-bd9c-ce882a67b354 None None] Ext name="Stateful security group" alias="stateful-security-group" description="Indicates if the security group is stateful or not" updated="2019-11-26T09:00:00-00:00" {{(pid=90838) _check_extension /opt/stack/neutron/neutron/api/extensions.py:415}}
Jul 23 04:30:25.425943 np0000005708 devstack@neutron-api.service[90838]: INFO neutron.api.extensions [None req-65303a9f-ef34-4418-bd9c-ce882a67b354 None None] Loaded extension: stateful-security-group
Jul 23 04:30:25.426022 np0000005708 devstack@neutron-api.service[90838]: DEBUG neutron.api.extensions [None req-65303a9f-ef34-4418-bd9c-ce882a67b354 None None] Loading extension file: stdattrs_common.py {{(pid=90838) _load_all_extensions_from_path /opt/stack/neutron/neutron/api/extensions.py:449}}
Jul 23 04:30:25.426140 np0000005708 devstack@neutron-api.service[90835]: DEBUG oslo_concurrency.lockutils [None req-1f3f8953-e071-494f-b6a8-06e8b7a648f1 None None] Acquiring lock "singleton_lock" {{(pid=90835) lock /opt/stack/data/venv/lib/python3.12/site-packages/oslo_concurrency/lockutils.py:396}}
Jul 23 04:30:25.426222 np0000005708 devstack@neutron-api.service[90838]: WARNING neutron.api.extensions [None req-65303a9f-ef34-4418-bd9c-ce882a67b354 None None] Did not find expected name "Stdattrs_common" in /opt/stack/neutron/neutron/extensions/stdattrs_common.py
Jul 23 04:30:25.426251 np0000005708 devstack@neutron-api.service[90835]: DEBUG oslo_concurrency.lockutils [None req-1f3f8953-e071-494f-b6a8-06e8b7a648f1 None None] Acquired lock "singleton_lock" {{(pid=90835) lock /opt/stack/data/venv/lib/python3.12/site-packages/oslo_concurrency/lockutils.py:399}}
Jul 23 04:30:25.426305 np0000005708 devstack@neutron-api.service[90838]: DEBUG neutron.api.extensions [None req-65303a9f-ef34-4418-bd9c-ce882a67b354 None None] Loading extension file: subnet_dns_publish_fixed_ip.py {{(pid=90838) _load_all_extensions_from_path /opt/stack/neutron/neutron/api/extensions.py:449}}
Jul 23 04:30:25.426476 np0000005708 devstack@neutron-api.service[90835]: DEBUG oslo_concurrency.lockutils [None req-1f3f8953-e071-494f-b6a8-06e8b7a648f1 None None] Releasing lock "singleton_lock" {{(pid=90835) lock /opt/stack/data/venv/lib/python3.12/site-packages/oslo_concurrency/lockutils.py:419}}
Jul 23 04:30:25.426543 np0000005708 devstack@neutron-api.service[90838]: DEBUG neutron.api.extensions [None req-65303a9f-ef34-4418-bd9c-ce882a67b354 None None] Ext name="Subnet DNS publish fixed IP" alias="subnet-dns-publish-fixed-ip" description="Support choosing to publish DNS records for IPs from a subnet" updated="2019-05-24T10:00:00-00:00" {{(pid=90838) _check_extension /opt/stack/neutron/neutron/api/extensions.py:415}}
Jul 23 04:30:25.426708 np0000005708 devstack@neutron-api.service[90838]: INFO neutron.api.extensions [None req-65303a9f-ef34-4418-bd9c-ce882a67b354 None None] Loaded extension: subnet-dns-publish-fixed-ip
Jul 23 04:30:25.426790 np0000005708 devstack@neutron-api.service[90838]: DEBUG neutron.api.extensions [None req-65303a9f-ef34-4418-bd9c-ce882a67b354 None None] Loading extension file: subnet_external_network.py {{(pid=90838) _load_all_extensions_from_path /opt/stack/neutron/neutron/api/extensions.py:449}}
Jul 23 04:30:25.427034 np0000005708 devstack@neutron-api.service[90838]: DEBUG neutron.api.extensions [None req-65303a9f-ef34-4418-bd9c-ce882a67b354 None None] Ext name="Subnet belongs to an external network" alias="subnet-external-network" description="Informs if the subnet belongs to an external network" updated="2024-02-05T18:00:00-00:00" {{(pid=90838) _check_extension /opt/stack/neutron/neutron/api/extensions.py:415}}
Jul 23 04:30:25.427220 np0000005708 devstack@neutron-api.service[90838]: INFO neutron.api.extensions [None req-65303a9f-ef34-4418-bd9c-ce882a67b354 None None] Loaded extension: subnet-external-network
Jul 23 04:30:25.427294 np0000005708 devstack@neutron-api.service[90838]: DEBUG neutron.api.extensions [None req-65303a9f-ef34-4418-bd9c-ce882a67b354 None None] Loading extension file: subnet_onboard.py {{(pid=90838) _load_all_extensions_from_path /opt/stack/neutron/neutron/api/extensions.py:449}}
Jul 23 04:30:25.427552 np0000005708 devstack@neutron-api.service[90838]: DEBUG neutron.api.extensions [None req-65303a9f-ef34-4418-bd9c-ce882a67b354 None None] Ext name="Subnet Onboard" alias="subnet_onboard" description="Provides support for onboarding subnets into subnet pools" updated="2018-12-18T09:00:00-00:00" {{(pid=90838) _check_extension /opt/stack/neutron/neutron/api/extensions.py:415}}
Jul 23 04:30:25.427713 np0000005708 devstack@neutron-api.service[90838]: INFO neutron.api.extensions [None req-65303a9f-ef34-4418-bd9c-ce882a67b354 None None] Loaded extension: subnet_onboard
Jul 23 04:30:25.427786 np0000005708 devstack@neutron-api.service[90838]: DEBUG neutron.api.extensions [None req-65303a9f-ef34-4418-bd9c-ce882a67b354 None None] Loading extension file: subnet_segmentid_writable.py {{(pid=90838) _load_all_extensions_from_path /opt/stack/neutron/neutron/api/extensions.py:449}}
Jul 23 04:30:25.428042 np0000005708 devstack@neutron-api.service[90838]: DEBUG neutron.api.extensions [None req-65303a9f-ef34-4418-bd9c-ce882a67b354 None None] Ext name="Subnet SegmentID (writable)" alias="subnet-segmentid-writable" description="Provides a writable segment_id attribute for a subnet resource." updated="2018-03-12T00:00:00-00:00" {{(pid=90838) _check_extension /opt/stack/neutron/neutron/api/extensions.py:415}}
Jul 23 04:30:25.428197 np0000005708 devstack@neutron-api.service[90838]: INFO neutron.api.extensions [None req-65303a9f-ef34-4418-bd9c-ce882a67b354 None None] Extension subnet-segmentid-writable not supported by any of loaded plugins
Jul 23 04:30:25.428279 np0000005708 devstack@neutron-api.service[90835]: DEBUG neutron.plugins.ml2.drivers.ovn.mech_driver.mech_driver [None req-1f3f8953-e071-494f-b6a8-06e8b7a648f1 None None] Hash Ring setup using WSGI start time 2026-07-23 04:30:18+00:00 {{(pid=90835) _init_hash_ring /opt/stack/neutron/neutron/plugins/ml2/drivers/ovn/mech_driver/mech_driver.py:404}}
Jul 23 04:30:25.428307 np0000005708 devstack@neutron-api.service[90838]: DEBUG neutron.api.extensions [None req-65303a9f-ef34-4418-bd9c-ce882a67b354 None None] Loading extension file: subnet_service_types.py {{(pid=90838) _load_all_extensions_from_path /opt/stack/neutron/neutron/api/extensions.py:449}}
Jul 23 04:30:25.428520 np0000005708 devstack@neutron-api.service[90838]: DEBUG neutron.api.extensions [None req-65303a9f-ef34-4418-bd9c-ce882a67b354 None None] Ext name="Subnet service types" alias="subnet-service-types" description="Provides ability to set the subnet service_types field" updated="2016-03-15T18:00:00-00:00" {{(pid=90838) _check_extension /opt/stack/neutron/neutron/api/extensions.py:415}}
Jul 23 04:30:25.428683 np0000005708 devstack@neutron-api.service[90838]: INFO neutron.api.extensions [None req-65303a9f-ef34-4418-bd9c-ce882a67b354 None None] Loaded extension: subnet-service-types
Jul 23 04:30:25.428770 np0000005708 devstack@neutron-api.service[90838]: DEBUG neutron.api.extensions [None req-65303a9f-ef34-4418-bd9c-ce882a67b354 None None] Loading extension file: subnetallocation.py {{(pid=90838) _load_all_extensions_from_path /opt/stack/neutron/neutron/api/extensions.py:449}}
Jul 23 04:30:25.428946 np0000005708 devstack@neutron-api.service[90836]: INFO neutron.db.ovn_hash_ring_db [None req-9540e45f-c800-4c7c-ae95-965b5f26c13c None None] Nodes from host "np0000005708" and group "mechanism_driver" removed from the Hash Ring created at 2026-07-23 04:30:18+00:00
Jul 23 04:30:25.429043 np0000005708 devstack@neutron-api.service[90838]: DEBUG neutron.api.extensions [None req-65303a9f-ef34-4418-bd9c-ce882a67b354 None None] Ext name="Subnet Allocation" alias="subnet_allocation" description="Enables allocation of subnets from a subnet pool" updated="2015-03-30T10:00:00-00:00" {{(pid=90838) _check_extension /opt/stack/neutron/neutron/api/extensions.py:415}}
Jul 23 04:30:25.429198 np0000005708 devstack@neutron-api.service[90838]: INFO neutron.api.extensions [None req-65303a9f-ef34-4418-bd9c-ce882a67b354 None None] Loaded extension: subnet_allocation
Jul 23 04:30:25.429283 np0000005708 devstack@neutron-api.service[90838]: DEBUG neutron.api.extensions [None req-65303a9f-ef34-4418-bd9c-ce882a67b354 None None] Loading extension file: subnetpool_prefix_ops.py {{(pid=90838) _load_all_extensions_from_path /opt/stack/neutron/neutron/api/extensions.py:449}}
Jul 23 04:30:25.429546 np0000005708 devstack@neutron-api.service[90838]: DEBUG neutron.api.extensions [None req-65303a9f-ef34-4418-bd9c-ce882a67b354 None None] Ext name="Subnet Pool Prefix Operations" alias="subnetpool-prefix-ops" description="Provides support for adjusting the prefix list of subnet pools" updated="2019-02-08T10:00:00-00:00" {{(pid=90838) _check_extension /opt/stack/neutron/neutron/api/extensions.py:415}}
Jul 23 04:30:25.429717 np0000005708 devstack@neutron-api.service[90838]: INFO neutron.api.extensions [None req-65303a9f-ef34-4418-bd9c-ce882a67b354 None None] Loaded extension: subnetpool-prefix-ops
Jul 23 04:30:25.429805 np0000005708 devstack@neutron-api.service[90838]: DEBUG neutron.api.extensions [None req-65303a9f-ef34-4418-bd9c-ce882a67b354 None None] Loading extension file: tag_creation.py {{(pid=90838) _load_all_extensions_from_path /opt/stack/neutron/neutron/api/extensions.py:449}}
Jul 23 04:30:25.430052 np0000005708 devstack@neutron-api.service[90838]: DEBUG neutron.api.extensions [None req-65303a9f-ef34-4418-bd9c-ce882a67b354 None None] Ext name="Tag creation extension" alias="tag-creation" description="Allow to create multiple tags for a resource" updated="2024-23-07T10:00:00-00:00" {{(pid=90838) _check_extension /opt/stack/neutron/neutron/api/extensions.py:415}}
Jul 23 04:30:25.430205 np0000005708 devstack@neutron-api.service[90838]: INFO neutron.api.extensions [None req-65303a9f-ef34-4418-bd9c-ce882a67b354 None None] Loaded extension: tag-creation
Jul 23 04:30:25.430284 np0000005708 devstack@neutron-api.service[90838]: DEBUG neutron.api.extensions [None req-65303a9f-ef34-4418-bd9c-ce882a67b354 None None] Loading extension file: tag_ports_during_bulk_creation.py {{(pid=90838) _load_all_extensions_from_path /opt/stack/neutron/neutron/api/extensions.py:449}}
Jul 23 04:30:25.430513 np0000005708 devstack@neutron-api.service[90838]: DEBUG neutron.api.extensions [None req-65303a9f-ef34-4418-bd9c-ce882a67b354 None None] Ext name="Tag Ports During Bulk Creation" alias="tag-ports-during-bulk-creation" description="Allow to tag ports during bulk creation" updated="2019-12-29T19:00:00-00:00" {{(pid=90838) _check_extension /opt/stack/neutron/neutron/api/extensions.py:415}}
Jul 23 04:30:25.430661 np0000005708 devstack@neutron-api.service[90838]: INFO neutron.api.extensions [None req-65303a9f-ef34-4418-bd9c-ce882a67b354 None None] Extension tag-ports-during-bulk-creation not supported by any of loaded plugins
Jul 23 04:30:25.430771 np0000005708 devstack@neutron-api.service[90838]: DEBUG neutron.api.extensions [None req-65303a9f-ef34-4418-bd9c-ce882a67b354 None None] Loading extension file: tagging.py {{(pid=90838) _load_all_extensions_from_path /opt/stack/neutron/neutron/api/extensions.py:449}}
Jul 23 04:30:25.431637 np0000005708 devstack@neutron-api.service[90838]: DEBUG neutron.api.extensions [None req-65303a9f-ef34-4418-bd9c-ce882a67b354 None None] Ext name="Tag support for resources with standard attribute: port, subnet, subnetpool, network, security_group, router, floatingip, policy, trunk, network_segment_range" alias="standard-attr-tag" description="Enables to set tag on resources with standard attribute." updated="2017-01-01T00:00:00-00:00" {{(pid=90838) _check_extension /opt/stack/neutron/neutron/api/extensions.py:415}}
Jul 23 04:30:25.431881 np0000005708 devstack@neutron-api.service[90838]: INFO neutron.api.extensions [None req-65303a9f-ef34-4418-bd9c-ce882a67b354 None None] Loaded extension: standard-attr-tag
Jul 23 04:30:25.431983 np0000005708 devstack@neutron-api.service[90838]: DEBUG neutron.api.extensions [None req-65303a9f-ef34-4418-bd9c-ce882a67b354 None None] Loading extension file: timestamp.py {{(pid=90838) _load_all_extensions_from_path /opt/stack/neutron/neutron/api/extensions.py:449}}
Jul 23 04:30:25.432221 np0000005708 devstack@neutron-api.service[90836]: INFO neutron.db.ovn_hash_ring_db [None req-9540e45f-c800-4c7c-ae95-965b5f26c13c None None] Node cd057c51a86b5f16b870d905e4c9cbb8 from host "np0000005708" and group "mechanism_driver" added to the Hash Ring
Jul 23 04:30:25.432269 np0000005708 devstack@neutron-api.service[90838]: DEBUG neutron.api.extensions [None req-65303a9f-ef34-4418-bd9c-ce882a67b354 None None] Ext name="Resource timestamps" alias="standard-attr-timestamp" description="Adds created_at and updated_at fields to all Neutron resources that have Neutron standard attributes." updated="2016-09-12T10:00:00-00:00" {{(pid=90838) _check_extension /opt/stack/neutron/neutron/api/extensions.py:415}}
Jul 23 04:30:25.432474 np0000005708 devstack@neutron-api.service[90838]: INFO neutron.api.extensions [None req-65303a9f-ef34-4418-bd9c-ce882a67b354 None None] Loaded extension: standard-attr-timestamp
Jul 23 04:30:25.432568 np0000005708 devstack@neutron-api.service[90838]: DEBUG neutron.api.extensions [None req-65303a9f-ef34-4418-bd9c-ce882a67b354 None None] Loading extension file: trunk.py {{(pid=90838) _load_all_extensions_from_path /opt/stack/neutron/neutron/api/extensions.py:449}}
Jul 23 04:30:25.432933 np0000005708 devstack@neutron-api.service[90838]: DEBUG neutron.api.extensions [None req-65303a9f-ef34-4418-bd9c-ce882a67b354 None None] Ext name="Trunk Extension" alias="trunk" description="Provides support for trunk ports" updated="2016-01-01T10:00:00-00:00" {{(pid=90838) _check_extension /opt/stack/neutron/neutron/api/extensions.py:415}}
Jul 23 04:30:25.433120 np0000005708 devstack@neutron-api.service[90838]: INFO neutron.api.extensions [None req-65303a9f-ef34-4418-bd9c-ce882a67b354 None None] Extension trunk not supported by any of loaded plugins
Jul 23 04:30:25.433238 np0000005708 devstack@neutron-api.service[90838]: DEBUG neutron.api.extensions [None req-65303a9f-ef34-4418-bd9c-ce882a67b354 None None] Loading extension file: trunk_details.py {{(pid=90838) _load_all_extensions_from_path /opt/stack/neutron/neutron/api/extensions.py:449}}
Jul 23 04:30:25.433544 np0000005708 devstack@neutron-api.service[90838]: DEBUG neutron.api.extensions [None req-65303a9f-ef34-4418-bd9c-ce882a67b354 None None] Ext name="Trunk port details" alias="trunk-details" description="Expose trunk port details" updated="2016-01-01T10:00:00-00:00" {{(pid=90838) _check_extension /opt/stack/neutron/neutron/api/extensions.py:415}}
Jul 23 04:30:25.433771 np0000005708 devstack@neutron-api.service[90838]: INFO neutron.api.extensions [None req-65303a9f-ef34-4418-bd9c-ce882a67b354 None None] Extension trunk-details not supported by any of loaded plugins
Jul 23 04:30:25.433927 np0000005708 devstack@neutron-api.service[90838]: DEBUG neutron.api.extensions [None req-65303a9f-ef34-4418-bd9c-ce882a67b354 None None] Loading extension file: uplink_status_propagation.py {{(pid=90838) _load_all_extensions_from_path /opt/stack/neutron/neutron/api/extensions.py:449}}
Jul 23 04:30:25.434238 np0000005708 devstack@neutron-api.service[90838]: DEBUG neutron.api.extensions [None req-65303a9f-ef34-4418-bd9c-ce882a67b354 None None] Ext name="Uplink status propagation extension" alias="uplink-status-propagation" description="Provides ability to propagate port uplink status." updated="2018-05-31T18:00:00-00:00" {{(pid=90838) _check_extension /opt/stack/neutron/neutron/api/extensions.py:415}}
Jul 23 04:30:25.434457 np0000005708 devstack@neutron-api.service[90838]: INFO neutron.api.extensions [None req-65303a9f-ef34-4418-bd9c-ce882a67b354 None None] Extension uplink-status-propagation not supported by any of loaded plugins
Jul 23 04:30:25.434581 np0000005708 devstack@neutron-api.service[90838]: DEBUG neutron.api.extensions [None req-65303a9f-ef34-4418-bd9c-ce882a67b354 None None] Loading extension file: uplink_status_propagation_updatable.py {{(pid=90838) _load_all_extensions_from_path /opt/stack/neutron/neutron/api/extensions.py:449}}
Jul 23 04:30:25.434928 np0000005708 devstack@neutron-api.service[90838]: DEBUG neutron.api.extensions [None req-65303a9f-ef34-4418-bd9c-ce882a67b354 None None] Ext name="Uplink status propagation updatable extension" alias="uplink-status-propagation-updatable" description="Provides ability to update the port uplink status." updated="2024-09-03T18:00:00-00:00" {{(pid=90838) _check_extension /opt/stack/neutron/neutron/api/extensions.py:415}}
Jul 23 04:30:25.435145 np0000005708 devstack@neutron-api.service[90838]: INFO neutron.api.extensions [None req-65303a9f-ef34-4418-bd9c-ce882a67b354 None None] Extension uplink-status-propagation-updatable not supported by any of loaded plugins
Jul 23 04:30:25.435267 np0000005708 devstack@neutron-api.service[90838]: DEBUG neutron.api.extensions [None req-65303a9f-ef34-4418-bd9c-ce882a67b354 None None] Loading extension file: vlantransparent.py {{(pid=90838) _load_all_extensions_from_path /opt/stack/neutron/neutron/api/extensions.py:449}}
Jul 23 04:30:25.435882 np0000005708 devstack@neutron-api.service[90838]: DEBUG neutron.api.extensions [None req-65303a9f-ef34-4418-bd9c-ce882a67b354 None None] Ext name="Vlantransparent" alias="vlan-transparent" description="Provides Vlan Transparent Networks" updated="2015-03-23T09:00:00-00:00" {{(pid=90838) _check_extension /opt/stack/neutron/neutron/api/extensions.py:415}}
Jul 23 04:30:25.436104 np0000005708 devstack@neutron-api.service[90838]: INFO neutron.api.extensions [None req-65303a9f-ef34-4418-bd9c-ce882a67b354 None None] Loaded extension: vlan-transparent
Jul 23 04:30:25.436195 np0000005708 devstack@neutron-api.service[90836]: DEBUG neutron.plugins.ml2.drivers.ovn.mech_driver.mech_driver [None req-9540e45f-c800-4c7c-ae95-965b5f26c13c None None] Hash Ring setup, this worker has detected 2 OVN hash ring registers in the database {{(pid=90836) _init_hash_ring /opt/stack/neutron/neutron/plugins/ml2/drivers/ovn/mech_driver/mech_driver.py:414}}
Jul 23 04:30:25.437995 np0000005708 devstack@neutron-api.service[90838]: INFO neutron.quota.resource_registry [None req-65303a9f-ef34-4418-bd9c-ce882a67b354 None None] Creating instance of TrackedResource for resource:network
Jul 23 04:30:25.438237 np0000005708 devstack@neutron-api.service[90838]: INFO neutron.quota.resource_registry [None req-65303a9f-ef34-4418-bd9c-ce882a67b354 None None] Creating instance of TrackedResource for resource:subnet
Jul 23 04:30:25.438417 np0000005708 devstack@neutron-api.service[90838]: INFO neutron.quota.resource_registry [None req-65303a9f-ef34-4418-bd9c-ce882a67b354 None None] Creating instance of TrackedResource for resource:subnetpool
Jul 23 04:30:25.438576 np0000005708 devstack@neutron-api.service[90838]: INFO neutron.quota.resource_registry [None req-65303a9f-ef34-4418-bd9c-ce882a67b354 None None] Creating instance of TrackedResource for resource:port
Jul 23 04:30:25.440128 np0000005708 devstack@neutron-api.service[90835]: INFO neutron.db.ovn_hash_ring_db [None req-1f3f8953-e071-494f-b6a8-06e8b7a648f1 None None] Nodes from host "np0000005708" and group "mechanism_driver" removed from the Hash Ring created at 2026-07-23 04:30:18+00:00
Jul 23 04:30:25.440190 np0000005708 devstack@neutron-api.service[90838]: INFO neutron.quota.resource_registry [None req-65303a9f-ef34-4418-bd9c-ce882a67b354 None None] Creating instance of CountableResource for resource:router_route
Jul 23 04:30:25.440336 np0000005708 devstack@neutron-api.service[90838]: DEBUG neutron.api.v2.resource_helper [None req-65303a9f-ef34-4418-bd9c-ce882a67b354 None None] Service L3_ROUTER_NAT assigned prefix: {{(pid=90838) build_resource_info /opt/stack/neutron/neutron/api/v2/resource_helper.py:77}}
Jul 23 04:30:25.440783 np0000005708 devstack@neutron-api.service[90838]: DEBUG neutron.api.v2.resource_helper [None req-65303a9f-ef34-4418-bd9c-ce882a67b354 None None] Service FLAVORS assigned prefix: {{(pid=90838) build_resource_info /opt/stack/neutron/neutron/api/v2/resource_helper.py:77}}
Jul 23 04:30:25.440821 np0000005708 devstack@neutron-api.service[90836]: DEBUG neutron.plugins.ml2.drivers.ovn.mech_driver.ovsdb.maintenance [None req-9540e45f-c800-4c7c-ae95-965b5f26c13c None None] Periodic task found: HashRingHealthCheckPeriodics.touch_hash_ring_node {{(pid=90836) add_periodics /opt/stack/neutron/neutron/plugins/ml2/drivers/ovn/mech_driver/ovsdb/maintenance.py:146}}
Jul 23 04:30:25.441760 np0000005708 devstack@neutron-api.service[90838]: DEBUG neutron.api.v2.resource_helper [None req-65303a9f-ef34-4418-bd9c-ce882a67b354 None None] Service L3_ROUTER_NAT assigned prefix: {{(pid=90838) build_resource_info /opt/stack/neutron/neutron/api/v2/resource_helper.py:77}}
Jul 23 04:30:25.441987 np0000005708 devstack@neutron-api.service[90836]: INFO neutron.plugins.ml2.drivers.ovn.mech_driver.mech_driver [None req-9540e45f-c800-4c7c-ae95-965b5f26c13c None None] Hash Ring probing thread for node cd057c51a86b5f16b870d905e4c9cbb8 has started
Jul 23 04:30:25.442439 np0000005708 devstack@neutron-api.service[90838]: DEBUG neutron.api.v2.resource_helper [None req-65303a9f-ef34-4418-bd9c-ce882a67b354 None None] Service L3_ROUTER_NAT assigned prefix: {{(pid=90838) build_resource_info /opt/stack/neutron/neutron/api/v2/resource_helper.py:77}}
Jul 23 04:30:25.442439 np0000005708 devstack@neutron-api.service[90838]: INFO neutron.quota.resource_registry [None req-65303a9f-ef34-4418-bd9c-ce882a67b354 None None] Creating instance of TrackedResource for resource:router
Jul 23 04:30:25.442541 np0000005708 devstack@neutron-api.service[90836]: INFO neutron.plugins.ml2.drivers.ovn.mech_driver.ovsdb.impl_idl_ovn [None req-9540e45f-c800-4c7c-ae95-965b5f26c13c None None] Getting OvsdbNbOvnIdl for WorkerService with retry
Jul 23 04:30:25.442935 np0000005708 devstack@neutron-api.service[90838]: INFO neutron.quota.resource_registry [None req-65303a9f-ef34-4418-bd9c-ce882a67b354 None None] Creating instance of TrackedResource for resource:floatingip
Jul 23 04:30:25.443346 np0000005708 devstack@neutron-api.service[90835]: INFO neutron.db.ovn_hash_ring_db [None req-1f3f8953-e071-494f-b6a8-06e8b7a648f1 None None] Node 405cd4a9f1ae5b06850d3cb9a14cba06 from host "np0000005708" and group "mechanism_driver" added to the Hash Ring
Jul 23 04:30:25.444054 np0000005708 devstack@neutron-api.service[90838]: INFO neutron.quota.resource_registry [None req-65303a9f-ef34-4418-bd9c-ce882a67b354 None None] Creating instance of CountableResource for resource:rbac_policy
Jul 23 04:30:25.444950 np0000005708 devstack@neutron-api.service[90838]: INFO neutron.quota.resource_registry [None req-65303a9f-ef34-4418-bd9c-ce882a67b354 None None] Creating instance of TrackedResource for resource:security_group
Jul 23 04:30:25.445562 np0000005708 devstack@neutron-api.service[90838]: INFO neutron.quota.resource_registry [None req-65303a9f-ef34-4418-bd9c-ce882a67b354 None None] Creating instance of TrackedResource for resource:security_group_rule
Jul 23 04:30:25.446316 np0000005708 devstack@neutron-api.service[90838]: DEBUG neutron.api.v2.resource_helper [None req-65303a9f-ef34-4418-bd9c-ce882a67b354 None None] Service CORE assigned prefix: {{(pid=90838) build_resource_info /opt/stack/neutron/neutron/api/v2/resource_helper.py:77}}
Jul 23 04:30:25.446484 np0000005708 devstack@neutron-api.service[90838]: INFO neutron.quota.resource_registry [None req-65303a9f-ef34-4418-bd9c-ce882a67b354 None None] Creating instance of TrackedResource for resource:subnetpool
Jul 23 04:30:25.446699 np0000005708 devstack@neutron-api.service[90838]: WARNING neutron.quota.resource_registry [None req-65303a9f-ef34-4418-bd9c-ce882a67b354 None None] subnetpool is already registered
Jul 23 04:30:25.447115 np0000005708 devstack@neutron-api.service[90838]: DEBUG neutron.api.v2.resource_helper [None req-65303a9f-ef34-4418-bd9c-ce882a67b354 None None] Service CORE assigned prefix: {{(pid=90838) build_resource_info /opt/stack/neutron/neutron/api/v2/resource_helper.py:77}}
Jul 23 04:30:25.447372 np0000005708 devstack@neutron-api.service[90838]: INFO neutron.quota.resource_registry [None req-65303a9f-ef34-4418-bd9c-ce882a67b354 None None] Creating instance of TrackedResource for resource:subnetpool
Jul 23 04:30:25.447536 np0000005708 devstack@neutron-api.service[90838]: WARNING neutron.quota.resource_registry [None req-65303a9f-ef34-4418-bd9c-ce882a67b354 None None] subnetpool is already registered
Jul 23 04:30:25.447691 np0000005708 devstack@neutron-api.service[90835]: DEBUG neutron.plugins.ml2.drivers.ovn.mech_driver.mech_driver [None req-1f3f8953-e071-494f-b6a8-06e8b7a648f1 None None] Hash Ring setup, this worker has detected 3 OVN hash ring registers in the database {{(pid=90835) _init_hash_ring /opt/stack/neutron/neutron/plugins/ml2/drivers/ovn/mech_driver/mech_driver.py:414}}
Jul 23 04:30:25.449756 np0000005708 devstack@neutron-api.service[90838]: INFO neutron.quota.resource_registry [None req-65303a9f-ef34-4418-bd9c-ce882a67b354 None None] Creating instance of CountableResource for resource:router_route
Jul 23 04:30:25.449900 np0000005708 devstack@neutron-api.service[90838]: WARNING neutron.quota.resource_registry [None req-65303a9f-ef34-4418-bd9c-ce882a67b354 None None] router_route is already registered
Jul 23 04:30:25.450096 np0000005708 devstack@neutron-api.service[90838]: DEBUG neutron.api.v2.resource_helper [None req-65303a9f-ef34-4418-bd9c-ce882a67b354 None None] Service L3_ROUTER_NAT assigned prefix: {{(pid=90838) build_resource_info /opt/stack/neutron/neutron/api/v2/resource_helper.py:77}}
Jul 23 04:30:25.450508 np0000005708 devstack@neutron-api.service[90838]: DEBUG neutron.api.v2.resource_helper [None req-65303a9f-ef34-4418-bd9c-ce882a67b354 None None] Service FLAVORS assigned prefix: {{(pid=90838) build_resource_info /opt/stack/neutron/neutron/api/v2/resource_helper.py:77}}
Jul 23 04:30:25.451415 np0000005708 devstack@neutron-api.service[90838]: DEBUG neutron.api.v2.resource_helper [None req-65303a9f-ef34-4418-bd9c-ce882a67b354 None None] Service L3_ROUTER_NAT assigned prefix: {{(pid=90838) build_resource_info /opt/stack/neutron/neutron/api/v2/resource_helper.py:77}}
Jul 23 04:30:25.451813 np0000005708 devstack@neutron-api.service[90838]: DEBUG neutron.api.v2.resource_helper [None req-65303a9f-ef34-4418-bd9c-ce882a67b354 None None] Service L3_ROUTER_NAT assigned prefix: {{(pid=90838) build_resource_info /opt/stack/neutron/neutron/api/v2/resource_helper.py:77}}
Jul 23 04:30:25.451862 np0000005708 devstack@neutron-api.service[90835]: DEBUG neutron.plugins.ml2.drivers.ovn.mech_driver.ovsdb.maintenance [None req-1f3f8953-e071-494f-b6a8-06e8b7a648f1 None None] Periodic task found: HashRingHealthCheckPeriodics.touch_hash_ring_node {{(pid=90835) add_periodics /opt/stack/neutron/neutron/plugins/ml2/drivers/ovn/mech_driver/ovsdb/maintenance.py:146}}
Jul 23 04:30:25.451991 np0000005708 devstack@neutron-api.service[90838]: INFO neutron.quota.resource_registry [None req-65303a9f-ef34-4418-bd9c-ce882a67b354 None None] Creating instance of TrackedResource for resource:router
Jul 23 04:30:25.452175 np0000005708 devstack@neutron-api.service[90838]: WARNING neutron.quota.resource_registry [None req-65303a9f-ef34-4418-bd9c-ce882a67b354 None None] router is already registered
Jul 23 04:30:25.452599 np0000005708 devstack@neutron-api.service[90838]: INFO neutron.quota.resource_registry [None req-65303a9f-ef34-4418-bd9c-ce882a67b354 None None] Creating instance of TrackedResource for resource:floatingip
Jul 23 04:30:25.452633 np0000005708 devstack@neutron-api.service[90835]: INFO neutron.plugins.ml2.drivers.ovn.mech_driver.mech_driver [None req-1f3f8953-e071-494f-b6a8-06e8b7a648f1 None None] Hash Ring probing thread for node 405cd4a9f1ae5b06850d3cb9a14cba06 has started
Jul 23 04:30:25.452768 np0000005708 devstack@neutron-api.service[90838]: WARNING neutron.quota.resource_registry [None req-65303a9f-ef34-4418-bd9c-ce882a67b354 None None] floatingip is already registered
Jul 23 04:30:25.453204 np0000005708 devstack@neutron-api.service[90835]: INFO neutron.plugins.ml2.drivers.ovn.mech_driver.ovsdb.impl_idl_ovn [None req-1f3f8953-e071-494f-b6a8-06e8b7a648f1 None None] Getting OvsdbNbOvnIdl for WorkerService with retry
Jul 23 04:30:25.453996 np0000005708 devstack@neutron-api.service[90838]: INFO neutron.quota.resource_registry [None req-65303a9f-ef34-4418-bd9c-ce882a67b354 None None] Creating instance of CountableResource for resource:rbac_policy
Jul 23 04:30:25.454125 np0000005708 devstack@neutron-api.service[90838]: WARNING neutron.quota.resource_registry [None req-65303a9f-ef34-4418-bd9c-ce882a67b354 None None] rbac_policy is already registered
Jul 23 04:30:25.454878 np0000005708 devstack@neutron-api.service[90838]: INFO neutron.quota.resource_registry [None req-65303a9f-ef34-4418-bd9c-ce882a67b354 None None] Creating instance of TrackedResource for resource:security_group
Jul 23 04:30:25.454996 np0000005708 devstack@neutron-api.service[90838]: WARNING neutron.quota.resource_registry [None req-65303a9f-ef34-4418-bd9c-ce882a67b354 None None] security_group is already registered
Jul 23 04:30:25.455358 np0000005708 devstack@neutron-api.service[90838]: INFO neutron.quota.resource_registry [None req-65303a9f-ef34-4418-bd9c-ce882a67b354 None None] Creating instance of TrackedResource for resource:security_group_rule
Jul 23 04:30:25.455504 np0000005708 devstack@neutron-api.service[90838]: WARNING neutron.quota.resource_registry [None req-65303a9f-ef34-4418-bd9c-ce882a67b354 None None] security_group_rule is already registered
Jul 23 04:30:25.456173 np0000005708 devstack@neutron-api.service[90838]: DEBUG neutron.api.v2.resource_helper [None req-65303a9f-ef34-4418-bd9c-ce882a67b354 None None] Service CORE assigned prefix: {{(pid=90838) build_resource_info /opt/stack/neutron/neutron/api/v2/resource_helper.py:77}}
Jul 23 04:30:25.456310 np0000005708 devstack@neutron-api.service[90838]: INFO neutron.quota.resource_registry [None req-65303a9f-ef34-4418-bd9c-ce882a67b354 None None] Creating instance of TrackedResource for resource:subnetpool
Jul 23 04:30:25.456545 np0000005708 devstack@neutron-api.service[90838]: WARNING neutron.quota.resource_registry [None req-65303a9f-ef34-4418-bd9c-ce882a67b354 None None] subnetpool is already registered
Jul 23 04:30:25.456881 np0000005708 devstack@neutron-api.service[90838]: DEBUG neutron.api.v2.resource_helper [None req-65303a9f-ef34-4418-bd9c-ce882a67b354 None None] Service CORE assigned prefix: {{(pid=90838) build_resource_info /opt/stack/neutron/neutron/api/v2/resource_helper.py:77}}
Jul 23 04:30:25.457045 np0000005708 devstack@neutron-api.service[90838]: INFO neutron.quota.resource_registry [None req-65303a9f-ef34-4418-bd9c-ce882a67b354 None None] Creating instance of TrackedResource for resource:subnetpool
Jul 23 04:30:25.457136 np0000005708 devstack@neutron-api.service[90838]: WARNING neutron.quota.resource_registry [None req-65303a9f-ef34-4418-bd9c-ce882a67b354 None None] subnetpool is already registered
Jul 23 04:30:25.457450 np0000005708 devstack@neutron-api.service[90838]: DEBUG neutron.api.extensions [None req-65303a9f-ef34-4418-bd9c-ce882a67b354 None None] Extended resource: extensions {{(pid=90838) __init__ /opt/stack/neutron/neutron/api/extensions.py:156}}
Jul 23 04:30:25.458546 np0000005708 devstack@neutron-api.service[90838]: DEBUG neutron.api.extensions [None req-65303a9f-ef34-4418-bd9c-ce882a67b354 None None] Extended resource: address-groups {{(pid=90838) __init__ /opt/stack/neutron/neutron/api/extensions.py:156}}
Jul 23 04:30:25.458805 np0000005708 devstack@neutron-api.service[90838]: DEBUG neutron.api.extensions [None req-65303a9f-ef34-4418-bd9c-ce882a67b354 None None] Extended resource: address-scopes {{(pid=90838) __init__ /opt/stack/neutron/neutron/api/extensions.py:156}}
Jul 23 04:30:25.459742 np0000005708 devstack@neutron-api.service[90838]: DEBUG neutron.api.extensions [None req-65303a9f-ef34-4418-bd9c-ce882a67b354 None None] Extended resource: agents {{(pid=90838) __init__ /opt/stack/neutron/neutron/api/extensions.py:156}}
Jul 23 04:30:25.459742 np0000005708 devstack@neutron-api.service[90838]: DEBUG neutron.api.extensions [None req-65303a9f-ef34-4418-bd9c-ce882a67b354 None None] Extended resource: auto-allocated-topology {{(pid=90838) __init__ /opt/stack/neutron/neutron/api/extensions.py:156}}
Jul 23 04:30:25.460489 np0000005708 devstack@neutron-api.service[90838]: DEBUG neutron.api.extensions [None req-65303a9f-ef34-4418-bd9c-ce882a67b354 None None] Extended resource: availability_zones {{(pid=90838) __init__ /opt/stack/neutron/neutron/api/extensions.py:156}}
Jul 23 04:30:25.461008 np0000005708 devstack@neutron-api.service[90838]: DEBUG neutron.api.extensions [None req-65303a9f-ef34-4418-bd9c-ce882a67b354 None None] Extended resource: dhcp-networks {{(pid=90838) __init__ /opt/stack/neutron/neutron/api/extensions.py:156}}
Jul 23 04:30:25.461554 np0000005708 devstack@neutron-api.service[90838]: DEBUG neutron.api.extensions [None req-65303a9f-ef34-4418-bd9c-ce882a67b354 None None] Extended resource: dhcp-agents {{(pid=90838) __init__ /opt/stack/neutron/neutron/api/extensions.py:156}}
Jul 23 04:30:25.462356 np0000005708 devstack@neutron-api.service[90838]: DEBUG neutron.api.extensions [None req-65303a9f-ef34-4418-bd9c-ce882a67b354 None None] Extended resource: routers {{(pid=90838) __init__ /opt/stack/neutron/neutron/api/extensions.py:156}}
Jul 23 04:30:25.463145 np0000005708 devstack@neutron-api.service[90838]: DEBUG neutron.api.extensions [None req-65303a9f-ef34-4418-bd9c-ce882a67b354 None None] Extended resource: flavors {{(pid=90838) __init__ /opt/stack/neutron/neutron/api/extensions.py:156}}
Jul 23 04:30:25.463731 np0000005708 devstack@neutron-api.service[90838]: DEBUG neutron.api.extensions [None req-65303a9f-ef34-4418-bd9c-ce882a67b354 None None] Extended resource: service_profiles {{(pid=90838) __init__ /opt/stack/neutron/neutron/api/extensions.py:156}}
Jul 23 04:30:25.464279 np0000005708 devstack@neutron-api.service[90838]: DEBUG neutron.api.extensions [None req-65303a9f-ef34-4418-bd9c-ce882a67b354 None None] Extended resource: next_providers {{(pid=90838) __init__ /opt/stack/neutron/neutron/api/extensions.py:156}}
Jul 23 04:30:25.464797 np0000005708 devstack@neutron-api.service[90838]: DEBUG neutron.api.extensions [None req-65303a9f-ef34-4418-bd9c-ce882a67b354 None None] Extended resource: service_profiles {{(pid=90838) __init__ /opt/stack/neutron/neutron/api/extensions.py:156}}
Jul 23 04:30:25.465280 np0000005708 devstack@neutron-api.service[90838]: DEBUG neutron.api.extensions [None req-65303a9f-ef34-4418-bd9c-ce882a67b354 None None] Extended resource: floatingip-pools {{(pid=90838) __init__ /opt/stack/neutron/neutron/api/extensions.py:156}}
Jul 23 04:30:25.465897 np0000005708 devstack@neutron-api.service[90838]: DEBUG neutron.api.extensions [None req-65303a9f-ef34-4418-bd9c-ce882a67b354 None None] Extended resource: routers {{(pid=90838) __init__ /opt/stack/neutron/neutron/api/extensions.py:156}}
Jul 23 04:30:25.466666 np0000005708 devstack@neutron-api.service[90838]: DEBUG neutron.api.extensions [None req-65303a9f-ef34-4418-bd9c-ce882a67b354 None None] Extended resource: floatingips {{(pid=90838) __init__ /opt/stack/neutron/neutron/api/extensions.py:156}}
Jul 23 04:30:25.467147 np0000005708 devstack@neutron-api.service[90838]: DEBUG neutron.api.extensions [None req-65303a9f-ef34-4418-bd9c-ce882a67b354 None None] Extended resource: l3-routers {{(pid=90838) __init__ /opt/stack/neutron/neutron/api/extensions.py:156}}
Jul 23 04:30:25.467950 np0000005708 devstack@neutron-api.service[90838]: DEBUG neutron.api.extensions [None req-65303a9f-ef34-4418-bd9c-ce882a67b354 None None] Extended resource: l3-agents {{(pid=90838) __init__ /opt/stack/neutron/neutron/api/extensions.py:156}}
Jul 23 04:30:25.468514 np0000005708 devstack@neutron-api.service[90838]: DEBUG neutron.api.extensions [None req-65303a9f-ef34-4418-bd9c-ce882a67b354 None None] Extended resource: network-ip-availabilities {{(pid=90838) __init__ /opt/stack/neutron/neutron/api/extensions.py:156}}
Jul 23 04:30:25.468970 np0000005708 devstack@neutron-api.service[90838]: DEBUG neutron.api.extensions [None req-65303a9f-ef34-4418-bd9c-ce882a67b354 None None] Extended resource: network-ip-availabilities {{(pid=90838) __init__ /opt/stack/neutron/neutron/api/extensions.py:156}}
Jul 23 04:30:25.470181 np0000005708 devstack@neutron-api.service[90838]: DEBUG neutron.api.extensions [None req-65303a9f-ef34-4418-bd9c-ce882a67b354 None None] Extended resource: bindings {{(pid=90838) __init__ /opt/stack/neutron/neutron/api/extensions.py:156}}
Jul 23 04:30:25.470766 np0000005708 devstack@neutron-api.service[90838]: DEBUG neutron.api.extensions [None req-65303a9f-ef34-4418-bd9c-ce882a67b354 None None] Extended resource: quotas {{(pid=90838) __init__ /opt/stack/neutron/neutron/api/extensions.py:156}}
Jul 23 04:30:25.471365 np0000005708 devstack@neutron-api.service[90838]: DEBUG neutron.api.extensions [None req-65303a9f-ef34-4418-bd9c-ce882a67b354 None None] Extended resource: quotas {{(pid=90838) __init__ /opt/stack/neutron/neutron/api/extensions.py:156}}
Jul 23 04:30:25.471930 np0000005708 devstack@neutron-api.service[90838]: DEBUG neutron.api.extensions [None req-65303a9f-ef34-4418-bd9c-ce882a67b354 None None] Extended resource: rbac-policies {{(pid=90838) __init__ /opt/stack/neutron/neutron/api/extensions.py:156}}
Jul 23 04:30:25.472333 np0000005708 devstack@neutron-api.service[90838]: DEBUG neutron.api.extensions [None req-65303a9f-ef34-4418-bd9c-ce882a67b354 None None] Extended resource: default-security-group-rules {{(pid=90838) __init__ /opt/stack/neutron/neutron/api/extensions.py:156}}
Jul 23 04:30:25.472866 np0000005708 devstack@neutron-api.service[90838]: DEBUG neutron.api.extensions [None req-65303a9f-ef34-4418-bd9c-ce882a67b354 None None] Extended resource: security-groups-default-statefulness {{(pid=90838) __init__ /opt/stack/neutron/neutron/api/extensions.py:156}}
Jul 23 04:30:25.473341 np0000005708 devstack@neutron-api.service[90838]: DEBUG neutron.api.extensions [None req-65303a9f-ef34-4418-bd9c-ce882a67b354 None None] Extended resource: security-groups {{(pid=90838) __init__ /opt/stack/neutron/neutron/api/extensions.py:156}}
Jul 23 04:30:25.473774 np0000005708 devstack@neutron-api.service[90838]: DEBUG neutron.api.extensions [None req-65303a9f-ef34-4418-bd9c-ce882a67b354 None None] Extended resource: security-group-rules {{(pid=90838) __init__ /opt/stack/neutron/neutron/api/extensions.py:156}}
Jul 23 04:30:25.474214 np0000005708 devstack@neutron-api.service[90838]: DEBUG neutron.api.extensions [None req-65303a9f-ef34-4418-bd9c-ce882a67b354 None None] Extended resource: service-providers {{(pid=90838) __init__ /opt/stack/neutron/neutron/api/extensions.py:156}}
Jul 23 04:30:25.474675 np0000005708 devstack@neutron-api.service[90838]: DEBUG neutron.api.extensions [None req-65303a9f-ef34-4418-bd9c-ce882a67b354 None None] Extended resource: subnetpools {{(pid=90838) __init__ /opt/stack/neutron/neutron/api/extensions.py:156}}
Jul 23 04:30:25.475211 np0000005708 devstack@neutron-api.service[90838]: DEBUG neutron.api.extensions [None req-65303a9f-ef34-4418-bd9c-ce882a67b354 None None] Extended resource: subnetpools {{(pid=90838) __init__ /opt/stack/neutron/neutron/api/extensions.py:156}}
Jul 23 04:30:25.475741 np0000005708 devstack@neutron-api.service[90838]: DEBUG neutron.api.extensions [None req-65303a9f-ef34-4418-bd9c-ce882a67b354 None None] Extended resource: tags {{(pid=90838) __init__ /opt/stack/neutron/neutron/api/extensions.py:156}}
Jul 23 04:30:25.476538 np0000005708 devstack@neutron-api.service[90838]: DEBUG neutron.api.extensions [None req-65303a9f-ef34-4418-bd9c-ce882a67b354 None None] Extended resource: tags {{(pid=90838) __init__ /opt/stack/neutron/neutron/api/extensions.py:156}}
Jul 23 04:30:25.477455 np0000005708 devstack@neutron-api.service[90838]: DEBUG neutron.api.extensions [None req-65303a9f-ef34-4418-bd9c-ce882a67b354 None None] Extended resource: tags {{(pid=90838) __init__ /opt/stack/neutron/neutron/api/extensions.py:156}}
Jul 23 04:30:25.478103 np0000005708 devstack@neutron-api.service[90838]: DEBUG neutron.api.extensions [None req-65303a9f-ef34-4418-bd9c-ce882a67b354 None None] Extended resource: tags {{(pid=90838) __init__ /opt/stack/neutron/neutron/api/extensions.py:156}}
Jul 23 04:30:25.478913 np0000005708 devstack@neutron-api.service[90838]: DEBUG neutron.api.extensions [None req-65303a9f-ef34-4418-bd9c-ce882a67b354 None None] Extended resource: tags {{(pid=90838) __init__ /opt/stack/neutron/neutron/api/extensions.py:156}}
Jul 23 04:30:25.479748 np0000005708 devstack@neutron-api.service[90838]: DEBUG neutron.api.extensions [None req-65303a9f-ef34-4418-bd9c-ce882a67b354 None None] Extended resource: tags {{(pid=90838) __init__ /opt/stack/neutron/neutron/api/extensions.py:156}}
Jul 23 04:30:25.480356 np0000005708 devstack@neutron-api.service[90838]: DEBUG neutron.api.extensions [None req-65303a9f-ef34-4418-bd9c-ce882a67b354 None None] Extended resource: tags {{(pid=90838) __init__ /opt/stack/neutron/neutron/api/extensions.py:156}}
Jul 23 04:30:25.481073 np0000005708 devstack@neutron-api.service[90838]: DEBUG neutron.api.extensions [None req-65303a9f-ef34-4418-bd9c-ce882a67b354 None None] Extended resource: tags {{(pid=90838) __init__ /opt/stack/neutron/neutron/api/extensions.py:156}}
Jul 23 04:30:25.481792 np0000005708 devstack@neutron-api.service[90838]: DEBUG neutron.api.extensions [None req-65303a9f-ef34-4418-bd9c-ce882a67b354 None None] Extended resource: tags {{(pid=90838) __init__ /opt/stack/neutron/neutron/api/extensions.py:156}}
Jul 23 04:30:25.482418 np0000005708 devstack@neutron-api.service[90838]: DEBUG neutron.api.extensions [None req-65303a9f-ef34-4418-bd9c-ce882a67b354 None None] Extended resource: tags {{(pid=90838) __init__ /opt/stack/neutron/neutron/api/extensions.py:156}}
Jul 23 04:30:25.485790 np0000005708 devstack@neutron-api.service[90836]: DEBUG ovsdbapp.backend.ovs_idl [None req-9540e45f-c800-4c7c-ae95-965b5f26c13c None None] Created lookup_table index Logical_Switch.name {{(pid=90836) autocreate_indices /opt/stack/data/venv/lib/python3.12/site-packages/ovsdbapp/backend/ovs_idl/__init__.py:87}}
Jul 23 04:30:25.485949 np0000005708 devstack@neutron-api.service[90836]: DEBUG ovsdbapp.backend.ovs_idl [None req-9540e45f-c800-4c7c-ae95-965b5f26c13c None None] Created lookup_table index Logical_Router.name {{(pid=90836) autocreate_indices /opt/stack/data/venv/lib/python3.12/site-packages/ovsdbapp/backend/ovs_idl/__init__.py:87}}
