Jul 27 16:27:01.840934 np0000005927 devstack@g-api.service[99842]: DEBUG glance_store.location [-] Registering scheme swift with {'store': , 'location_class': , 'store_entry': 'swift'} {{(pid=99842) register_scheme_map /opt/stack/data/venv/lib/python3.12/site-packages/glance_store/location.py:146}}
Jul 27 16:27:01.840982 np0000005927 devstack@g-api.service[99840]: DEBUG glance_store.location [-] Registering scheme swift with {'store': , 'location_class': , 'store_entry': 'swift'} {{(pid=99840) register_scheme_map /opt/stack/data/venv/lib/python3.12/site-packages/glance_store/location.py:146}}
Jul 27 16:27:01.841038 np0000005927 devstack@g-api.service[99841]: DEBUG glance_store.location [-] Registering scheme swift with {'store': , 'location_class': , 'store_entry': 'swift'} {{(pid=99841) register_scheme_map /opt/stack/data/venv/lib/python3.12/site-packages/glance_store/location.py:146}}
Jul 27 16:27:01.841093 np0000005927 devstack@g-api.service[99842]: DEBUG glance_store.location [-] Registering scheme swift+http with {'store': , 'location_class': , 'store_entry': 'swift'} {{(pid=99842) register_scheme_map /opt/stack/data/venv/lib/python3.12/site-packages/glance_store/location.py:146}}
Jul 27 16:27:01.841143 np0000005927 devstack@g-api.service[99840]: DEBUG glance_store.location [-] Registering scheme swift+https with {'store': , 'location_class': , 'store_entry': 'swift'} {{(pid=99840) register_scheme_map /opt/stack/data/venv/lib/python3.12/site-packages/glance_store/location.py:146}}
Jul 27 16:27:01.841187 np0000005927 devstack@g-api.service[99841]: DEBUG glance_store.location [-] Registering scheme swift+https with {'store': , 'location_class': , 'store_entry': 'swift'} {{(pid=99841) register_scheme_map /opt/stack/data/venv/lib/python3.12/site-packages/glance_store/location.py:146}}
Jul 27 16:27:01.841231 np0000005927 devstack@g-api.service[99842]: DEBUG glance_store.location [-] Registering scheme swift+https with {'store': , 'location_class': , 'store_entry': 'swift'} {{(pid=99842) register_scheme_map /opt/stack/data/venv/lib/python3.12/site-packages/glance_store/location.py:146}}
Jul 27 16:27:01.841278 np0000005927 devstack@g-api.service[99840]: DEBUG glance_store.location [-] Registering scheme swift with {'store': , 'location_class': , 'store_entry': 'swift'} {{(pid=99840) register_scheme_map /opt/stack/data/venv/lib/python3.12/site-packages/glance_store/location.py:146}}
Jul 27 16:27:01.841328 np0000005927 devstack@g-api.service[99841]: DEBUG glance_store.location [-] Registering scheme swift with {'store': , 'location_class': , 'store_entry': 'swift'} {{(pid=99841) register_scheme_map /opt/stack/data/venv/lib/python3.12/site-packages/glance_store/location.py:146}}
Jul 27 16:27:01.841376 np0000005927 devstack@g-api.service[99842]: DEBUG glance_store.location [-] Registering scheme swift with {'store': , 'location_class': , 'store_entry': 'swift'} {{(pid=99842) register_scheme_map /opt/stack/data/venv/lib/python3.12/site-packages/glance_store/location.py:146}}
Jul 27 16:27:01.841415 np0000005927 devstack@g-api.service[99840]: DEBUG glance_store.location [-] Registering scheme swift+http with {'store': , 'location_class': , 'store_entry': 'swift'} {{(pid=99840) register_scheme_map /opt/stack/data/venv/lib/python3.12/site-packages/glance_store/location.py:146}}
Jul 27 16:27:01.841463 np0000005927 devstack@g-api.service[99841]: DEBUG glance_store.location [-] Registering scheme swift+http with {'store': , 'location_class': , 'store_entry': 'swift'} {{(pid=99841) register_scheme_map /opt/stack/data/venv/lib/python3.12/site-packages/glance_store/location.py:146}}
Jul 27 16:27:01.841525 np0000005927 devstack@g-api.service[99842]: DEBUG glance_store.location [-] Registering scheme swift+http with {'store': , 'location_class': , 'store_entry': 'swift'} {{(pid=99842) register_scheme_map /opt/stack/data/venv/lib/python3.12/site-packages/glance_store/location.py:146}}
Jul 27 16:27:01.841575 np0000005927 devstack@g-api.service[99840]: DEBUG glance_store.location [-] Registering scheme swift+https with {'store': , 'location_class': , 'store_entry': 'swift'} {{(pid=99840) register_scheme_map /opt/stack/data/venv/lib/python3.12/site-packages/glance_store/location.py:146}}
Jul 27 16:27:01.841635 np0000005927 devstack@g-api.service[99841]: DEBUG glance_store.location [-] Registering scheme swift+https with {'store': , 'location_class': , 'store_entry': 'swift'} {{(pid=99841) register_scheme_map /opt/stack/data/venv/lib/python3.12/site-packages/glance_store/location.py:146}}
Jul 27 16:27:01.841681 np0000005927 devstack@g-api.service[99842]: DEBUG glance_store.location [-] Registering scheme swift+config with {'store': , 'location_class': , 'store_entry': 'swift'} {{(pid=99842) register_scheme_map /opt/stack/data/venv/lib/python3.12/site-packages/glance_store/location.py:146}}
Jul 27 16:27:01.841739 np0000005927 devstack@g-api.service[99840]: DEBUG glance_store.location [-] Registering scheme swift with {'store': , 'location_class': , 'store_entry': 'swift'} {{(pid=99840) register_scheme_map /opt/stack/data/venv/lib/python3.12/site-packages/glance_store/location.py:146}}
Jul 27 16:27:01.841784 np0000005927 devstack@g-api.service[99841]: DEBUG glance_store.location [-] Registering scheme swift with {'store': , 'location_class': , 'store_entry': 'swift'} {{(pid=99841) register_scheme_map /opt/stack/data/venv/lib/python3.12/site-packages/glance_store/location.py:146}}
Jul 27 16:27:01.841829 np0000005927 devstack@g-api.service[99840]: DEBUG glance_store.location [-] Registering scheme swift+http with {'store': , 'location_class': , 'store_entry': 'swift'} {{(pid=99840) register_scheme_map /opt/stack/data/venv/lib/python3.12/site-packages/glance_store/location.py:146}}
Jul 27 16:27:01.841873 np0000005927 devstack@g-api.service[99841]: DEBUG glance_store.location [-] Registering scheme swift+http with {'store': , 'location_class': , 'store_entry': 'swift'} {{(pid=99841) register_scheme_map /opt/stack/data/venv/lib/python3.12/site-packages/glance_store/location.py:146}}
Jul 27 16:27:01.841922 np0000005927 devstack@g-api.service[99840]: DEBUG glance_store.location [-] Registering scheme swift+config with {'store': , 'location_class': , 'store_entry': 'swift'} {{(pid=99840) register_scheme_map /opt/stack/data/venv/lib/python3.12/site-packages/glance_store/location.py:146}}
Jul 27 16:27:01.841963 np0000005927 devstack@g-api.service[99841]: DEBUG glance_store.location [-] Registering scheme swift+config with {'store': , 'location_class': , 'store_entry': 'swift'} {{(pid=99841) register_scheme_map /opt/stack/data/venv/lib/python3.12/site-packages/glance_store/location.py:146}}
Jul 27 16:27:01.842008 np0000005927 devstack@g-api.service[99842]: DEBUG glance.sqlite_migration [-] SQLite caching database not located, skipping migration {{(pid=99842) get_db_path /opt/stack/glance/glance/sqlite_migration.py:68}}
Jul 27 16:27:01.842057 np0000005927 devstack@g-api.service[99840]: DEBUG glance.sqlite_migration [-] SQLite caching database not located, skipping migration {{(pid=99840) get_db_path /opt/stack/glance/glance/sqlite_migration.py:68}}
Jul 27 16:27:01.842109 np0000005927 devstack@g-api.service[99841]: DEBUG glance.sqlite_migration [-] SQLite caching database not located, skipping migration {{(pid=99841) get_db_path /opt/stack/glance/glance/sqlite_migration.py:68}}
Jul 27 16:27:01.842159 np0000005927 devstack@g-api.service[99842]: WARNING glance.common.wsgi_app [-] Import methods are enabled but staging directory /tmp/staging/ does not exist; Imports will fail!
Jul 27 16:27:01.842215 np0000005927 devstack@g-api.service[99840]: WARNING glance.common.wsgi_app [-] Import methods are enabled but staging directory /tmp/staging/ does not exist; Imports will fail!
Jul 27 16:27:01.842279 np0000005927 devstack@g-api.service[99841]: WARNING glance.common.wsgi_app [-] Import methods are enabled but staging directory /tmp/staging/ does not exist; Imports will fail!
Jul 27 16:27:01.970637 np0000005927 devstack@g-api.service[99840]: DEBUG glance.common.config [None req-0b53db0f-02d6-45b0-ac8d-d93aade74107 None None] Loading glance-api-keystone+cachemanagement from /etc/glance/glance-api-paste.ini {{(pid=99840) load_paste_app /opt/stack/glance/glance/common/config.py:765}}
Jul 27 16:27:01.972174 np0000005927 devstack@g-api.service[99841]: DEBUG glance.common.config [None req-521c75be-6388-4d21-918e-9c8faf9e8f53 None None] Loading glance-api-keystone+cachemanagement from /etc/glance/glance-api-paste.ini {{(pid=99841) load_paste_app /opt/stack/glance/glance/common/config.py:765}}
Jul 27 16:27:01.976029 np0000005927 devstack@g-api.service[99842]: DEBUG glance.common.config [None req-18488598-7604-496a-9868-35b6f6fd076e None None] Loading glance-api-keystone+cachemanagement from /etc/glance/glance-api-paste.ini {{(pid=99842) load_paste_app /opt/stack/glance/glance/common/config.py:765}}
Jul 27 16:27:02.558072 np0000005927 devstack@g-api.service[99842]: INFO glance.image_cache [None req-18488598-7604-496a-9868-35b6f6fd076e None None] Image cache loaded driver 'centralized_db'.
Jul 27 16:27:02.559200 np0000005927 devstack@g-api.service[99841]: INFO glance.image_cache [None req-521c75be-6388-4d21-918e-9c8faf9e8f53 None None] Image cache loaded driver 'centralized_db'.
Jul 27 16:27:02.565053 np0000005927 devstack@g-api.service[99840]: INFO glance.image_cache [None req-0b53db0f-02d6-45b0-ac8d-d93aade74107 None None] Image cache loaded driver 'centralized_db'.
Jul 27 16:27:02.602821 np0000005927 devstack@g-api.service[99842]: INFO dbcounter [None req-18488598-7604-496a-9868-35b6f6fd076e None None] Registered counter for database glance
Jul 27 16:27:02.603302 np0000005927 devstack@g-api.service[99841]: INFO dbcounter [None req-521c75be-6388-4d21-918e-9c8faf9e8f53 None None] Registered counter for database glance
Jul 27 16:27:02.609474 np0000005927 devstack@g-api.service[99840]: INFO dbcounter [None req-0b53db0f-02d6-45b0-ac8d-d93aade74107 None None] Registered counter for database glance
Jul 27 16:27:02.640676 np0000005927 devstack@g-api.service[99842]: DEBUG oslo_db.sqlalchemy.engines [None req-18488598-7604-496a-9868-35b6f6fd076e None None] MySQL server mode set to STRICT_TRANS_TABLES,STRICT_ALL_TABLES,NO_ZERO_IN_DATE,NO_ZERO_DATE,ERROR_FOR_DIVISION_BY_ZERO,TRADITIONAL,NO_ENGINE_SUBSTITUTION {{(pid=99842) _check_effective_sql_mode /opt/stack/data/venv/lib/python3.12/site-packages/oslo_db/sqlalchemy/engines.py:325}}
Jul 27 16:27:02.643442 np0000005927 devstack@g-api.service[99841]: DEBUG oslo_db.sqlalchemy.engines [None req-521c75be-6388-4d21-918e-9c8faf9e8f53 None None] MySQL server mode set to STRICT_TRANS_TABLES,STRICT_ALL_TABLES,NO_ZERO_IN_DATE,NO_ZERO_DATE,ERROR_FOR_DIVISION_BY_ZERO,TRADITIONAL,NO_ENGINE_SUBSTITUTION {{(pid=99841) _check_effective_sql_mode /opt/stack/data/venv/lib/python3.12/site-packages/oslo_db/sqlalchemy/engines.py:325}}
Jul 27 16:27:02.649306 np0000005927 devstack@g-api.service[99840]: DEBUG oslo_db.sqlalchemy.engines [None req-0b53db0f-02d6-45b0-ac8d-d93aade74107 None None] MySQL server mode set to STRICT_TRANS_TABLES,STRICT_ALL_TABLES,NO_ZERO_IN_DATE,NO_ZERO_DATE,ERROR_FOR_DIVISION_BY_ZERO,TRADITIONAL,NO_ENGINE_SUBSTITUTION {{(pid=99840) _check_effective_sql_mode /opt/stack/data/venv/lib/python3.12/site-packages/oslo_db/sqlalchemy/engines.py:325}}
Jul 27 16:27:02.660015 np0000005927 devstack@g-api.service[99842]: DEBUG dbcounter [-] [99842] Writer thread running {{(pid=99842) stat_writer /opt/stack/data/venv/lib/python3.12/site-packages/dbcounter.py:102}}
Jul 27 16:27:02.663179 np0000005927 devstack@g-api.service[99841]: DEBUG dbcounter [-] [99841] Writer thread running {{(pid=99841) stat_writer /opt/stack/data/venv/lib/python3.12/site-packages/dbcounter.py:102}}
Jul 27 16:27:02.669092 np0000005927 devstack@g-api.service[99841]: DEBUG glance.image_cache.drivers.centralized_db [None req-521c75be-6388-4d21-918e-9c8faf9e8f53 None None] Node reference is already recorded, ignoring it {{(pid=99841) configure /opt/stack/glance/glance/image_cache/drivers/centralized_db.py:71}}
Jul 27 16:27:02.669623 np0000005927 devstack@g-api.service[99840]: DEBUG dbcounter [-] [99840] Writer thread running {{(pid=99840) stat_writer /opt/stack/data/venv/lib/python3.12/site-packages/dbcounter.py:102}}
Jul 27 16:27:02.671999 np0000005927 devstack@g-api.service[99840]: DEBUG glance.image_cache.drivers.centralized_db [None req-0b53db0f-02d6-45b0-ac8d-d93aade74107 None None] Node reference is already recorded, ignoring it {{(pid=99840) configure /opt/stack/glance/glance/image_cache/drivers/centralized_db.py:71}}
Jul 27 16:27:02.761215 np0000005927 devstack@g-api.service[99842]: INFO glance.image_cache [None req-18488598-7604-496a-9868-35b6f6fd076e None None] Image cache loaded driver 'centralized_db'.
Jul 27 16:27:02.765054 np0000005927 devstack@g-api.service[99840]: INFO glance.image_cache [None req-0b53db0f-02d6-45b0-ac8d-d93aade74107 None None] Image cache loaded driver 'centralized_db'.
Jul 27 16:27:02.765720 np0000005927 devstack@g-api.service[99841]: INFO glance.image_cache [None req-521c75be-6388-4d21-918e-9c8faf9e8f53 None None] Image cache loaded driver 'centralized_db'.
Jul 27 16:27:02.770543 np0000005927 devstack@g-api.service[99842]: DEBUG glance.image_cache.drivers.centralized_db [None req-18488598-7604-496a-9868-35b6f6fd076e None None] Node reference is already recorded, ignoring it {{(pid=99842) configure /opt/stack/glance/glance/image_cache/drivers/centralized_db.py:71}}
Jul 27 16:27:02.773497 np0000005927 devstack@g-api.service[99840]: DEBUG glance.image_cache.drivers.centralized_db [None req-0b53db0f-02d6-45b0-ac8d-d93aade74107 None None] Node reference is already recorded, ignoring it {{(pid=99840) configure /opt/stack/glance/glance/image_cache/drivers/centralized_db.py:71}}
Jul 27 16:27:02.774192 np0000005927 devstack@g-api.service[99841]: DEBUG glance.image_cache.drivers.centralized_db [None req-521c75be-6388-4d21-918e-9c8faf9e8f53 None None] Node reference is already recorded, ignoring it {{(pid=99841) configure /opt/stack/glance/glance/image_cache/drivers/centralized_db.py:71}}
Jul 27 16:27:02.774901 np0000005927 devstack@g-api.service[99842]: DEBUG glance.api.v2.cached_images [None req-18488598-7604-496a-9868-35b6f6fd076e None None] Started cache worker thread {{(pid=99842) __init__ /opt/stack/glance/glance/api/v2/cached_images.py:71}}
Jul 27 16:27:02.775550 np0000005927 devstack@g-api.service[99842]: INFO glance.image_cache [None req-18488598-7604-496a-9868-35b6f6fd076e None None] Image cache loaded driver 'centralized_db'.
Jul 27 16:27:02.778052 np0000005927 devstack@g-api.service[99840]: DEBUG glance.api.v2.cached_images [None req-0b53db0f-02d6-45b0-ac8d-d93aade74107 None None] Started cache worker thread {{(pid=99840) __init__ /opt/stack/glance/glance/api/v2/cached_images.py:71}}
Jul 27 16:27:02.778830 np0000005927 devstack@g-api.service[99840]: INFO glance.image_cache [None req-0b53db0f-02d6-45b0-ac8d-d93aade74107 None None] Image cache loaded driver 'centralized_db'.
Jul 27 16:27:02.778879 np0000005927 devstack@g-api.service[99841]: DEBUG glance.api.v2.cached_images [None req-521c75be-6388-4d21-918e-9c8faf9e8f53 None None] Started cache worker thread {{(pid=99841) __init__ /opt/stack/glance/glance/api/v2/cached_images.py:71}}
Jul 27 16:27:02.779654 np0000005927 devstack@g-api.service[99841]: INFO glance.image_cache [None req-521c75be-6388-4d21-918e-9c8faf9e8f53 None None] Image cache loaded driver 'centralized_db'.
Jul 27 16:27:02.782506 np0000005927 devstack@g-api.service[99842]: DEBUG glance.image_cache.drivers.centralized_db [None req-18488598-7604-496a-9868-35b6f6fd076e None None] Node reference is already recorded, ignoring it {{(pid=99842) configure /opt/stack/glance/glance/image_cache/drivers/centralized_db.py:71}}
Jul 27 16:27:02.786488 np0000005927 devstack@g-api.service[99842]: INFO glance.api.middleware.cache_manage [None req-18488598-7604-496a-9868-35b6f6fd076e None None] Initialized image cache management middleware
Jul 27 16:27:02.786628 np0000005927 devstack@g-api.service[99842]: INFO glance.image_cache [None req-18488598-7604-496a-9868-35b6f6fd076e None None] Image cache loaded driver 'centralized_db'.
Jul 27 16:27:02.789196 np0000005927 devstack@g-api.service[99840]: DEBUG glance.image_cache.drivers.centralized_db [None req-0b53db0f-02d6-45b0-ac8d-d93aade74107 None None] Node reference is already recorded, ignoring it {{(pid=99840) configure /opt/stack/glance/glance/image_cache/drivers/centralized_db.py:71}}
Jul 27 16:27:02.789297 np0000005927 devstack@g-api.service[99841]: DEBUG glance.image_cache.drivers.centralized_db [None req-521c75be-6388-4d21-918e-9c8faf9e8f53 None None] Node reference is already recorded, ignoring it {{(pid=99841) configure /opt/stack/glance/glance/image_cache/drivers/centralized_db.py:71}}
Jul 27 16:27:02.793430 np0000005927 devstack@g-api.service[99842]: DEBUG glance.image_cache.drivers.centralized_db [None req-18488598-7604-496a-9868-35b6f6fd076e None None] Node reference is already recorded, ignoring it {{(pid=99842) configure /opt/stack/glance/glance/image_cache/drivers/centralized_db.py:71}}
Jul 27 16:27:02.793694 np0000005927 devstack@g-api.service[99841]: INFO glance.api.middleware.cache_manage [None req-521c75be-6388-4d21-918e-9c8faf9e8f53 None None] Initialized image cache management middleware
Jul 27 16:27:02.793841 np0000005927 devstack@g-api.service[99841]: INFO glance.image_cache [None req-521c75be-6388-4d21-918e-9c8faf9e8f53 None None] Image cache loaded driver 'centralized_db'.
Jul 27 16:27:02.793961 np0000005927 devstack@g-api.service[99840]: INFO glance.api.middleware.cache_manage [None req-0b53db0f-02d6-45b0-ac8d-d93aade74107 None None] Initialized image cache management middleware
Jul 27 16:27:02.794097 np0000005927 devstack@g-api.service[99840]: INFO glance.image_cache [None req-0b53db0f-02d6-45b0-ac8d-d93aade74107 None None] Image cache loaded driver 'centralized_db'.
Jul 27 16:27:02.797397 np0000005927 devstack@g-api.service[99842]: INFO glance.api.middleware.cache [None req-18488598-7604-496a-9868-35b6f6fd076e None None] Initialized image cache middleware
Jul 27 16:27:02.801827 np0000005927 devstack@g-api.service[99841]: DEBUG glance.image_cache.drivers.centralized_db [None req-521c75be-6388-4d21-918e-9c8faf9e8f53 None None] Node reference is already recorded, ignoring it {{(pid=99841) configure /opt/stack/glance/glance/image_cache/drivers/centralized_db.py:71}}
Jul 27 16:27:02.802348 np0000005927 devstack@g-api.service[99840]: DEBUG glance.image_cache.drivers.centralized_db [None req-0b53db0f-02d6-45b0-ac8d-d93aade74107 None None] Node reference is already recorded, ignoring it {{(pid=99840) configure /opt/stack/glance/glance/image_cache/drivers/centralized_db.py:71}}
Jul 27 16:27:02.806309 np0000005927 devstack@g-api.service[99841]: INFO glance.api.middleware.cache [None req-521c75be-6388-4d21-918e-9c8faf9e8f53 None None] Initialized image cache middleware
Jul 27 16:27:02.806790 np0000005927 devstack@g-api.service[99840]: INFO glance.api.middleware.cache [None req-0b53db0f-02d6-45b0-ac8d-d93aade74107 None None] Initialized image cache middleware
Jul 27 16:27:02.807005 np0000005927 devstack@g-api.service[99842]: DEBUG glance.common.config [None req-18488598-7604-496a-9868-35b6f6fd076e None None] ******************************************************************************** {{(pid=99842) log_opt_values /opt/stack/data/venv/lib/python3.12/site-packages/oslo_config/cfg.py:3226}}
Jul 27 16:27:02.807083 np0000005927 devstack@g-api.service[99842]: DEBUG glance.common.config [None req-18488598-7604-496a-9868-35b6f6fd076e None None] Configuration options gathered from: {{(pid=99842) log_opt_values /opt/stack/data/venv/lib/python3.12/site-packages/oslo_config/cfg.py:3227}}
Jul 27 16:27:02.807331 np0000005927 devstack@g-api.service[99842]: DEBUG glance.common.config [None req-18488598-7604-496a-9868-35b6f6fd076e None None] command line args: [] {{(pid=99842) log_opt_values /opt/stack/data/venv/lib/python3.12/site-packages/oslo_config/cfg.py:3228}}
Jul 27 16:27:02.807441 np0000005927 devstack@g-api.service[99842]: DEBUG glance.common.config [None req-18488598-7604-496a-9868-35b6f6fd076e None None] config files: ['/etc/glance/glance-image-import.conf', '/etc/glance/glance-api.conf'] {{(pid=99842) log_opt_values /opt/stack/data/venv/lib/python3.12/site-packages/oslo_config/cfg.py:3229}}
Jul 27 16:27:02.807529 np0000005927 devstack@g-api.service[99842]: DEBUG glance.common.config [None req-18488598-7604-496a-9868-35b6f6fd076e None None] ================================================================================ {{(pid=99842) log_opt_values /opt/stack/data/venv/lib/python3.12/site-packages/oslo_config/cfg.py:3234}}
Jul 27 16:27:02.807658 np0000005927 devstack@g-api.service[99842]: DEBUG glance.common.config [None req-18488598-7604-496a-9868-35b6f6fd076e None None] allow_anonymous_access = False {{(pid=99842) log_opt_values /opt/stack/data/venv/lib/python3.12/site-packages/oslo_config/cfg.py:3242}}
Jul 27 16:27:02.807759 np0000005927 devstack@g-api.service[99842]: DEBUG glance.common.config [None req-18488598-7604-496a-9868-35b6f6fd076e None None] api_limit_max = 1000 {{(pid=99842) log_opt_values /opt/stack/data/venv/lib/python3.12/site-packages/oslo_config/cfg.py:3242}}
Jul 27 16:27:02.807853 np0000005927 devstack@g-api.service[99842]: DEBUG glance.common.config [None req-18488598-7604-496a-9868-35b6f6fd076e None None] config_dir = [] {{(pid=99842) log_opt_values /opt/stack/data/venv/lib/python3.12/site-packages/oslo_config/cfg.py:3242}}
Jul 27 16:27:02.807932 np0000005927 devstack@g-api.service[99842]: DEBUG glance.common.config [None req-18488598-7604-496a-9868-35b6f6fd076e None None] config_file = ['/etc/glance/glance-image-import.conf', '/etc/glance/glance-api.conf'] {{(pid=99842) log_opt_values /opt/stack/data/venv/lib/python3.12/site-packages/oslo_config/cfg.py:3242}}
Jul 27 16:27:02.808015 np0000005927 devstack@g-api.service[99842]: DEBUG glance.common.config [None req-18488598-7604-496a-9868-35b6f6fd076e None None] config_source = [] {{(pid=99842) log_opt_values /opt/stack/data/venv/lib/python3.12/site-packages/oslo_config/cfg.py:3242}}
Jul 27 16:27:02.808111 np0000005927 devstack@g-api.service[99842]: DEBUG glance.common.config [None req-18488598-7604-496a-9868-35b6f6fd076e None None] control_exchange = glance {{(pid=99842) log_opt_values /opt/stack/data/venv/lib/python3.12/site-packages/oslo_config/cfg.py:3242}}
Jul 27 16:27:02.808180 np0000005927 devstack@g-api.service[99842]: DEBUG glance.common.config [None req-18488598-7604-496a-9868-35b6f6fd076e None None] debug = True {{(pid=99842) log_opt_values /opt/stack/data/venv/lib/python3.12/site-packages/oslo_config/cfg.py:3242}}
Jul 27 16:27:02.808336 np0000005927 devstack@g-api.service[99842]: DEBUG glance.common.config [None req-18488598-7604-496a-9868-35b6f6fd076e None None] default_log_levels = ['amqp=WARN', 'boto=WARN', 'sqlalchemy=WARN', 'suds=INFO', 'oslo.messaging=INFO', 'oslo_messaging=INFO', 'iso8601=WARN', 'requests.packages.urllib3.connectionpool=WARN', 'urllib3.connectionpool=WARN', 'websocket=WARN', 'requests.packages.urllib3.util.retry=WARN', 'urllib3.util.retry=WARN', 'keystonemiddleware=WARN', 'routes.middleware=WARN', 'stevedore=WARN', 'taskflow=WARN', 'keystoneauth=WARN', 'oslo.cache=INFO', 'oslo_policy=INFO', 'dogpile.core.dogpile=INFO'] {{(pid=99842) log_opt_values /opt/stack/data/venv/lib/python3.12/site-packages/oslo_config/cfg.py:3242}}
Jul 27 16:27:02.808432 np0000005927 devstack@g-api.service[99842]: DEBUG glance.common.config [None req-18488598-7604-496a-9868-35b6f6fd076e None None] default_publisher_id = image.localhost {{(pid=99842) log_opt_values /opt/stack/data/venv/lib/python3.12/site-packages/oslo_config/cfg.py:3242}}
Jul 27 16:27:02.808525 np0000005927 devstack@g-api.service[99842]: DEBUG glance.common.config [None req-18488598-7604-496a-9868-35b6f6fd076e None None] delayed_delete = False {{(pid=99842) log_opt_values /opt/stack/data/venv/lib/python3.12/site-packages/oslo_config/cfg.py:3242}}
Jul 27 16:27:02.808634 np0000005927 devstack@g-api.service[99842]: DEBUG glance.common.config [None req-18488598-7604-496a-9868-35b6f6fd076e None None] digest_algorithm = sha256 {{(pid=99842) log_opt_values /opt/stack/data/venv/lib/python3.12/site-packages/oslo_config/cfg.py:3242}}
Jul 27 16:27:02.808728 np0000005927 devstack@g-api.service[99842]: DEBUG glance.common.config [None req-18488598-7604-496a-9868-35b6f6fd076e None None] disabled_notifications = [] {{(pid=99842) log_opt_values /opt/stack/data/venv/lib/python3.12/site-packages/oslo_config/cfg.py:3242}}
Jul 27 16:27:02.808819 np0000005927 devstack@g-api.service[99842]: DEBUG glance.common.config [None req-18488598-7604-496a-9868-35b6f6fd076e None None] do_secure_hash = True {{(pid=99842) log_opt_values /opt/stack/data/venv/lib/python3.12/site-packages/oslo_config/cfg.py:3242}}
Jul 27 16:27:02.808932 np0000005927 devstack@g-api.service[99842]: DEBUG glance.common.config [None req-18488598-7604-496a-9868-35b6f6fd076e None None] enabled_backends = None {{(pid=99842) log_opt_values /opt/stack/data/venv/lib/python3.12/site-packages/oslo_config/cfg.py:3242}}
Jul 27 16:27:02.809041 np0000005927 devstack@g-api.service[99842]: DEBUG glance.common.config [None req-18488598-7604-496a-9868-35b6f6fd076e None None] enabled_import_methods = ['glance-direct', 'web-download', 'copy-image'] {{(pid=99842) log_opt_values /opt/stack/data/venv/lib/python3.12/site-packages/oslo_config/cfg.py:3242}}
Jul 27 16:27:02.809134 np0000005927 devstack@g-api.service[99842]: DEBUG glance.common.config [None req-18488598-7604-496a-9868-35b6f6fd076e None None] fatal_deprecations = False {{(pid=99842) log_opt_values /opt/stack/data/venv/lib/python3.12/site-packages/oslo_config/cfg.py:3242}}
Jul 27 16:27:02.809226 np0000005927 devstack@g-api.service[99842]: DEBUG glance.common.config [None req-18488598-7604-496a-9868-35b6f6fd076e None None] hashing_algorithm = sha512 {{(pid=99842) log_opt_values /opt/stack/data/venv/lib/python3.12/site-packages/oslo_config/cfg.py:3242}}
Jul 27 16:27:02.809313 np0000005927 devstack@g-api.service[99842]: DEBUG glance.common.config [None req-18488598-7604-496a-9868-35b6f6fd076e None None] http_retries = 3 {{(pid=99842) log_opt_values /opt/stack/data/venv/lib/python3.12/site-packages/oslo_config/cfg.py:3242}}
Jul 27 16:27:02.809407 np0000005927 devstack@g-api.service[99842]: DEBUG glance.common.config [None req-18488598-7604-496a-9868-35b6f6fd076e None None] image_cache_dir = /opt/stack/data/glance/cache/ {{(pid=99842) log_opt_values /opt/stack/data/venv/lib/python3.12/site-packages/oslo_config/cfg.py:3242}}
Jul 27 16:27:02.809517 np0000005927 devstack@g-api.service[99842]: DEBUG glance.common.config [None req-18488598-7604-496a-9868-35b6f6fd076e None None] image_cache_driver = centralized_db {{(pid=99842) log_opt_values /opt/stack/data/venv/lib/python3.12/site-packages/oslo_config/cfg.py:3242}}
Jul 27 16:27:02.809595 np0000005927 devstack@g-api.service[99842]: DEBUG glance.common.config [None req-18488598-7604-496a-9868-35b6f6fd076e None None] image_cache_max_size = 10737418240 {{(pid=99842) log_opt_values /opt/stack/data/venv/lib/python3.12/site-packages/oslo_config/cfg.py:3242}}
Jul 27 16:27:02.809730 np0000005927 devstack@g-api.service[99842]: DEBUG glance.common.config [None req-18488598-7604-496a-9868-35b6f6fd076e None None] image_cache_sqlite_db = cache.db {{(pid=99842) log_opt_values /opt/stack/data/venv/lib/python3.12/site-packages/oslo_config/cfg.py:3242}}
Jul 27 16:27:02.809821 np0000005927 devstack@g-api.service[99842]: DEBUG glance.common.config [None req-18488598-7604-496a-9868-35b6f6fd076e None None] image_cache_stall_time = 86400 {{(pid=99842) log_opt_values /opt/stack/data/venv/lib/python3.12/site-packages/oslo_config/cfg.py:3242}}
Jul 27 16:27:02.809908 np0000005927 devstack@g-api.service[99842]: DEBUG glance.common.config [None req-18488598-7604-496a-9868-35b6f6fd076e None None] image_location_quota = 10 {{(pid=99842) log_opt_values /opt/stack/data/venv/lib/python3.12/site-packages/oslo_config/cfg.py:3242}}
Jul 27 16:27:02.809995 np0000005927 devstack@g-api.service[99842]: DEBUG glance.common.config [None req-18488598-7604-496a-9868-35b6f6fd076e None None] image_member_quota = 128 {{(pid=99842) log_opt_values /opt/stack/data/venv/lib/python3.12/site-packages/oslo_config/cfg.py:3242}}
Jul 27 16:27:02.810082 np0000005927 devstack@g-api.service[99842]: DEBUG glance.common.config [None req-18488598-7604-496a-9868-35b6f6fd076e None None] image_property_quota = 128 {{(pid=99842) log_opt_values /opt/stack/data/venv/lib/python3.12/site-packages/oslo_config/cfg.py:3242}}
Jul 27 16:27:02.810174 np0000005927 devstack@g-api.service[99842]: DEBUG glance.common.config [None req-18488598-7604-496a-9868-35b6f6fd076e None None] image_size_cap = 1099511627776 {{(pid=99842) log_opt_values /opt/stack/data/venv/lib/python3.12/site-packages/oslo_config/cfg.py:3242}}
Jul 27 16:27:02.810263 np0000005927 devstack@g-api.service[99842]: DEBUG glance.common.config [None req-18488598-7604-496a-9868-35b6f6fd076e None None] image_tag_quota = 128 {{(pid=99842) log_opt_values /opt/stack/data/venv/lib/python3.12/site-packages/oslo_config/cfg.py:3242}}
Jul 27 16:27:02.810354 np0000005927 devstack@g-api.service[99842]: DEBUG glance.common.config [None req-18488598-7604-496a-9868-35b6f6fd076e None None] instance_format = [instance: %(uuid)s] {{(pid=99842) log_opt_values /opt/stack/data/venv/lib/python3.12/site-packages/oslo_config/cfg.py:3242}}
Jul 27 16:27:02.810446 np0000005927 devstack@g-api.service[99842]: DEBUG glance.common.config [None req-18488598-7604-496a-9868-35b6f6fd076e None None] instance_uuid_format = [instance: %(uuid)s] {{(pid=99842) log_opt_values /opt/stack/data/venv/lib/python3.12/site-packages/oslo_config/cfg.py:3242}}
Jul 27 16:27:02.810546 np0000005927 devstack@g-api.service[99842]: DEBUG glance.common.config [None req-18488598-7604-496a-9868-35b6f6fd076e None None] limit_param_default = 25 {{(pid=99842) log_opt_values /opt/stack/data/venv/lib/python3.12/site-packages/oslo_config/cfg.py:3242}}
Jul 27 16:27:02.810659 np0000005927 devstack@g-api.service[99842]: DEBUG glance.common.config [None req-18488598-7604-496a-9868-35b6f6fd076e None None] log_color = False {{(pid=99842) log_opt_values /opt/stack/data/venv/lib/python3.12/site-packages/oslo_config/cfg.py:3242}}
Jul 27 16:27:02.810750 np0000005927 devstack@g-api.service[99842]: DEBUG glance.common.config [None req-18488598-7604-496a-9868-35b6f6fd076e None None] log_config_append = None {{(pid=99842) log_opt_values /opt/stack/data/venv/lib/python3.12/site-packages/oslo_config/cfg.py:3242}}
Jul 27 16:27:02.810870 np0000005927 devstack@g-api.service[99842]: DEBUG glance.common.config [None req-18488598-7604-496a-9868-35b6f6fd076e None None] log_date_format = %Y-%m-%d %H:%M:%S {{(pid=99842) log_opt_values /opt/stack/data/venv/lib/python3.12/site-packages/oslo_config/cfg.py:3242}}
Jul 27 16:27:02.810966 np0000005927 devstack@g-api.service[99842]: DEBUG glance.common.config [None req-18488598-7604-496a-9868-35b6f6fd076e None None] log_dir = None {{(pid=99842) log_opt_values /opt/stack/data/venv/lib/python3.12/site-packages/oslo_config/cfg.py:3242}}
Jul 27 16:27:02.811052 np0000005927 devstack@g-api.service[99842]: DEBUG glance.common.config [None req-18488598-7604-496a-9868-35b6f6fd076e None None] log_file = None {{(pid=99842) log_opt_values /opt/stack/data/venv/lib/python3.12/site-packages/oslo_config/cfg.py:3242}}
Jul 27 16:27:02.811140 np0000005927 devstack@g-api.service[99842]: DEBUG glance.common.config [None req-18488598-7604-496a-9868-35b6f6fd076e None None] log_rotate_interval = 1 {{(pid=99842) log_opt_values /opt/stack/data/venv/lib/python3.12/site-packages/oslo_config/cfg.py:3242}}
Jul 27 16:27:02.811234 np0000005927 devstack@g-api.service[99842]: DEBUG glance.common.config [None req-18488598-7604-496a-9868-35b6f6fd076e None None] log_rotate_interval_type = days {{(pid=99842) log_opt_values /opt/stack/data/venv/lib/python3.12/site-packages/oslo_config/cfg.py:3242}}
Jul 27 16:27:02.811325 np0000005927 devstack@g-api.service[99842]: DEBUG glance.common.config [None req-18488598-7604-496a-9868-35b6f6fd076e None None] log_rotation_type = none {{(pid=99842) log_opt_values /opt/stack/data/venv/lib/python3.12/site-packages/oslo_config/cfg.py:3242}}
Jul 27 16:27:02.811393 np0000005927 devstack@g-api.service[99842]: DEBUG glance.common.config [None req-18488598-7604-496a-9868-35b6f6fd076e None None] logging_context_format_string = %(color)s%(levelname)s %(name)s [%(global_request_id)s %(request_id)s %(project_name)s %(user_name)s%(color)s] %(instance)s%(color)s%(message)s {{(pid=99842) log_opt_values /opt/stack/data/venv/lib/python3.12/site-packages/oslo_config/cfg.py:3242}}
Jul 27 16:27:02.811456 np0000005927 devstack@g-api.service[99842]: DEBUG glance.common.config [None req-18488598-7604-496a-9868-35b6f6fd076e None None] logging_debug_format_suffix = {{(pid=%(process)d) %(funcName)s %(pathname)s:%(lineno)d}} {{(pid=99842) log_opt_values /opt/stack/data/venv/lib/python3.12/site-packages/oslo_config/cfg.py:3242}}
Jul 27 16:27:02.811561 np0000005927 devstack@g-api.service[99842]: DEBUG glance.common.config [None req-18488598-7604-496a-9868-35b6f6fd076e None None] logging_default_format_string = %(color)s%(levelname)s %(name)s [-%(color)s] %(instance)s%(color)s%(message)s {{(pid=99842) log_opt_values /opt/stack/data/venv/lib/python3.12/site-packages/oslo_config/cfg.py:3242}}
Jul 27 16:27:02.811670 np0000005927 devstack@g-api.service[99842]: DEBUG glance.common.config [None req-18488598-7604-496a-9868-35b6f6fd076e None None] logging_exception_prefix = ERROR %(name)s %(instance)s {{(pid=99842) log_opt_values /opt/stack/data/venv/lib/python3.12/site-packages/oslo_config/cfg.py:3242}}
Jul 27 16:27:02.811738 np0000005927 devstack@g-api.service[99842]: DEBUG glance.common.config [None req-18488598-7604-496a-9868-35b6f6fd076e None None] logging_user_identity_format = %(user)s %(project)s %(domain)s %(system_scope)s %(user_domain)s %(project_domain)s {{(pid=99842) log_opt_values /opt/stack/data/venv/lib/python3.12/site-packages/oslo_config/cfg.py:3242}}
Jul 27 16:27:02.811823 np0000005927 devstack@g-api.service[99842]: DEBUG glance.common.config [None req-18488598-7604-496a-9868-35b6f6fd076e None None] max_logfile_count = 30 {{(pid=99842) log_opt_values /opt/stack/data/venv/lib/python3.12/site-packages/oslo_config/cfg.py:3242}}
Jul 27 16:27:02.811913 np0000005927 devstack@g-api.service[99842]: DEBUG glance.common.config [None req-18488598-7604-496a-9868-35b6f6fd076e None None] max_logfile_size_mb = 200 {{(pid=99842) log_opt_values /opt/stack/data/venv/lib/python3.12/site-packages/oslo_config/cfg.py:3242}}
Jul 27 16:27:02.811997 np0000005927 devstack@g-api.service[99842]: DEBUG glance.common.config [None req-18488598-7604-496a-9868-35b6f6fd076e None None] max_request_id_length = 64 {{(pid=99842) log_opt_values /opt/stack/data/venv/lib/python3.12/site-packages/oslo_config/cfg.py:3242}}
Jul 27 16:27:02.812086 np0000005927 devstack@g-api.service[99842]: DEBUG glance.common.config [None req-18488598-7604-496a-9868-35b6f6fd076e None None] metadata_encryption_key = **** {{(pid=99842) log_opt_values /opt/stack/data/venv/lib/python3.12/site-packages/oslo_config/cfg.py:3242}}
Jul 27 16:27:02.812175 np0000005927 devstack@g-api.service[99842]: DEBUG glance.common.config [None req-18488598-7604-496a-9868-35b6f6fd076e None None] node_staging_uri = file:///tmp/staging/ {{(pid=99842) log_opt_values /opt/stack/data/venv/lib/python3.12/site-packages/oslo_config/cfg.py:3242}}
Jul 27 16:27:02.812259 np0000005927 devstack@g-api.service[99842]: DEBUG glance.common.config [None req-18488598-7604-496a-9868-35b6f6fd076e None None] property_protection_file = None {{(pid=99842) log_opt_values /opt/stack/data/venv/lib/python3.12/site-packages/oslo_config/cfg.py:3242}}
Jul 27 16:27:02.812350 np0000005927 devstack@g-api.service[99842]: DEBUG glance.common.config [None req-18488598-7604-496a-9868-35b6f6fd076e None None] property_protection_rule_format = roles {{(pid=99842) log_opt_values /opt/stack/data/venv/lib/python3.12/site-packages/oslo_config/cfg.py:3242}}
Jul 27 16:27:02.812440 np0000005927 devstack@g-api.service[99842]: DEBUG glance.common.config [None req-18488598-7604-496a-9868-35b6f6fd076e None None] public_endpoint = https://10.4.3.151/image {{(pid=99842) log_opt_values /opt/stack/data/venv/lib/python3.12/site-packages/oslo_config/cfg.py:3242}}
Jul 27 16:27:02.812534 np0000005927 devstack@g-api.service[99842]: DEBUG glance.common.config [None req-18488598-7604-496a-9868-35b6f6fd076e None None] publish_errors = False {{(pid=99842) log_opt_values /opt/stack/data/venv/lib/python3.12/site-packages/oslo_config/cfg.py:3242}}
Jul 27 16:27:02.812635 np0000005927 devstack@g-api.service[99842]: DEBUG glance.common.config [None req-18488598-7604-496a-9868-35b6f6fd076e None None] pydev_worker_debug_host = None {{(pid=99842) log_opt_values /opt/stack/data/venv/lib/python3.12/site-packages/oslo_config/cfg.py:3242}}
Jul 27 16:27:02.812729 np0000005927 devstack@g-api.service[99842]: DEBUG glance.common.config [None req-18488598-7604-496a-9868-35b6f6fd076e None None] pydev_worker_debug_port = 5678 {{(pid=99842) log_opt_values /opt/stack/data/venv/lib/python3.12/site-packages/oslo_config/cfg.py:3242}}
Jul 27 16:27:02.812821 np0000005927 devstack@g-api.service[99842]: DEBUG glance.common.config [None req-18488598-7604-496a-9868-35b6f6fd076e None None] rate_limit_burst = 0 {{(pid=99842) log_opt_values /opt/stack/data/venv/lib/python3.12/site-packages/oslo_config/cfg.py:3242}}
Jul 27 16:27:02.812934 np0000005927 devstack@g-api.service[99842]: DEBUG glance.common.config [None req-18488598-7604-496a-9868-35b6f6fd076e None None] rate_limit_except_level = CRITICAL {{(pid=99842) log_opt_values /opt/stack/data/venv/lib/python3.12/site-packages/oslo_config/cfg.py:3242}}
Jul 27 16:27:02.813022 np0000005927 devstack@g-api.service[99842]: DEBUG glance.common.config [None req-18488598-7604-496a-9868-35b6f6fd076e None None] rate_limit_interval = 0 {{(pid=99842) log_opt_values /opt/stack/data/venv/lib/python3.12/site-packages/oslo_config/cfg.py:3242}}
Jul 27 16:27:02.813105 np0000005927 devstack@g-api.service[99842]: DEBUG glance.common.config [None req-18488598-7604-496a-9868-35b6f6fd076e None None] scrub_pool_size = 1 {{(pid=99842) log_opt_values /opt/stack/data/venv/lib/python3.12/site-packages/oslo_config/cfg.py:3242}}
Jul 27 16:27:02.813192 np0000005927 devstack@g-api.service[99842]: DEBUG glance.common.config [None req-18488598-7604-496a-9868-35b6f6fd076e None None] scrub_time = 0 {{(pid=99842) log_opt_values /opt/stack/data/venv/lib/python3.12/site-packages/oslo_config/cfg.py:3242}}
Jul 27 16:27:02.813273 np0000005927 devstack@g-api.service[99842]: DEBUG glance.common.config [None req-18488598-7604-496a-9868-35b6f6fd076e None None] shell_completion = None {{(pid=99842) log_opt_values /opt/stack/data/venv/lib/python3.12/site-packages/oslo_config/cfg.py:3242}}
Jul 27 16:27:02.813362 np0000005927 devstack@g-api.service[99842]: DEBUG glance.common.config [None req-18488598-7604-496a-9868-35b6f6fd076e None None] show_image_direct_url = False {{(pid=99842) log_opt_values /opt/stack/data/venv/lib/python3.12/site-packages/oslo_config/cfg.py:3242}}
Jul 27 16:27:02.813567 np0000005927 devstack@g-api.service[99842]: WARNING oslo_config.cfg [None req-18488598-7604-496a-9868-35b6f6fd076e None None] Deprecated: Option "show_multiple_locations" from group "DEFAULT" is deprecated for removal (Use of this option, deprecated since Newton, is a security risk and will be removed once we figure out a way to satisfy those use cases that currently require it. An earlier announcement that the same functionality can be achieved with greater granularity by using policies is incorrect. You cannot work around this option via policy configuration at the present time, though that is the direction we believe the fix will take. Please keep an eye on the Glance release notes to stay up to date on progress in addressing this issue.). Its value may be silently ignored in the future.
Jul 27 16:27:02.813674 np0000005927 devstack@g-api.service[99842]: DEBUG glance.common.config [None req-18488598-7604-496a-9868-35b6f6fd076e None None] show_multiple_locations = False {{(pid=99842) log_opt_values /opt/stack/data/venv/lib/python3.12/site-packages/oslo_config/cfg.py:3242}}
Jul 27 16:27:02.813769 np0000005927 devstack@g-api.service[99842]: DEBUG glance.common.config [None req-18488598-7604-496a-9868-35b6f6fd076e None None] syslog_log_facility = LOG_USER {{(pid=99842) log_opt_values /opt/stack/data/venv/lib/python3.12/site-packages/oslo_config/cfg.py:3242}}
Jul 27 16:27:02.813861 np0000005927 devstack@g-api.service[99842]: DEBUG glance.common.config [None req-18488598-7604-496a-9868-35b6f6fd076e None None] transport_url = **** {{(pid=99842) log_opt_values /opt/stack/data/venv/lib/python3.12/site-packages/oslo_config/cfg.py:3242}}
Jul 27 16:27:02.813946 np0000005927 devstack@g-api.service[99842]: DEBUG glance.common.config [None req-18488598-7604-496a-9868-35b6f6fd076e None None] use_journal = False {{(pid=99842) log_opt_values /opt/stack/data/venv/lib/python3.12/site-packages/oslo_config/cfg.py:3242}}
Jul 27 16:27:02.814032 np0000005927 devstack@g-api.service[99842]: DEBUG glance.common.config [None req-18488598-7604-496a-9868-35b6f6fd076e None None] use_json = False {{(pid=99842) log_opt_values /opt/stack/data/venv/lib/python3.12/site-packages/oslo_config/cfg.py:3242}}
Jul 27 16:27:02.814123 np0000005927 devstack@g-api.service[99842]: DEBUG glance.common.config [None req-18488598-7604-496a-9868-35b6f6fd076e None None] use_keystone_limits = True {{(pid=99842) log_opt_values /opt/stack/data/venv/lib/python3.12/site-packages/oslo_config/cfg.py:3242}}
Jul 27 16:27:02.814208 np0000005927 devstack@g-api.service[99842]: DEBUG glance.common.config [None req-18488598-7604-496a-9868-35b6f6fd076e None None] use_stderr = False {{(pid=99842) log_opt_values /opt/stack/data/venv/lib/python3.12/site-packages/oslo_config/cfg.py:3242}}
Jul 27 16:27:02.814297 np0000005927 devstack@g-api.service[99842]: DEBUG glance.common.config [None req-18488598-7604-496a-9868-35b6f6fd076e None None] use_syslog = False {{(pid=99842) log_opt_values /opt/stack/data/venv/lib/python3.12/site-packages/oslo_config/cfg.py:3242}}
Jul 27 16:27:02.814386 np0000005927 devstack@g-api.service[99842]: DEBUG glance.common.config [None req-18488598-7604-496a-9868-35b6f6fd076e None None] user_storage_quota = 0 {{(pid=99842) log_opt_values /opt/stack/data/venv/lib/python3.12/site-packages/oslo_config/cfg.py:3242}}
Jul 27 16:27:02.814474 np0000005927 devstack@g-api.service[99842]: DEBUG glance.common.config [None req-18488598-7604-496a-9868-35b6f6fd076e None None] worker_self_reference_url = http://127.0.0.1:60999 {{(pid=99842) log_opt_values /opt/stack/data/venv/lib/python3.12/site-packages/oslo_config/cfg.py:3242}}
Jul 27 16:27:02.814587 np0000005927 devstack@g-api.service[99842]: DEBUG glance.common.config [None req-18488598-7604-496a-9868-35b6f6fd076e None None] oslo_concurrency.disable_process_locking = False {{(pid=99842) log_opt_values /opt/stack/data/venv/lib/python3.12/site-packages/oslo_config/cfg.py:3253}}
Jul 27 16:27:02.814703 np0000005927 devstack@g-api.service[99842]: DEBUG glance.common.config [None req-18488598-7604-496a-9868-35b6f6fd076e None None] oslo_concurrency.lock_path = /opt/stack/data/glance/locks {{(pid=99842) log_opt_values /opt/stack/data/venv/lib/python3.12/site-packages/oslo_config/cfg.py:3253}}
Jul 27 16:27:02.814799 np0000005927 devstack@g-api.service[99842]: DEBUG glance.common.config [None req-18488598-7604-496a-9868-35b6f6fd076e None None] oslo_middleware.enable_proxy_headers_parsing = False {{(pid=99842) log_opt_values /opt/stack/data/venv/lib/python3.12/site-packages/oslo_config/cfg.py:3253}}
Jul 27 16:27:02.814919 np0000005927 devstack@g-api.service[99842]: DEBUG glance.common.config [None req-18488598-7604-496a-9868-35b6f6fd076e None None] oslo_middleware.http_basic_auth_user_file = /etc/htpasswd {{(pid=99842) log_opt_values /opt/stack/data/venv/lib/python3.12/site-packages/oslo_config/cfg.py:3253}}
Jul 27 16:27:02.815013 np0000005927 devstack@g-api.service[99842]: DEBUG glance.common.config [None req-18488598-7604-496a-9868-35b6f6fd076e None None] paste_deploy.config_file = None {{(pid=99842) log_opt_values /opt/stack/data/venv/lib/python3.12/site-packages/oslo_config/cfg.py:3253}}
Jul 27 16:27:02.815106 np0000005927 devstack@g-api.service[99842]: DEBUG glance.common.config [None req-18488598-7604-496a-9868-35b6f6fd076e None None] paste_deploy.flavor = keystone+cachemanagement {{(pid=99842) log_opt_values /opt/stack/data/venv/lib/python3.12/site-packages/oslo_config/cfg.py:3253}}
Jul 27 16:27:02.815237 np0000005927 devstack@g-api.service[99842]: DEBUG glance.common.config [None req-18488598-7604-496a-9868-35b6f6fd076e None None] image_format.container_formats = ['ami', 'ari', 'aki', 'bare', 'ovf', 'ova', 'docker', 'compressed'] {{(pid=99842) log_opt_values /opt/stack/data/venv/lib/python3.12/site-packages/oslo_config/cfg.py:3253}}
Jul 27 16:27:02.815353 np0000005927 devstack@g-api.service[99842]: DEBUG glance.common.config [None req-18488598-7604-496a-9868-35b6f6fd076e None None] image_format.disk_formats = ['ami', 'ari', 'aki', 'vhd', 'vhdx', 'vmdk', 'raw', 'qcow2', 'vdi', 'iso', 'ploop'] {{(pid=99842) log_opt_values /opt/stack/data/venv/lib/python3.12/site-packages/oslo_config/cfg.py:3253}}
Jul 27 16:27:02.815446 np0000005927 devstack@g-api.service[99842]: DEBUG glance.common.config [None req-18488598-7604-496a-9868-35b6f6fd076e None None] image_format.gpt_safety_checks_nonfatal = [] {{(pid=99842) log_opt_values /opt/stack/data/venv/lib/python3.12/site-packages/oslo_config/cfg.py:3253}}
Jul 27 16:27:02.815550 np0000005927 devstack@g-api.service[99842]: DEBUG glance.common.config [None req-18488598-7604-496a-9868-35b6f6fd076e None None] image_format.require_image_format_match = True {{(pid=99842) log_opt_values /opt/stack/data/venv/lib/python3.12/site-packages/oslo_config/cfg.py:3253}}
Jul 27 16:27:02.815670 np0000005927 devstack@g-api.service[99842]: DEBUG glance.common.config [None req-18488598-7604-496a-9868-35b6f6fd076e None None] image_format.vmdk_allowed_types = ['streamOptimized', 'monolithicSparse'] {{(pid=99842) log_opt_values /opt/stack/data/venv/lib/python3.12/site-packages/oslo_config/cfg.py:3253}}
Jul 27 16:27:02.815768 np0000005927 devstack@g-api.service[99842]: DEBUG glance.common.config [None req-18488598-7604-496a-9868-35b6f6fd076e None None] task.task_executor = taskflow {{(pid=99842) log_opt_values /opt/stack/data/venv/lib/python3.12/site-packages/oslo_config/cfg.py:3253}}
Jul 27 16:27:02.815859 np0000005927 devstack@g-api.service[99842]: DEBUG glance.common.config [None req-18488598-7604-496a-9868-35b6f6fd076e None None] task.task_time_to_live = 48 {{(pid=99842) log_opt_values /opt/stack/data/venv/lib/python3.12/site-packages/oslo_config/cfg.py:3253}}
Jul 27 16:27:02.815946 np0000005927 devstack@g-api.service[99842]: DEBUG glance.common.config [None req-18488598-7604-496a-9868-35b6f6fd076e None None] task.work_dir = None {{(pid=99842) log_opt_values /opt/stack/data/venv/lib/python3.12/site-packages/oslo_config/cfg.py:3253}}
Jul 27 16:27:02.816042 np0000005927 devstack@g-api.service[99842]: DEBUG glance.common.config [None req-18488598-7604-496a-9868-35b6f6fd076e None None] wsgi.python_interpreter = /opt/stack/data/venv/bin/python3 {{(pid=99842) log_opt_values /opt/stack/data/venv/lib/python3.12/site-packages/oslo_config/cfg.py:3253}}
Jul 27 16:27:02.816128 np0000005927 devstack@g-api.service[99842]: DEBUG glance.common.config [None req-18488598-7604-496a-9868-35b6f6fd076e None None] wsgi.task_pool_threads = 16 {{(pid=99842) log_opt_values /opt/stack/data/venv/lib/python3.12/site-packages/oslo_config/cfg.py:3253}}
Jul 27 16:27:02.816175 np0000005927 devstack@g-api.service[99841]: DEBUG glance.common.config [None req-521c75be-6388-4d21-918e-9c8faf9e8f53 None None] ******************************************************************************** {{(pid=99841) log_opt_values /opt/stack/data/venv/lib/python3.12/site-packages/oslo_config/cfg.py:3226}}
Jul 27 16:27:02.816223 np0000005927 devstack@g-api.service[99842]: DEBUG glance.common.config [None req-18488598-7604-496a-9868-35b6f6fd076e None None] import_filtering_opts.allowed_hosts = [] {{(pid=99842) log_opt_values /opt/stack/data/venv/lib/python3.12/site-packages/oslo_config/cfg.py:3253}}
Jul 27 16:27:02.816270 np0000005927 devstack@g-api.service[99841]: DEBUG glance.common.config [None req-521c75be-6388-4d21-918e-9c8faf9e8f53 None None] Configuration options gathered from: {{(pid=99841) log_opt_values /opt/stack/data/venv/lib/python3.12/site-packages/oslo_config/cfg.py:3227}}
Jul 27 16:27:02.816318 np0000005927 devstack@g-api.service[99842]: DEBUG glance.common.config [None req-18488598-7604-496a-9868-35b6f6fd076e None None] import_filtering_opts.allowed_ports = [80, 443] {{(pid=99842) log_opt_values /opt/stack/data/venv/lib/python3.12/site-packages/oslo_config/cfg.py:3253}}
Jul 27 16:27:02.816405 np0000005927 devstack@g-api.service[99842]: DEBUG glance.common.config [None req-18488598-7604-496a-9868-35b6f6fd076e None None] import_filtering_opts.allowed_schemes = ['http', 'https'] {{(pid=99842) log_opt_values /opt/stack/data/venv/lib/python3.12/site-packages/oslo_config/cfg.py:3253}}
Jul 27 16:27:02.816503 np0000005927 devstack@g-api.service[99842]: DEBUG glance.common.config [None req-18488598-7604-496a-9868-35b6f6fd076e None None] import_filtering_opts.disallowed_hosts = [] {{(pid=99842) log_opt_values /opt/stack/data/venv/lib/python3.12/site-packages/oslo_config/cfg.py:3253}}
