Jul 27 16:26:40.447142 np0000005927 nova-scheduler[93627]: DEBUG cotyledon.oslo_config_glue [-] oslo_messaging_rabbit.rabbit_quorum_max_memory_bytes = 0 {{(pid=93627) log_opt_values /opt/stack/data/venv/lib/python3.12/site-packages/oslo_config/cfg.py:3253}}
Jul 27 16:26:40.447142 np0000005927 nova-scheduler[93627]: DEBUG cotyledon.oslo_config_glue [-] oslo_messaging_rabbit.rabbit_quorum_max_memory_length = 0 {{(pid=93627) log_opt_values /opt/stack/data/venv/lib/python3.12/site-packages/oslo_config/cfg.py:3253}}
Jul 27 16:26:40.447335 np0000005927 nova-scheduler[93627]: DEBUG cotyledon.oslo_config_glue [-] oslo_messaging_rabbit.rabbit_quorum_queue = False {{(pid=93627) log_opt_values /opt/stack/data/venv/lib/python3.12/site-packages/oslo_config/cfg.py:3253}}
Jul 27 16:26:40.447335 np0000005927 nova-scheduler[93627]: DEBUG cotyledon.oslo_config_glue [-] oslo_messaging_rabbit.rabbit_retry_backoff = 2 {{(pid=93627) log_opt_values /opt/stack/data/venv/lib/python3.12/site-packages/oslo_config/cfg.py:3253}}
Jul 27 16:26:40.447375 np0000005927 nova-scheduler[93596]: DEBUG oslo_db.sqlalchemy.engines [None req-1a40da47-cc87-498c-bbc8-24b9f083e6fe None None] MySQL server mode set to STRICT_TRANS_TABLES,STRICT_ALL_TABLES,NO_ZERO_IN_DATE,NO_ZERO_DATE,ERROR_FOR_DIVISION_BY_ZERO,TRADITIONAL,NO_ENGINE_SUBSTITUTION {{(pid=93596) _check_effective_sql_mode /opt/stack/data/venv/lib/python3.12/site-packages/oslo_db/sqlalchemy/engines.py:325}}
Jul 27 16:26:40.447413 np0000005927 nova-scheduler[93627]: DEBUG cotyledon.oslo_config_glue [-] oslo_messaging_rabbit.rabbit_retry_interval = 1 {{(pid=93627) log_opt_values /opt/stack/data/venv/lib/python3.12/site-packages/oslo_config/cfg.py:3253}}
Jul 27 16:26:40.447413 np0000005927 nova-scheduler[93627]: DEBUG cotyledon.oslo_config_glue [-] oslo_messaging_rabbit.rabbit_stream_fanout = False {{(pid=93627) log_opt_values /opt/stack/data/venv/lib/python3.12/site-packages/oslo_config/cfg.py:3253}}
Jul 27 16:26:40.447413 np0000005927 nova-scheduler[93627]: DEBUG cotyledon.oslo_config_glue [-] oslo_messaging_rabbit.rabbit_transient_queues_ttl = 1800 {{(pid=93627) log_opt_values /opt/stack/data/venv/lib/python3.12/site-packages/oslo_config/cfg.py:3253}}
Jul 27 16:26:40.447413 np0000005927 nova-scheduler[93627]: DEBUG cotyledon.oslo_config_glue [-] oslo_messaging_rabbit.rabbit_transient_quorum_queue = False {{(pid=93627) log_opt_values /opt/stack/data/venv/lib/python3.12/site-packages/oslo_config/cfg.py:3253}}
Jul 27 16:26:40.447413 np0000005927 nova-scheduler[93627]: DEBUG cotyledon.oslo_config_glue [-] oslo_messaging_rabbit.rpc_conn_pool_size = 30 {{(pid=93627) log_opt_values /opt/stack/data/venv/lib/python3.12/site-packages/oslo_config/cfg.py:3253}}
Jul 27 16:26:40.447413 np0000005927 nova-scheduler[93627]: DEBUG cotyledon.oslo_config_glue [-] oslo_messaging_rabbit.ssl = False {{(pid=93627) log_opt_values /opt/stack/data/venv/lib/python3.12/site-packages/oslo_config/cfg.py:3253}}
Jul 27 16:26:40.447413 np0000005927 nova-scheduler[93627]: DEBUG cotyledon.oslo_config_glue [-] oslo_messaging_rabbit.ssl_ca_file = {{(pid=93627) log_opt_values /opt/stack/data/venv/lib/python3.12/site-packages/oslo_config/cfg.py:3253}}
Jul 27 16:26:40.447413 np0000005927 nova-scheduler[93627]: DEBUG cotyledon.oslo_config_glue [-] oslo_messaging_rabbit.ssl_cert_file = {{(pid=93627) log_opt_values /opt/stack/data/venv/lib/python3.12/site-packages/oslo_config/cfg.py:3253}}
Jul 27 16:26:40.447413 np0000005927 nova-scheduler[93627]: DEBUG cotyledon.oslo_config_glue [-] oslo_messaging_rabbit.ssl_enforce_fips_mode = False {{(pid=93627) log_opt_values /opt/stack/data/venv/lib/python3.12/site-packages/oslo_config/cfg.py:3253}}
Jul 27 16:26:40.447631 np0000005927 nova-scheduler[93627]: DEBUG cotyledon.oslo_config_glue [-] oslo_messaging_rabbit.ssl_enforce_hostname_verification = True {{(pid=93627) log_opt_values /opt/stack/data/venv/lib/python3.12/site-packages/oslo_config/cfg.py:3253}}
Jul 27 16:26:40.447631 np0000005927 nova-scheduler[93627]: DEBUG cotyledon.oslo_config_glue [-] oslo_messaging_rabbit.ssl_key_file = {{(pid=93627) log_opt_values /opt/stack/data/venv/lib/python3.12/site-packages/oslo_config/cfg.py:3253}}
Jul 27 16:26:40.447631 np0000005927 nova-scheduler[93627]: DEBUG cotyledon.oslo_config_glue [-] oslo_messaging_rabbit.ssl_version = {{(pid=93627) log_opt_values /opt/stack/data/venv/lib/python3.12/site-packages/oslo_config/cfg.py:3253}}
Jul 27 16:26:40.447631 np0000005927 nova-scheduler[93627]: DEBUG cotyledon.oslo_config_glue [-] oslo_messaging_rabbit.use_queue_manager = False {{(pid=93627) log_opt_values /opt/stack/data/venv/lib/python3.12/site-packages/oslo_config/cfg.py:3253}}
Jul 27 16:26:40.447631 np0000005927 nova-scheduler[93627]: DEBUG cotyledon.oslo_config_glue [-] oslo_messaging_notifications.driver = ['messagingv2'] {{(pid=93627) log_opt_values /opt/stack/data/venv/lib/python3.12/site-packages/oslo_config/cfg.py:3253}}
Jul 27 16:26:40.447631 np0000005927 nova-scheduler[93627]: DEBUG cotyledon.oslo_config_glue [-] oslo_messaging_notifications.retry = -1 {{(pid=93627) log_opt_values /opt/stack/data/venv/lib/python3.12/site-packages/oslo_config/cfg.py:3253}}
Jul 27 16:26:40.447631 np0000005927 nova-scheduler[93627]: DEBUG cotyledon.oslo_config_glue [-] oslo_messaging_notifications.topics = ['notifications'] {{(pid=93627) log_opt_values /opt/stack/data/venv/lib/python3.12/site-packages/oslo_config/cfg.py:3253}}
Jul 27 16:26:40.447631 np0000005927 nova-scheduler[93627]: DEBUG cotyledon.oslo_config_glue [-] oslo_messaging_notifications.transport_url = **** {{(pid=93627) log_opt_values /opt/stack/data/venv/lib/python3.12/site-packages/oslo_config/cfg.py:3253}}
Jul 27 16:26:40.447631 np0000005927 nova-scheduler[93627]: DEBUG cotyledon.oslo_config_glue [-] oslo_limit.auth_section = None {{(pid=93627) log_opt_values /opt/stack/data/venv/lib/python3.12/site-packages/oslo_config/cfg.py:3253}}
Jul 27 16:26:40.447817 np0000005927 nova-scheduler[93627]: DEBUG cotyledon.oslo_config_glue [-] oslo_limit.auth_type = None {{(pid=93627) log_opt_values /opt/stack/data/venv/lib/python3.12/site-packages/oslo_config/cfg.py:3253}}
Jul 27 16:26:40.447817 np0000005927 nova-scheduler[93627]: DEBUG cotyledon.oslo_config_glue [-] oslo_limit.cafile = None {{(pid=93627) log_opt_values /opt/stack/data/venv/lib/python3.12/site-packages/oslo_config/cfg.py:3253}}
Jul 27 16:26:40.447817 np0000005927 nova-scheduler[93627]: DEBUG cotyledon.oslo_config_glue [-] oslo_limit.certfile = None {{(pid=93627) log_opt_values /opt/stack/data/venv/lib/python3.12/site-packages/oslo_config/cfg.py:3253}}
Jul 27 16:26:40.447817 np0000005927 nova-scheduler[93627]: DEBUG cotyledon.oslo_config_glue [-] oslo_limit.collect_timing = False {{(pid=93627) log_opt_values /opt/stack/data/venv/lib/python3.12/site-packages/oslo_config/cfg.py:3253}}
Jul 27 16:26:40.447817 np0000005927 nova-scheduler[93627]: DEBUG cotyledon.oslo_config_glue [-] oslo_limit.connect_retries = None {{(pid=93627) log_opt_values /opt/stack/data/venv/lib/python3.12/site-packages/oslo_config/cfg.py:3253}}
Jul 27 16:26:40.447817 np0000005927 nova-scheduler[93627]: DEBUG cotyledon.oslo_config_glue [-] oslo_limit.connect_retry_delay = None {{(pid=93627) log_opt_values /opt/stack/data/venv/lib/python3.12/site-packages/oslo_config/cfg.py:3253}}
Jul 27 16:26:40.447817 np0000005927 nova-scheduler[93627]: DEBUG cotyledon.oslo_config_glue [-] oslo_limit.endpoint_id = None {{(pid=93627) log_opt_values /opt/stack/data/venv/lib/python3.12/site-packages/oslo_config/cfg.py:3253}}
Jul 27 16:26:40.447817 np0000005927 nova-scheduler[93627]: DEBUG cotyledon.oslo_config_glue [-] oslo_limit.endpoint_interface = public {{(pid=93627) log_opt_values /opt/stack/data/venv/lib/python3.12/site-packages/oslo_config/cfg.py:3253}}
Jul 27 16:26:40.447817 np0000005927 nova-scheduler[93627]: DEBUG cotyledon.oslo_config_glue [-] oslo_limit.endpoint_override = None {{(pid=93627) log_opt_values /opt/stack/data/venv/lib/python3.12/site-packages/oslo_config/cfg.py:3253}}
Jul 27 16:26:40.447986 np0000005927 nova-scheduler[93627]: DEBUG cotyledon.oslo_config_glue [-] oslo_limit.endpoint_region_name = None {{(pid=93627) log_opt_values /opt/stack/data/venv/lib/python3.12/site-packages/oslo_config/cfg.py:3253}}
Jul 27 16:26:40.447986 np0000005927 nova-scheduler[93627]: DEBUG cotyledon.oslo_config_glue [-] oslo_limit.endpoint_service_name = None {{(pid=93627) log_opt_values /opt/stack/data/venv/lib/python3.12/site-packages/oslo_config/cfg.py:3253}}
Jul 27 16:26:40.447986 np0000005927 nova-scheduler[93627]: DEBUG cotyledon.oslo_config_glue [-] oslo_limit.endpoint_service_type = None {{(pid=93627) log_opt_values /opt/stack/data/venv/lib/python3.12/site-packages/oslo_config/cfg.py:3253}}
Jul 27 16:26:40.447986 np0000005927 nova-scheduler[93627]: DEBUG cotyledon.oslo_config_glue [-] oslo_limit.insecure = False {{(pid=93627) log_opt_values /opt/stack/data/venv/lib/python3.12/site-packages/oslo_config/cfg.py:3253}}
Jul 27 16:26:40.447986 np0000005927 nova-scheduler[93627]: DEBUG cotyledon.oslo_config_glue [-] oslo_limit.keyfile = None {{(pid=93627) log_opt_values /opt/stack/data/venv/lib/python3.12/site-packages/oslo_config/cfg.py:3253}}
Jul 27 16:26:40.447986 np0000005927 nova-scheduler[93627]: DEBUG cotyledon.oslo_config_glue [-] oslo_limit.max_version = None {{(pid=93627) log_opt_values /opt/stack/data/venv/lib/python3.12/site-packages/oslo_config/cfg.py:3253}}
Jul 27 16:26:40.447986 np0000005927 nova-scheduler[93627]: DEBUG cotyledon.oslo_config_glue [-] oslo_limit.min_version = None {{(pid=93627) log_opt_values /opt/stack/data/venv/lib/python3.12/site-packages/oslo_config/cfg.py:3253}}
Jul 27 16:26:40.447986 np0000005927 nova-scheduler[93627]: DEBUG cotyledon.oslo_config_glue [-] oslo_limit.region_name = None {{(pid=93627) log_opt_values /opt/stack/data/venv/lib/python3.12/site-packages/oslo_config/cfg.py:3253}}
Jul 27 16:26:40.447986 np0000005927 nova-scheduler[93627]: DEBUG cotyledon.oslo_config_glue [-] oslo_limit.retriable_status_codes = None {{(pid=93627) log_opt_values /opt/stack/data/venv/lib/python3.12/site-packages/oslo_config/cfg.py:3253}}
Jul 27 16:26:40.448151 np0000005927 nova-scheduler[93627]: DEBUG cotyledon.oslo_config_glue [-] oslo_limit.service_name = None {{(pid=93627) log_opt_values /opt/stack/data/venv/lib/python3.12/site-packages/oslo_config/cfg.py:3253}}
Jul 27 16:26:40.448151 np0000005927 nova-scheduler[93627]: DEBUG cotyledon.oslo_config_glue [-] oslo_limit.service_type = None {{(pid=93627) log_opt_values /opt/stack/data/venv/lib/python3.12/site-packages/oslo_config/cfg.py:3253}}
Jul 27 16:26:40.448151 np0000005927 nova-scheduler[93627]: DEBUG cotyledon.oslo_config_glue [-] oslo_limit.split_loggers = False {{(pid=93627) log_opt_values /opt/stack/data/venv/lib/python3.12/site-packages/oslo_config/cfg.py:3253}}
Jul 27 16:26:40.448151 np0000005927 nova-scheduler[93627]: DEBUG cotyledon.oslo_config_glue [-] oslo_limit.status_code_retries = None {{(pid=93627) log_opt_values /opt/stack/data/venv/lib/python3.12/site-packages/oslo_config/cfg.py:3253}}
Jul 27 16:26:40.448151 np0000005927 nova-scheduler[93627]: DEBUG cotyledon.oslo_config_glue [-] oslo_limit.status_code_retry_delay = None {{(pid=93627) log_opt_values /opt/stack/data/venv/lib/python3.12/site-packages/oslo_config/cfg.py:3253}}
Jul 27 16:26:40.448151 np0000005927 nova-scheduler[93627]: DEBUG cotyledon.oslo_config_glue [-] oslo_limit.timeout = None {{(pid=93627) log_opt_values /opt/stack/data/venv/lib/python3.12/site-packages/oslo_config/cfg.py:3253}}
Jul 27 16:26:40.448151 np0000005927 nova-scheduler[93627]: DEBUG cotyledon.oslo_config_glue [-] oslo_limit.valid_interfaces = None {{(pid=93627) log_opt_values /opt/stack/data/venv/lib/python3.12/site-packages/oslo_config/cfg.py:3253}}
Jul 27 16:26:40.448151 np0000005927 nova-scheduler[93627]: DEBUG cotyledon.oslo_config_glue [-] oslo_limit.version = None {{(pid=93627) log_opt_values /opt/stack/data/venv/lib/python3.12/site-packages/oslo_config/cfg.py:3253}}
Jul 27 16:26:40.448151 np0000005927 nova-scheduler[93627]: DEBUG cotyledon.oslo_config_glue [-] oslo_reports.file_event_handler = None {{(pid=93627) log_opt_values /opt/stack/data/venv/lib/python3.12/site-packages/oslo_config/cfg.py:3253}}
Jul 27 16:26:40.448327 np0000005927 nova-scheduler[93627]: DEBUG cotyledon.oslo_config_glue [-] oslo_reports.file_event_handler_interval = 1 {{(pid=93627) log_opt_values /opt/stack/data/venv/lib/python3.12/site-packages/oslo_config/cfg.py:3253}}
Jul 27 16:26:40.448327 np0000005927 nova-scheduler[93627]: DEBUG cotyledon.oslo_config_glue [-] oslo_reports.log_dir = None {{(pid=93627) log_opt_values /opt/stack/data/venv/lib/python3.12/site-packages/oslo_config/cfg.py:3253}}
Jul 27 16:26:40.448327 np0000005927 nova-scheduler[93627]: DEBUG cotyledon.oslo_config_glue [-] ******************************************************************************** {{(pid=93627) log_opt_values /opt/stack/data/venv/lib/python3.12/site-packages/oslo_config/cfg.py:3260}}
Jul 27 16:26:40.448327 np0000005927 nova-scheduler[93627]: DEBUG cotyledon._service_worker [-] Run service ServiceWrapper(2) [93627] {{(pid=93627) wait_forever /opt/stack/data/venv/lib/python3.12/site-packages/cotyledon/_service_worker.py:218}}
Jul 27 16:26:40.448406 np0000005927 nova-scheduler[93614]: DEBUG oslo_db.sqlalchemy.engines [None req-111d888a-7052-42fa-a522-f77cbbcdf264 None None] MySQL server mode set to STRICT_TRANS_TABLES,STRICT_ALL_TABLES,NO_ZERO_IN_DATE,NO_ZERO_DATE,ERROR_FOR_DIVISION_BY_ZERO,TRADITIONAL,NO_ENGINE_SUBSTITUTION {{(pid=93614) _check_effective_sql_mode /opt/stack/data/venv/lib/python3.12/site-packages/oslo_db/sqlalchemy/engines.py:325}}
Jul 27 16:26:40.448438 np0000005927 nova-scheduler[93627]: INFO nova.service [-] Starting scheduler node (version 33.1.0)
Jul 27 16:26:40.448438 np0000005927 nova-scheduler[93627]: INFO dbcounter [None req-5b54385e-c976-4f55-92ad-24e9e9760539 None None] Registered counter for database nova_cell0
Jul 27 16:26:40.448488 np0000005927 nova-scheduler[93596]: DEBUG dbcounter [-] [93596] Writer thread running {{(pid=93596) stat_writer /opt/stack/data/venv/lib/python3.12/site-packages/dbcounter.py:102}}
Jul 27 16:26:40.448526 np0000005927 nova-scheduler[93614]: DEBUG dbcounter [-] [93614] Writer thread running {{(pid=93614) stat_writer /opt/stack/data/venv/lib/python3.12/site-packages/dbcounter.py:102}}
Jul 27 16:26:40.466433 np0000005927 nova-scheduler[93596]: DEBUG nova.service [None req-1a40da47-cc87-498c-bbc8-24b9f083e6fe None None] Creating RPC server for service: nova-scheduler on topic: scheduler {{(pid=93596) start /opt/stack/nova/nova/service.py:196}}
Jul 27 16:26:40.470777 np0000005927 nova-scheduler[93614]: DEBUG nova.service [None req-111d888a-7052-42fa-a522-f77cbbcdf264 None None] Creating RPC server for service: nova-scheduler on topic: scheduler {{(pid=93614) start /opt/stack/nova/nova/service.py:196}}
Jul 27 16:26:40.482565 np0000005927 nova-scheduler[93627]: DEBUG oslo_db.sqlalchemy.engines [None req-5b54385e-c976-4f55-92ad-24e9e9760539 None None] MySQL server mode set to STRICT_TRANS_TABLES,STRICT_ALL_TABLES,NO_ZERO_IN_DATE,NO_ZERO_DATE,ERROR_FOR_DIVISION_BY_ZERO,TRADITIONAL,NO_ENGINE_SUBSTITUTION {{(pid=93627) _check_effective_sql_mode /opt/stack/data/venv/lib/python3.12/site-packages/oslo_db/sqlalchemy/engines.py:325}}
Jul 27 16:26:40.491948 np0000005927 nova-scheduler[93614]: DEBUG nova.service [None req-111d888a-7052-42fa-a522-f77cbbcdf264 None None] Join ServiceGroup membership for this service scheduler {{(pid=93614) start /opt/stack/nova/nova/service.py:222}}
Jul 27 16:26:40.492363 np0000005927 nova-scheduler[93614]: DEBUG nova.servicegroup.drivers.db [None req-111d888a-7052-42fa-a522-f77cbbcdf264 None None] DB_Driver: join new ServiceGroup member np0000005927 to the scheduler group, service = {{(pid=93614) join /opt/stack/nova/nova/servicegroup/drivers/db.py:44}}
Jul 27 16:26:40.494305 np0000005927 nova-scheduler[93627]: DEBUG dbcounter [-] [93627] Writer thread running {{(pid=93627) stat_writer /opt/stack/data/venv/lib/python3.12/site-packages/dbcounter.py:102}}
Jul 27 16:26:40.497883 np0000005927 nova-scheduler[93627]: DEBUG nova.service [None req-5b54385e-c976-4f55-92ad-24e9e9760539 None None] Creating RPC server for service: nova-scheduler on topic: scheduler {{(pid=93627) start /opt/stack/nova/nova/service.py:196}}
Jul 27 16:26:40.501509 np0000005927 nova-scheduler[93596]: DEBUG nova.service [None req-1a40da47-cc87-498c-bbc8-24b9f083e6fe None None] Join ServiceGroup membership for this service scheduler {{(pid=93596) start /opt/stack/nova/nova/service.py:222}}
Jul 27 16:26:40.501784 np0000005927 nova-scheduler[93596]: DEBUG nova.servicegroup.drivers.db [None req-1a40da47-cc87-498c-bbc8-24b9f083e6fe None None] DB_Driver: join new ServiceGroup member np0000005927 to the scheduler group, service = {{(pid=93596) join /opt/stack/nova/nova/servicegroup/drivers/db.py:44}}
Jul 27 16:26:40.515320 np0000005927 nova-scheduler[93627]: DEBUG nova.service [None req-5b54385e-c976-4f55-92ad-24e9e9760539 None None] Join ServiceGroup membership for this service scheduler {{(pid=93627) start /opt/stack/nova/nova/service.py:222}}
Jul 27 16:26:40.515765 np0000005927 nova-scheduler[93627]: DEBUG nova.servicegroup.drivers.db [None req-5b54385e-c976-4f55-92ad-24e9e9760539 None None] DB_Driver: join new ServiceGroup member np0000005927 to the scheduler group, service = {{(pid=93627) join /opt/stack/nova/nova/servicegroup/drivers/db.py:44}}
Jul 27 16:26:45.508026 np0000005927 nova-scheduler[93614]: DEBUG oslo.service.backend._threading.loopingcall [-] Fixed interval looping call 'nova.servicegroup.drivers.db.DbDriver._report_state' sleeping for 119.99 seconds {{(pid=93614) _run_loop /opt/stack/data/venv/lib/python3.12/site-packages/oslo_service/backend/_threading/loopingcall.py:125}}
Jul 27 16:26:45.516480 np0000005927 nova-scheduler[93596]: DEBUG oslo.service.backend._threading.loopingcall [-] Fixed interval looping call 'nova.servicegroup.drivers.db.DbDriver._report_state' sleeping for 119.99 seconds {{(pid=93596) _run_loop /opt/stack/data/venv/lib/python3.12/site-packages/oslo_service/backend/_threading/loopingcall.py:125}}
Jul 27 16:26:45.529344 np0000005927 nova-scheduler[93627]: DEBUG oslo.service.backend._threading.loopingcall [-] Fixed interval looping call 'nova.servicegroup.drivers.db.DbDriver._report_state' sleeping for 119.99 seconds {{(pid=93627) _run_loop /opt/stack/data/venv/lib/python3.12/site-packages/oslo_service/backend/_threading/loopingcall.py:125}}
Jul 27 16:26:48.991358 np0000005927 nova-scheduler[92344]: DEBUG dbcounter [-] [92344] Writing DB stats nova_api:SELECT=3 {{(pid=92344) stat_writer /opt/stack/data/venv/lib/python3.12/site-packages/dbcounter.py:115}}
Jul 27 16:26:49.120646 np0000005927 nova-scheduler[92344]: DEBUG dbcounter [-] [92344] Writing DB stats nova_cell1:SELECT=1 {{(pid=92344) stat_writer /opt/stack/data/venv/lib/python3.12/site-packages/dbcounter.py:115}}
Jul 27 16:26:49.125058 np0000005927 nova-scheduler[92344]: DEBUG dbcounter [-] [92344] Writing DB stats nova_cell0:SELECT=1 {{(pid=92344) stat_writer /opt/stack/data/venv/lib/python3.12/site-packages/dbcounter.py:115}}
Jul 27 16:26:55.502709 np0000005927 nova-scheduler[93614]: DEBUG dbcounter [-] [93614] Writing DB stats nova_cell0:SELECT=5,nova_cell0:INSERT=1,nova_cell0:UPDATE=1 {{(pid=93614) stat_writer /opt/stack/data/venv/lib/python3.12/site-packages/dbcounter.py:115}}
Jul 27 16:26:55.504312 np0000005927 nova-scheduler[93596]: DEBUG oslo.service.backend._threading.loopingcall [None req-b70988e4-b227-4065-b4d9-99bf917315bd None None] Dynamic interval looping call 'nova.service.Service.periodic_tasks' sleeping for 60.00 seconds {{(pid=93596) _run_loop /opt/stack/data/venv/lib/python3.12/site-packages/oslo_service/backend/_threading/loopingcall.py:125}}
Jul 27 16:26:55.512206 np0000005927 nova-scheduler[93596]: DEBUG dbcounter [-] [93596] Writing DB stats nova_cell0:SELECT=4,nova_cell0:INSERT=1 {{(pid=93596) stat_writer /opt/stack/data/venv/lib/python3.12/site-packages/dbcounter.py:115}}
Jul 27 16:26:55.525815 np0000005927 nova-scheduler[93627]: DEBUG dbcounter [-] [93627] Writing DB stats nova_cell0:SELECT=3 {{(pid=93627) stat_writer /opt/stack/data/venv/lib/python3.12/site-packages/dbcounter.py:115}}
Jul 27 16:27:31.494529 np0000005927 nova-scheduler[93614]: DEBUG oslo.service.backend._threading.loopingcall [None req-b517f947-dcc7-4780-bbe9-6cbd84d894c7 None None] Dynamic interval looping call 'nova.service.Service.periodic_tasks' sleeping for 60.00 seconds {{(pid=93614) _run_loop /opt/stack/data/venv/lib/python3.12/site-packages/oslo_service/backend/_threading/loopingcall.py:125}}
Jul 27 16:27:34.518000 np0000005927 nova-scheduler[93627]: DEBUG oslo.service.backend._threading.loopingcall [None req-4aa9caa3-8402-46a5-8925-271bca9a1f20 None None] Dynamic interval looping call 'nova.service.Service.periodic_tasks' sleeping for 60.00 seconds {{(pid=93627) _run_loop /opt/stack/data/venv/lib/python3.12/site-packages/oslo_service/backend/_threading/loopingcall.py:125}}
Jul 27 16:27:55.504915 np0000005927 nova-scheduler[93596]: DEBUG oslo.service.backend._threading.loopingcall [None req-b70988e4-b227-4065-b4d9-99bf917315bd None None] Dynamic interval looping call 'nova.service.Service.periodic_tasks' sleeping for 60.00 seconds {{(pid=93596) _run_loop /opt/stack/data/venv/lib/python3.12/site-packages/oslo_service/backend/_threading/loopingcall.py:125}}
Jul 27 16:28:31.494953 np0000005927 nova-scheduler[93614]: DEBUG oslo.service.backend._threading.loopingcall [None req-b517f947-dcc7-4780-bbe9-6cbd84d894c7 None None] Dynamic interval looping call 'nova.service.Service.periodic_tasks' sleeping for 60.00 seconds {{(pid=93614) _run_loop /opt/stack/data/venv/lib/python3.12/site-packages/oslo_service/backend/_threading/loopingcall.py:125}}
Jul 27 16:28:34.518778 np0000005927 nova-scheduler[93627]: DEBUG oslo.service.backend._threading.loopingcall [None req-4aa9caa3-8402-46a5-8925-271bca9a1f20 None None] Dynamic interval looping call 'nova.service.Service.periodic_tasks' sleeping for 60.00 seconds {{(pid=93627) _run_loop /opt/stack/data/venv/lib/python3.12/site-packages/oslo_service/backend/_threading/loopingcall.py:125}}
Jul 27 16:28:45.510321 np0000005927 nova-scheduler[93614]: DEBUG oslo.service.backend._threading.loopingcall [-] Fixed interval looping call 'nova.servicegroup.drivers.db.DbDriver._report_state' sleeping for 119.99 seconds {{(pid=93614) _run_loop /opt/stack/data/venv/lib/python3.12/site-packages/oslo_service/backend/_threading/loopingcall.py:125}}
Jul 27 16:28:45.512426 np0000005927 nova-scheduler[93596]: DEBUG oslo.service.backend._threading.loopingcall [-] Fixed interval looping call 'nova.servicegroup.drivers.db.DbDriver._report_state' sleeping for 119.99 seconds {{(pid=93596) _run_loop /opt/stack/data/venv/lib/python3.12/site-packages/oslo_service/backend/_threading/loopingcall.py:125}}
Jul 27 16:28:45.522664 np0000005927 nova-scheduler[93627]: DEBUG oslo.service.backend._threading.loopingcall [-] Fixed interval looping call 'nova.servicegroup.drivers.db.DbDriver._report_state' sleeping for 120.00 seconds {{(pid=93627) _run_loop /opt/stack/data/venv/lib/python3.12/site-packages/oslo_service/backend/_threading/loopingcall.py:125}}
Jul 27 16:28:55.505554 np0000005927 nova-scheduler[93596]: DEBUG oslo.service.backend._threading.loopingcall [None req-b70988e4-b227-4065-b4d9-99bf917315bd None None] Dynamic interval looping call 'nova.service.Service.periodic_tasks' sleeping for 60.00 seconds {{(pid=93596) _run_loop /opt/stack/data/venv/lib/python3.12/site-packages/oslo_service/backend/_threading/loopingcall.py:125}}
Jul 27 16:28:55.506459 np0000005927 nova-scheduler[93614]: DEBUG dbcounter [-] [93614] Writing DB stats nova_cell0:SELECT=1,nova_cell0:UPDATE=1 {{(pid=93614) stat_writer /opt/stack/data/venv/lib/python3.12/site-packages/dbcounter.py:115}}
Jul 27 16:28:55.511133 np0000005927 nova-scheduler[93596]: DEBUG dbcounter [-] [93596] Writing DB stats nova_cell0:SELECT=1,nova_cell0:UPDATE=1 {{(pid=93596) stat_writer /opt/stack/data/venv/lib/python3.12/site-packages/dbcounter.py:115}}
Jul 27 16:28:55.521007 np0000005927 nova-scheduler[93627]: DEBUG dbcounter [-] [93627] Writing DB stats nova_cell0:SELECT=1 {{(pid=93627) stat_writer /opt/stack/data/venv/lib/python3.12/site-packages/dbcounter.py:115}}
Jul 27 16:29:09.976034 np0000005927 nova-scheduler[93614]: DEBUG nova.scheduler.manager [None req-e0aa6e8d-4725-4d96-8bfb-2207e14d6a80 tempest-ServerActionsTestOtherB-471290816 tempest-ServerActionsTestOtherB-471290816-project-member] Starting to schedule for instances: ['a03377bb-3478-43dd-8952-4cb23c8e8dc5'] {{(pid=93614) select_destinations /opt/stack/nova/nova/scheduler/manager.py:209}}
Jul 27 16:29:09.976678 np0000005927 nova-scheduler[93614]: DEBUG nova.scheduler.request_filter [None req-e0aa6e8d-4725-4d96-8bfb-2207e14d6a80 tempest-ServerActionsTestOtherB-471290816 tempest-ServerActionsTestOtherB-471290816-project-member] compute_status_filter request filter added forbidden trait COMPUTE_STATUS_DISABLED {{(pid=93614) compute_status_filter /opt/stack/nova/nova/scheduler/request_filter.py:253}}
Jul 27 16:29:09.976797 np0000005927 nova-scheduler[93614]: DEBUG nova.scheduler.request_filter [None req-e0aa6e8d-4725-4d96-8bfb-2207e14d6a80 tempest-ServerActionsTestOtherB-471290816 tempest-ServerActionsTestOtherB-471290816-project-member] Request filter 'compute_status_filter' took 0.0 seconds {{(pid=93614) wrapper /opt/stack/nova/nova/scheduler/request_filter.py:46}}
Jul 27 16:29:09.976990 np0000005927 nova-scheduler[93614]: DEBUG nova.scheduler.request_filter [None req-e0aa6e8d-4725-4d96-8bfb-2207e14d6a80 tempest-ServerActionsTestOtherB-471290816 tempest-ServerActionsTestOtherB-471290816-project-member] Request filter 'accelerators_filter' took 0.0 seconds {{(pid=93614) wrapper /opt/stack/nova/nova/scheduler/request_filter.py:46}}
Jul 27 16:29:09.977834 np0000005927 nova-scheduler[93614]: DEBUG nova.scheduler.request_filter [None req-e0aa6e8d-4725-4d96-8bfb-2207e14d6a80 tempest-ServerActionsTestOtherB-471290816 tempest-ServerActionsTestOtherB-471290816-project-member] Request filter 'packed_virtqueue_filter' took 0.0 seconds {{(pid=93614) wrapper /opt/stack/nova/nova/scheduler/request_filter.py:46}}
Jul 27 16:29:09.978099 np0000005927 nova-scheduler[93614]: DEBUG nova.scheduler.request_filter [None req-e0aa6e8d-4725-4d96-8bfb-2207e14d6a80 tempest-ServerActionsTestOtherB-471290816 tempest-ServerActionsTestOtherB-471290816-project-member] Request filter 'remote_managed_ports_filter' took 0.0 seconds {{(pid=93614) wrapper /opt/stack/nova/nova/scheduler/request_filter.py:46}}
Jul 27 16:29:09.978248 np0000005927 nova-scheduler[93614]: DEBUG nova.scheduler.request_filter [None req-e0aa6e8d-4725-4d96-8bfb-2207e14d6a80 tempest-ServerActionsTestOtherB-471290816 tempest-ServerActionsTestOtherB-471290816-project-member] ephemeral_encryption_filter skipped {{(pid=93614) ephemeral_encryption_filter /opt/stack/nova/nova/scheduler/request_filter.py:426}}
Jul 27 16:29:09.978377 np0000005927 nova-scheduler[93614]: DEBUG nova.scheduler.request_filter [None req-e0aa6e8d-4725-4d96-8bfb-2207e14d6a80 tempest-ServerActionsTestOtherB-471290816 tempest-ServerActionsTestOtherB-471290816-project-member] virtio_sound_filter skipped {{(pid=93614) virtio_sound_filter /opt/stack/nova/nova/scheduler/request_filter.py:460}}
Jul 27 16:29:09.978485 np0000005927 nova-scheduler[93614]: DEBUG nova.scheduler.request_filter [None req-e0aa6e8d-4725-4d96-8bfb-2207e14d6a80 tempest-ServerActionsTestOtherB-471290816 tempest-ServerActionsTestOtherB-471290816-project-member] tpm_secret_security_filter skipped {{(pid=93614) tpm_secret_security_filter /opt/stack/nova/nova/scheduler/request_filter.py:477}}
Jul 27 16:29:11.125025 np0000005927 nova-scheduler[93614]: INFO nova.utils [None req-e0aa6e8d-4725-4d96-8bfb-2207e14d6a80 tempest-ServerActionsTestOtherB-471290816 tempest-ServerActionsTestOtherB-471290816-project-member] The cell worker thread pool ForkProcess-2.cell_worker is initialized
Jul 27 16:29:11.125354 np0000005927 nova-scheduler[93614]: DEBUG oslo_concurrency.lockutils [None req-e0aa6e8d-4725-4d96-8bfb-2207e14d6a80 tempest-ServerActionsTestOtherB-471290816 tempest-ServerActionsTestOtherB-471290816-project-member] Acquiring lock "940a293f-80dc-4605-b835-d52787db8664" by "nova.context.set_target_cell..get_or_set_cached_cell_and_set_connections" {{(pid=93614) inner /opt/stack/data/venv/lib/python3.12/site-packages/oslo_concurrency/lockutils.py:512}}
Jul 27 16:29:11.125567 np0000005927 nova-scheduler[93614]: DEBUG oslo_concurrency.lockutils [None req-e0aa6e8d-4725-4d96-8bfb-2207e14d6a80 tempest-ServerActionsTestOtherB-471290816 tempest-ServerActionsTestOtherB-471290816-project-member] Lock "940a293f-80dc-4605-b835-d52787db8664" acquired by "nova.context.set_target_cell..get_or_set_cached_cell_and_set_connections" :: waited 0.000s {{(pid=93614) inner /opt/stack/data/venv/lib/python3.12/site-packages/oslo_concurrency/lockutils.py:525}}
Jul 27 16:29:11.126937 np0000005927 nova-scheduler[93614]: DEBUG oslo_concurrency.lockutils [None req-e0aa6e8d-4725-4d96-8bfb-2207e14d6a80 tempest-ServerActionsTestOtherB-471290816 tempest-ServerActionsTestOtherB-471290816-project-member] Lock "940a293f-80dc-4605-b835-d52787db8664" "released" by "nova.context.set_target_cell..get_or_set_cached_cell_and_set_connections" :: held 0.001s {{(pid=93614) inner /opt/stack/data/venv/lib/python3.12/site-packages/oslo_concurrency/lockutils.py:544}}
Jul 27 16:29:11.130817 np0000005927 nova-scheduler[93614]: INFO dbcounter [None req-e0aa6e8d-4725-4d96-8bfb-2207e14d6a80 tempest-ServerActionsTestOtherB-471290816 tempest-ServerActionsTestOtherB-471290816-project-member] Registered counter for database nova_cell1
Jul 27 16:29:11.158594 np0000005927 nova-scheduler[93614]: DEBUG oslo_db.sqlalchemy.engines [None req-e0aa6e8d-4725-4d96-8bfb-2207e14d6a80 tempest-ServerActionsTestOtherB-471290816 tempest-ServerActionsTestOtherB-471290816-project-member] MySQL server mode set to STRICT_TRANS_TABLES,STRICT_ALL_TABLES,NO_ZERO_IN_DATE,NO_ZERO_DATE,ERROR_FOR_DIVISION_BY_ZERO,TRADITIONAL,NO_ENGINE_SUBSTITUTION {{(pid=93614) _check_effective_sql_mode /opt/stack/data/venv/lib/python3.12/site-packages/oslo_db/sqlalchemy/engines.py:325}}
Jul 27 16:29:11.163356 np0000005927 nova-scheduler[93614]: DEBUG dbcounter [-] [93614] Writer thread running {{(pid=93614) stat_writer /opt/stack/data/venv/lib/python3.12/site-packages/dbcounter.py:102}}
Jul 27 16:29:11.177079 np0000005927 nova-scheduler[93614]: DEBUG oslo_db.sqlalchemy.engines [None req-e0aa6e8d-4725-4d96-8bfb-2207e14d6a80 tempest-ServerActionsTestOtherB-471290816 tempest-ServerActionsTestOtherB-471290816-project-member] Parent process 92344 forked (93614) with an open database connection, which is being discarded and recreated. {{(pid=93614) checkout /opt/stack/data/venv/lib/python3.12/site-packages/oslo_db/sqlalchemy/engines.py:402}}
Jul 27 16:29:11.213178 np0000005927 nova-scheduler[93614]: DEBUG dbcounter [-] [93614] Writer thread running {{(pid=93614) stat_writer /opt/stack/data/venv/lib/python3.12/site-packages/dbcounter.py:102}}
Jul 27 16:29:11.217638 np0000005927 nova-scheduler[93614]: DEBUG oslo_concurrency.lockutils [None req-e0aa6e8d-4725-4d96-8bfb-2207e14d6a80 tempest-ServerActionsTestOtherB-471290816 tempest-ServerActionsTestOtherB-471290816-project-member] Acquiring lock "940a293f-80dc-4605-b835-d52787db8664" by "nova.context.set_target_cell..get_or_set_cached_cell_and_set_connections" {{(pid=93614) inner /opt/stack/data/venv/lib/python3.12/site-packages/oslo_concurrency/lockutils.py:512}}
Jul 27 16:29:11.217638 np0000005927 nova-scheduler[93614]: DEBUG oslo_concurrency.lockutils [None req-e0aa6e8d-4725-4d96-8bfb-2207e14d6a80 tempest-ServerActionsTestOtherB-471290816 tempest-ServerActionsTestOtherB-471290816-project-member] Lock "940a293f-80dc-4605-b835-d52787db8664" acquired by "nova.context.set_target_cell..get_or_set_cached_cell_and_set_connections" :: waited 0.000s {{(pid=93614) inner /opt/stack/data/venv/lib/python3.12/site-packages/oslo_concurrency/lockutils.py:525}}
Jul 27 16:29:11.217638 np0000005927 nova-scheduler[93614]: DEBUG oslo_concurrency.lockutils [None req-e0aa6e8d-4725-4d96-8bfb-2207e14d6a80 tempest-ServerActionsTestOtherB-471290816 tempest-ServerActionsTestOtherB-471290816-project-member] Lock "940a293f-80dc-4605-b835-d52787db8664" "released" by "nova.context.set_target_cell..get_or_set_cached_cell_and_set_connections" :: held 0.000s {{(pid=93614) inner /opt/stack/data/venv/lib/python3.12/site-packages/oslo_concurrency/lockutils.py:544}}
Jul 27 16:29:11.221119 np0000005927 nova-scheduler[93614]: DEBUG oslo_concurrency.lockutils [None req-e0aa6e8d-4725-4d96-8bfb-2207e14d6a80 tempest-ServerActionsTestOtherB-471290816 tempest-ServerActionsTestOtherB-471290816-project-member] Acquiring lock "np0000005927-np0000005927" by "nova.scheduler.host_manager.HostState.update.._locked_update" {{(pid=93614) inner /opt/stack/data/venv/lib/python3.12/site-packages/oslo_concurrency/lockutils.py:512}}
Jul 27 16:29:11.221263 np0000005927 nova-scheduler[93614]: DEBUG oslo_concurrency.lockutils [None req-e0aa6e8d-4725-4d96-8bfb-2207e14d6a80 tempest-ServerActionsTestOtherB-471290816 tempest-ServerActionsTestOtherB-471290816-project-member] Lock "np0000005927-np0000005927" acquired by "nova.scheduler.host_manager.HostState.update.._locked_update" :: waited 0.000s {{(pid=93614) inner /opt/stack/data/venv/lib/python3.12/site-packages/oslo_concurrency/lockutils.py:525}}
Jul 27 16:29:11.222550 np0000005927 nova-scheduler[93614]: DEBUG nova.scheduler.host_manager [None req-e0aa6e8d-4725-4d96-8bfb-2207e14d6a80 tempest-ServerActionsTestOtherB-471290816 tempest-ServerActionsTestOtherB-471290816-project-member] Update host state from compute node: ComputeNode(cpu_allocation_ratio=4.0,cpu_info='{"arch": "x86_64", "model": "EPYC-Milan", "vendor": "AMD", "topology": {"cells": 1, "sockets": 16, "cores": 1, "threads": 1}, "maxphysaddr": {"mode": "emulate", "bits": 40}, "features": ["v-vmsave-vmload", "pku", "tsc_adjust", "msr", "fpu", "amd-ssbd", "tsc-scale", "null-sel-clr-base", "pclmuldq", "rdctl-no", "3dnowprefetch", "de", "ssbd", "rdpid", "fsrm", "cmov", "stibp-always-on", "lahf_lm", "clflushopt", "pni", "tsc-deadline", "no-nested-data-bp", "pse36", "flushbyasid", "cx16", "movbe", "xsaves", "fma", "smep", "svm", "nx", "hypervisor", "cr8legacy", "pat", "sse", "mmx", "lbrv", "rdseed", "spec-ctrl", "pause-filter", "amd-psfd", "vmcb-clean", "pdpe1gb", "mtrr", "ssse3", "pge", "svme-addr-chk", "topoext", "xsaveerptr", "wbnoinvd", "mca", "mds-no", "fxsr_opt", "erms", "rdrand", "sse4.2", "vgif", "f16c", "apic", "tsc", "pschange-mc-no", "clzero", "perfctr_core", "avx", "vaes", "lfence-always-serializing", "ibpb", "virt-ssbd", "sse4a", "bmi2", "xsavec", "npt", "adx", "skip-l1dfl-vmentry", "cmp_legacy", "smap", "mmxext", "sep", "clflush", "pae", "abm", "cx8", "avx2", "osvw", "arat", "gds-no", "xgetbv1", "misalignsse", "pse", "clwb", "fxsr", "pcid", "vpclmulqdq", "nrip-save", "amd-stibp", "sse2", "lm", "xsave", "mce", "invpcid", "popcnt", "bmi1", "pfthreshold", "umip", "vme", "aes", "sha-ni", "sse4.1", "ibrs", "rdtscp", "x2apic", "arch-capabilities", "stibp", "syscall", "fsgsbase", "xsaveopt"]}',created_at=2026-07-27T16:27:01Z,current_workload=0,deleted=False,deleted_at=None,disk_allocation_ratio=1.0,disk_available_least=73,free_disk_gb=95,free_ram_mb=62765,host='np0000005927',host_ip=10.4.3.151,hypervisor_hostname='np0000005927',hypervisor_type='QEMU',hypervisor_version=8002002,id=1,local_gb=95,local_gb_used=0,mapped=1,memory_mb=63277,memory_mb_used=512,metrics='[]',numa_topology='{"nova_object.name": "NUMATopology", "nova_object.namespace": "nova", "nova_object.version": "1.2", "nova_object.data": {"cells": [{"nova_object.name": "NUMACell", "nova_object.namespace": "nova", "nova_object.version": "1.5", "nova_object.data": {"id": 0, "cpuset": [0, 1, 2, 3, 4, 5, 6, 7, 8, 9, 10, 11, 12, 13, 14, 15], "pcpuset": [0, 1, 2, 3, 4, 5, 6, 7, 8, 9, 10, 11, 12, 13, 14, 15], "memory": 63277, "cpu_usage": 0, "memory_usage": 0, "pinned_cpus": [], "siblings": [[6], [12], [2], [15], [5], [11], [8], [14], [4], [1], [7], [10], [0], [13], [3], [9]], "mempages": [{"nova_object.name": "NUMAPagesTopology", "nova_object.namespace": "nova", "nova_object.version": "1.1", "nova_object.data": {"size_kb": 4, "total": 16177929, "used": 0, "reserved": 0}, "nova_object.changes": ["size_kb", "used", "reserved", "total"]}, {"nova_object.name": "NUMAPagesTopology", "nova_object.namespace": "nova", "nova_object.version": "1.1", "nova_object.data": {"size_kb": 2048, "total": 41, "used": 0, "reserved": 0}, "nova_object.changes": ["size_kb", "used", "reserved", "total"]}, {"nova_object.name": "NUMAPagesTopology", "nova_object.namespace": "nova", "nova_object.version": "1.1", "nova_object.data": {"size_kb": 1048576, "total": 0, "used": 0, "reserved": 0}, "nova_object.changes": ["size_kb", "used", "reserved", "total"]}], "network_metadata": {"nova_object.name": "NetworkMetadata", "nova_object.namespace": "nova", "nova_object.version": "1.0", "nova_object.data": {"physnets": [], "tunneled": false}, "nova_object.changes": ["tunneled", "physnets"]}, "socket": null}, "nova_object.changes": ["cpuset", "pinned_cpus", "pcpuset", "mempages", "memory_usage", "memory", "network_metadata", "socket", "id", "cpu_usage", "siblings"]}]}, "nova_object.changes": ["cells"]}',pci_device_pools=PciDevicePoolList,ram_allocation_ratio=1.0,running_vms=0,service_id=3,stats={failed_builds='0',uptime=' 16:28:49 up 24 min, 2 users, load average: 1.18, 1.29, 0.75
Jul 27 16:29:11.222550 np0000005927 nova-scheduler[93614]: '},supported_hv_specs=[HVSpec,HVSpec,HVSpec,HVSpec,HVSpec,HVSpec,HVSpec,HVSpec,HVSpec,HVSpec,HVSpec,HVSpec,HVSpec,HVSpec,HVSpec,HVSpec,HVSpec,HVSpec,HVSpec,HVSpec,HVSpec,HVSpec,HVSpec,HVSpec,HVSpec],updated_at=2026-07-27T16:28:49Z,uuid=d87c42ad-3506-40f6-853f-a7a8bf19c89e,vcpus=16,vcpus_used=0) {{(pid=93614) _locked_update /opt/stack/nova/nova/scheduler/host_manager.py:168}}
Jul 27 16:29:11.222961 np0000005927 nova-scheduler[93614]: DEBUG nova.scheduler.host_manager [None req-e0aa6e8d-4725-4d96-8bfb-2207e14d6a80 tempest-ServerActionsTestOtherB-471290816 tempest-ServerActionsTestOtherB-471290816-project-member] Update host state with aggregates: [] {{(pid=93614) _locked_update /opt/stack/nova/nova/scheduler/host_manager.py:171}}
Jul 27 16:29:11.223082 np0000005927 nova-scheduler[93614]: DEBUG nova.scheduler.host_manager [None req-e0aa6e8d-4725-4d96-8bfb-2207e14d6a80 tempest-ServerActionsTestOtherB-471290816 tempest-ServerActionsTestOtherB-471290816-project-member] Update host state with service dict: {'id': 3, 'uuid': '024ce13d-cae5-4bc3-bff9-20406cf64488', 'host': 'np0000005927', 'binary': 'nova-compute', 'topic': 'compute', 'report_count': 2, 'disabled': False, 'disabled_reason': None, 'last_seen_up': datetime.datetime(2026, 7, 27, 16, 29, 8, tzinfo=datetime.timezone.utc), 'forced_down': False, 'version': 72, 'created_at': datetime.datetime(2026, 7, 27, 16, 27, 1, tzinfo=datetime.timezone.utc), 'updated_at': datetime.datetime(2026, 7, 27, 16, 29, 8, tzinfo=datetime.timezone.utc), 'deleted_at': None, 'deleted': False} {{(pid=93614) _locked_update /opt/stack/nova/nova/scheduler/host_manager.py:174}}
Jul 27 16:29:11.223227 np0000005927 nova-scheduler[93614]: DEBUG nova.scheduler.host_manager [None req-e0aa6e8d-4725-4d96-8bfb-2207e14d6a80 tempest-ServerActionsTestOtherB-471290816 tempest-ServerActionsTestOtherB-471290816-project-member] Update host state with instances: [] {{(pid=93614) _locked_update /opt/stack/nova/nova/scheduler/host_manager.py:177}}
Jul 27 16:29:11.223298 np0000005927 nova-scheduler[93614]: DEBUG oslo_concurrency.lockutils [None req-e0aa6e8d-4725-4d96-8bfb-2207e14d6a80 tempest-ServerActionsTestOtherB-471290816 tempest-ServerActionsTestOtherB-471290816-project-member] Lock "np0000005927-np0000005927" "released" by "nova.scheduler.host_manager.HostState.update.._locked_update" :: held 0.002s {{(pid=93614) inner /opt/stack/data/venv/lib/python3.12/site-packages/oslo_concurrency/lockutils.py:544}}
Jul 27 16:29:11.223725 np0000005927 nova-scheduler[93614]: DEBUG nova.filters [None req-e0aa6e8d-4725-4d96-8bfb-2207e14d6a80 tempest-ServerActionsTestOtherB-471290816 tempest-ServerActionsTestOtherB-471290816-project-member] Starting with 1 host(s) {{(pid=93614) get_filtered_objects /opt/stack/nova/nova/filters.py:70}}
Jul 27 16:29:11.224062 np0000005927 nova-scheduler[93614]: DEBUG nova.filters [None req-e0aa6e8d-4725-4d96-8bfb-2207e14d6a80 tempest-ServerActionsTestOtherB-471290816 tempest-ServerActionsTestOtherB-471290816-project-member] Filter ComputeFilter returned 1 host(s) {{(pid=93614) get_filtered_objects /opt/stack/nova/nova/filters.py:102}}
Jul 27 16:29:11.224202 np0000005927 nova-scheduler[93614]: DEBUG nova.filters [None req-e0aa6e8d-4725-4d96-8bfb-2207e14d6a80 tempest-ServerActionsTestOtherB-471290816 tempest-ServerActionsTestOtherB-471290816-project-member] Filter ComputeCapabilitiesFilter returned 1 host(s) {{(pid=93614) get_filtered_objects /opt/stack/nova/nova/filters.py:102}}
Jul 27 16:29:11.224389 np0000005927 nova-scheduler[93614]: DEBUG nova.filters [None req-e0aa6e8d-4725-4d96-8bfb-2207e14d6a80 tempest-ServerActionsTestOtherB-471290816 tempest-ServerActionsTestOtherB-471290816-project-member] Filter ImagePropertiesFilter returned 1 host(s) {{(pid=93614) get_filtered_objects /opt/stack/nova/nova/filters.py:102}}
Jul 27 16:29:11.224481 np0000005927 nova-scheduler[93614]: DEBUG nova.filters [None req-e0aa6e8d-4725-4d96-8bfb-2207e14d6a80 tempest-ServerActionsTestOtherB-471290816 tempest-ServerActionsTestOtherB-471290816-project-member] Filter ServerGroupAntiAffinityFilter returned 1 host(s) {{(pid=93614) get_filtered_objects /opt/stack/nova/nova/filters.py:102}}
Jul 27 16:29:11.224691 np0000005927 nova-scheduler[93614]: DEBUG nova.filters [None req-e0aa6e8d-4725-4d96-8bfb-2207e14d6a80 tempest-ServerActionsTestOtherB-471290816 tempest-ServerActionsTestOtherB-471290816-project-member] Filter ServerGroupAffinityFilter returned 1 host(s) {{(pid=93614) get_filtered_objects /opt/stack/nova/nova/filters.py:102}}
Jul 27 16:29:11.224758 np0000005927 nova-scheduler[93614]: DEBUG nova.filters [None req-e0aa6e8d-4725-4d96-8bfb-2207e14d6a80 tempest-ServerActionsTestOtherB-471290816 tempest-ServerActionsTestOtherB-471290816-project-member] Filter SameHostFilter returned 1 host(s) {{(pid=93614) get_filtered_objects /opt/stack/nova/nova/filters.py:102}}
Jul 27 16:29:11.224930 np0000005927 nova-scheduler[93614]: DEBUG nova.filters [None req-e0aa6e8d-4725-4d96-8bfb-2207e14d6a80 tempest-ServerActionsTestOtherB-471290816 tempest-ServerActionsTestOtherB-471290816-project-member] Filter DifferentHostFilter returned 1 host(s) {{(pid=93614) get_filtered_objects /opt/stack/nova/nova/filters.py:102}}
Jul 27 16:29:11.225049 np0000005927 nova-scheduler[93614]: DEBUG nova.scheduler.manager [None req-e0aa6e8d-4725-4d96-8bfb-2207e14d6a80 tempest-ServerActionsTestOtherB-471290816 tempest-ServerActionsTestOtherB-471290816-project-member] Filtered [(np0000005927, np0000005927) ram: 62765MB disk: 74752MB io_ops: 0 instances: 0, allocation_candidates: 1] {{(pid=93614) _get_sorted_hosts /opt/stack/nova/nova/scheduler/manager.py:742}}
Jul 27 16:29:11.225365 np0000005927 nova-scheduler[93614]: DEBUG nova.scheduler.manager [None req-e0aa6e8d-4725-4d96-8bfb-2207e14d6a80 tempest-ServerActionsTestOtherB-471290816 tempest-ServerActionsTestOtherB-471290816-project-member] Weighed [WeighedHost [host: (np0000005927, np0000005927) ram: 62765MB disk: 74752MB io_ops: 0 instances: 0, allocation_candidates: 1, weight: 0.0]] {{(pid=93614) _get_sorted_hosts /opt/stack/nova/nova/scheduler/manager.py:764}}
Jul 27 16:29:11.225365 np0000005927 nova-scheduler[93614]: DEBUG nova.scheduler.utils [None req-e0aa6e8d-4725-4d96-8bfb-2207e14d6a80 tempest-ServerActionsTestOtherB-471290816 tempest-ServerActionsTestOtherB-471290816-project-member] Attempting to claim resources in the placement API for instance a03377bb-3478-43dd-8952-4cb23c8e8dc5 {{(pid=93614) claim_resources /opt/stack/nova/nova/scheduler/utils.py:1345}}
Jul 27 16:29:11.273051 np0000005927 nova-scheduler[93596]: DEBUG nova.scheduler.manager [None req-ecb4cd23-a21b-4d1b-bad2-1d84316dad81 tempest-AttachVolumeShelveTestJSON-574293107 tempest-AttachVolumeShelveTestJSON-574293107-project-member] Starting to schedule for instances: ['0d0f651f-68e9-4d88-b4cc-4247d89e49ec'] {{(pid=93596) select_destinations /opt/stack/nova/nova/scheduler/manager.py:209}}
Jul 27 16:29:11.274050 np0000005927 nova-scheduler[93596]: DEBUG nova.scheduler.request_filter [None req-ecb4cd23-a21b-4d1b-bad2-1d84316dad81 tempest-AttachVolumeShelveTestJSON-574293107 tempest-AttachVolumeShelveTestJSON-574293107-project-member] compute_status_filter request filter added forbidden trait COMPUTE_STATUS_DISABLED {{(pid=93596) compute_status_filter /opt/stack/nova/nova/scheduler/request_filter.py:253}}
Jul 27 16:29:11.274222 np0000005927 nova-scheduler[93596]: DEBUG nova.scheduler.request_filter [None req-ecb4cd23-a21b-4d1b-bad2-1d84316dad81 tempest-AttachVolumeShelveTestJSON-574293107 tempest-AttachVolumeShelveTestJSON-574293107-project-member] Request filter 'compute_status_filter' took 0.0 seconds {{(pid=93596) wrapper /opt/stack/nova/nova/scheduler/request_filter.py:46}}
Jul 27 16:29:11.274926 np0000005927 nova-scheduler[93596]: DEBUG nova.scheduler.request_filter [None req-ecb4cd23-a21b-4d1b-bad2-1d84316dad81 tempest-AttachVolumeShelveTestJSON-574293107 tempest-AttachVolumeShelveTestJSON-574293107-project-member] Request filter 'accelerators_filter' took 0.0 seconds {{(pid=93596) wrapper /opt/stack/nova/nova/scheduler/request_filter.py:46}}
Jul 27 16:29:11.274926 np0000005927 nova-scheduler[93596]: DEBUG nova.scheduler.request_filter [None req-ecb4cd23-a21b-4d1b-bad2-1d84316dad81 tempest-AttachVolumeShelveTestJSON-574293107 tempest-AttachVolumeShelveTestJSON-574293107-project-member] Request filter 'packed_virtqueue_filter' took 0.0 seconds {{(pid=93596) wrapper /opt/stack/nova/nova/scheduler/request_filter.py:46}}
Jul 27 16:29:11.275068 np0000005927 nova-scheduler[93596]: DEBUG nova.scheduler.request_filter [None req-ecb4cd23-a21b-4d1b-bad2-1d84316dad81 tempest-AttachVolumeShelveTestJSON-574293107 tempest-AttachVolumeShelveTestJSON-574293107-project-member] Request filter 'remote_managed_ports_filter' took 0.0 seconds {{(pid=93596) wrapper /opt/stack/nova/nova/scheduler/request_filter.py:46}}
Jul 27 16:29:11.275132 np0000005927 nova-scheduler[93596]: DEBUG nova.scheduler.request_filter [None req-ecb4cd23-a21b-4d1b-bad2-1d84316dad81 tempest-AttachVolumeShelveTestJSON-574293107 tempest-AttachVolumeShelveTestJSON-574293107-project-member] ephemeral_encryption_filter skipped {{(pid=93596) ephemeral_encryption_filter /opt/stack/nova/nova/scheduler/request_filter.py:426}}
Jul 27 16:29:11.275271 np0000005927 nova-scheduler[93596]: DEBUG nova.scheduler.request_filter [None req-ecb4cd23-a21b-4d1b-bad2-1d84316dad81 tempest-AttachVolumeShelveTestJSON-574293107 tempest-AttachVolumeShelveTestJSON-574293107-project-member] virtio_sound_filter skipped {{(pid=93596) virtio_sound_filter /opt/stack/nova/nova/scheduler/request_filter.py:460}}
Jul 27 16:29:11.275359 np0000005927 nova-scheduler[93596]: DEBUG nova.scheduler.request_filter [None req-ecb4cd23-a21b-4d1b-bad2-1d84316dad81 tempest-AttachVolumeShelveTestJSON-574293107 tempest-AttachVolumeShelveTestJSON-574293107-project-member] tpm_secret_security_filter skipped {{(pid=93596) tpm_secret_security_filter /opt/stack/nova/nova/scheduler/request_filter.py:477}}
Jul 27 16:29:11.407868 np0000005927 nova-scheduler[93596]: INFO nova.utils [None req-ecb4cd23-a21b-4d1b-bad2-1d84316dad81 tempest-AttachVolumeShelveTestJSON-574293107 tempest-AttachVolumeShelveTestJSON-574293107-project-member] The cell worker thread pool ForkProcess-1.cell_worker is initialized
Jul 27 16:29:11.408298 np0000005927 nova-scheduler[93596]: DEBUG oslo_concurrency.lockutils [None req-ecb4cd23-a21b-4d1b-bad2-1d84316dad81 tempest-AttachVolumeShelveTestJSON-574293107 tempest-AttachVolumeShelveTestJSON-574293107-project-member] Acquiring lock "940a293f-80dc-4605-b835-d52787db8664" by "nova.context.set_target_cell..get_or_set_cached_cell_and_set_connections" {{(pid=93596) inner /opt/stack/data/venv/lib/python3.12/site-packages/oslo_concurrency/lockutils.py:512}}
Jul 27 16:29:11.408660 np0000005927 nova-scheduler[93596]: DEBUG oslo_concurrency.lockutils [None req-ecb4cd23-a21b-4d1b-bad2-1d84316dad81 tempest-AttachVolumeShelveTestJSON-574293107 tempest-AttachVolumeShelveTestJSON-574293107-project-member] Lock "940a293f-80dc-4605-b835-d52787db8664" acquired by "nova.context.set_target_cell..get_or_set_cached_cell_and_set_connections" :: waited 0.000s {{(pid=93596) inner /opt/stack/data/venv/lib/python3.12/site-packages/oslo_concurrency/lockutils.py:525}}
Jul 27 16:29:11.410824 np0000005927 nova-scheduler[93596]: DEBUG oslo_concurrency.lockutils [None req-ecb4cd23-a21b-4d1b-bad2-1d84316dad81 tempest-AttachVolumeShelveTestJSON-574293107 tempest-AttachVolumeShelveTestJSON-574293107-project-member] Lock "940a293f-80dc-4605-b835-d52787db8664" "released" by "nova.context.set_target_cell..get_or_set_cached_cell_and_set_connections" :: held 0.001s {{(pid=93596) inner /opt/stack/data/venv/lib/python3.12/site-packages/oslo_concurrency/lockutils.py:544}}
Jul 27 16:29:11.414300 np0000005927 nova-scheduler[93596]: INFO dbcounter [None req-ecb4cd23-a21b-4d1b-bad2-1d84316dad81 tempest-AttachVolumeShelveTestJSON-574293107 tempest-AttachVolumeShelveTestJSON-574293107-project-member] Registered counter for database nova_cell1
