Jul 27 16:26:45.705279 np0000005927 nova-conductor[95993]: DEBUG cotyledon.oslo_config_glue [-] oslo_messaging_rabbit.rabbit_quorum_max_memory_bytes = 0 {{(pid=95993) log_opt_values /opt/stack/data/venv/lib/python3.12/site-packages/oslo_config/cfg.py:3253}}
Jul 27 16:26:45.705279 np0000005927 nova-conductor[95993]: DEBUG cotyledon.oslo_config_glue [-] oslo_messaging_rabbit.rabbit_quorum_max_memory_length = 0 {{(pid=95993) log_opt_values /opt/stack/data/venv/lib/python3.12/site-packages/oslo_config/cfg.py:3253}}
Jul 27 16:26:45.705279 np0000005927 nova-conductor[95993]: DEBUG cotyledon.oslo_config_glue [-] oslo_messaging_rabbit.rabbit_quorum_queue = False {{(pid=95993) log_opt_values /opt/stack/data/venv/lib/python3.12/site-packages/oslo_config/cfg.py:3253}}
Jul 27 16:26:45.705279 np0000005927 nova-conductor[95993]: DEBUG cotyledon.oslo_config_glue [-] oslo_messaging_rabbit.rabbit_retry_backoff = 2 {{(pid=95993) log_opt_values /opt/stack/data/venv/lib/python3.12/site-packages/oslo_config/cfg.py:3253}}
Jul 27 16:26:45.705279 np0000005927 nova-conductor[95993]: DEBUG cotyledon.oslo_config_glue [-] oslo_messaging_rabbit.rabbit_retry_interval = 1 {{(pid=95993) log_opt_values /opt/stack/data/venv/lib/python3.12/site-packages/oslo_config/cfg.py:3253}}
Jul 27 16:26:45.705279 np0000005927 nova-conductor[95993]: DEBUG cotyledon.oslo_config_glue [-] oslo_messaging_rabbit.rabbit_stream_fanout = False {{(pid=95993) log_opt_values /opt/stack/data/venv/lib/python3.12/site-packages/oslo_config/cfg.py:3253}}
Jul 27 16:26:45.705529 np0000005927 nova-conductor[95993]: DEBUG cotyledon.oslo_config_glue [-] oslo_messaging_rabbit.rabbit_transient_queues_ttl = 1800 {{(pid=95993) log_opt_values /opt/stack/data/venv/lib/python3.12/site-packages/oslo_config/cfg.py:3253}}
Jul 27 16:26:45.705529 np0000005927 nova-conductor[95993]: DEBUG cotyledon.oslo_config_glue [-] oslo_messaging_rabbit.rabbit_transient_quorum_queue = False {{(pid=95993) log_opt_values /opt/stack/data/venv/lib/python3.12/site-packages/oslo_config/cfg.py:3253}}
Jul 27 16:26:45.705529 np0000005927 nova-conductor[95993]: DEBUG cotyledon.oslo_config_glue [-] oslo_messaging_rabbit.rpc_conn_pool_size = 30 {{(pid=95993) log_opt_values /opt/stack/data/venv/lib/python3.12/site-packages/oslo_config/cfg.py:3253}}
Jul 27 16:26:45.705529 np0000005927 nova-conductor[95993]: DEBUG cotyledon.oslo_config_glue [-] oslo_messaging_rabbit.ssl = False {{(pid=95993) log_opt_values /opt/stack/data/venv/lib/python3.12/site-packages/oslo_config/cfg.py:3253}}
Jul 27 16:26:45.705529 np0000005927 nova-conductor[95993]: DEBUG cotyledon.oslo_config_glue [-] oslo_messaging_rabbit.ssl_ca_file = {{(pid=95993) log_opt_values /opt/stack/data/venv/lib/python3.12/site-packages/oslo_config/cfg.py:3253}}
Jul 27 16:26:45.705529 np0000005927 nova-conductor[95993]: DEBUG cotyledon.oslo_config_glue [-] oslo_messaging_rabbit.ssl_cert_file = {{(pid=95993) log_opt_values /opt/stack/data/venv/lib/python3.12/site-packages/oslo_config/cfg.py:3253}}
Jul 27 16:26:45.705529 np0000005927 nova-conductor[95993]: DEBUG cotyledon.oslo_config_glue [-] oslo_messaging_rabbit.ssl_enforce_fips_mode = False {{(pid=95993) log_opt_values /opt/stack/data/venv/lib/python3.12/site-packages/oslo_config/cfg.py:3253}}
Jul 27 16:26:45.705737 np0000005927 nova-conductor[95978]: INFO dbcounter [None req-0e04bb8d-11fc-4d55-a3e3-025c74caf1d6 None None] Registered counter for database nova_cell0
Jul 27 16:26:45.705771 np0000005927 nova-conductor[95993]: DEBUG cotyledon.oslo_config_glue [-] oslo_messaging_rabbit.ssl_enforce_hostname_verification = True {{(pid=95993) log_opt_values /opt/stack/data/venv/lib/python3.12/site-packages/oslo_config/cfg.py:3253}}
Jul 27 16:26:45.705771 np0000005927 nova-conductor[95993]: DEBUG cotyledon.oslo_config_glue [-] oslo_messaging_rabbit.ssl_key_file = {{(pid=95993) log_opt_values /opt/stack/data/venv/lib/python3.12/site-packages/oslo_config/cfg.py:3253}}
Jul 27 16:26:45.705771 np0000005927 nova-conductor[95993]: DEBUG cotyledon.oslo_config_glue [-] oslo_messaging_rabbit.ssl_version = {{(pid=95993) log_opt_values /opt/stack/data/venv/lib/python3.12/site-packages/oslo_config/cfg.py:3253}}
Jul 27 16:26:45.705771 np0000005927 nova-conductor[95993]: DEBUG cotyledon.oslo_config_glue [-] oslo_messaging_rabbit.use_queue_manager = False {{(pid=95993) log_opt_values /opt/stack/data/venv/lib/python3.12/site-packages/oslo_config/cfg.py:3253}}
Jul 27 16:26:45.705771 np0000005927 nova-conductor[95993]: DEBUG cotyledon.oslo_config_glue [-] oslo_messaging_notifications.driver = ['messagingv2'] {{(pid=95993) log_opt_values /opt/stack/data/venv/lib/python3.12/site-packages/oslo_config/cfg.py:3253}}
Jul 27 16:26:45.705771 np0000005927 nova-conductor[95993]: DEBUG cotyledon.oslo_config_glue [-] oslo_messaging_notifications.retry = -1 {{(pid=95993) log_opt_values /opt/stack/data/venv/lib/python3.12/site-packages/oslo_config/cfg.py:3253}}
Jul 27 16:26:45.705771 np0000005927 nova-conductor[95993]: DEBUG cotyledon.oslo_config_glue [-] oslo_messaging_notifications.topics = ['notifications'] {{(pid=95993) log_opt_values /opt/stack/data/venv/lib/python3.12/site-packages/oslo_config/cfg.py:3253}}
Jul 27 16:26:45.705771 np0000005927 nova-conductor[95993]: DEBUG cotyledon.oslo_config_glue [-] oslo_messaging_notifications.transport_url = **** {{(pid=95993) log_opt_values /opt/stack/data/venv/lib/python3.12/site-packages/oslo_config/cfg.py:3253}}
Jul 27 16:26:45.705771 np0000005927 nova-conductor[95993]: DEBUG cotyledon.oslo_config_glue [-] oslo_limit.auth_section = None {{(pid=95993) log_opt_values /opt/stack/data/venv/lib/python3.12/site-packages/oslo_config/cfg.py:3253}}
Jul 27 16:26:45.706029 np0000005927 nova-conductor[95993]: DEBUG cotyledon.oslo_config_glue [-] oslo_limit.auth_type = None {{(pid=95993) log_opt_values /opt/stack/data/venv/lib/python3.12/site-packages/oslo_config/cfg.py:3253}}
Jul 27 16:26:45.706029 np0000005927 nova-conductor[95993]: DEBUG cotyledon.oslo_config_glue [-] oslo_limit.cafile = None {{(pid=95993) log_opt_values /opt/stack/data/venv/lib/python3.12/site-packages/oslo_config/cfg.py:3253}}
Jul 27 16:26:45.706029 np0000005927 nova-conductor[95993]: DEBUG cotyledon.oslo_config_glue [-] oslo_limit.certfile = None {{(pid=95993) log_opt_values /opt/stack/data/venv/lib/python3.12/site-packages/oslo_config/cfg.py:3253}}
Jul 27 16:26:45.706029 np0000005927 nova-conductor[95993]: DEBUG cotyledon.oslo_config_glue [-] oslo_limit.collect_timing = False {{(pid=95993) log_opt_values /opt/stack/data/venv/lib/python3.12/site-packages/oslo_config/cfg.py:3253}}
Jul 27 16:26:45.706029 np0000005927 nova-conductor[95993]: DEBUG cotyledon.oslo_config_glue [-] oslo_limit.connect_retries = None {{(pid=95993) log_opt_values /opt/stack/data/venv/lib/python3.12/site-packages/oslo_config/cfg.py:3253}}
Jul 27 16:26:45.706029 np0000005927 nova-conductor[95993]: DEBUG cotyledon.oslo_config_glue [-] oslo_limit.connect_retry_delay = None {{(pid=95993) log_opt_values /opt/stack/data/venv/lib/python3.12/site-packages/oslo_config/cfg.py:3253}}
Jul 27 16:26:45.706029 np0000005927 nova-conductor[95993]: DEBUG cotyledon.oslo_config_glue [-] oslo_limit.endpoint_id = None {{(pid=95993) log_opt_values /opt/stack/data/venv/lib/python3.12/site-packages/oslo_config/cfg.py:3253}}
Jul 27 16:26:45.706029 np0000005927 nova-conductor[95993]: DEBUG cotyledon.oslo_config_glue [-] oslo_limit.endpoint_interface = public {{(pid=95993) log_opt_values /opt/stack/data/venv/lib/python3.12/site-packages/oslo_config/cfg.py:3253}}
Jul 27 16:26:45.706029 np0000005927 nova-conductor[95993]: DEBUG cotyledon.oslo_config_glue [-] oslo_limit.endpoint_override = None {{(pid=95993) log_opt_values /opt/stack/data/venv/lib/python3.12/site-packages/oslo_config/cfg.py:3253}}
Jul 27 16:26:45.706303 np0000005927 nova-conductor[95993]: DEBUG cotyledon.oslo_config_glue [-] oslo_limit.endpoint_region_name = None {{(pid=95993) log_opt_values /opt/stack/data/venv/lib/python3.12/site-packages/oslo_config/cfg.py:3253}}
Jul 27 16:26:45.706303 np0000005927 nova-conductor[95993]: DEBUG cotyledon.oslo_config_glue [-] oslo_limit.endpoint_service_name = None {{(pid=95993) log_opt_values /opt/stack/data/venv/lib/python3.12/site-packages/oslo_config/cfg.py:3253}}
Jul 27 16:26:45.706303 np0000005927 nova-conductor[95993]: DEBUG cotyledon.oslo_config_glue [-] oslo_limit.endpoint_service_type = None {{(pid=95993) log_opt_values /opt/stack/data/venv/lib/python3.12/site-packages/oslo_config/cfg.py:3253}}
Jul 27 16:26:45.706303 np0000005927 nova-conductor[95993]: DEBUG cotyledon.oslo_config_glue [-] oslo_limit.insecure = False {{(pid=95993) log_opt_values /opt/stack/data/venv/lib/python3.12/site-packages/oslo_config/cfg.py:3253}}
Jul 27 16:26:45.706303 np0000005927 nova-conductor[95993]: DEBUG cotyledon.oslo_config_glue [-] oslo_limit.keyfile = None {{(pid=95993) log_opt_values /opt/stack/data/venv/lib/python3.12/site-packages/oslo_config/cfg.py:3253}}
Jul 27 16:26:45.706303 np0000005927 nova-conductor[95993]: DEBUG cotyledon.oslo_config_glue [-] oslo_limit.max_version = None {{(pid=95993) log_opt_values /opt/stack/data/venv/lib/python3.12/site-packages/oslo_config/cfg.py:3253}}
Jul 27 16:26:45.706303 np0000005927 nova-conductor[95993]: DEBUG cotyledon.oslo_config_glue [-] oslo_limit.min_version = None {{(pid=95993) log_opt_values /opt/stack/data/venv/lib/python3.12/site-packages/oslo_config/cfg.py:3253}}
Jul 27 16:26:45.706303 np0000005927 nova-conductor[95993]: DEBUG cotyledon.oslo_config_glue [-] oslo_limit.region_name = None {{(pid=95993) log_opt_values /opt/stack/data/venv/lib/python3.12/site-packages/oslo_config/cfg.py:3253}}
Jul 27 16:26:45.706303 np0000005927 nova-conductor[95993]: DEBUG cotyledon.oslo_config_glue [-] oslo_limit.retriable_status_codes = None {{(pid=95993) log_opt_values /opt/stack/data/venv/lib/python3.12/site-packages/oslo_config/cfg.py:3253}}
Jul 27 16:26:45.706589 np0000005927 nova-conductor[95993]: DEBUG cotyledon.oslo_config_glue [-] oslo_limit.service_name = None {{(pid=95993) log_opt_values /opt/stack/data/venv/lib/python3.12/site-packages/oslo_config/cfg.py:3253}}
Jul 27 16:26:45.706589 np0000005927 nova-conductor[95993]: DEBUG cotyledon.oslo_config_glue [-] oslo_limit.service_type = None {{(pid=95993) log_opt_values /opt/stack/data/venv/lib/python3.12/site-packages/oslo_config/cfg.py:3253}}
Jul 27 16:26:45.706589 np0000005927 nova-conductor[95993]: DEBUG cotyledon.oslo_config_glue [-] oslo_limit.split_loggers = False {{(pid=95993) log_opt_values /opt/stack/data/venv/lib/python3.12/site-packages/oslo_config/cfg.py:3253}}
Jul 27 16:26:45.706589 np0000005927 nova-conductor[95993]: DEBUG cotyledon.oslo_config_glue [-] oslo_limit.status_code_retries = None {{(pid=95993) log_opt_values /opt/stack/data/venv/lib/python3.12/site-packages/oslo_config/cfg.py:3253}}
Jul 27 16:26:45.706589 np0000005927 nova-conductor[95993]: DEBUG cotyledon.oslo_config_glue [-] oslo_limit.status_code_retry_delay = None {{(pid=95993) log_opt_values /opt/stack/data/venv/lib/python3.12/site-packages/oslo_config/cfg.py:3253}}
Jul 27 16:26:45.706589 np0000005927 nova-conductor[95993]: DEBUG cotyledon.oslo_config_glue [-] oslo_limit.timeout = None {{(pid=95993) log_opt_values /opt/stack/data/venv/lib/python3.12/site-packages/oslo_config/cfg.py:3253}}
Jul 27 16:26:45.706589 np0000005927 nova-conductor[95993]: DEBUG cotyledon.oslo_config_glue [-] oslo_limit.valid_interfaces = None {{(pid=95993) log_opt_values /opt/stack/data/venv/lib/python3.12/site-packages/oslo_config/cfg.py:3253}}
Jul 27 16:26:45.706589 np0000005927 nova-conductor[95993]: DEBUG cotyledon.oslo_config_glue [-] oslo_limit.version = None {{(pid=95993) log_opt_values /opt/stack/data/venv/lib/python3.12/site-packages/oslo_config/cfg.py:3253}}
Jul 27 16:26:45.706589 np0000005927 nova-conductor[95993]: DEBUG cotyledon.oslo_config_glue [-] oslo_reports.file_event_handler = None {{(pid=95993) log_opt_values /opt/stack/data/venv/lib/python3.12/site-packages/oslo_config/cfg.py:3253}}
Jul 27 16:26:45.706786 np0000005927 nova-conductor[95993]: DEBUG cotyledon.oslo_config_glue [-] oslo_reports.file_event_handler_interval = 1 {{(pid=95993) log_opt_values /opt/stack/data/venv/lib/python3.12/site-packages/oslo_config/cfg.py:3253}}
Jul 27 16:26:45.706786 np0000005927 nova-conductor[95993]: DEBUG cotyledon.oslo_config_glue [-] oslo_reports.log_dir = None {{(pid=95993) log_opt_values /opt/stack/data/venv/lib/python3.12/site-packages/oslo_config/cfg.py:3253}}
Jul 27 16:26:45.706786 np0000005927 nova-conductor[95993]: DEBUG cotyledon.oslo_config_glue [-] ******************************************************************************** {{(pid=95993) log_opt_values /opt/stack/data/venv/lib/python3.12/site-packages/oslo_config/cfg.py:3260}}
Jul 27 16:26:45.706786 np0000005927 nova-conductor[95993]: DEBUG cotyledon._service_worker [-] Run service ServiceWrapper(2) [95993] {{(pid=95993) wait_forever /opt/stack/data/venv/lib/python3.12/site-packages/cotyledon/_service_worker.py:218}}
Jul 27 16:26:45.706786 np0000005927 nova-conductor[95993]: INFO nova.service [-] Starting conductor node (version 33.1.0)
Jul 27 16:26:45.706786 np0000005927 nova-conductor[95993]: INFO dbcounter [None req-53995fe8-6ae7-409d-a92f-a4617bef326a None None] Registered counter for database nova_cell0
Jul 27 16:26:45.706953 np0000005927 nova-conductor[95988]: DEBUG oslo_db.sqlalchemy.engines [None req-b00b6f80-2f7b-4905-818b-a06c2280d51d None None] MySQL server mode set to STRICT_TRANS_TABLES,STRICT_ALL_TABLES,NO_ZERO_IN_DATE,NO_ZERO_DATE,ERROR_FOR_DIVISION_BY_ZERO,TRADITIONAL,NO_ENGINE_SUBSTITUTION {{(pid=95988) _check_effective_sql_mode /opt/stack/data/venv/lib/python3.12/site-packages/oslo_db/sqlalchemy/engines.py:325}}
Jul 27 16:26:45.713038 np0000005927 nova-conductor[95978]: DEBUG oslo_db.sqlalchemy.engines [None req-0e04bb8d-11fc-4d55-a3e3-025c74caf1d6 None None] MySQL server mode set to STRICT_TRANS_TABLES,STRICT_ALL_TABLES,NO_ZERO_IN_DATE,NO_ZERO_DATE,ERROR_FOR_DIVISION_BY_ZERO,TRADITIONAL,NO_ENGINE_SUBSTITUTION {{(pid=95978) _check_effective_sql_mode /opt/stack/data/venv/lib/python3.12/site-packages/oslo_db/sqlalchemy/engines.py:325}}
Jul 27 16:26:45.715946 np0000005927 nova-conductor[95988]: DEBUG dbcounter [-] [95988] Writer thread running {{(pid=95988) stat_writer /opt/stack/data/venv/lib/python3.12/site-packages/dbcounter.py:102}}
Jul 27 16:26:45.724695 np0000005927 nova-conductor[95978]: DEBUG dbcounter [-] [95978] Writer thread running {{(pid=95978) stat_writer /opt/stack/data/venv/lib/python3.12/site-packages/dbcounter.py:102}}
Jul 27 16:26:45.735181 np0000005927 nova-conductor[95988]: DEBUG nova.service [None req-b00b6f80-2f7b-4905-818b-a06c2280d51d None None] Creating RPC server for service: nova-conductor on topic: conductor {{(pid=95988) start /opt/stack/nova/nova/service.py:196}}
Jul 27 16:26:45.742727 np0000005927 nova-conductor[95978]: DEBUG nova.service [None req-0e04bb8d-11fc-4d55-a3e3-025c74caf1d6 None None] Creating RPC server for service: nova-conductor on topic: conductor {{(pid=95978) start /opt/stack/nova/nova/service.py:196}}
Jul 27 16:26:45.744861 np0000005927 nova-conductor[95993]: DEBUG oslo_db.sqlalchemy.engines [None req-53995fe8-6ae7-409d-a92f-a4617bef326a None None] MySQL server mode set to STRICT_TRANS_TABLES,STRICT_ALL_TABLES,NO_ZERO_IN_DATE,NO_ZERO_DATE,ERROR_FOR_DIVISION_BY_ZERO,TRADITIONAL,NO_ENGINE_SUBSTITUTION {{(pid=95993) _check_effective_sql_mode /opt/stack/data/venv/lib/python3.12/site-packages/oslo_db/sqlalchemy/engines.py:325}}
Jul 27 16:26:45.756885 np0000005927 nova-conductor[95993]: DEBUG dbcounter [-] [95993] Writer thread running {{(pid=95993) stat_writer /opt/stack/data/venv/lib/python3.12/site-packages/dbcounter.py:102}}
Jul 27 16:26:45.759310 np0000005927 nova-conductor[95988]: DEBUG nova.service [None req-b00b6f80-2f7b-4905-818b-a06c2280d51d None None] Join ServiceGroup membership for this service conductor {{(pid=95988) start /opt/stack/nova/nova/service.py:222}}
Jul 27 16:26:45.759679 np0000005927 nova-conductor[95988]: DEBUG nova.servicegroup.drivers.db [None req-b00b6f80-2f7b-4905-818b-a06c2280d51d None None] DB_Driver: join new ServiceGroup member np0000005927 to the conductor group, service = {{(pid=95988) join /opt/stack/nova/nova/servicegroup/drivers/db.py:44}}
Jul 27 16:26:45.760708 np0000005927 nova-conductor[95993]: DEBUG nova.service [None req-53995fe8-6ae7-409d-a92f-a4617bef326a None None] Creating RPC server for service: nova-conductor on topic: conductor {{(pid=95993) start /opt/stack/nova/nova/service.py:196}}
Jul 27 16:26:45.762267 np0000005927 nova-conductor[95978]: DEBUG nova.service [None req-0e04bb8d-11fc-4d55-a3e3-025c74caf1d6 None None] Join ServiceGroup membership for this service conductor {{(pid=95978) start /opt/stack/nova/nova/service.py:222}}
Jul 27 16:26:45.762468 np0000005927 nova-conductor[95978]: DEBUG nova.servicegroup.drivers.db [None req-0e04bb8d-11fc-4d55-a3e3-025c74caf1d6 None None] DB_Driver: join new ServiceGroup member np0000005927 to the conductor group, service = {{(pid=95978) join /opt/stack/nova/nova/servicegroup/drivers/db.py:44}}
Jul 27 16:26:45.786042 np0000005927 nova-conductor[95993]: DEBUG nova.service [None req-53995fe8-6ae7-409d-a92f-a4617bef326a None None] Join ServiceGroup membership for this service conductor {{(pid=95993) start /opt/stack/nova/nova/service.py:222}}
Jul 27 16:26:45.786292 np0000005927 nova-conductor[95993]: DEBUG nova.servicegroup.drivers.db [None req-53995fe8-6ae7-409d-a92f-a4617bef326a None None] DB_Driver: join new ServiceGroup member np0000005927 to the conductor group, service = {{(pid=95993) join /opt/stack/nova/nova/servicegroup/drivers/db.py:44}}
Jul 27 16:26:50.775477 np0000005927 nova-conductor[95988]: DEBUG oslo.service.backend._threading.loopingcall [-] Fixed interval looping call 'nova.servicegroup.drivers.db.DbDriver._report_state' sleeping for 119.99 seconds {{(pid=95988) _run_loop /opt/stack/data/venv/lib/python3.12/site-packages/oslo_service/backend/_threading/loopingcall.py:125}}
Jul 27 16:26:50.776621 np0000005927 nova-conductor[95978]: DEBUG oslo.service.backend._threading.loopingcall [-] Fixed interval looping call 'nova.servicegroup.drivers.db.DbDriver._report_state' sleeping for 119.99 seconds {{(pid=95978) _run_loop /opt/stack/data/venv/lib/python3.12/site-packages/oslo_service/backend/_threading/loopingcall.py:125}}
Jul 27 16:26:50.797632 np0000005927 nova-conductor[95993]: DEBUG oslo.service.backend._threading.loopingcall [-] Fixed interval looping call 'nova.servicegroup.drivers.db.DbDriver._report_state' sleeping for 119.99 seconds {{(pid=95993) _run_loop /opt/stack/data/venv/lib/python3.12/site-packages/oslo_service/backend/_threading/loopingcall.py:125}}
Jul 27 16:26:54.352213 np0000005927 nova-conductor[94478]: DEBUG dbcounter [-] [94478] Writing DB stats nova_api:SELECT=1 {{(pid=94478) stat_writer /opt/stack/data/venv/lib/python3.12/site-packages/dbcounter.py:115}}
Jul 27 16:26:54.475910 np0000005927 nova-conductor[94478]: DEBUG dbcounter [-] [94478] Writing DB stats nova_cell0:SELECT=1 {{(pid=94478) stat_writer /opt/stack/data/venv/lib/python3.12/site-packages/dbcounter.py:115}}
Jul 27 16:26:54.485291 np0000005927 nova-conductor[94478]: DEBUG dbcounter [-] [94478] Writing DB stats nova_cell1:SELECT=1 {{(pid=94478) stat_writer /opt/stack/data/venv/lib/python3.12/site-packages/dbcounter.py:115}}
Jul 27 16:27:00.771603 np0000005927 nova-conductor[95988]: DEBUG dbcounter [-] [95988] Writing DB stats nova_cell0:SELECT=4,nova_cell0:INSERT=1,nova_cell0:UPDATE=1 {{(pid=95988) stat_writer /opt/stack/data/venv/lib/python3.12/site-packages/dbcounter.py:115}}
Jul 27 16:27:00.774483 np0000005927 nova-conductor[95978]: DEBUG dbcounter [-] [95978] Writing DB stats nova_cell0:SELECT=5,nova_cell0:INSERT=1,nova_cell0:UPDATE=1 {{(pid=95978) stat_writer /opt/stack/data/venv/lib/python3.12/site-packages/dbcounter.py:115}}
Jul 27 16:27:00.794282 np0000005927 nova-conductor[95993]: DEBUG dbcounter [-] [95993] Writing DB stats nova_cell0:SELECT=3 {{(pid=95993) stat_writer /opt/stack/data/venv/lib/python3.12/site-packages/dbcounter.py:115}}
Jul 27 16:27:03.761751 np0000005927 nova-conductor[95988]: DEBUG oslo.service.backend._threading.loopingcall [None req-bfc7d642-56f0-45a6-be5d-4dd229321171 None None] Dynamic interval looping call 'nova.service.Service.periodic_tasks' sleeping for 60.00 seconds {{(pid=95988) _run_loop /opt/stack/data/venv/lib/python3.12/site-packages/oslo_service/backend/_threading/loopingcall.py:125}}
Jul 27 16:27:09.764839 np0000005927 nova-conductor[95978]: DEBUG oslo.service.backend._threading.loopingcall [None req-a4b44037-dc97-4d49-b630-9ff5a545fce6 None None] Dynamic interval looping call 'nova.service.Service.periodic_tasks' sleeping for 60.00 seconds {{(pid=95978) _run_loop /opt/stack/data/venv/lib/python3.12/site-packages/oslo_service/backend/_threading/loopingcall.py:125}}
Jul 27 16:27:40.788735 np0000005927 nova-conductor[95993]: DEBUG oslo.service.backend._threading.loopingcall [None req-96e21784-a5c0-44bc-939a-9499569d8722 None None] Dynamic interval looping call 'nova.service.Service.periodic_tasks' sleeping for 60.00 seconds {{(pid=95993) _run_loop /opt/stack/data/venv/lib/python3.12/site-packages/oslo_service/backend/_threading/loopingcall.py:125}}
Jul 27 16:28:03.762183 np0000005927 nova-conductor[95988]: DEBUG oslo.service.backend._threading.loopingcall [None req-bfc7d642-56f0-45a6-be5d-4dd229321171 None None] Dynamic interval looping call 'nova.service.Service.periodic_tasks' sleeping for 60.00 seconds {{(pid=95988) _run_loop /opt/stack/data/venv/lib/python3.12/site-packages/oslo_service/backend/_threading/loopingcall.py:125}}
Jul 27 16:28:09.765386 np0000005927 nova-conductor[95978]: DEBUG oslo.service.backend._threading.loopingcall [None req-a4b44037-dc97-4d49-b630-9ff5a545fce6 None None] Dynamic interval looping call 'nova.service.Service.periodic_tasks' sleeping for 60.00 seconds {{(pid=95978) _run_loop /opt/stack/data/venv/lib/python3.12/site-packages/oslo_service/backend/_threading/loopingcall.py:125}}
Jul 27 16:28:40.789406 np0000005927 nova-conductor[95993]: DEBUG oslo.service.backend._threading.loopingcall [None req-96e21784-a5c0-44bc-939a-9499569d8722 None None] Dynamic interval looping call 'nova.service.Service.periodic_tasks' sleeping for 60.00 seconds {{(pid=95993) _run_loop /opt/stack/data/venv/lib/python3.12/site-packages/oslo_service/backend/_threading/loopingcall.py:125}}
Jul 27 16:28:50.772666 np0000005927 nova-conductor[95988]: DEBUG oslo.service.backend._threading.loopingcall [-] Fixed interval looping call 'nova.servicegroup.drivers.db.DbDriver._report_state' sleeping for 119.99 seconds {{(pid=95988) _run_loop /opt/stack/data/venv/lib/python3.12/site-packages/oslo_service/backend/_threading/loopingcall.py:125}}
Jul 27 16:28:50.773699 np0000005927 nova-conductor[95978]: DEBUG oslo.service.backend._threading.loopingcall [-] Fixed interval looping call 'nova.servicegroup.drivers.db.DbDriver._report_state' sleeping for 119.99 seconds {{(pid=95978) _run_loop /opt/stack/data/venv/lib/python3.12/site-packages/oslo_service/backend/_threading/loopingcall.py:125}}
Jul 27 16:28:50.796813 np0000005927 nova-conductor[95993]: DEBUG oslo.service.backend._threading.loopingcall [-] Fixed interval looping call 'nova.servicegroup.drivers.db.DbDriver._report_state' sleeping for 119.99 seconds {{(pid=95993) _run_loop /opt/stack/data/venv/lib/python3.12/site-packages/oslo_service/backend/_threading/loopingcall.py:125}}
Jul 27 16:29:00.769752 np0000005927 nova-conductor[95988]: DEBUG dbcounter [-] [95988] Writing DB stats nova_cell0:SELECT=1,nova_cell0:UPDATE=1 {{(pid=95988) stat_writer /opt/stack/data/venv/lib/python3.12/site-packages/dbcounter.py:115}}
Jul 27 16:29:00.770635 np0000005927 nova-conductor[95978]: DEBUG dbcounter [-] [95978] Writing DB stats nova_cell0:SELECT=1,nova_cell0:UPDATE=1 {{(pid=95978) stat_writer /opt/stack/data/venv/lib/python3.12/site-packages/dbcounter.py:115}}
Jul 27 16:29:00.792601 np0000005927 nova-conductor[95993]: DEBUG dbcounter [-] [95993] Writing DB stats nova_cell0:SELECT=1 {{(pid=95993) stat_writer /opt/stack/data/venv/lib/python3.12/site-packages/dbcounter.py:115}}
Jul 27 16:29:03.763769 np0000005927 nova-conductor[95988]: DEBUG oslo.service.backend._threading.loopingcall [None req-bfc7d642-56f0-45a6-be5d-4dd229321171 None None] Dynamic interval looping call 'nova.service.Service.periodic_tasks' sleeping for 60.00 seconds {{(pid=95988) _run_loop /opt/stack/data/venv/lib/python3.12/site-packages/oslo_service/backend/_threading/loopingcall.py:125}}
Jul 27 16:29:09.765880 np0000005927 nova-conductor[95978]: DEBUG oslo.service.backend._threading.loopingcall [None req-a4b44037-dc97-4d49-b630-9ff5a545fce6 None None] Dynamic interval looping call 'nova.service.Service.periodic_tasks' sleeping for 60.00 seconds {{(pid=95978) _run_loop /opt/stack/data/venv/lib/python3.12/site-packages/oslo_service/backend/_threading/loopingcall.py:125}}
Jul 27 16:29:09.905482 np0000005927 nova-conductor[95988]: DEBUG oslo_db.sqlalchemy.engines [None req-e0aa6e8d-4725-4d96-8bfb-2207e14d6a80 tempest-ServerActionsTestOtherB-471290816 tempest-ServerActionsTestOtherB-471290816-project-member] Parent process 94478 forked (95988) with an open database connection, which is being discarded and recreated. {{(pid=95988) checkout /opt/stack/data/venv/lib/python3.12/site-packages/oslo_db/sqlalchemy/engines.py:402}}
Jul 27 16:29:09.943134 np0000005927 nova-conductor[95988]: DEBUG dbcounter [-] [95988] Writer thread running {{(pid=95988) stat_writer /opt/stack/data/venv/lib/python3.12/site-packages/dbcounter.py:102}}
Jul 27 16:29:11.241850 np0000005927 nova-conductor[95978]: DEBUG dbcounter [-] [95978] Writer thread running {{(pid=95978) stat_writer /opt/stack/data/venv/lib/python3.12/site-packages/dbcounter.py:102}}
Jul 27 16:29:11.459523 np0000005927 nova-conductor[95988]: DEBUG nova.conductor.manager [None req-e0aa6e8d-4725-4d96-8bfb-2207e14d6a80 tempest-ServerActionsTestOtherB-471290816 tempest-ServerActionsTestOtherB-471290816-project-member] Took 1.51 seconds to select destinations for 1 instance(s). {{(pid=95988) _schedule_instances /opt/stack/nova/nova/conductor/manager.py:968}}
Jul 27 16:29:11.519746 np0000005927 nova-conductor[95988]: DEBUG oslo_concurrency.lockutils [None req-e0aa6e8d-4725-4d96-8bfb-2207e14d6a80 tempest-ServerActionsTestOtherB-471290816 tempest-ServerActionsTestOtherB-471290816-project-member] Acquiring lock "940a293f-80dc-4605-b835-d52787db8664" by "nova.context.set_target_cell..get_or_set_cached_cell_and_set_connections" {{(pid=95988) inner /opt/stack/data/venv/lib/python3.12/site-packages/oslo_concurrency/lockutils.py:512}}
Jul 27 16:29:11.520297 np0000005927 nova-conductor[95988]: DEBUG oslo_concurrency.lockutils [None req-e0aa6e8d-4725-4d96-8bfb-2207e14d6a80 tempest-ServerActionsTestOtherB-471290816 tempest-ServerActionsTestOtherB-471290816-project-member] Lock "940a293f-80dc-4605-b835-d52787db8664" acquired by "nova.context.set_target_cell..get_or_set_cached_cell_and_set_connections" :: waited 0.001s {{(pid=95988) inner /opt/stack/data/venv/lib/python3.12/site-packages/oslo_concurrency/lockutils.py:525}}
Jul 27 16:29:11.522404 np0000005927 nova-conductor[95988]: DEBUG oslo_concurrency.lockutils [None req-e0aa6e8d-4725-4d96-8bfb-2207e14d6a80 tempest-ServerActionsTestOtherB-471290816 tempest-ServerActionsTestOtherB-471290816-project-member] Lock "940a293f-80dc-4605-b835-d52787db8664" "released" by "nova.context.set_target_cell..get_or_set_cached_cell_and_set_connections" :: held 0.002s {{(pid=95988) inner /opt/stack/data/venv/lib/python3.12/site-packages/oslo_concurrency/lockutils.py:544}}
Jul 27 16:29:11.527428 np0000005927 nova-conductor[95988]: INFO dbcounter [None req-e0aa6e8d-4725-4d96-8bfb-2207e14d6a80 tempest-ServerActionsTestOtherB-471290816 tempest-ServerActionsTestOtherB-471290816-project-member] Registered counter for database nova_cell1
Jul 27 16:29:11.561533 np0000005927 nova-conductor[95988]: DEBUG oslo_db.sqlalchemy.engines [None req-e0aa6e8d-4725-4d96-8bfb-2207e14d6a80 tempest-ServerActionsTestOtherB-471290816 tempest-ServerActionsTestOtherB-471290816-project-member] MySQL server mode set to STRICT_TRANS_TABLES,STRICT_ALL_TABLES,NO_ZERO_IN_DATE,NO_ZERO_DATE,ERROR_FOR_DIVISION_BY_ZERO,TRADITIONAL,NO_ENGINE_SUBSTITUTION {{(pid=95988) _check_effective_sql_mode /opt/stack/data/venv/lib/python3.12/site-packages/oslo_db/sqlalchemy/engines.py:325}}
Jul 27 16:29:11.570348 np0000005927 nova-conductor[95988]: DEBUG dbcounter [-] [95988] Writer thread running {{(pid=95988) stat_writer /opt/stack/data/venv/lib/python3.12/site-packages/dbcounter.py:102}}
Jul 27 16:29:11.655764 np0000005927 nova-conductor[95988]: INFO nova.utils [None req-e0aa6e8d-4725-4d96-8bfb-2207e14d6a80 tempest-ServerActionsTestOtherB-471290816 tempest-ServerActionsTestOtherB-471290816-project-member] The cell worker thread pool ForkProcess-2.cell_worker is initialized
Jul 27 16:29:11.656131 np0000005927 nova-conductor[95988]: DEBUG oslo_concurrency.lockutils [None req-e0aa6e8d-4725-4d96-8bfb-2207e14d6a80 tempest-ServerActionsTestOtherB-471290816 tempest-ServerActionsTestOtherB-471290816-project-member] Acquiring lock "00000000-0000-0000-0000-000000000000" by "nova.context.set_target_cell..get_or_set_cached_cell_and_set_connections" {{(pid=95988) inner /opt/stack/data/venv/lib/python3.12/site-packages/oslo_concurrency/lockutils.py:512}}
Jul 27 16:29:11.656342 np0000005927 nova-conductor[95988]: DEBUG oslo_concurrency.lockutils [None req-e0aa6e8d-4725-4d96-8bfb-2207e14d6a80 tempest-ServerActionsTestOtherB-471290816 tempest-ServerActionsTestOtherB-471290816-project-member] Lock "00000000-0000-0000-0000-000000000000" acquired by "nova.context.set_target_cell..get_or_set_cached_cell_and_set_connections" :: waited 0.000s {{(pid=95988) inner /opt/stack/data/venv/lib/python3.12/site-packages/oslo_concurrency/lockutils.py:525}}
Jul 27 16:29:11.656830 np0000005927 nova-conductor[95988]: DEBUG oslo_concurrency.lockutils [None req-e0aa6e8d-4725-4d96-8bfb-2207e14d6a80 tempest-ServerActionsTestOtherB-471290816 tempest-ServerActionsTestOtherB-471290816-project-member] Lock "00000000-0000-0000-0000-000000000000" "released" by "nova.context.set_target_cell..get_or_set_cached_cell_and_set_connections" :: held 0.000s {{(pid=95988) inner /opt/stack/data/venv/lib/python3.12/site-packages/oslo_concurrency/lockutils.py:544}}
Jul 27 16:29:11.657943 np0000005927 nova-conductor[95988]: DEBUG oslo_concurrency.lockutils [None req-e0aa6e8d-4725-4d96-8bfb-2207e14d6a80 tempest-ServerActionsTestOtherB-471290816 tempest-ServerActionsTestOtherB-471290816-project-member] Acquiring lock "940a293f-80dc-4605-b835-d52787db8664" by "nova.context.set_target_cell..get_or_set_cached_cell_and_set_connections" {{(pid=95988) inner /opt/stack/data/venv/lib/python3.12/site-packages/oslo_concurrency/lockutils.py:512}}
Jul 27 16:29:11.660112 np0000005927 nova-conductor[95988]: INFO dbcounter [None req-e0aa6e8d-4725-4d96-8bfb-2207e14d6a80 tempest-ServerActionsTestOtherB-471290816 tempest-ServerActionsTestOtherB-471290816-project-member] Registered counter for database nova_cell0
Jul 27 16:29:11.661342 np0000005927 nova-conductor[95988]: DEBUG oslo_concurrency.lockutils [None req-e0aa6e8d-4725-4d96-8bfb-2207e14d6a80 tempest-ServerActionsTestOtherB-471290816 tempest-ServerActionsTestOtherB-471290816-project-member] Lock "940a293f-80dc-4605-b835-d52787db8664" acquired by "nova.context.set_target_cell..get_or_set_cached_cell_and_set_connections" :: waited 0.002s {{(pid=95988) inner /opt/stack/data/venv/lib/python3.12/site-packages/oslo_concurrency/lockutils.py:525}}
Jul 27 16:29:11.661566 np0000005927 nova-conductor[95988]: DEBUG oslo_concurrency.lockutils [None req-e0aa6e8d-4725-4d96-8bfb-2207e14d6a80 tempest-ServerActionsTestOtherB-471290816 tempest-ServerActionsTestOtherB-471290816-project-member] Lock "940a293f-80dc-4605-b835-d52787db8664" "released" by "nova.context.set_target_cell..get_or_set_cached_cell_and_set_connections" :: held 0.002s {{(pid=95988) inner /opt/stack/data/venv/lib/python3.12/site-packages/oslo_concurrency/lockutils.py:544}}
Jul 27 16:29:11.698685 np0000005927 nova-conductor[95988]: DEBUG oslo_db.sqlalchemy.engines [None req-e0aa6e8d-4725-4d96-8bfb-2207e14d6a80 tempest-ServerActionsTestOtherB-471290816 tempest-ServerActionsTestOtherB-471290816-project-member] MySQL server mode set to STRICT_TRANS_TABLES,STRICT_ALL_TABLES,NO_ZERO_IN_DATE,NO_ZERO_DATE,ERROR_FOR_DIVISION_BY_ZERO,TRADITIONAL,NO_ENGINE_SUBSTITUTION {{(pid=95988) _check_effective_sql_mode /opt/stack/data/venv/lib/python3.12/site-packages/oslo_db/sqlalchemy/engines.py:325}}
Jul 27 16:29:11.698798 np0000005927 nova-conductor[95978]: DEBUG nova.conductor.manager [None req-ecb4cd23-a21b-4d1b-bad2-1d84316dad81 tempest-AttachVolumeShelveTestJSON-574293107 tempest-AttachVolumeShelveTestJSON-574293107-project-member] Took 0.46 seconds to select destinations for 1 instance(s). {{(pid=95978) _schedule_instances /opt/stack/nova/nova/conductor/manager.py:968}}
Jul 27 16:29:11.707960 np0000005927 nova-conductor[95988]: DEBUG dbcounter [-] [95988] Writer thread running {{(pid=95988) stat_writer /opt/stack/data/venv/lib/python3.12/site-packages/dbcounter.py:102}}
Jul 27 16:29:11.725331 np0000005927 nova-conductor[95988]: DEBUG nova.quota [None req-e0aa6e8d-4725-4d96-8bfb-2207e14d6a80 tempest-ServerActionsTestOtherB-471290816 tempest-ServerActionsTestOtherB-471290816-project-member] Getting quotas for project b6ba401495dc43a693a748099b9afcf4. Resources: {'ram', 'cores', 'instances'} {{(pid=95988) _get_quotas /opt/stack/nova/nova/quota.py:389}}
Jul 27 16:29:11.726689 np0000005927 nova-conductor[95978]: DEBUG oslo_concurrency.lockutils [None req-ecb4cd23-a21b-4d1b-bad2-1d84316dad81 tempest-AttachVolumeShelveTestJSON-574293107 tempest-AttachVolumeShelveTestJSON-574293107-project-member] Acquiring lock "940a293f-80dc-4605-b835-d52787db8664" by "nova.context.set_target_cell..get_or_set_cached_cell_and_set_connections" {{(pid=95978) inner /opt/stack/data/venv/lib/python3.12/site-packages/oslo_concurrency/lockutils.py:512}}
Jul 27 16:29:11.726902 np0000005927 nova-conductor[95978]: DEBUG oslo_concurrency.lockutils [None req-ecb4cd23-a21b-4d1b-bad2-1d84316dad81 tempest-AttachVolumeShelveTestJSON-574293107 tempest-AttachVolumeShelveTestJSON-574293107-project-member] Lock "940a293f-80dc-4605-b835-d52787db8664" acquired by "nova.context.set_target_cell..get_or_set_cached_cell_and_set_connections" :: waited 0.000s {{(pid=95978) inner /opt/stack/data/venv/lib/python3.12/site-packages/oslo_concurrency/lockutils.py:525}}
Jul 27 16:29:11.728652 np0000005927 nova-conductor[95978]: DEBUG oslo_concurrency.lockutils [None req-ecb4cd23-a21b-4d1b-bad2-1d84316dad81 tempest-AttachVolumeShelveTestJSON-574293107 tempest-AttachVolumeShelveTestJSON-574293107-project-member] Lock "940a293f-80dc-4605-b835-d52787db8664" "released" by "nova.context.set_target_cell..get_or_set_cached_cell_and_set_connections" :: held 0.001s {{(pid=95978) inner /opt/stack/data/venv/lib/python3.12/site-packages/oslo_concurrency/lockutils.py:544}}
Jul 27 16:29:11.730894 np0000005927 nova-conductor[95978]: INFO dbcounter [None req-ecb4cd23-a21b-4d1b-bad2-1d84316dad81 tempest-AttachVolumeShelveTestJSON-574293107 tempest-AttachVolumeShelveTestJSON-574293107-project-member] Registered counter for database nova_cell1
Jul 27 16:29:11.731952 np0000005927 nova-conductor[95988]: DEBUG nova.quota [None req-e0aa6e8d-4725-4d96-8bfb-2207e14d6a80 tempest-ServerActionsTestOtherB-471290816 tempest-ServerActionsTestOtherB-471290816-project-member] Getting quotas for user f155baf407d3437f91cd147bcd20fd33 and project b6ba401495dc43a693a748099b9afcf4. Resources: {'ram', 'cores', 'instances'} {{(pid=95988) _get_quotas /opt/stack/nova/nova/quota.py:379}}
Jul 27 16:29:11.740705 np0000005927 nova-conductor[95988]: DEBUG nova.conductor.manager [None req-e0aa6e8d-4725-4d96-8bfb-2207e14d6a80 tempest-ServerActionsTestOtherB-471290816 tempest-ServerActionsTestOtherB-471290816-project-member] [instance: a03377bb-3478-43dd-8952-4cb23c8e8dc5] Selected host: np0000005927; Selected node: np0000005927; Alternates: [] {{(pid=95988) schedule_and_build_instances /opt/stack/nova/nova/conductor/manager.py:1784}}
Jul 27 16:29:11.741235 np0000005927 nova-conductor[95988]: DEBUG oslo_concurrency.lockutils [None req-e0aa6e8d-4725-4d96-8bfb-2207e14d6a80 tempest-ServerActionsTestOtherB-471290816 tempest-ServerActionsTestOtherB-471290816-project-member] Acquiring lock "940a293f-80dc-4605-b835-d52787db8664" by "nova.context.set_target_cell..get_or_set_cached_cell_and_set_connections" {{(pid=95988) inner /opt/stack/data/venv/lib/python3.12/site-packages/oslo_concurrency/lockutils.py:512}}
Jul 27 16:29:11.741405 np0000005927 nova-conductor[95988]: DEBUG oslo_concurrency.lockutils [None req-e0aa6e8d-4725-4d96-8bfb-2207e14d6a80 tempest-ServerActionsTestOtherB-471290816 tempest-ServerActionsTestOtherB-471290816-project-member] Lock "940a293f-80dc-4605-b835-d52787db8664" acquired by "nova.context.set_target_cell..get_or_set_cached_cell_and_set_connections" :: waited 0.000s {{(pid=95988) inner /opt/stack/data/venv/lib/python3.12/site-packages/oslo_concurrency/lockutils.py:525}}
Jul 27 16:29:11.741571 np0000005927 nova-conductor[95988]: DEBUG oslo_concurrency.lockutils [None req-e0aa6e8d-4725-4d96-8bfb-2207e14d6a80 tempest-ServerActionsTestOtherB-471290816 tempest-ServerActionsTestOtherB-471290816-project-member] Lock "940a293f-80dc-4605-b835-d52787db8664" "released" by "nova.context.set_target_cell..get_or_set_cached_cell_and_set_connections" :: held 0.000s {{(pid=95988) inner /opt/stack/data/venv/lib/python3.12/site-packages/oslo_concurrency/lockutils.py:544}}
Jul 27 16:29:11.750010 np0000005927 nova-conductor[95988]: DEBUG nova.conductor.manager [None req-e0aa6e8d-4725-4d96-8bfb-2207e14d6a80 tempest-ServerActionsTestOtherB-471290816 tempest-ServerActionsTestOtherB-471290816-project-member] [instance: a03377bb-3478-43dd-8952-4cb23c8e8dc5] block_device_mapping [BlockDeviceMapping(attachment_id=,boot_index=0,connection_info=None,created_at=,delete_on_termination=True,deleted=,deleted_at=,destination_type='local',device_name=None,device_type='disk',disk_bus=None,encrypted=False,encryption_format=None,encryption_options=None,encryption_secret_uuid=None,guest_format=None,id=,image_id='7afa42a6-1beb-4ba2-8bca-41c115b3f50e',instance=,instance_uuid=,no_device=False,snapshot_id=None,source_type='image',tag=None,updated_at=,uuid=,volume_id=None,volume_size=None,volume_type=None)] {{(pid=95988) _create_block_device_mapping /opt/stack/nova/nova/conductor/manager.py:1529}}
Jul 27 16:29:11.751815 np0000005927 nova-conductor[95988]: DEBUG oslo_concurrency.lockutils [None req-e0aa6e8d-4725-4d96-8bfb-2207e14d6a80 tempest-ServerActionsTestOtherB-471290816 tempest-ServerActionsTestOtherB-471290816-project-member] Acquiring lock "940a293f-80dc-4605-b835-d52787db8664" by "nova.context.set_target_cell..get_or_set_cached_cell_and_set_connections" {{(pid=95988) inner /opt/stack/data/venv/lib/python3.12/site-packages/oslo_concurrency/lockutils.py:512}}
Jul 27 16:29:11.751987 np0000005927 nova-conductor[95988]: DEBUG oslo_concurrency.lockutils [None req-e0aa6e8d-4725-4d96-8bfb-2207e14d6a80 tempest-ServerActionsTestOtherB-471290816 tempest-ServerActionsTestOtherB-471290816-project-member] Lock "940a293f-80dc-4605-b835-d52787db8664" acquired by "nova.context.set_target_cell..get_or_set_cached_cell_and_set_connections" :: waited 0.000s {{(pid=95988) inner /opt/stack/data/venv/lib/python3.12/site-packages/oslo_concurrency/lockutils.py:525}}
Jul 27 16:29:11.752123 np0000005927 nova-conductor[95988]: DEBUG oslo_concurrency.lockutils [None req-e0aa6e8d-4725-4d96-8bfb-2207e14d6a80 tempest-ServerActionsTestOtherB-471290816 tempest-ServerActionsTestOtherB-471290816-project-member] Lock "940a293f-80dc-4605-b835-d52787db8664" "released" by "nova.context.set_target_cell..get_or_set_cached_cell_and_set_connections" :: held 0.000s {{(pid=95988) inner /opt/stack/data/venv/lib/python3.12/site-packages/oslo_concurrency/lockutils.py:544}}
Jul 27 16:29:11.771031 np0000005927 nova-conductor[95978]: DEBUG oslo_db.sqlalchemy.engines [None req-ecb4cd23-a21b-4d1b-bad2-1d84316dad81 tempest-AttachVolumeShelveTestJSON-574293107 tempest-AttachVolumeShelveTestJSON-574293107-project-member] MySQL server mode set to STRICT_TRANS_TABLES,STRICT_ALL_TABLES,NO_ZERO_IN_DATE,NO_ZERO_DATE,ERROR_FOR_DIVISION_BY_ZERO,TRADITIONAL,NO_ENGINE_SUBSTITUTION {{(pid=95978) _check_effective_sql_mode /opt/stack/data/venv/lib/python3.12/site-packages/oslo_db/sqlalchemy/engines.py:325}}
Jul 27 16:29:11.777986 np0000005927 nova-conductor[95978]: DEBUG dbcounter [-] [95978] Writer thread running {{(pid=95978) stat_writer /opt/stack/data/venv/lib/python3.12/site-packages/dbcounter.py:102}}
Jul 27 16:29:11.803997 np0000005927 nova-conductor[95988]: DEBUG oslo_concurrency.lockutils [None req-e0aa6e8d-4725-4d96-8bfb-2207e14d6a80 tempest-ServerActionsTestOtherB-471290816 tempest-ServerActionsTestOtherB-471290816-project-member] Acquiring lock "940a293f-80dc-4605-b835-d52787db8664" by "nova.context.set_target_cell..get_or_set_cached_cell_and_set_connections" {{(pid=95988) inner /opt/stack/data/venv/lib/python3.12/site-packages/oslo_concurrency/lockutils.py:512}}
Jul 27 16:29:11.804355 np0000005927 nova-conductor[95988]: DEBUG oslo_concurrency.lockutils [None req-e0aa6e8d-4725-4d96-8bfb-2207e14d6a80 tempest-ServerActionsTestOtherB-471290816 tempest-ServerActionsTestOtherB-471290816-project-member] Lock "940a293f-80dc-4605-b835-d52787db8664" acquired by "nova.context.set_target_cell..get_or_set_cached_cell_and_set_connections" :: waited 0.000s {{(pid=95988) inner /opt/stack/data/venv/lib/python3.12/site-packages/oslo_concurrency/lockutils.py:525}}
Jul 27 16:29:11.804487 np0000005927 nova-conductor[95988]: DEBUG oslo_concurrency.lockutils [None req-e0aa6e8d-4725-4d96-8bfb-2207e14d6a80 tempest-ServerActionsTestOtherB-471290816 tempest-ServerActionsTestOtherB-471290816-project-member] Lock "940a293f-80dc-4605-b835-d52787db8664" "released" by "nova.context.set_target_cell..get_or_set_cached_cell_and_set_connections" :: held 0.000s {{(pid=95988) inner /opt/stack/data/venv/lib/python3.12/site-packages/oslo_concurrency/lockutils.py:544}}
Jul 27 16:29:11.804812 np0000005927 nova-conductor[95988]: DEBUG oslo_concurrency.lockutils [None req-e0aa6e8d-4725-4d96-8bfb-2207e14d6a80 tempest-ServerActionsTestOtherB-471290816 tempest-ServerActionsTestOtherB-471290816-project-member] Acquiring lock "compute-rpcapi-router" {{(pid=95988) lock /opt/stack/data/venv/lib/python3.12/site-packages/oslo_concurrency/lockutils.py:396}}
Jul 27 16:29:11.804893 np0000005927 nova-conductor[95988]: DEBUG oslo_concurrency.lockutils [None req-e0aa6e8d-4725-4d96-8bfb-2207e14d6a80 tempest-ServerActionsTestOtherB-471290816 tempest-ServerActionsTestOtherB-471290816-project-member] Acquired lock "compute-rpcapi-router" {{(pid=95988) lock /opt/stack/data/venv/lib/python3.12/site-packages/oslo_concurrency/lockutils.py:399}}
Jul 27 16:29:11.805220 np0000005927 nova-conductor[95988]: DEBUG oslo_concurrency.lockutils [None req-6132cf0f-7e86-4fc9-bfe8-4fccbad13a1d None None] Acquiring lock "00000000-0000-0000-0000-000000000000" by "nova.context.set_target_cell..get_or_set_cached_cell_and_set_connections" {{(pid=95988) inner /opt/stack/data/venv/lib/python3.12/site-packages/oslo_concurrency/lockutils.py:512}}
Jul 27 16:29:11.805330 np0000005927 nova-conductor[95988]: DEBUG oslo_concurrency.lockutils [None req-6132cf0f-7e86-4fc9-bfe8-4fccbad13a1d None None] Lock "00000000-0000-0000-0000-000000000000" acquired by "nova.context.set_target_cell..get_or_set_cached_cell_and_set_connections" :: waited 0.000s {{(pid=95988) inner /opt/stack/data/venv/lib/python3.12/site-packages/oslo_concurrency/lockutils.py:525}}
Jul 27 16:29:11.805426 np0000005927 nova-conductor[95988]: DEBUG oslo_concurrency.lockutils [None req-6132cf0f-7e86-4fc9-bfe8-4fccbad13a1d None None] Lock "00000000-0000-0000-0000-000000000000" "released" by "nova.context.set_target_cell..get_or_set_cached_cell_and_set_connections" :: held 0.000s {{(pid=95988) inner /opt/stack/data/venv/lib/python3.12/site-packages/oslo_concurrency/lockutils.py:544}}
Jul 27 16:29:11.806449 np0000005927 nova-conductor[95988]: DEBUG oslo_concurrency.lockutils [None req-6132cf0f-7e86-4fc9-bfe8-4fccbad13a1d None None] Acquiring lock "940a293f-80dc-4605-b835-d52787db8664" by "nova.context.set_target_cell..get_or_set_cached_cell_and_set_connections" {{(pid=95988) inner /opt/stack/data/venv/lib/python3.12/site-packages/oslo_concurrency/lockutils.py:512}}
Jul 27 16:29:11.806588 np0000005927 nova-conductor[95988]: DEBUG oslo_concurrency.lockutils [None req-6132cf0f-7e86-4fc9-bfe8-4fccbad13a1d None None] Lock "940a293f-80dc-4605-b835-d52787db8664" acquired by "nova.context.set_target_cell..get_or_set_cached_cell_and_set_connections" :: waited 0.000s {{(pid=95988) inner /opt/stack/data/venv/lib/python3.12/site-packages/oslo_concurrency/lockutils.py:525}}
Jul 27 16:29:11.806761 np0000005927 nova-conductor[95988]: DEBUG oslo_concurrency.lockutils [None req-6132cf0f-7e86-4fc9-bfe8-4fccbad13a1d None None] Lock "940a293f-80dc-4605-b835-d52787db8664" "released" by "nova.context.set_target_cell..get_or_set_cached_cell_and_set_connections" :: held 0.000s {{(pid=95988) inner /opt/stack/data/venv/lib/python3.12/site-packages/oslo_concurrency/lockutils.py:544}}
Jul 27 16:29:11.818406 np0000005927 nova-conductor[95988]: INFO nova.compute.rpcapi [None req-6132cf0f-7e86-4fc9-bfe8-4fccbad13a1d None None] Automatically selected compute RPC version 6.5 from minimum service version 72
Jul 27 16:29:11.818781 np0000005927 nova-conductor[95988]: DEBUG oslo_concurrency.lockutils [None req-6132cf0f-7e86-4fc9-bfe8-4fccbad13a1d None None] Releasing lock "compute-rpcapi-router" {{(pid=95988) lock /opt/stack/data/venv/lib/python3.12/site-packages/oslo_concurrency/lockutils.py:419}}
Jul 27 16:29:11.836359 np0000005927 nova-conductor[95978]: INFO nova.utils [None req-ecb4cd23-a21b-4d1b-bad2-1d84316dad81 tempest-AttachVolumeShelveTestJSON-574293107 tempest-AttachVolumeShelveTestJSON-574293107-project-member] The cell worker thread pool ForkProcess-1.cell_worker is initialized
Jul 27 16:29:11.836359 np0000005927 nova-conductor[95978]: DEBUG oslo_concurrency.lockutils [None req-ecb4cd23-a21b-4d1b-bad2-1d84316dad81 tempest-AttachVolumeShelveTestJSON-574293107 tempest-AttachVolumeShelveTestJSON-574293107-project-member] Acquiring lock "00000000-0000-0000-0000-000000000000" by "nova.context.set_target_cell..get_or_set_cached_cell_and_set_connections" {{(pid=95978) inner /opt/stack/data/venv/lib/python3.12/site-packages/oslo_concurrency/lockutils.py:512}}
Jul 27 16:29:11.836359 np0000005927 nova-conductor[95978]: DEBUG oslo_concurrency.lockutils [None req-ecb4cd23-a21b-4d1b-bad2-1d84316dad81 tempest-AttachVolumeShelveTestJSON-574293107 tempest-AttachVolumeShelveTestJSON-574293107-project-member] Lock "00000000-0000-0000-0000-000000000000" acquired by "nova.context.set_target_cell..get_or_set_cached_cell_and_set_connections" :: waited 0.000s {{(pid=95978) inner /opt/stack/data/venv/lib/python3.12/site-packages/oslo_concurrency/lockutils.py:525}}
Jul 27 16:29:11.836359 np0000005927 nova-conductor[95978]: DEBUG oslo_concurrency.lockutils [None req-ecb4cd23-a21b-4d1b-bad2-1d84316dad81 tempest-AttachVolumeShelveTestJSON-574293107 tempest-AttachVolumeShelveTestJSON-574293107-project-member] Lock "00000000-0000-0000-0000-000000000000" "released" by "nova.context.set_target_cell..get_or_set_cached_cell_and_set_connections" :: held 0.000s {{(pid=95978) inner /opt/stack/data/venv/lib/python3.12/site-packages/oslo_concurrency/lockutils.py:544}}
Jul 27 16:29:11.836849 np0000005927 nova-conductor[95978]: DEBUG oslo_concurrency.lockutils [None req-ecb4cd23-a21b-4d1b-bad2-1d84316dad81 tempest-AttachVolumeShelveTestJSON-574293107 tempest-AttachVolumeShelveTestJSON-574293107-project-member] Acquiring lock "940a293f-80dc-4605-b835-d52787db8664" by "nova.context.set_target_cell..get_or_set_cached_cell_and_set_connections" {{(pid=95978) inner /opt/stack/data/venv/lib/python3.12/site-packages/oslo_concurrency/lockutils.py:512}}
Jul 27 16:29:11.838960 np0000005927 nova-conductor[95978]: INFO dbcounter [None req-ecb4cd23-a21b-4d1b-bad2-1d84316dad81 tempest-AttachVolumeShelveTestJSON-574293107 tempest-AttachVolumeShelveTestJSON-574293107-project-member] Registered counter for database nova_cell0
Jul 27 16:29:11.840699 np0000005927 nova-conductor[95978]: DEBUG oslo_concurrency.lockutils [None req-ecb4cd23-a21b-4d1b-bad2-1d84316dad81 tempest-AttachVolumeShelveTestJSON-574293107 tempest-AttachVolumeShelveTestJSON-574293107-project-member] Lock "940a293f-80dc-4605-b835-d52787db8664" acquired by "nova.context.set_target_cell..get_or_set_cached_cell_and_set_connections" :: waited 0.002s {{(pid=95978) inner /opt/stack/data/venv/lib/python3.12/site-packages/oslo_concurrency/lockutils.py:525}}
Jul 27 16:29:11.841644 np0000005927 nova-conductor[95978]: DEBUG oslo_concurrency.lockutils [None req-ecb4cd23-a21b-4d1b-bad2-1d84316dad81 tempest-AttachVolumeShelveTestJSON-574293107 tempest-AttachVolumeShelveTestJSON-574293107-project-member] Lock "940a293f-80dc-4605-b835-d52787db8664" "released" by "nova.context.set_target_cell..get_or_set_cached_cell_and_set_connections" :: held 0.002s {{(pid=95978) inner /opt/stack/data/venv/lib/python3.12/site-packages/oslo_concurrency/lockutils.py:544}}
Jul 27 16:29:11.880751 np0000005927 nova-conductor[95978]: DEBUG oslo_db.sqlalchemy.engines [None req-ecb4cd23-a21b-4d1b-bad2-1d84316dad81 tempest-AttachVolumeShelveTestJSON-574293107 tempest-AttachVolumeShelveTestJSON-574293107-project-member] MySQL server mode set to STRICT_TRANS_TABLES,STRICT_ALL_TABLES,NO_ZERO_IN_DATE,NO_ZERO_DATE,ERROR_FOR_DIVISION_BY_ZERO,TRADITIONAL,NO_ENGINE_SUBSTITUTION {{(pid=95978) _check_effective_sql_mode /opt/stack/data/venv/lib/python3.12/site-packages/oslo_db/sqlalchemy/engines.py:325}}
