Aug 06 16:49:58.071363 np0000006671 devstack@g-api.service[103051]: DEBUG swiftclient [None req-d4039e84-0a44-423f-b092-97700723ebba tempest-VolumesActionsTest-1190741790 tempest-VolumesActionsTest-1190741790-project-member] RESP HEADERS: {'Date': 'Thu, 06 Aug 2026 16:49:58 GMT', 'Server': 'Apache/2.4.58 (Ubuntu)', 'Content-Type': 'text/html; charset=UTF-8', 'Content-Length': '0', 'Etag': 'eda9a9889837ac4bc81d6387d92c1bec', 'Last-Modified': 'Thu, 06 Aug 2026 16:49:56 GMT', 'X-Trans-Id': 'tx960dc322d45643f5a1844-006a74bb33', 'X-Openstack-Request-Id': 'tx960dc322d45643f5a1844-006a74bb33', 'Connection': 'close'} {{(pid=103051) http_log /opt/stack/data/venv/lib/python3.12/site-packages/swiftclient/client.py:162}}
Aug 06 16:49:58.071477 np0000006671 devstack@g-api.service[103051]: DEBUG glance_store._drivers.swift.store [None req-d4039e84-0a44-423f-b092-97700723ebba tempest-VolumesActionsTest-1190741790 tempest-VolumesActionsTest-1190741790-project-member] Wrote chunk df06ef4c-7474-4a81-a81e-ef916ff97d92-00001 (1/?) of length 204800000 to Swift returning MD5 of content: eda9a9889837ac4bc81d6387d92c1bec {{(pid=103051) add /opt/stack/data/venv/lib/python3.12/site-packages/glance_store/_drivers/swift/store.py:1059}}
Aug 06 16:49:58.477388 np0000006671 devstack@g-api.service[103054]: DEBUG glance.api.middleware.version_negotiation [None req-356665a7-0277-41dd-a4ae-92c57feba566 tempest-VolumesActionsTest-1190741790 tempest-VolumesActionsTest-1190741790-project-member] Determining version of request: GET /v2/images/df06ef4c-7474-4a81-a81e-ef916ff97d92 Accept: application/json {{(pid=103054) process_request /opt/stack/glance/glance/api/middleware/version_negotiation.py:44}}
Aug 06 16:49:58.477388 np0000006671 devstack@g-api.service[103054]: DEBUG glance.api.middleware.version_negotiation [None req-356665a7-0277-41dd-a4ae-92c57feba566 tempest-VolumesActionsTest-1190741790 tempest-VolumesActionsTest-1190741790-project-member] Using url versioning {{(pid=103054) process_request /opt/stack/glance/glance/api/middleware/version_negotiation.py:57}}
Aug 06 16:49:58.477388 np0000006671 devstack@g-api.service[103054]: DEBUG glance.api.middleware.version_negotiation [None req-356665a7-0277-41dd-a4ae-92c57feba566 tempest-VolumesActionsTest-1190741790 tempest-VolumesActionsTest-1190741790-project-member] Matched version: v2 {{(pid=103054) process_request /opt/stack/glance/glance/api/middleware/version_negotiation.py:69}}
Aug 06 16:49:58.477388 np0000006671 devstack@g-api.service[103054]: DEBUG glance.api.middleware.version_negotiation [None req-356665a7-0277-41dd-a4ae-92c57feba566 tempest-VolumesActionsTest-1190741790 tempest-VolumesActionsTest-1190741790-project-member] new path /v2/images/df06ef4c-7474-4a81-a81e-ef916ff97d92 {{(pid=103054) process_request /opt/stack/glance/glance/api/middleware/version_negotiation.py:70}}
Aug 06 16:49:58.491857 np0000006671 devstack@g-api.service[103054]: [pid: 103054|app: 0|req: 101/402] 127.0.0.1 () {40 vars in 834 bytes} [Thu Aug 6 16:49:58 2026] GET /v2/images/df06ef4c-7474-4a81-a81e-ef916ff97d92 => generated 649 bytes in 16 msecs (HTTP/1.1 200) 4 headers in 157 bytes (1 switches on core 0)
Aug 06 16:49:59.503153 np0000006671 devstack@g-api.service[103053]: DEBUG glance.api.middleware.version_negotiation [None req-0045be3b-859b-4d52-8322-13340ecc759f tempest-VolumesActionsTest-1190741790 tempest-VolumesActionsTest-1190741790-project-member] Determining version of request: GET /v2/images/df06ef4c-7474-4a81-a81e-ef916ff97d92 Accept: application/json {{(pid=103053) process_request /opt/stack/glance/glance/api/middleware/version_negotiation.py:44}}
Aug 06 16:49:59.503596 np0000006671 devstack@g-api.service[103053]: DEBUG glance.api.middleware.version_negotiation [None req-0045be3b-859b-4d52-8322-13340ecc759f tempest-VolumesActionsTest-1190741790 tempest-VolumesActionsTest-1190741790-project-member] Using url versioning {{(pid=103053) process_request /opt/stack/glance/glance/api/middleware/version_negotiation.py:57}}
Aug 06 16:49:59.503596 np0000006671 devstack@g-api.service[103053]: DEBUG glance.api.middleware.version_negotiation [None req-0045be3b-859b-4d52-8322-13340ecc759f tempest-VolumesActionsTest-1190741790 tempest-VolumesActionsTest-1190741790-project-member] Matched version: v2 {{(pid=103053) process_request /opt/stack/glance/glance/api/middleware/version_negotiation.py:69}}
Aug 06 16:49:59.503596 np0000006671 devstack@g-api.service[103053]: DEBUG glance.api.middleware.version_negotiation [None req-0045be3b-859b-4d52-8322-13340ecc759f tempest-VolumesActionsTest-1190741790 tempest-VolumesActionsTest-1190741790-project-member] new path /v2/images/df06ef4c-7474-4a81-a81e-ef916ff97d92 {{(pid=103053) process_request /opt/stack/glance/glance/api/middleware/version_negotiation.py:70}}
Aug 06 16:49:59.522388 np0000006671 devstack@g-api.service[103053]: [pid: 103053|app: 0|req: 102/403] 127.0.0.1 () {40 vars in 834 bytes} [Thu Aug 6 16:49:59 2026] GET /v2/images/df06ef4c-7474-4a81-a81e-ef916ff97d92 => generated 649 bytes in 19 msecs (HTTP/1.1 200) 4 headers in 157 bytes (1 switches on core 0)
Aug 06 16:50:00.225534 np0000006671 devstack@g-api.service[103051]: DEBUG swiftclient [None req-d4039e84-0a44-423f-b092-97700723ebba tempest-VolumesActionsTest-1190741790 tempest-VolumesActionsTest-1190741790-project-member] REQ: curl -i https://10.4.3.77:8080/v1/AUTH_5742cb9daeba491f800ced3d6835136d/glance/df06ef4c-7474-4a81-a81e-ef916ff97d92-00002 -X PUT -H "X-Auth-Token: gAAAAABqdLsz_syb..." {{(pid=103051) http_log /opt/stack/data/venv/lib/python3.12/site-packages/swiftclient/client.py:160}}
Aug 06 16:50:00.225835 np0000006671 devstack@g-api.service[103051]: DEBUG swiftclient [None req-d4039e84-0a44-423f-b092-97700723ebba tempest-VolumesActionsTest-1190741790 tempest-VolumesActionsTest-1190741790-project-member] RESP STATUS: 201 Created {{(pid=103051) http_log /opt/stack/data/venv/lib/python3.12/site-packages/swiftclient/client.py:161}}
Aug 06 16:50:00.225835 np0000006671 devstack@g-api.service[103051]: DEBUG swiftclient [None req-d4039e84-0a44-423f-b092-97700723ebba tempest-VolumesActionsTest-1190741790 tempest-VolumesActionsTest-1190741790-project-member] RESP HEADERS: {'Date': 'Thu, 06 Aug 2026 16:50:00 GMT', 'Server': 'Apache/2.4.58 (Ubuntu)', 'Content-Type': 'text/html; charset=UTF-8', 'Content-Length': '0', 'Etag': 'eda9a9889837ac4bc81d6387d92c1bec', 'Last-Modified': 'Thu, 06 Aug 2026 16:49:59 GMT', 'X-Trans-Id': 'txf169ae1ad16143b78ca7a-006a74bb36', 'X-Openstack-Request-Id': 'txf169ae1ad16143b78ca7a-006a74bb36', 'Connection': 'close'} {{(pid=103051) http_log /opt/stack/data/venv/lib/python3.12/site-packages/swiftclient/client.py:162}}
Aug 06 16:50:00.225959 np0000006671 devstack@g-api.service[103051]: DEBUG glance_store._drivers.swift.store [None req-d4039e84-0a44-423f-b092-97700723ebba tempest-VolumesActionsTest-1190741790 tempest-VolumesActionsTest-1190741790-project-member] Wrote chunk df06ef4c-7474-4a81-a81e-ef916ff97d92-00002 (2/?) of length 204800000 to Swift returning MD5 of content: eda9a9889837ac4bc81d6387d92c1bec {{(pid=103051) add /opt/stack/data/venv/lib/python3.12/site-packages/glance_store/_drivers/swift/store.py:1059}}
Aug 06 16:50:00.537335 np0000006671 devstack@g-api.service[103052]: DEBUG glance.api.middleware.version_negotiation [None req-11a9b21c-8976-41d2-be9b-de7a022b6b44 tempest-VolumesActionsTest-1190741790 tempest-VolumesActionsTest-1190741790-project-member] Determining version of request: GET /v2/images/df06ef4c-7474-4a81-a81e-ef916ff97d92 Accept: application/json {{(pid=103052) process_request /opt/stack/glance/glance/api/middleware/version_negotiation.py:44}}
Aug 06 16:50:00.537774 np0000006671 devstack@g-api.service[103052]: DEBUG glance.api.middleware.version_negotiation [None req-11a9b21c-8976-41d2-be9b-de7a022b6b44 tempest-VolumesActionsTest-1190741790 tempest-VolumesActionsTest-1190741790-project-member] Using url versioning {{(pid=103052) process_request /opt/stack/glance/glance/api/middleware/version_negotiation.py:57}}
Aug 06 16:50:00.537774 np0000006671 devstack@g-api.service[103052]: DEBUG glance.api.middleware.version_negotiation [None req-11a9b21c-8976-41d2-be9b-de7a022b6b44 tempest-VolumesActionsTest-1190741790 tempest-VolumesActionsTest-1190741790-project-member] Matched version: v2 {{(pid=103052) process_request /opt/stack/glance/glance/api/middleware/version_negotiation.py:69}}
Aug 06 16:50:00.537774 np0000006671 devstack@g-api.service[103052]: DEBUG glance.api.middleware.version_negotiation [None req-11a9b21c-8976-41d2-be9b-de7a022b6b44 tempest-VolumesActionsTest-1190741790 tempest-VolumesActionsTest-1190741790-project-member] new path /v2/images/df06ef4c-7474-4a81-a81e-ef916ff97d92 {{(pid=103052) process_request /opt/stack/glance/glance/api/middleware/version_negotiation.py:70}}
Aug 06 16:50:00.546652 np0000006671 devstack@g-api.service[103052]: [pid: 103052|app: 0|req: 103/404] 127.0.0.1 () {40 vars in 834 bytes} [Thu Aug 6 16:50:00 2026] GET /v2/images/df06ef4c-7474-4a81-a81e-ef916ff97d92 => generated 649 bytes in 13 msecs (HTTP/1.1 200) 4 headers in 157 bytes (1 switches on core 0)
Aug 06 16:50:01.561753 np0000006671 devstack@g-api.service[103054]: DEBUG glance.api.middleware.version_negotiation [None req-498b6d24-267c-46d2-8f4a-8302fa897fe2 tempest-VolumesActionsTest-1190741790 tempest-VolumesActionsTest-1190741790-project-member] Determining version of request: GET /v2/images/df06ef4c-7474-4a81-a81e-ef916ff97d92 Accept: application/json {{(pid=103054) process_request /opt/stack/glance/glance/api/middleware/version_negotiation.py:44}}
Aug 06 16:50:01.561753 np0000006671 devstack@g-api.service[103054]: DEBUG glance.api.middleware.version_negotiation [None req-498b6d24-267c-46d2-8f4a-8302fa897fe2 tempest-VolumesActionsTest-1190741790 tempest-VolumesActionsTest-1190741790-project-member] Using url versioning {{(pid=103054) process_request /opt/stack/glance/glance/api/middleware/version_negotiation.py:57}}
Aug 06 16:50:01.561753 np0000006671 devstack@g-api.service[103054]: DEBUG glance.api.middleware.version_negotiation [None req-498b6d24-267c-46d2-8f4a-8302fa897fe2 tempest-VolumesActionsTest-1190741790 tempest-VolumesActionsTest-1190741790-project-member] Matched version: v2 {{(pid=103054) process_request /opt/stack/glance/glance/api/middleware/version_negotiation.py:69}}
Aug 06 16:50:01.561753 np0000006671 devstack@g-api.service[103054]: DEBUG glance.api.middleware.version_negotiation [None req-498b6d24-267c-46d2-8f4a-8302fa897fe2 tempest-VolumesActionsTest-1190741790 tempest-VolumesActionsTest-1190741790-project-member] new path /v2/images/df06ef4c-7474-4a81-a81e-ef916ff97d92 {{(pid=103054) process_request /opt/stack/glance/glance/api/middleware/version_negotiation.py:70}}
Aug 06 16:50:01.575481 np0000006671 devstack@g-api.service[103054]: [pid: 103054|app: 0|req: 102/405] 127.0.0.1 () {40 vars in 834 bytes} [Thu Aug 6 16:50:01 2026] GET /v2/images/df06ef4c-7474-4a81-a81e-ef916ff97d92 => generated 649 bytes in 15 msecs (HTTP/1.1 200) 4 headers in 157 bytes (1 switches on core 0)
Aug 06 16:50:02.586250 np0000006671 devstack@g-api.service[103053]: DEBUG glance.api.middleware.version_negotiation [None req-47d40481-9595-4a7f-9b2c-2d07b4e449a0 tempest-VolumesActionsTest-1190741790 tempest-VolumesActionsTest-1190741790-project-member] Determining version of request: GET /v2/images/df06ef4c-7474-4a81-a81e-ef916ff97d92 Accept: application/json {{(pid=103053) process_request /opt/stack/glance/glance/api/middleware/version_negotiation.py:44}}
Aug 06 16:50:02.589785 np0000006671 devstack@g-api.service[103053]: DEBUG glance.api.middleware.version_negotiation [None req-47d40481-9595-4a7f-9b2c-2d07b4e449a0 tempest-VolumesActionsTest-1190741790 tempest-VolumesActionsTest-1190741790-project-member] Using url versioning {{(pid=103053) process_request /opt/stack/glance/glance/api/middleware/version_negotiation.py:57}}
Aug 06 16:50:02.589785 np0000006671 devstack@g-api.service[103053]: DEBUG glance.api.middleware.version_negotiation [None req-47d40481-9595-4a7f-9b2c-2d07b4e449a0 tempest-VolumesActionsTest-1190741790 tempest-VolumesActionsTest-1190741790-project-member] Matched version: v2 {{(pid=103053) process_request /opt/stack/glance/glance/api/middleware/version_negotiation.py:69}}
Aug 06 16:50:02.589785 np0000006671 devstack@g-api.service[103053]: DEBUG glance.api.middleware.version_negotiation [None req-47d40481-9595-4a7f-9b2c-2d07b4e449a0 tempest-VolumesActionsTest-1190741790 tempest-VolumesActionsTest-1190741790-project-member] new path /v2/images/df06ef4c-7474-4a81-a81e-ef916ff97d92 {{(pid=103053) process_request /opt/stack/glance/glance/api/middleware/version_negotiation.py:70}}
Aug 06 16:50:02.603198 np0000006671 devstack@g-api.service[103051]: DEBUG swiftclient [None req-d4039e84-0a44-423f-b092-97700723ebba tempest-VolumesActionsTest-1190741790 tempest-VolumesActionsTest-1190741790-project-member] REQ: curl -i https://10.4.3.77:8080/v1/AUTH_5742cb9daeba491f800ced3d6835136d/glance/df06ef4c-7474-4a81-a81e-ef916ff97d92-00003 -X PUT -H "X-Auth-Token: gAAAAABqdLsz_syb..." {{(pid=103051) http_log /opt/stack/data/venv/lib/python3.12/site-packages/swiftclient/client.py:160}}
Aug 06 16:50:02.603198 np0000006671 devstack@g-api.service[103051]: DEBUG swiftclient [None req-d4039e84-0a44-423f-b092-97700723ebba tempest-VolumesActionsTest-1190741790 tempest-VolumesActionsTest-1190741790-project-member] RESP STATUS: 201 Created {{(pid=103051) http_log /opt/stack/data/venv/lib/python3.12/site-packages/swiftclient/client.py:161}}
Aug 06 16:50:02.603717 np0000006671 devstack@g-api.service[103051]: DEBUG swiftclient [None req-d4039e84-0a44-423f-b092-97700723ebba tempest-VolumesActionsTest-1190741790 tempest-VolumesActionsTest-1190741790-project-member] RESP HEADERS: {'Date': 'Thu, 06 Aug 2026 16:50:02 GMT', 'Server': 'Apache/2.4.58 (Ubuntu)', 'Content-Type': 'text/html; charset=UTF-8', 'Content-Length': '0', 'Etag': 'eda9a9889837ac4bc81d6387d92c1bec', 'Last-Modified': 'Thu, 06 Aug 2026 16:50:01 GMT', 'X-Trans-Id': 'tx3cae00fbde1648a1a3a7c-006a74bb38', 'X-Openstack-Request-Id': 'tx3cae00fbde1648a1a3a7c-006a74bb38', 'Connection': 'close'} {{(pid=103051) http_log /opt/stack/data/venv/lib/python3.12/site-packages/swiftclient/client.py:162}}
Aug 06 16:50:02.603717 np0000006671 devstack@g-api.service[103051]: DEBUG glance_store._drivers.swift.store [None req-d4039e84-0a44-423f-b092-97700723ebba tempest-VolumesActionsTest-1190741790 tempest-VolumesActionsTest-1190741790-project-member] Wrote chunk df06ef4c-7474-4a81-a81e-ef916ff97d92-00003 (3/?) of length 204800000 to Swift returning MD5 of content: eda9a9889837ac4bc81d6387d92c1bec {{(pid=103051) add /opt/stack/data/venv/lib/python3.12/site-packages/glance_store/_drivers/swift/store.py:1059}}
Aug 06 16:50:02.607340 np0000006671 devstack@g-api.service[103053]: [pid: 103053|app: 0|req: 103/406] 127.0.0.1 () {40 vars in 834 bytes} [Thu Aug 6 16:50:02 2026] GET /v2/images/df06ef4c-7474-4a81-a81e-ef916ff97d92 => generated 649 bytes in 21 msecs (HTTP/1.1 200) 4 headers in 157 bytes (1 switches on core 0)
Aug 06 16:50:03.619910 np0000006671 devstack@g-api.service[103052]: DEBUG glance.api.middleware.version_negotiation [None req-57363dd3-9f98-4bbf-a7db-f974f7275f7c tempest-VolumesActionsTest-1190741790 tempest-VolumesActionsTest-1190741790-project-member] Determining version of request: GET /v2/images/df06ef4c-7474-4a81-a81e-ef916ff97d92 Accept: application/json {{(pid=103052) process_request /opt/stack/glance/glance/api/middleware/version_negotiation.py:44}}
Aug 06 16:50:03.619910 np0000006671 devstack@g-api.service[103052]: DEBUG glance.api.middleware.version_negotiation [None req-57363dd3-9f98-4bbf-a7db-f974f7275f7c tempest-VolumesActionsTest-1190741790 tempest-VolumesActionsTest-1190741790-project-member] Using url versioning {{(pid=103052) process_request /opt/stack/glance/glance/api/middleware/version_negotiation.py:57}}
Aug 06 16:50:03.620485 np0000006671 devstack@g-api.service[103052]: DEBUG glance.api.middleware.version_negotiation [None req-57363dd3-9f98-4bbf-a7db-f974f7275f7c tempest-VolumesActionsTest-1190741790 tempest-VolumesActionsTest-1190741790-project-member] Matched version: v2 {{(pid=103052) process_request /opt/stack/glance/glance/api/middleware/version_negotiation.py:69}}
Aug 06 16:50:03.620485 np0000006671 devstack@g-api.service[103052]: DEBUG glance.api.middleware.version_negotiation [None req-57363dd3-9f98-4bbf-a7db-f974f7275f7c tempest-VolumesActionsTest-1190741790 tempest-VolumesActionsTest-1190741790-project-member] new path /v2/images/df06ef4c-7474-4a81-a81e-ef916ff97d92 {{(pid=103052) process_request /opt/stack/glance/glance/api/middleware/version_negotiation.py:70}}
Aug 06 16:50:03.639587 np0000006671 devstack@g-api.service[103052]: [pid: 103052|app: 0|req: 104/407] 127.0.0.1 () {40 vars in 834 bytes} [Thu Aug 6 16:50:03 2026] GET /v2/images/df06ef4c-7474-4a81-a81e-ef916ff97d92 => generated 649 bytes in 20 msecs (HTTP/1.1 200) 4 headers in 157 bytes (1 switches on core 0)
Aug 06 16:50:04.650838 np0000006671 devstack@g-api.service[103054]: DEBUG glance.api.middleware.version_negotiation [None req-6f5e2dcf-33e0-4f95-91c8-7de929e117d8 tempest-VolumesActionsTest-1190741790 tempest-VolumesActionsTest-1190741790-project-member] Determining version of request: GET /v2/images/df06ef4c-7474-4a81-a81e-ef916ff97d92 Accept: application/json {{(pid=103054) process_request /opt/stack/glance/glance/api/middleware/version_negotiation.py:44}}
Aug 06 16:50:04.652290 np0000006671 devstack@g-api.service[103054]: DEBUG glance.api.middleware.version_negotiation [None req-6f5e2dcf-33e0-4f95-91c8-7de929e117d8 tempest-VolumesActionsTest-1190741790 tempest-VolumesActionsTest-1190741790-project-member] Using url versioning {{(pid=103054) process_request /opt/stack/glance/glance/api/middleware/version_negotiation.py:57}}
Aug 06 16:50:04.652290 np0000006671 devstack@g-api.service[103054]: DEBUG glance.api.middleware.version_negotiation [None req-6f5e2dcf-33e0-4f95-91c8-7de929e117d8 tempest-VolumesActionsTest-1190741790 tempest-VolumesActionsTest-1190741790-project-member] Matched version: v2 {{(pid=103054) process_request /opt/stack/glance/glance/api/middleware/version_negotiation.py:69}}
Aug 06 16:50:04.652290 np0000006671 devstack@g-api.service[103054]: DEBUG glance.api.middleware.version_negotiation [None req-6f5e2dcf-33e0-4f95-91c8-7de929e117d8 tempest-VolumesActionsTest-1190741790 tempest-VolumesActionsTest-1190741790-project-member] new path /v2/images/df06ef4c-7474-4a81-a81e-ef916ff97d92 {{(pid=103054) process_request /opt/stack/glance/glance/api/middleware/version_negotiation.py:70}}
Aug 06 16:50:04.667348 np0000006671 devstack@g-api.service[103054]: [pid: 103054|app: 0|req: 103/408] 127.0.0.1 () {40 vars in 834 bytes} [Thu Aug 6 16:50:04 2026] GET /v2/images/df06ef4c-7474-4a81-a81e-ef916ff97d92 => generated 649 bytes in 17 msecs (HTTP/1.1 200) 4 headers in 157 bytes (1 switches on core 0)
Aug 06 16:50:04.803273 np0000006671 devstack@g-api.service[103051]: DEBUG swiftclient [None req-d4039e84-0a44-423f-b092-97700723ebba tempest-VolumesActionsTest-1190741790 tempest-VolumesActionsTest-1190741790-project-member] REQ: curl -i https://10.4.3.77:8080/v1/AUTH_5742cb9daeba491f800ced3d6835136d/glance/df06ef4c-7474-4a81-a81e-ef916ff97d92-00004 -X PUT -H "X-Auth-Token: gAAAAABqdLsz_syb..." {{(pid=103051) http_log /opt/stack/data/venv/lib/python3.12/site-packages/swiftclient/client.py:160}}
Aug 06 16:50:04.803273 np0000006671 devstack@g-api.service[103051]: DEBUG swiftclient [None req-d4039e84-0a44-423f-b092-97700723ebba tempest-VolumesActionsTest-1190741790 tempest-VolumesActionsTest-1190741790-project-member] RESP STATUS: 201 Created {{(pid=103051) http_log /opt/stack/data/venv/lib/python3.12/site-packages/swiftclient/client.py:161}}
Aug 06 16:50:04.803273 np0000006671 devstack@g-api.service[103051]: DEBUG swiftclient [None req-d4039e84-0a44-423f-b092-97700723ebba tempest-VolumesActionsTest-1190741790 tempest-VolumesActionsTest-1190741790-project-member] RESP HEADERS: {'Date': 'Thu, 06 Aug 2026 16:50:04 GMT', 'Server': 'Apache/2.4.58 (Ubuntu)', 'Content-Type': 'text/html; charset=UTF-8', 'Content-Length': '0', 'Etag': 'eda9a9889837ac4bc81d6387d92c1bec', 'Last-Modified': 'Thu, 06 Aug 2026 16:50:03 GMT', 'X-Trans-Id': 'tx0d9eed196e354814b11f2-006a74bb3a', 'X-Openstack-Request-Id': 'tx0d9eed196e354814b11f2-006a74bb3a', 'Connection': 'close'} {{(pid=103051) http_log /opt/stack/data/venv/lib/python3.12/site-packages/swiftclient/client.py:162}}
Aug 06 16:50:04.803273 np0000006671 devstack@g-api.service[103051]: DEBUG glance_store._drivers.swift.store [None req-d4039e84-0a44-423f-b092-97700723ebba tempest-VolumesActionsTest-1190741790 tempest-VolumesActionsTest-1190741790-project-member] Wrote chunk df06ef4c-7474-4a81-a81e-ef916ff97d92-00004 (4/?) of length 204800000 to Swift returning MD5 of content: eda9a9889837ac4bc81d6387d92c1bec {{(pid=103051) add /opt/stack/data/venv/lib/python3.12/site-packages/glance_store/_drivers/swift/store.py:1059}}
Aug 06 16:50:05.557972 np0000006671 devstack@g-api.service[103051]: DEBUG dbcounter [-] [103051] Writing DB stats glance:SELECT=12,glance:UPDATE=1 {{(pid=103051) stat_writer /opt/stack/data/venv/lib/python3.12/site-packages/dbcounter.py:115}}
Aug 06 16:50:05.677179 np0000006671 devstack@g-api.service[103053]: DEBUG glance.api.middleware.version_negotiation [None req-82ce94de-a874-4c1b-ae5d-67c0e631f673 tempest-VolumesActionsTest-1190741790 tempest-VolumesActionsTest-1190741790-project-member] Determining version of request: GET /v2/images/df06ef4c-7474-4a81-a81e-ef916ff97d92 Accept: application/json {{(pid=103053) process_request /opt/stack/glance/glance/api/middleware/version_negotiation.py:44}}
Aug 06 16:50:05.677988 np0000006671 devstack@g-api.service[103053]: DEBUG glance.api.middleware.version_negotiation [None req-82ce94de-a874-4c1b-ae5d-67c0e631f673 tempest-VolumesActionsTest-1190741790 tempest-VolumesActionsTest-1190741790-project-member] Using url versioning {{(pid=103053) process_request /opt/stack/glance/glance/api/middleware/version_negotiation.py:57}}
Aug 06 16:50:05.677988 np0000006671 devstack@g-api.service[103053]: DEBUG glance.api.middleware.version_negotiation [None req-82ce94de-a874-4c1b-ae5d-67c0e631f673 tempest-VolumesActionsTest-1190741790 tempest-VolumesActionsTest-1190741790-project-member] Matched version: v2 {{(pid=103053) process_request /opt/stack/glance/glance/api/middleware/version_negotiation.py:69}}
Aug 06 16:50:05.677988 np0000006671 devstack@g-api.service[103053]: DEBUG glance.api.middleware.version_negotiation [None req-82ce94de-a874-4c1b-ae5d-67c0e631f673 tempest-VolumesActionsTest-1190741790 tempest-VolumesActionsTest-1190741790-project-member] new path /v2/images/df06ef4c-7474-4a81-a81e-ef916ff97d92 {{(pid=103053) process_request /opt/stack/glance/glance/api/middleware/version_negotiation.py:70}}
Aug 06 16:50:05.693704 np0000006671 devstack@g-api.service[103053]: [pid: 103053|app: 0|req: 104/409] 127.0.0.1 () {40 vars in 834 bytes} [Thu Aug 6 16:50:05 2026] GET /v2/images/df06ef4c-7474-4a81-a81e-ef916ff97d92 => generated 649 bytes in 16 msecs (HTTP/1.1 200) 4 headers in 157 bytes (1 switches on core 0)
Aug 06 16:50:06.707761 np0000006671 devstack@g-api.service[103052]: DEBUG glance.api.middleware.version_negotiation [None req-9e8b89af-c2ce-42a3-9db5-d8e0b68002c7 tempest-VolumesActionsTest-1190741790 tempest-VolumesActionsTest-1190741790-project-member] Determining version of request: GET /v2/images/df06ef4c-7474-4a81-a81e-ef916ff97d92 Accept: application/json {{(pid=103052) process_request /opt/stack/glance/glance/api/middleware/version_negotiation.py:44}}
Aug 06 16:50:06.708124 np0000006671 devstack@g-api.service[103052]: DEBUG glance.api.middleware.version_negotiation [None req-9e8b89af-c2ce-42a3-9db5-d8e0b68002c7 tempest-VolumesActionsTest-1190741790 tempest-VolumesActionsTest-1190741790-project-member] Using url versioning {{(pid=103052) process_request /opt/stack/glance/glance/api/middleware/version_negotiation.py:57}}
Aug 06 16:50:06.708958 np0000006671 devstack@g-api.service[103052]: DEBUG glance.api.middleware.version_negotiation [None req-9e8b89af-c2ce-42a3-9db5-d8e0b68002c7 tempest-VolumesActionsTest-1190741790 tempest-VolumesActionsTest-1190741790-project-member] Matched version: v2 {{(pid=103052) process_request /opt/stack/glance/glance/api/middleware/version_negotiation.py:69}}
Aug 06 16:50:06.708958 np0000006671 devstack@g-api.service[103052]: DEBUG glance.api.middleware.version_negotiation [None req-9e8b89af-c2ce-42a3-9db5-d8e0b68002c7 tempest-VolumesActionsTest-1190741790 tempest-VolumesActionsTest-1190741790-project-member] new path /v2/images/df06ef4c-7474-4a81-a81e-ef916ff97d92 {{(pid=103052) process_request /opt/stack/glance/glance/api/middleware/version_negotiation.py:70}}
Aug 06 16:50:06.741614 np0000006671 devstack@g-api.service[103052]: [pid: 103052|app: 0|req: 105/410] 127.0.0.1 () {40 vars in 834 bytes} [Thu Aug 6 16:50:06 2026] GET /v2/images/df06ef4c-7474-4a81-a81e-ef916ff97d92 => generated 649 bytes in 35 msecs (HTTP/1.1 200) 4 headers in 157 bytes (1 switches on core 0)
Aug 06 16:50:06.982579 np0000006671 devstack@g-api.service[103051]: DEBUG swiftclient [None req-d4039e84-0a44-423f-b092-97700723ebba tempest-VolumesActionsTest-1190741790 tempest-VolumesActionsTest-1190741790-project-member] REQ: curl -i https://10.4.3.77:8080/v1/AUTH_5742cb9daeba491f800ced3d6835136d/glance/df06ef4c-7474-4a81-a81e-ef916ff97d92-00005 -X PUT -H "X-Auth-Token: gAAAAABqdLsz_syb..." {{(pid=103051) http_log /opt/stack/data/venv/lib/python3.12/site-packages/swiftclient/client.py:160}}
Aug 06 16:50:06.982579 np0000006671 devstack@g-api.service[103051]: DEBUG swiftclient [None req-d4039e84-0a44-423f-b092-97700723ebba tempest-VolumesActionsTest-1190741790 tempest-VolumesActionsTest-1190741790-project-member] RESP STATUS: 201 Created {{(pid=103051) http_log /opt/stack/data/venv/lib/python3.12/site-packages/swiftclient/client.py:161}}
Aug 06 16:50:06.982579 np0000006671 devstack@g-api.service[103051]: DEBUG swiftclient [None req-d4039e84-0a44-423f-b092-97700723ebba tempest-VolumesActionsTest-1190741790 tempest-VolumesActionsTest-1190741790-project-member] RESP HEADERS: {'Date': 'Thu, 06 Aug 2026 16:50:06 GMT', 'Server': 'Apache/2.4.58 (Ubuntu)', 'Content-Type': 'text/html; charset=UTF-8', 'Content-Length': '0', 'Etag': 'eda9a9889837ac4bc81d6387d92c1bec', 'Last-Modified': 'Thu, 06 Aug 2026 16:50:05 GMT', 'X-Trans-Id': 'txf083205f75f14bec92a06-006a74bb3c', 'X-Openstack-Request-Id': 'txf083205f75f14bec92a06-006a74bb3c', 'Connection': 'close'} {{(pid=103051) http_log /opt/stack/data/venv/lib/python3.12/site-packages/swiftclient/client.py:162}}
Aug 06 16:50:06.982579 np0000006671 devstack@g-api.service[103051]: DEBUG glance_store._drivers.swift.store [None req-d4039e84-0a44-423f-b092-97700723ebba tempest-VolumesActionsTest-1190741790 tempest-VolumesActionsTest-1190741790-project-member] Wrote chunk df06ef4c-7474-4a81-a81e-ef916ff97d92-00005 (5/?) of length 204800000 to Swift returning MD5 of content: eda9a9889837ac4bc81d6387d92c1bec {{(pid=103051) add /opt/stack/data/venv/lib/python3.12/site-packages/glance_store/_drivers/swift/store.py:1059}}
Aug 06 16:50:07.610089 np0000006671 devstack@g-api.service[103051]: DEBUG swiftclient [None req-d4039e84-0a44-423f-b092-97700723ebba tempest-VolumesActionsTest-1190741790 tempest-VolumesActionsTest-1190741790-project-member] REQ: curl -i https://10.4.3.77:8080/v1/AUTH_5742cb9daeba491f800ced3d6835136d/glance/df06ef4c-7474-4a81-a81e-ef916ff97d92-00006 -X PUT -H "X-Auth-Token: gAAAAABqdLsz_syb..." {{(pid=103051) http_log /opt/stack/data/venv/lib/python3.12/site-packages/swiftclient/client.py:160}}
Aug 06 16:50:07.610089 np0000006671 devstack@g-api.service[103051]: DEBUG swiftclient [None req-d4039e84-0a44-423f-b092-97700723ebba tempest-VolumesActionsTest-1190741790 tempest-VolumesActionsTest-1190741790-project-member] RESP STATUS: 201 Created {{(pid=103051) http_log /opt/stack/data/venv/lib/python3.12/site-packages/swiftclient/client.py:161}}
Aug 06 16:50:07.610089 np0000006671 devstack@g-api.service[103051]: DEBUG swiftclient [None req-d4039e84-0a44-423f-b092-97700723ebba tempest-VolumesActionsTest-1190741790 tempest-VolumesActionsTest-1190741790-project-member] RESP HEADERS: {'Date': 'Thu, 06 Aug 2026 16:50:07 GMT', 'Server': 'Apache/2.4.58 (Ubuntu)', 'Content-Type': 'text/html; charset=UTF-8', 'Content-Length': '0', 'Etag': '708761f3b8777ec77058e63da08eeeb6', 'Last-Modified': 'Thu, 06 Aug 2026 16:50:07 GMT', 'X-Trans-Id': 'tx0ea67767a99242669402c-006a74bb3e', 'X-Openstack-Request-Id': 'tx0ea67767a99242669402c-006a74bb3e', 'Connection': 'close'} {{(pid=103051) http_log /opt/stack/data/venv/lib/python3.12/site-packages/swiftclient/client.py:162}}
Aug 06 16:50:07.610089 np0000006671 devstack@g-api.service[103051]: DEBUG glance_store._drivers.swift.store [None req-d4039e84-0a44-423f-b092-97700723ebba tempest-VolumesActionsTest-1190741790 tempest-VolumesActionsTest-1190741790-project-member] Wrote chunk df06ef4c-7474-4a81-a81e-ef916ff97d92-00006 (6/?) of length 49741824 to Swift returning MD5 of content: 708761f3b8777ec77058e63da08eeeb6 {{(pid=103051) add /opt/stack/data/venv/lib/python3.12/site-packages/glance_store/_drivers/swift/store.py:1059}}
Aug 06 16:50:07.611447 np0000006671 devstack@g-api.service[103051]: DEBUG glance_store._drivers.swift.store [None req-d4039e84-0a44-423f-b092-97700723ebba tempest-VolumesActionsTest-1190741790 tempest-VolumesActionsTest-1190741790-project-member] Not writing zero-length chunk. {{(pid=103051) add /opt/stack/data/venv/lib/python3.12/site-packages/glance_store/_drivers/swift/store.py:1028}}
Aug 06 16:50:07.653924 np0000006671 devstack@g-api.service[103051]: DEBUG swiftclient [None req-d4039e84-0a44-423f-b092-97700723ebba tempest-VolumesActionsTest-1190741790 tempest-VolumesActionsTest-1190741790-project-member] REQ: curl -i https://10.4.3.77:8080/v1/AUTH_5742cb9daeba491f800ced3d6835136d/glance/df06ef4c-7474-4a81-a81e-ef916ff97d92 -X PUT -H "X-Object-Manifest: glance/df06ef4c-7474-4a81-a81e-ef916ff97d92-" -H "X-Auth-Token: gAAAAABqdLsz_syb..." -H "Content-Length: 0" {{(pid=103051) http_log /opt/stack/data/venv/lib/python3.12/site-packages/swiftclient/client.py:160}}
Aug 06 16:50:07.653924 np0000006671 devstack@g-api.service[103051]: DEBUG swiftclient [None req-d4039e84-0a44-423f-b092-97700723ebba tempest-VolumesActionsTest-1190741790 tempest-VolumesActionsTest-1190741790-project-member] RESP STATUS: 201 Created {{(pid=103051) http_log /opt/stack/data/venv/lib/python3.12/site-packages/swiftclient/client.py:161}}
Aug 06 16:50:07.654171 np0000006671 devstack@g-api.service[103051]: DEBUG swiftclient [None req-d4039e84-0a44-423f-b092-97700723ebba tempest-VolumesActionsTest-1190741790 tempest-VolumesActionsTest-1190741790-project-member] RESP HEADERS: {'Date': 'Thu, 06 Aug 2026 16:50:07 GMT', 'Server': 'Apache/2.4.58 (Ubuntu)', 'Content-Type': 'text/html; charset=UTF-8', 'Content-Length': '0', 'Etag': 'd41d8cd98f00b204e9800998ecf8427e', 'Last-Modified': 'Thu, 06 Aug 2026 16:50:08 GMT', 'X-Trans-Id': 'txfc02a510e66d4f19b3622-006a74bb3f', 'X-Openstack-Request-Id': 'txfc02a510e66d4f19b3622-006a74bb3f', 'Connection': 'close'} {{(pid=103051) http_log /opt/stack/data/venv/lib/python3.12/site-packages/swiftclient/client.py:162}}
Aug 06 16:50:07.654806 np0000006671 devstack@g-api.service[103051]: INFO glance.location [None req-d4039e84-0a44-423f-b092-97700723ebba tempest-VolumesActionsTest-1190741790 tempest-VolumesActionsTest-1190741790-project-member] Image format matched and virtual size computed: 1073741824
Aug 06 16:50:07.716480 np0000006671 devstack@g-api.service[103051]: DEBUG glance_store.backend [None req-d4039e84-0a44-423f-b092-97700723ebba tempest-VolumesActionsTest-1190741790 tempest-VolumesActionsTest-1190741790-project-member] Attempting to import store swift {{(pid=103051) _load_store /opt/stack/data/venv/lib/python3.12/site-packages/glance_store/backend.py:215}}
Aug 06 16:50:07.718719 np0000006671 devstack@g-api.service[103051]: DEBUG glance_store.capabilities [None req-d4039e84-0a44-423f-b092-97700723ebba tempest-VolumesActionsTest-1190741790 tempest-VolumesActionsTest-1190741790-project-member] Store glance_store._drivers.swift.store.SingleTenantStore doesn't support updating dynamic storage capabilities. Please overwrite 'update_capabilities' method of the store to implement updating logics if needed. {{(pid=103051) update_capabilities /opt/stack/data/venv/lib/python3.12/site-packages/glance_store/capabilities.py:91}}
Aug 06 16:50:07.718719 np0000006671 devstack@g-api.service[103051]: DEBUG glance_store.driver [None req-d4039e84-0a44-423f-b092-97700723ebba tempest-VolumesActionsTest-1190741790 tempest-VolumesActionsTest-1190741790-project-member] Late loading location class glance_store._drivers.swift.store.StoreLocation {{(pid=103051) get_store_location_class /opt/stack/data/venv/lib/python3.12/site-packages/glance_store/driver.py:134}}
Aug 06 16:50:07.718719 np0000006671 devstack@g-api.service[103051]: DEBUG glance_store.location [None req-d4039e84-0a44-423f-b092-97700723ebba tempest-VolumesActionsTest-1190741790 tempest-VolumesActionsTest-1190741790-project-member] Registering scheme swift+https with {'store': , 'location_class': , 'store_entry': 'swift'} {{(pid=103051) register_scheme_map /opt/stack/data/venv/lib/python3.12/site-packages/glance_store/location.py:146}}
Aug 06 16:50:07.718719 np0000006671 devstack@g-api.service[103051]: DEBUG glance_store.location [None req-d4039e84-0a44-423f-b092-97700723ebba tempest-VolumesActionsTest-1190741790 tempest-VolumesActionsTest-1190741790-project-member] Registering scheme swift+https with {'store': , 'location_class': , 'store_entry': 'swift'} {{(pid=103051) register_scheme_map /opt/stack/data/venv/lib/python3.12/site-packages/glance_store/location.py:146}}
Aug 06 16:50:07.718719 np0000006671 devstack@g-api.service[103051]: DEBUG glance_store.location [None req-d4039e84-0a44-423f-b092-97700723ebba tempest-VolumesActionsTest-1190741790 tempest-VolumesActionsTest-1190741790-project-member] Registering scheme swift with {'store': , 'location_class': , 'store_entry': 'swift'} {{(pid=103051) register_scheme_map /opt/stack/data/venv/lib/python3.12/site-packages/glance_store/location.py:146}}
Aug 06 16:50:07.718719 np0000006671 devstack@g-api.service[103051]: DEBUG glance_store.location [None req-d4039e84-0a44-423f-b092-97700723ebba tempest-VolumesActionsTest-1190741790 tempest-VolumesActionsTest-1190741790-project-member] Registering scheme swift+https with {'store': , 'location_class': , 'store_entry': 'swift'} {{(pid=103051) register_scheme_map /opt/stack/data/venv/lib/python3.12/site-packages/glance_store/location.py:146}}
Aug 06 16:50:07.718719 np0000006671 devstack@g-api.service[103051]: DEBUG glance_store.location [None req-d4039e84-0a44-423f-b092-97700723ebba tempest-VolumesActionsTest-1190741790 tempest-VolumesActionsTest-1190741790-project-member] Registering scheme swift with {'store': , 'location_class': , 'store_entry': 'swift'} {{(pid=103051) register_scheme_map /opt/stack/data/venv/lib/python3.12/site-packages/glance_store/location.py:146}}
Aug 06 16:50:07.719358 np0000006671 devstack@g-api.service[103051]: DEBUG glance_store.location [None req-d4039e84-0a44-423f-b092-97700723ebba tempest-VolumesActionsTest-1190741790 tempest-VolumesActionsTest-1190741790-project-member] Registering scheme swift+http with {'store': , 'location_class': , 'store_entry': 'swift'} {{(pid=103051) register_scheme_map /opt/stack/data/venv/lib/python3.12/site-packages/glance_store/location.py:146}}
Aug 06 16:50:07.719358 np0000006671 devstack@g-api.service[103051]: DEBUG glance_store.location [None req-d4039e84-0a44-423f-b092-97700723ebba tempest-VolumesActionsTest-1190741790 tempest-VolumesActionsTest-1190741790-project-member] Registering scheme swift+https with {'store': , 'location_class': , 'store_entry': 'swift'} {{(pid=103051) register_scheme_map /opt/stack/data/venv/lib/python3.12/site-packages/glance_store/location.py:146}}
Aug 06 16:50:07.719358 np0000006671 devstack@g-api.service[103051]: DEBUG glance_store.location [None req-d4039e84-0a44-423f-b092-97700723ebba tempest-VolumesActionsTest-1190741790 tempest-VolumesActionsTest-1190741790-project-member] Registering scheme swift with {'store': , 'location_class': , 'store_entry': 'swift'} {{(pid=103051) register_scheme_map /opt/stack/data/venv/lib/python3.12/site-packages/glance_store/location.py:146}}
Aug 06 16:50:07.719358 np0000006671 devstack@g-api.service[103051]: DEBUG glance_store.location [None req-d4039e84-0a44-423f-b092-97700723ebba tempest-VolumesActionsTest-1190741790 tempest-VolumesActionsTest-1190741790-project-member] Registering scheme swift+http with {'store': , 'location_class': , 'store_entry': 'swift'} {{(pid=103051) register_scheme_map /opt/stack/data/venv/lib/python3.12/site-packages/glance_store/location.py:146}}
Aug 06 16:50:07.719358 np0000006671 devstack@g-api.service[103051]: DEBUG glance_store.location [None req-d4039e84-0a44-423f-b092-97700723ebba tempest-VolumesActionsTest-1190741790 tempest-VolumesActionsTest-1190741790-project-member] Registering scheme swift+config with {'store': , 'location_class': , 'store_entry': 'swift'} {{(pid=103051) register_scheme_map /opt/stack/data/venv/lib/python3.12/site-packages/glance_store/location.py:146}}
Aug 06 16:50:07.719358 np0000006671 devstack@g-api.service[103051]: DEBUG glance_store.backend [None req-d4039e84-0a44-423f-b092-97700723ebba tempest-VolumesActionsTest-1190741790 tempest-VolumesActionsTest-1190741790-project-member] Skipping store.set_acls... not implemented. {{(pid=103051) set_acls /opt/stack/data/venv/lib/python3.12/site-packages/glance_store/backend.py:507}}
Aug 06 16:50:07.723659 np0000006671 devstack@g-api.service[103051]: [pid: 103051|app: 0|req: 99/411] 127.0.0.1 () {46 vars in 1154 bytes} [Thu Aug 6 16:49:54 2026] PUT /v2/images/df06ef4c-7474-4a81-a81e-ef916ff97d92/file => generated 0 bytes in 13311 msecs (HTTP/1.1 204) 4 headers in 171 bytes (1 switches on core 0)
Aug 06 16:50:07.740083 np0000006671 devstack@g-api.service[103054]: DEBUG glance.api.middleware.version_negotiation [None req-29f7a8a0-7641-463b-a695-3811f4343711 tempest-VolumesActionsTest-1190741790 tempest-VolumesActionsTest-1190741790-project-member] Determining version of request: GET /v2/images/df06ef4c-7474-4a81-a81e-ef916ff97d92 Accept: */* {{(pid=103054) process_request /opt/stack/glance/glance/api/middleware/version_negotiation.py:44}}
Aug 06 16:50:07.740595 np0000006671 devstack@g-api.service[103054]: DEBUG glance.api.middleware.version_negotiation [None req-29f7a8a0-7641-463b-a695-3811f4343711 tempest-VolumesActionsTest-1190741790 tempest-VolumesActionsTest-1190741790-project-member] Using url versioning {{(pid=103054) process_request /opt/stack/glance/glance/api/middleware/version_negotiation.py:57}}
Aug 06 16:50:07.740595 np0000006671 devstack@g-api.service[103054]: DEBUG glance.api.middleware.version_negotiation [None req-29f7a8a0-7641-463b-a695-3811f4343711 tempest-VolumesActionsTest-1190741790 tempest-VolumesActionsTest-1190741790-project-member] Matched version: v2 {{(pid=103054) process_request /opt/stack/glance/glance/api/middleware/version_negotiation.py:69}}
Aug 06 16:50:07.740711 np0000006671 devstack@g-api.service[103054]: DEBUG glance.api.middleware.version_negotiation [None req-29f7a8a0-7641-463b-a695-3811f4343711 tempest-VolumesActionsTest-1190741790 tempest-VolumesActionsTest-1190741790-project-member] new path /v2/images/df06ef4c-7474-4a81-a81e-ef916ff97d92 {{(pid=103054) process_request /opt/stack/glance/glance/api/middleware/version_negotiation.py:70}}
Aug 06 16:50:07.752613 np0000006671 devstack@g-api.service[103053]: DEBUG glance.api.middleware.version_negotiation [None req-fdb281d0-560e-48a9-97cc-af8581fa9fde tempest-VolumesActionsTest-1190741790 tempest-VolumesActionsTest-1190741790-project-member] Determining version of request: GET /v2/images/df06ef4c-7474-4a81-a81e-ef916ff97d92 Accept: application/json {{(pid=103053) process_request /opt/stack/glance/glance/api/middleware/version_negotiation.py:44}}
Aug 06 16:50:07.753294 np0000006671 devstack@g-api.service[103053]: DEBUG glance.api.middleware.version_negotiation [None req-fdb281d0-560e-48a9-97cc-af8581fa9fde tempest-VolumesActionsTest-1190741790 tempest-VolumesActionsTest-1190741790-project-member] Using url versioning {{(pid=103053) process_request /opt/stack/glance/glance/api/middleware/version_negotiation.py:57}}
Aug 06 16:50:07.753373 np0000006671 devstack@g-api.service[103054]: [pid: 103054|app: 0|req: 104/412] 127.0.0.1 () {44 vars in 1111 bytes} [Thu Aug 6 16:50:07 2026] GET /v2/images/df06ef4c-7474-4a81-a81e-ef916ff97d92 => generated 821 bytes in 13 msecs (HTTP/1.1 200) 4 headers in 157 bytes (1 switches on core 0)
Aug 06 16:50:07.753423 np0000006671 devstack@g-api.service[103053]: DEBUG glance.api.middleware.version_negotiation [None req-fdb281d0-560e-48a9-97cc-af8581fa9fde tempest-VolumesActionsTest-1190741790 tempest-VolumesActionsTest-1190741790-project-member] Matched version: v2 {{(pid=103053) process_request /opt/stack/glance/glance/api/middleware/version_negotiation.py:69}}
Aug 06 16:50:07.753423 np0000006671 devstack@g-api.service[103053]: DEBUG glance.api.middleware.version_negotiation [None req-fdb281d0-560e-48a9-97cc-af8581fa9fde tempest-VolumesActionsTest-1190741790 tempest-VolumesActionsTest-1190741790-project-member] new path /v2/images/df06ef4c-7474-4a81-a81e-ef916ff97d92 {{(pid=103053) process_request /opt/stack/glance/glance/api/middleware/version_negotiation.py:70}}
Aug 06 16:50:07.772650 np0000006671 devstack@g-api.service[103052]: DEBUG glance.api.middleware.version_negotiation [None req-c1b2b208-8152-4d96-aa90-8d400174214d tempest-VolumesActionsTest-1190741790 tempest-VolumesActionsTest-1190741790-project-member] Determining version of request: GET /v2/schemas/image Accept: */* {{(pid=103052) process_request /opt/stack/glance/glance/api/middleware/version_negotiation.py:44}}
Aug 06 16:50:07.772650 np0000006671 devstack@g-api.service[103052]: DEBUG glance.api.middleware.version_negotiation [None req-c1b2b208-8152-4d96-aa90-8d400174214d tempest-VolumesActionsTest-1190741790 tempest-VolumesActionsTest-1190741790-project-member] Using url versioning {{(pid=103052) process_request /opt/stack/glance/glance/api/middleware/version_negotiation.py:57}}
Aug 06 16:50:07.772650 np0000006671 devstack@g-api.service[103052]: DEBUG glance.api.middleware.version_negotiation [None req-c1b2b208-8152-4d96-aa90-8d400174214d tempest-VolumesActionsTest-1190741790 tempest-VolumesActionsTest-1190741790-project-member] Matched version: v2 {{(pid=103052) process_request /opt/stack/glance/glance/api/middleware/version_negotiation.py:69}}
Aug 06 16:50:07.772650 np0000006671 devstack@g-api.service[103052]: DEBUG glance.api.middleware.version_negotiation [None req-c1b2b208-8152-4d96-aa90-8d400174214d tempest-VolumesActionsTest-1190741790 tempest-VolumesActionsTest-1190741790-project-member] new path /v2/schemas/image {{(pid=103052) process_request /opt/stack/glance/glance/api/middleware/version_negotiation.py:70}}
Aug 06 16:50:07.775481 np0000006671 devstack@g-api.service[103053]: [pid: 103053|app: 0|req: 105/413] 127.0.0.1 () {40 vars in 834 bytes} [Thu Aug 6 16:50:07 2026] GET /v2/images/df06ef4c-7474-4a81-a81e-ef916ff97d92 => generated 821 bytes in 23 msecs (HTTP/1.1 200) 4 headers in 157 bytes (1 switches on core 0)
Aug 06 16:50:07.776152 np0000006671 devstack@g-api.service[103052]: [pid: 103052|app: 0|req: 106/414] 127.0.0.1 () {44 vars in 1051 bytes} [Thu Aug 6 16:50:07 2026] GET /v2/schemas/image => generated 6083 bytes in 4 msecs (HTTP/1.1 200) 4 headers in 158 bytes (1 switches on core 0)
Aug 06 16:50:07.790383 np0000006671 devstack@g-api.service[103051]: DEBUG glance.api.middleware.version_negotiation [None req-d4039e84-0a44-423f-b092-97700723ebba tempest-VolumesActionsTest-1190741790 tempest-VolumesActionsTest-1190741790-project-member] Determining version of request: GET /v2/schemas/image Accept: */* {{(pid=103051) process_request /opt/stack/glance/glance/api/middleware/version_negotiation.py:44}}
Aug 06 16:50:07.791480 np0000006671 devstack@g-api.service[103051]: DEBUG glance.api.middleware.version_negotiation [None req-d4039e84-0a44-423f-b092-97700723ebba tempest-VolumesActionsTest-1190741790 tempest-VolumesActionsTest-1190741790-project-member] Using url versioning {{(pid=103051) process_request /opt/stack/glance/glance/api/middleware/version_negotiation.py:57}}
Aug 06 16:50:07.791480 np0000006671 devstack@g-api.service[103051]: DEBUG glance.api.middleware.version_negotiation [None req-d4039e84-0a44-423f-b092-97700723ebba tempest-VolumesActionsTest-1190741790 tempest-VolumesActionsTest-1190741790-project-member] Matched version: v2 {{(pid=103051) process_request /opt/stack/glance/glance/api/middleware/version_negotiation.py:69}}
Aug 06 16:50:07.791480 np0000006671 devstack@g-api.service[103051]: DEBUG glance.api.middleware.version_negotiation [None req-d4039e84-0a44-423f-b092-97700723ebba tempest-VolumesActionsTest-1190741790 tempest-VolumesActionsTest-1190741790-project-member] new path /v2/schemas/image {{(pid=103051) process_request /opt/stack/glance/glance/api/middleware/version_negotiation.py:70}}
Aug 06 16:50:07.794324 np0000006671 devstack@g-api.service[103051]: [pid: 103051|app: 0|req: 100/415] 127.0.0.1 () {44 vars in 1051 bytes} [Thu Aug 6 16:50:07 2026] GET /v2/schemas/image => generated 6083 bytes in 4 msecs (HTTP/1.1 200) 4 headers in 158 bytes (1 switches on core 0)
Aug 06 16:50:08.886919 np0000006671 devstack@g-api.service[103054]: DEBUG glance.api.middleware.version_negotiation [None req-d4039e84-0a44-423f-b092-97700723ebba tempest-VolumesActionsTest-1190741790 tempest-VolumesActionsTest-1190741790-project-member] Determining version of request: GET /v2/images/df06ef4c-7474-4a81-a81e-ef916ff97d92 Accept: application/json {{(pid=103054) process_request /opt/stack/glance/glance/api/middleware/version_negotiation.py:44}}
Aug 06 16:50:08.887380 np0000006671 devstack@g-api.service[103054]: DEBUG glance.api.middleware.version_negotiation [None req-d4039e84-0a44-423f-b092-97700723ebba tempest-VolumesActionsTest-1190741790 tempest-VolumesActionsTest-1190741790-project-member] Using url versioning {{(pid=103054) process_request /opt/stack/glance/glance/api/middleware/version_negotiation.py:57}}
Aug 06 16:50:08.887380 np0000006671 devstack@g-api.service[103054]: DEBUG glance.api.middleware.version_negotiation [None req-d4039e84-0a44-423f-b092-97700723ebba tempest-VolumesActionsTest-1190741790 tempest-VolumesActionsTest-1190741790-project-member] Matched version: v2 {{(pid=103054) process_request /opt/stack/glance/glance/api/middleware/version_negotiation.py:69}}
Aug 06 16:50:08.887495 np0000006671 devstack@g-api.service[103054]: DEBUG glance.api.middleware.version_negotiation [None req-d4039e84-0a44-423f-b092-97700723ebba tempest-VolumesActionsTest-1190741790 tempest-VolumesActionsTest-1190741790-project-member] new path /v2/images/df06ef4c-7474-4a81-a81e-ef916ff97d92 {{(pid=103054) process_request /opt/stack/glance/glance/api/middleware/version_negotiation.py:70}}
Aug 06 16:50:08.907905 np0000006671 devstack@g-api.service[103054]: [pid: 103054|app: 0|req: 105/416] 127.0.0.1 () {40 vars in 834 bytes} [Thu Aug 6 16:50:08 2026] GET /v2/images/df06ef4c-7474-4a81-a81e-ef916ff97d92 => generated 821 bytes in 21 msecs (HTTP/1.1 200) 4 headers in 157 bytes (1 switches on core 0)
Aug 06 16:50:08.978772 np0000006671 devstack@g-api.service[103053]: DEBUG glance.api.middleware.version_negotiation [None req-11be5696-2bd8-4934-a7ba-437d6707dc91 tempest-VolumesActionsTest-1190741790 tempest-VolumesActionsTest-1190741790-project-member] Determining version of request: GET /v2/schemas/image Accept: */* {{(pid=103053) process_request /opt/stack/glance/glance/api/middleware/version_negotiation.py:44}}
Aug 06 16:50:08.979131 np0000006671 devstack@g-api.service[103053]: DEBUG glance.api.middleware.version_negotiation [None req-11be5696-2bd8-4934-a7ba-437d6707dc91 tempest-VolumesActionsTest-1190741790 tempest-VolumesActionsTest-1190741790-project-member] Using url versioning {{(pid=103053) process_request /opt/stack/glance/glance/api/middleware/version_negotiation.py:57}}
Aug 06 16:50:08.979131 np0000006671 devstack@g-api.service[103053]: DEBUG glance.api.middleware.version_negotiation [None req-11be5696-2bd8-4934-a7ba-437d6707dc91 tempest-VolumesActionsTest-1190741790 tempest-VolumesActionsTest-1190741790-project-member] Matched version: v2 {{(pid=103053) process_request /opt/stack/glance/glance/api/middleware/version_negotiation.py:69}}
Aug 06 16:50:08.979208 np0000006671 devstack@g-api.service[103053]: DEBUG glance.api.middleware.version_negotiation [None req-11be5696-2bd8-4934-a7ba-437d6707dc91 tempest-VolumesActionsTest-1190741790 tempest-VolumesActionsTest-1190741790-project-member] new path /v2/schemas/image {{(pid=103053) process_request /opt/stack/glance/glance/api/middleware/version_negotiation.py:70}}
Aug 06 16:50:09.077239 np0000006671 devstack@g-api.service[103053]: [pid: 103053|app: 0|req: 106/417] 127.0.0.1 () {44 vars in 1051 bytes} [Thu Aug 6 16:50:08 2026] GET /v2/schemas/image => generated 6083 bytes in 99 msecs (HTTP/1.1 200) 4 headers in 158 bytes (1 switches on core 0)
Aug 06 16:50:09.090714 np0000006671 devstack@g-api.service[103052]: DEBUG glance.api.middleware.version_negotiation [None req-d4039e84-0a44-423f-b092-97700723ebba tempest-VolumesActionsTest-1190741790 tempest-VolumesActionsTest-1190741790-project-member] Determining version of request: POST /v2/images Accept: */* {{(pid=103052) process_request /opt/stack/glance/glance/api/middleware/version_negotiation.py:44}}
