Aug 06 16:40:23.110391 np0000006671 nova-scheduler[96665]: DEBUG cotyledon.oslo_config_glue [-] workarounds.never_download_image_if_on_rbd = False {{(pid=96665) log_opt_values /opt/stack/data/venv/lib/python3.12/site-packages/oslo_config/cfg.py:3545}}
Aug 06 16:40:23.110391 np0000006671 nova-scheduler[96665]: DEBUG cotyledon.oslo_config_glue [-] workarounds.qemu_monitor_announce_self_count = 3 {{(pid=96665) log_opt_values /opt/stack/data/venv/lib/python3.12/site-packages/oslo_config/cfg.py:3545}}
Aug 06 16:40:23.110689 np0000006671 nova-scheduler[96665]: DEBUG cotyledon.oslo_config_glue [-] workarounds.qemu_monitor_announce_self_interval = 1 {{(pid=96665) log_opt_values /opt/stack/data/venv/lib/python3.12/site-packages/oslo_config/cfg.py:3545}}
Aug 06 16:40:23.110689 np0000006671 nova-scheduler[96665]: DEBUG cotyledon.oslo_config_glue [-] workarounds.reserve_disk_resource_for_image_cache = False {{(pid=96665) log_opt_values /opt/stack/data/venv/lib/python3.12/site-packages/oslo_config/cfg.py:3545}}
Aug 06 16:40:23.110689 np0000006671 nova-scheduler[96665]: DEBUG cotyledon.oslo_config_glue [-] workarounds.skip_cpu_compare_at_startup = False {{(pid=96665) log_opt_values /opt/stack/data/venv/lib/python3.12/site-packages/oslo_config/cfg.py:3545}}
Aug 06 16:40:23.110689 np0000006671 nova-scheduler[96665]: DEBUG cotyledon.oslo_config_glue [-] workarounds.skip_cpu_compare_on_dest = False {{(pid=96665) log_opt_values /opt/stack/data/venv/lib/python3.12/site-packages/oslo_config/cfg.py:3545}}
Aug 06 16:40:23.110689 np0000006671 nova-scheduler[96665]: DEBUG cotyledon.oslo_config_glue [-] workarounds.skip_hypervisor_version_check_on_lm = False {{(pid=96665) log_opt_values /opt/stack/data/venv/lib/python3.12/site-packages/oslo_config/cfg.py:3545}}
Aug 06 16:40:23.110689 np0000006671 nova-scheduler[96665]: DEBUG cotyledon.oslo_config_glue [-] workarounds.skip_reserve_in_use_ironic_nodes = False {{(pid=96665) log_opt_values /opt/stack/data/venv/lib/python3.12/site-packages/oslo_config/cfg.py:3545}}
Aug 06 16:40:23.110689 np0000006671 nova-scheduler[96665]: DEBUG cotyledon.oslo_config_glue [-] workarounds.unified_limits_count_pcpu_as_vcpu = False {{(pid=96665) log_opt_values /opt/stack/data/venv/lib/python3.12/site-packages/oslo_config/cfg.py:3545}}
Aug 06 16:40:23.110689 np0000006671 nova-scheduler[96665]: DEBUG cotyledon.oslo_config_glue [-] workarounds.wait_for_vif_plugged_event_during_hard_reboot = [] {{(pid=96665) log_opt_values /opt/stack/data/venv/lib/python3.12/site-packages/oslo_config/cfg.py:3545}}
Aug 06 16:40:23.110935 np0000006671 nova-scheduler[96665]: DEBUG cotyledon.oslo_config_glue [-] wsgi.api_paste_config = /etc/nova/api-paste.ini {{(pid=96665) log_opt_values /opt/stack/data/venv/lib/python3.12/site-packages/oslo_config/cfg.py:3545}}
Aug 06 16:40:23.110935 np0000006671 nova-scheduler[96665]: DEBUG cotyledon.oslo_config_glue [-] wsgi.secure_proxy_ssl_header = None {{(pid=96665) log_opt_values /opt/stack/data/venv/lib/python3.12/site-packages/oslo_config/cfg.py:3545}}
Aug 06 16:40:23.110935 np0000006671 nova-scheduler[96665]: DEBUG cotyledon.oslo_config_glue [-] zvm.ca_file = None {{(pid=96665) log_opt_values /opt/stack/data/venv/lib/python3.12/site-packages/oslo_config/cfg.py:3545}}
Aug 06 16:40:23.110935 np0000006671 nova-scheduler[96665]: DEBUG cotyledon.oslo_config_glue [-] zvm.cloud_connector_url = None {{(pid=96665) log_opt_values /opt/stack/data/venv/lib/python3.12/site-packages/oslo_config/cfg.py:3545}}
Aug 06 16:40:23.110935 np0000006671 nova-scheduler[96665]: DEBUG cotyledon.oslo_config_glue [-] zvm.image_tmp_path = /opt/stack/data/nova/images {{(pid=96665) log_opt_values /opt/stack/data/venv/lib/python3.12/site-packages/oslo_config/cfg.py:3545}}
Aug 06 16:40:23.110935 np0000006671 nova-scheduler[96665]: DEBUG cotyledon.oslo_config_glue [-] zvm.reachable_timeout = 300 {{(pid=96665) log_opt_values /opt/stack/data/venv/lib/python3.12/site-packages/oslo_config/cfg.py:3545}}
Aug 06 16:40:23.110935 np0000006671 nova-scheduler[96665]: DEBUG cotyledon.oslo_config_glue [-] oslo_versionedobjects.fatal_exception_format_errors = False {{(pid=96665) log_opt_values /opt/stack/data/venv/lib/python3.12/site-packages/oslo_config/cfg.py:3545}}
Aug 06 16:40:23.110935 np0000006671 nova-scheduler[96665]: DEBUG cotyledon.oslo_config_glue [-] oslo_middleware.http_basic_auth_user_file = /etc/htpasswd {{(pid=96665) log_opt_values /opt/stack/data/venv/lib/python3.12/site-packages/oslo_config/cfg.py:3545}}
Aug 06 16:40:23.110935 np0000006671 nova-scheduler[96665]: DEBUG cotyledon.oslo_config_glue [-] oslo_messaging_metrics.metrics_buffer_size = 1000 {{(pid=96665) log_opt_values /opt/stack/data/venv/lib/python3.12/site-packages/oslo_config/cfg.py:3545}}
Aug 06 16:40:23.111204 np0000006671 nova-scheduler[96665]: DEBUG cotyledon.oslo_config_glue [-] oslo_messaging_metrics.metrics_enabled = False {{(pid=96665) log_opt_values /opt/stack/data/venv/lib/python3.12/site-packages/oslo_config/cfg.py:3545}}
Aug 06 16:40:23.111204 np0000006671 nova-scheduler[96665]: DEBUG cotyledon.oslo_config_glue [-] oslo_messaging_metrics.metrics_process_name = {{(pid=96665) log_opt_values /opt/stack/data/venv/lib/python3.12/site-packages/oslo_config/cfg.py:3545}}
Aug 06 16:40:23.111204 np0000006671 nova-scheduler[96665]: DEBUG cotyledon.oslo_config_glue [-] oslo_messaging_metrics.metrics_socket_file = /var/tmp/metrics_collector.sock {{(pid=96665) log_opt_values /opt/stack/data/venv/lib/python3.12/site-packages/oslo_config/cfg.py:3545}}
Aug 06 16:40:23.111204 np0000006671 nova-scheduler[96665]: DEBUG cotyledon.oslo_config_glue [-] oslo_messaging_metrics.metrics_thread_stop_timeout = 10 {{(pid=96665) log_opt_values /opt/stack/data/venv/lib/python3.12/site-packages/oslo_config/cfg.py:3545}}
Aug 06 16:40:23.111204 np0000006671 nova-scheduler[96665]: DEBUG cotyledon.oslo_config_glue [-] profiler.connection_string = messaging:// {{(pid=96665) log_opt_values /opt/stack/data/venv/lib/python3.12/site-packages/oslo_config/cfg.py:3545}}
Aug 06 16:40:23.111204 np0000006671 nova-scheduler[96665]: DEBUG cotyledon.oslo_config_glue [-] profiler.enabled = False {{(pid=96665) log_opt_values /opt/stack/data/venv/lib/python3.12/site-packages/oslo_config/cfg.py:3545}}
Aug 06 16:40:23.111204 np0000006671 nova-scheduler[96665]: DEBUG cotyledon.oslo_config_glue [-] profiler.es_doc_type = notification {{(pid=96665) log_opt_values /opt/stack/data/venv/lib/python3.12/site-packages/oslo_config/cfg.py:3545}}
Aug 06 16:40:23.111204 np0000006671 nova-scheduler[96665]: DEBUG cotyledon.oslo_config_glue [-] profiler.es_scroll_size = 10000 {{(pid=96665) log_opt_values /opt/stack/data/venv/lib/python3.12/site-packages/oslo_config/cfg.py:3545}}
Aug 06 16:40:23.111204 np0000006671 nova-scheduler[96665]: DEBUG cotyledon.oslo_config_glue [-] profiler.es_scroll_time = 2m {{(pid=96665) log_opt_values /opt/stack/data/venv/lib/python3.12/site-packages/oslo_config/cfg.py:3545}}
Aug 06 16:40:23.111470 np0000006671 nova-scheduler[96665]: DEBUG cotyledon.oslo_config_glue [-] profiler.filter_error_trace = False {{(pid=96665) log_opt_values /opt/stack/data/venv/lib/python3.12/site-packages/oslo_config/cfg.py:3545}}
Aug 06 16:40:23.111470 np0000006671 nova-scheduler[96665]: DEBUG cotyledon.oslo_config_glue [-] profiler.hmac_keys = **** {{(pid=96665) log_opt_values /opt/stack/data/venv/lib/python3.12/site-packages/oslo_config/cfg.py:3545}}
Aug 06 16:40:23.111470 np0000006671 nova-scheduler[96665]: DEBUG cotyledon.oslo_config_glue [-] profiler.sentinel_service_name = mymaster {{(pid=96665) log_opt_values /opt/stack/data/venv/lib/python3.12/site-packages/oslo_config/cfg.py:3545}}
Aug 06 16:40:23.111470 np0000006671 nova-scheduler[96665]: DEBUG cotyledon.oslo_config_glue [-] profiler.socket_timeout = 0.1 {{(pid=96665) log_opt_values /opt/stack/data/venv/lib/python3.12/site-packages/oslo_config/cfg.py:3545}}
Aug 06 16:40:23.111470 np0000006671 nova-scheduler[96665]: DEBUG cotyledon.oslo_config_glue [-] profiler.trace_requests = False {{(pid=96665) log_opt_values /opt/stack/data/venv/lib/python3.12/site-packages/oslo_config/cfg.py:3545}}
Aug 06 16:40:23.111470 np0000006671 nova-scheduler[96665]: DEBUG cotyledon.oslo_config_glue [-] profiler.trace_sqlalchemy = False {{(pid=96665) log_opt_values /opt/stack/data/venv/lib/python3.12/site-packages/oslo_config/cfg.py:3545}}
Aug 06 16:40:23.111470 np0000006671 nova-scheduler[96665]: DEBUG cotyledon.oslo_config_glue [-] profiler_jaeger.process_tags = {} {{(pid=96665) log_opt_values /opt/stack/data/venv/lib/python3.12/site-packages/oslo_config/cfg.py:3545}}
Aug 06 16:40:23.111470 np0000006671 nova-scheduler[96665]: DEBUG cotyledon.oslo_config_glue [-] profiler_jaeger.service_name_prefix = None {{(pid=96665) log_opt_values /opt/stack/data/venv/lib/python3.12/site-packages/oslo_config/cfg.py:3545}}
Aug 06 16:40:23.111470 np0000006671 nova-scheduler[96665]: DEBUG cotyledon.oslo_config_glue [-] profiler_otlp.service_name_prefix = None {{(pid=96665) log_opt_values /opt/stack/data/venv/lib/python3.12/site-packages/oslo_config/cfg.py:3545}}
Aug 06 16:40:23.111816 np0000006671 nova-scheduler[96665]: DEBUG cotyledon.oslo_config_glue [-] oslo_messaging_rabbit.amqp_auto_delete = False {{(pid=96665) log_opt_values /opt/stack/data/venv/lib/python3.12/site-packages/oslo_config/cfg.py:3545}}
Aug 06 16:40:23.111816 np0000006671 nova-scheduler[96665]: DEBUG cotyledon.oslo_config_glue [-] oslo_messaging_rabbit.amqp_durable_queues = False {{(pid=96665) log_opt_values /opt/stack/data/venv/lib/python3.12/site-packages/oslo_config/cfg.py:3545}}
Aug 06 16:40:23.111816 np0000006671 nova-scheduler[96665]: DEBUG cotyledon.oslo_config_glue [-] oslo_messaging_rabbit.conn_pool_min_size = 2 {{(pid=96665) log_opt_values /opt/stack/data/venv/lib/python3.12/site-packages/oslo_config/cfg.py:3545}}
Aug 06 16:40:23.111816 np0000006671 nova-scheduler[96665]: DEBUG cotyledon.oslo_config_glue [-] oslo_messaging_rabbit.conn_pool_ttl = 1200 {{(pid=96665) log_opt_values /opt/stack/data/venv/lib/python3.12/site-packages/oslo_config/cfg.py:3545}}
Aug 06 16:40:23.111816 np0000006671 nova-scheduler[96665]: DEBUG cotyledon.oslo_config_glue [-] oslo_messaging_rabbit.direct_mandatory_flag = True {{(pid=96665) log_opt_values /opt/stack/data/venv/lib/python3.12/site-packages/oslo_config/cfg.py:3545}}
Aug 06 16:40:23.111816 np0000006671 nova-scheduler[96665]: DEBUG cotyledon.oslo_config_glue [-] oslo_messaging_rabbit.enable_cancel_on_failover = False {{(pid=96665) log_opt_values /opt/stack/data/venv/lib/python3.12/site-packages/oslo_config/cfg.py:3545}}
Aug 06 16:40:23.111816 np0000006671 nova-scheduler[96665]: DEBUG cotyledon.oslo_config_glue [-] oslo_messaging_rabbit.heartbeat_rate = 3 {{(pid=96665) log_opt_values /opt/stack/data/venv/lib/python3.12/site-packages/oslo_config/cfg.py:3545}}
Aug 06 16:40:23.111816 np0000006671 nova-scheduler[96665]: DEBUG cotyledon.oslo_config_glue [-] oslo_messaging_rabbit.heartbeat_timeout_threshold = 60 {{(pid=96665) log_opt_values /opt/stack/data/venv/lib/python3.12/site-packages/oslo_config/cfg.py:3545}}
Aug 06 16:40:23.111816 np0000006671 nova-scheduler[96665]: DEBUG cotyledon.oslo_config_glue [-] oslo_messaging_rabbit.hostname = np0000006671 {{(pid=96665) log_opt_values /opt/stack/data/venv/lib/python3.12/site-packages/oslo_config/cfg.py:3545}}
Aug 06 16:40:23.112085 np0000006671 nova-scheduler[96665]: DEBUG cotyledon.oslo_config_glue [-] oslo_messaging_rabbit.kombu_compression = None {{(pid=96665) log_opt_values /opt/stack/data/venv/lib/python3.12/site-packages/oslo_config/cfg.py:3545}}
Aug 06 16:40:23.112085 np0000006671 nova-scheduler[96665]: DEBUG cotyledon.oslo_config_glue [-] oslo_messaging_rabbit.kombu_failover_strategy = round-robin {{(pid=96665) log_opt_values /opt/stack/data/venv/lib/python3.12/site-packages/oslo_config/cfg.py:3545}}
Aug 06 16:40:23.112085 np0000006671 nova-scheduler[96665]: DEBUG cotyledon.oslo_config_glue [-] oslo_messaging_rabbit.kombu_missing_consumer_retry_timeout = 60 {{(pid=96665) log_opt_values /opt/stack/data/venv/lib/python3.12/site-packages/oslo_config/cfg.py:3545}}
Aug 06 16:40:23.112085 np0000006671 nova-scheduler[96665]: DEBUG cotyledon.oslo_config_glue [-] oslo_messaging_rabbit.kombu_reconnect_delay = 1.0 {{(pid=96665) log_opt_values /opt/stack/data/venv/lib/python3.12/site-packages/oslo_config/cfg.py:3545}}
Aug 06 16:40:23.112085 np0000006671 nova-scheduler[96665]: DEBUG cotyledon.oslo_config_glue [-] oslo_messaging_rabbit.kombu_reconnect_splay = 0.0 {{(pid=96665) log_opt_values /opt/stack/data/venv/lib/python3.12/site-packages/oslo_config/cfg.py:3545}}
Aug 06 16:40:23.112085 np0000006671 nova-scheduler[96665]: DEBUG cotyledon.oslo_config_glue [-] oslo_messaging_rabbit.processname = nova-scheduler {{(pid=96665) log_opt_values /opt/stack/data/venv/lib/python3.12/site-packages/oslo_config/cfg.py:3545}}
Aug 06 16:40:23.112085 np0000006671 nova-scheduler[96665]: DEBUG cotyledon.oslo_config_glue [-] oslo_messaging_rabbit.rabbit_ha_queues = False {{(pid=96665) log_opt_values /opt/stack/data/venv/lib/python3.12/site-packages/oslo_config/cfg.py:3545}}
Aug 06 16:40:23.112085 np0000006671 nova-scheduler[96665]: DEBUG cotyledon.oslo_config_glue [-] oslo_messaging_rabbit.rabbit_interval_max = 30 {{(pid=96665) log_opt_values /opt/stack/data/venv/lib/python3.12/site-packages/oslo_config/cfg.py:3545}}
Aug 06 16:40:23.112085 np0000006671 nova-scheduler[96665]: DEBUG cotyledon.oslo_config_glue [-] oslo_messaging_rabbit.rabbit_login_method = AMQPLAIN {{(pid=96665) log_opt_values /opt/stack/data/venv/lib/python3.12/site-packages/oslo_config/cfg.py:3545}}
Aug 06 16:40:23.112372 np0000006671 nova-scheduler[96665]: DEBUG cotyledon.oslo_config_glue [-] oslo_messaging_rabbit.rabbit_qos_prefetch_count = 0 {{(pid=96665) log_opt_values /opt/stack/data/venv/lib/python3.12/site-packages/oslo_config/cfg.py:3545}}
Aug 06 16:40:23.112372 np0000006671 nova-scheduler[96665]: DEBUG cotyledon.oslo_config_glue [-] oslo_messaging_rabbit.rabbit_quorum_delivery_limit = 0 {{(pid=96665) log_opt_values /opt/stack/data/venv/lib/python3.12/site-packages/oslo_config/cfg.py:3545}}
Aug 06 16:40:23.112372 np0000006671 nova-scheduler[96665]: DEBUG cotyledon.oslo_config_glue [-] oslo_messaging_rabbit.rabbit_quorum_max_memory_bytes = 0 {{(pid=96665) log_opt_values /opt/stack/data/venv/lib/python3.12/site-packages/oslo_config/cfg.py:3545}}
Aug 06 16:40:23.112372 np0000006671 nova-scheduler[96665]: DEBUG cotyledon.oslo_config_glue [-] oslo_messaging_rabbit.rabbit_quorum_max_memory_length = 0 {{(pid=96665) log_opt_values /opt/stack/data/venv/lib/python3.12/site-packages/oslo_config/cfg.py:3545}}
Aug 06 16:40:23.112372 np0000006671 nova-scheduler[96665]: DEBUG cotyledon.oslo_config_glue [-] oslo_messaging_rabbit.rabbit_quorum_queue = False {{(pid=96665) log_opt_values /opt/stack/data/venv/lib/python3.12/site-packages/oslo_config/cfg.py:3545}}
Aug 06 16:40:23.112372 np0000006671 nova-scheduler[96665]: DEBUG cotyledon.oslo_config_glue [-] oslo_messaging_rabbit.rabbit_retry_backoff = 2 {{(pid=96665) log_opt_values /opt/stack/data/venv/lib/python3.12/site-packages/oslo_config/cfg.py:3545}}
Aug 06 16:40:23.112372 np0000006671 nova-scheduler[96665]: DEBUG cotyledon.oslo_config_glue [-] oslo_messaging_rabbit.rabbit_retry_interval = 1 {{(pid=96665) log_opt_values /opt/stack/data/venv/lib/python3.12/site-packages/oslo_config/cfg.py:3545}}
Aug 06 16:40:23.112372 np0000006671 nova-scheduler[96665]: DEBUG cotyledon.oslo_config_glue [-] oslo_messaging_rabbit.rabbit_stream_fanout = False {{(pid=96665) log_opt_values /opt/stack/data/venv/lib/python3.12/site-packages/oslo_config/cfg.py:3545}}
Aug 06 16:40:23.112645 np0000006671 nova-scheduler[96665]: DEBUG cotyledon.oslo_config_glue [-] oslo_messaging_rabbit.rabbit_transient_queues_ttl = 1800 {{(pid=96665) log_opt_values /opt/stack/data/venv/lib/python3.12/site-packages/oslo_config/cfg.py:3545}}
Aug 06 16:40:23.112645 np0000006671 nova-scheduler[96665]: DEBUG cotyledon.oslo_config_glue [-] oslo_messaging_rabbit.rabbit_transient_quorum_queue = False {{(pid=96665) log_opt_values /opt/stack/data/venv/lib/python3.12/site-packages/oslo_config/cfg.py:3545}}
Aug 06 16:40:23.112645 np0000006671 nova-scheduler[96665]: DEBUG cotyledon.oslo_config_glue [-] oslo_messaging_rabbit.rpc_conn_pool_size = 30 {{(pid=96665) log_opt_values /opt/stack/data/venv/lib/python3.12/site-packages/oslo_config/cfg.py:3545}}
Aug 06 16:40:23.112645 np0000006671 nova-scheduler[96665]: DEBUG cotyledon.oslo_config_glue [-] oslo_messaging_rabbit.ssl = False {{(pid=96665) log_opt_values /opt/stack/data/venv/lib/python3.12/site-packages/oslo_config/cfg.py:3545}}
Aug 06 16:40:23.112645 np0000006671 nova-scheduler[96665]: DEBUG cotyledon.oslo_config_glue [-] oslo_messaging_rabbit.ssl_ca_file = {{(pid=96665) log_opt_values /opt/stack/data/venv/lib/python3.12/site-packages/oslo_config/cfg.py:3545}}
Aug 06 16:40:23.112645 np0000006671 nova-scheduler[96665]: DEBUG cotyledon.oslo_config_glue [-] oslo_messaging_rabbit.ssl_cert_file = {{(pid=96665) log_opt_values /opt/stack/data/venv/lib/python3.12/site-packages/oslo_config/cfg.py:3545}}
Aug 06 16:40:23.112645 np0000006671 nova-scheduler[96665]: DEBUG cotyledon.oslo_config_glue [-] oslo_messaging_rabbit.ssl_enforce_fips_mode = False {{(pid=96665) log_opt_values /opt/stack/data/venv/lib/python3.12/site-packages/oslo_config/cfg.py:3545}}
Aug 06 16:40:23.112645 np0000006671 nova-scheduler[96665]: DEBUG cotyledon.oslo_config_glue [-] oslo_messaging_rabbit.ssl_enforce_hostname_verification = True {{(pid=96665) log_opt_values /opt/stack/data/venv/lib/python3.12/site-packages/oslo_config/cfg.py:3545}}
Aug 06 16:40:23.112645 np0000006671 nova-scheduler[96665]: DEBUG cotyledon.oslo_config_glue [-] oslo_messaging_rabbit.ssl_key_file = {{(pid=96665) log_opt_values /opt/stack/data/venv/lib/python3.12/site-packages/oslo_config/cfg.py:3545}}
Aug 06 16:40:23.112912 np0000006671 nova-scheduler[96665]: DEBUG cotyledon.oslo_config_glue [-] oslo_messaging_rabbit.ssl_version = {{(pid=96665) log_opt_values /opt/stack/data/venv/lib/python3.12/site-packages/oslo_config/cfg.py:3545}}
Aug 06 16:40:23.112912 np0000006671 nova-scheduler[96665]: DEBUG cotyledon.oslo_config_glue [-] oslo_messaging_rabbit.use_queue_manager = False {{(pid=96665) log_opt_values /opt/stack/data/venv/lib/python3.12/site-packages/oslo_config/cfg.py:3545}}
Aug 06 16:40:23.112912 np0000006671 nova-scheduler[96665]: DEBUG cotyledon.oslo_config_glue [-] oslo_messaging_notifications.driver = ['messagingv2'] {{(pid=96665) log_opt_values /opt/stack/data/venv/lib/python3.12/site-packages/oslo_config/cfg.py:3545}}
Aug 06 16:40:23.112912 np0000006671 nova-scheduler[96665]: DEBUG cotyledon.oslo_config_glue [-] oslo_messaging_notifications.retry = -1 {{(pid=96665) log_opt_values /opt/stack/data/venv/lib/python3.12/site-packages/oslo_config/cfg.py:3545}}
Aug 06 16:40:23.112912 np0000006671 nova-scheduler[96665]: DEBUG cotyledon.oslo_config_glue [-] oslo_messaging_notifications.topics = ['notifications'] {{(pid=96665) log_opt_values /opt/stack/data/venv/lib/python3.12/site-packages/oslo_config/cfg.py:3545}}
Aug 06 16:40:23.112912 np0000006671 nova-scheduler[96665]: DEBUG cotyledon.oslo_config_glue [-] oslo_messaging_notifications.transport_url = **** {{(pid=96665) log_opt_values /opt/stack/data/venv/lib/python3.12/site-packages/oslo_config/cfg.py:3545}}
Aug 06 16:40:23.112912 np0000006671 nova-scheduler[96665]: DEBUG cotyledon.oslo_config_glue [-] oslo_limit.auth_section = None {{(pid=96665) log_opt_values /opt/stack/data/venv/lib/python3.12/site-packages/oslo_config/cfg.py:3545}}
Aug 06 16:40:23.112912 np0000006671 nova-scheduler[96665]: DEBUG cotyledon.oslo_config_glue [-] oslo_limit.auth_type = None {{(pid=96665) log_opt_values /opt/stack/data/venv/lib/python3.12/site-packages/oslo_config/cfg.py:3545}}
Aug 06 16:40:23.112912 np0000006671 nova-scheduler[96665]: DEBUG cotyledon.oslo_config_glue [-] oslo_limit.cafile = None {{(pid=96665) log_opt_values /opt/stack/data/venv/lib/python3.12/site-packages/oslo_config/cfg.py:3545}}
Aug 06 16:40:23.113185 np0000006671 nova-scheduler[96665]: DEBUG cotyledon.oslo_config_glue [-] oslo_limit.certfile = None {{(pid=96665) log_opt_values /opt/stack/data/venv/lib/python3.12/site-packages/oslo_config/cfg.py:3545}}
Aug 06 16:40:23.113185 np0000006671 nova-scheduler[96665]: DEBUG cotyledon.oslo_config_glue [-] oslo_limit.collect_timing = False {{(pid=96665) log_opt_values /opt/stack/data/venv/lib/python3.12/site-packages/oslo_config/cfg.py:3545}}
Aug 06 16:40:23.113185 np0000006671 nova-scheduler[96665]: DEBUG cotyledon.oslo_config_glue [-] oslo_limit.connect_retries = None {{(pid=96665) log_opt_values /opt/stack/data/venv/lib/python3.12/site-packages/oslo_config/cfg.py:3545}}
Aug 06 16:40:23.113185 np0000006671 nova-scheduler[96665]: DEBUG cotyledon.oslo_config_glue [-] oslo_limit.connect_retry_delay = None {{(pid=96665) log_opt_values /opt/stack/data/venv/lib/python3.12/site-packages/oslo_config/cfg.py:3545}}
Aug 06 16:40:23.113185 np0000006671 nova-scheduler[96665]: DEBUG cotyledon.oslo_config_glue [-] oslo_limit.endpoint_id = None {{(pid=96665) log_opt_values /opt/stack/data/venv/lib/python3.12/site-packages/oslo_config/cfg.py:3545}}
Aug 06 16:40:23.113185 np0000006671 nova-scheduler[96665]: DEBUG cotyledon.oslo_config_glue [-] oslo_limit.endpoint_interface = public {{(pid=96665) log_opt_values /opt/stack/data/venv/lib/python3.12/site-packages/oslo_config/cfg.py:3545}}
Aug 06 16:40:23.113185 np0000006671 nova-scheduler[96665]: DEBUG cotyledon.oslo_config_glue [-] oslo_limit.endpoint_override = None {{(pid=96665) log_opt_values /opt/stack/data/venv/lib/python3.12/site-packages/oslo_config/cfg.py:3545}}
Aug 06 16:40:23.113185 np0000006671 nova-scheduler[96665]: DEBUG cotyledon.oslo_config_glue [-] oslo_limit.endpoint_region_name = None {{(pid=96665) log_opt_values /opt/stack/data/venv/lib/python3.12/site-packages/oslo_config/cfg.py:3545}}
Aug 06 16:40:23.113185 np0000006671 nova-scheduler[96665]: DEBUG cotyledon.oslo_config_glue [-] oslo_limit.endpoint_service_name = None {{(pid=96665) log_opt_values /opt/stack/data/venv/lib/python3.12/site-packages/oslo_config/cfg.py:3545}}
Aug 06 16:40:23.113445 np0000006671 nova-scheduler[96665]: DEBUG cotyledon.oslo_config_glue [-] oslo_limit.endpoint_service_type = None {{(pid=96665) log_opt_values /opt/stack/data/venv/lib/python3.12/site-packages/oslo_config/cfg.py:3545}}
Aug 06 16:40:23.113445 np0000006671 nova-scheduler[96665]: DEBUG cotyledon.oslo_config_glue [-] oslo_limit.insecure = False {{(pid=96665) log_opt_values /opt/stack/data/venv/lib/python3.12/site-packages/oslo_config/cfg.py:3545}}
Aug 06 16:40:23.113445 np0000006671 nova-scheduler[96665]: DEBUG cotyledon.oslo_config_glue [-] oslo_limit.keyfile = None {{(pid=96665) log_opt_values /opt/stack/data/venv/lib/python3.12/site-packages/oslo_config/cfg.py:3545}}
Aug 06 16:40:23.113445 np0000006671 nova-scheduler[96665]: DEBUG cotyledon.oslo_config_glue [-] oslo_limit.max_version = None {{(pid=96665) log_opt_values /opt/stack/data/venv/lib/python3.12/site-packages/oslo_config/cfg.py:3545}}
Aug 06 16:40:23.113445 np0000006671 nova-scheduler[96665]: DEBUG cotyledon.oslo_config_glue [-] oslo_limit.min_version = None {{(pid=96665) log_opt_values /opt/stack/data/venv/lib/python3.12/site-packages/oslo_config/cfg.py:3545}}
Aug 06 16:40:23.113445 np0000006671 nova-scheduler[96665]: DEBUG cotyledon.oslo_config_glue [-] oslo_limit.region_name = None {{(pid=96665) log_opt_values /opt/stack/data/venv/lib/python3.12/site-packages/oslo_config/cfg.py:3545}}
Aug 06 16:40:23.113445 np0000006671 nova-scheduler[96665]: DEBUG cotyledon.oslo_config_glue [-] oslo_limit.retriable_status_codes = None {{(pid=96665) log_opt_values /opt/stack/data/venv/lib/python3.12/site-packages/oslo_config/cfg.py:3545}}
Aug 06 16:40:23.113445 np0000006671 nova-scheduler[96665]: DEBUG cotyledon.oslo_config_glue [-] oslo_limit.service_name = None {{(pid=96665) log_opt_values /opt/stack/data/venv/lib/python3.12/site-packages/oslo_config/cfg.py:3545}}
Aug 06 16:40:23.113445 np0000006671 nova-scheduler[96665]: DEBUG cotyledon.oslo_config_glue [-] oslo_limit.service_type = None {{(pid=96665) log_opt_values /opt/stack/data/venv/lib/python3.12/site-packages/oslo_config/cfg.py:3545}}
Aug 06 16:40:23.113846 np0000006671 nova-scheduler[96665]: DEBUG cotyledon.oslo_config_glue [-] oslo_limit.split_loggers = False {{(pid=96665) log_opt_values /opt/stack/data/venv/lib/python3.12/site-packages/oslo_config/cfg.py:3545}}
Aug 06 16:40:23.113846 np0000006671 nova-scheduler[96665]: DEBUG cotyledon.oslo_config_glue [-] oslo_limit.status_code_retries = None {{(pid=96665) log_opt_values /opt/stack/data/venv/lib/python3.12/site-packages/oslo_config/cfg.py:3545}}
Aug 06 16:40:23.113846 np0000006671 nova-scheduler[96665]: DEBUG cotyledon.oslo_config_glue [-] oslo_limit.status_code_retry_delay = None {{(pid=96665) log_opt_values /opt/stack/data/venv/lib/python3.12/site-packages/oslo_config/cfg.py:3545}}
Aug 06 16:40:23.113846 np0000006671 nova-scheduler[96665]: DEBUG cotyledon.oslo_config_glue [-] oslo_limit.timeout = None {{(pid=96665) log_opt_values /opt/stack/data/venv/lib/python3.12/site-packages/oslo_config/cfg.py:3545}}
Aug 06 16:40:23.113846 np0000006671 nova-scheduler[96665]: DEBUG cotyledon.oslo_config_glue [-] oslo_limit.valid_interfaces = None {{(pid=96665) log_opt_values /opt/stack/data/venv/lib/python3.12/site-packages/oslo_config/cfg.py:3545}}
Aug 06 16:40:23.113846 np0000006671 nova-scheduler[96665]: DEBUG cotyledon.oslo_config_glue [-] oslo_limit.version = None {{(pid=96665) log_opt_values /opt/stack/data/venv/lib/python3.12/site-packages/oslo_config/cfg.py:3545}}
Aug 06 16:40:23.113846 np0000006671 nova-scheduler[96665]: DEBUG cotyledon.oslo_config_glue [-] oslo_reports.file_event_handler = None {{(pid=96665) log_opt_values /opt/stack/data/venv/lib/python3.12/site-packages/oslo_config/cfg.py:3545}}
Aug 06 16:40:23.113846 np0000006671 nova-scheduler[96665]: DEBUG cotyledon.oslo_config_glue [-] oslo_reports.file_event_handler_interval = 1 {{(pid=96665) log_opt_values /opt/stack/data/venv/lib/python3.12/site-packages/oslo_config/cfg.py:3545}}
Aug 06 16:40:23.113846 np0000006671 nova-scheduler[96665]: DEBUG cotyledon.oslo_config_glue [-] oslo_reports.log_dir = None {{(pid=96665) log_opt_values /opt/stack/data/venv/lib/python3.12/site-packages/oslo_config/cfg.py:3545}}
Aug 06 16:40:23.114112 np0000006671 nova-scheduler[96665]: DEBUG cotyledon.oslo_config_glue [-] ******************************************************************************** {{(pid=96665) log_opt_values /opt/stack/data/venv/lib/python3.12/site-packages/oslo_config/cfg.py:3552}}
Aug 06 16:40:23.114112 np0000006671 nova-scheduler[96665]: DEBUG cotyledon._service_worker [-] Run service ServiceWrapper(3) [96665] {{(pid=96665) wait_forever /opt/stack/data/venv/lib/python3.12/site-packages/cotyledon/_service_worker.py:218}}
Aug 06 16:40:23.114205 np0000006671 nova-scheduler[96663]: INFO dbcounter [None req-cd6cf620-8423-4ca4-a9c5-3ffc68bc240d None None] Registered counter for database nova_cell0
Aug 06 16:40:23.114245 np0000006671 nova-scheduler[96659]: DEBUG oslo_db.sqlalchemy.engines [None req-cbea3c2a-52a0-4951-b535-c22857e0d5ed None None] MySQL server mode set to STRICT_TRANS_TABLES,STRICT_ALL_TABLES,NO_ZERO_IN_DATE,NO_ZERO_DATE,ERROR_FOR_DIVISION_BY_ZERO,TRADITIONAL,NO_ENGINE_SUBSTITUTION {{(pid=96659) _check_effective_sql_mode /opt/stack/data/venv/lib/python3.12/site-packages/oslo_db/sqlalchemy/engines.py:325}}
Aug 06 16:40:23.114287 np0000006671 nova-scheduler[96665]: INFO nova.service [-] Starting scheduler node (version 33.1.0)
Aug 06 16:40:23.114287 np0000006671 nova-scheduler[96665]: INFO dbcounter [None req-7a34bef8-bfc8-4807-814f-37b3ad0b46f9 None None] Registered counter for database nova_cell0
Aug 06 16:40:23.114348 np0000006671 nova-scheduler[96661]: DEBUG oslo_db.sqlalchemy.engines [None req-deb3869a-8111-4d06-a2ba-ff865d1a1081 None None] MySQL server mode set to STRICT_TRANS_TABLES,STRICT_ALL_TABLES,NO_ZERO_IN_DATE,NO_ZERO_DATE,ERROR_FOR_DIVISION_BY_ZERO,TRADITIONAL,NO_ENGINE_SUBSTITUTION {{(pid=96661) _check_effective_sql_mode /opt/stack/data/venv/lib/python3.12/site-packages/oslo_db/sqlalchemy/engines.py:325}}
Aug 06 16:40:23.114394 np0000006671 nova-scheduler[96659]: DEBUG dbcounter [-] [96659] Writer thread running {{(pid=96659) stat_writer /opt/stack/data/venv/lib/python3.12/site-packages/dbcounter.py:102}}
Aug 06 16:40:23.114433 np0000006671 nova-scheduler[96661]: DEBUG dbcounter [-] [96661] Writer thread running {{(pid=96661) stat_writer /opt/stack/data/venv/lib/python3.12/site-packages/dbcounter.py:102}}
Aug 06 16:40:23.114470 np0000006671 nova-scheduler[96659]: DEBUG nova.service [None req-cbea3c2a-52a0-4951-b535-c22857e0d5ed None None] Creating RPC server for service: nova-scheduler on topic: scheduler {{(pid=96659) start /opt/stack/nova/nova/service.py:196}}
Aug 06 16:40:23.114505 np0000006671 nova-scheduler[96663]: DEBUG oslo_db.sqlalchemy.engines [None req-cd6cf620-8423-4ca4-a9c5-3ffc68bc240d None None] MySQL server mode set to STRICT_TRANS_TABLES,STRICT_ALL_TABLES,NO_ZERO_IN_DATE,NO_ZERO_DATE,ERROR_FOR_DIVISION_BY_ZERO,TRADITIONAL,NO_ENGINE_SUBSTITUTION {{(pid=96663) _check_effective_sql_mode /opt/stack/data/venv/lib/python3.12/site-packages/oslo_db/sqlalchemy/engines.py:325}}
Aug 06 16:40:23.114543 np0000006671 nova-scheduler[96661]: DEBUG nova.service [None req-deb3869a-8111-4d06-a2ba-ff865d1a1081 None None] Creating RPC server for service: nova-scheduler on topic: scheduler {{(pid=96661) start /opt/stack/nova/nova/service.py:196}}
Aug 06 16:40:23.117399 np0000006671 nova-scheduler[96663]: DEBUG dbcounter [-] [96663] Writer thread running {{(pid=96663) stat_writer /opt/stack/data/venv/lib/python3.12/site-packages/dbcounter.py:102}}
Aug 06 16:40:23.120141 np0000006671 nova-scheduler[96663]: DEBUG nova.service [None req-cd6cf620-8423-4ca4-a9c5-3ffc68bc240d None None] Creating RPC server for service: nova-scheduler on topic: scheduler {{(pid=96663) start /opt/stack/nova/nova/service.py:196}}
Aug 06 16:40:23.128894 np0000006671 nova-scheduler[96665]: DEBUG oslo_db.sqlalchemy.engines [None req-7a34bef8-bfc8-4807-814f-37b3ad0b46f9 None None] MySQL server mode set to STRICT_TRANS_TABLES,STRICT_ALL_TABLES,NO_ZERO_IN_DATE,NO_ZERO_DATE,ERROR_FOR_DIVISION_BY_ZERO,TRADITIONAL,NO_ENGINE_SUBSTITUTION {{(pid=96665) _check_effective_sql_mode /opt/stack/data/venv/lib/python3.12/site-packages/oslo_db/sqlalchemy/engines.py:325}}
Aug 06 16:40:23.138782 np0000006671 nova-scheduler[96661]: DEBUG nova.service [None req-deb3869a-8111-4d06-a2ba-ff865d1a1081 None None] Join ServiceGroup membership for this service scheduler {{(pid=96661) start /opt/stack/nova/nova/service.py:222}}
Aug 06 16:40:23.139054 np0000006671 nova-scheduler[96661]: DEBUG nova.servicegroup.drivers.db [None req-deb3869a-8111-4d06-a2ba-ff865d1a1081 None None] DB_Driver: join new ServiceGroup member np0000006671 to the scheduler group, service = {{(pid=96661) join /opt/stack/nova/nova/servicegroup/drivers/db.py:44}}
Aug 06 16:40:23.139894 np0000006671 nova-scheduler[96665]: DEBUG dbcounter [-] [96665] Writer thread running {{(pid=96665) stat_writer /opt/stack/data/venv/lib/python3.12/site-packages/dbcounter.py:102}}
Aug 06 16:40:23.140061 np0000006671 nova-scheduler[96659]: DEBUG nova.service [None req-cbea3c2a-52a0-4951-b535-c22857e0d5ed None None] Join ServiceGroup membership for this service scheduler {{(pid=96659) start /opt/stack/nova/nova/service.py:222}}
Aug 06 16:40:23.140262 np0000006671 nova-scheduler[96659]: DEBUG nova.servicegroup.drivers.db [None req-cbea3c2a-52a0-4951-b535-c22857e0d5ed None None] DB_Driver: join new ServiceGroup member np0000006671 to the scheduler group, service = {{(pid=96659) join /opt/stack/nova/nova/servicegroup/drivers/db.py:44}}
Aug 06 16:40:23.140322 np0000006671 nova-scheduler[96663]: DEBUG nova.service [None req-cd6cf620-8423-4ca4-a9c5-3ffc68bc240d None None] Join ServiceGroup membership for this service scheduler {{(pid=96663) start /opt/stack/nova/nova/service.py:222}}
Aug 06 16:40:23.140432 np0000006671 nova-scheduler[96663]: DEBUG nova.servicegroup.drivers.db [None req-cd6cf620-8423-4ca4-a9c5-3ffc68bc240d None None] DB_Driver: join new ServiceGroup member np0000006671 to the scheduler group, service = {{(pid=96663) join /opt/stack/nova/nova/servicegroup/drivers/db.py:44}}
Aug 06 16:40:23.143226 np0000006671 nova-scheduler[96665]: DEBUG nova.service [None req-7a34bef8-bfc8-4807-814f-37b3ad0b46f9 None None] Creating RPC server for service: nova-scheduler on topic: scheduler {{(pid=96665) start /opt/stack/nova/nova/service.py:196}}
Aug 06 16:40:23.159727 np0000006671 nova-scheduler[96665]: DEBUG nova.service [None req-7a34bef8-bfc8-4807-814f-37b3ad0b46f9 None None] Join ServiceGroup membership for this service scheduler {{(pid=96665) start /opt/stack/nova/nova/service.py:222}}
Aug 06 16:40:23.159876 np0000006671 nova-scheduler[96665]: DEBUG nova.servicegroup.drivers.db [None req-7a34bef8-bfc8-4807-814f-37b3ad0b46f9 None None] DB_Driver: join new ServiceGroup member np0000006671 to the scheduler group, service = {{(pid=96665) join /opt/stack/nova/nova/servicegroup/drivers/db.py:44}}
Aug 06 16:40:28.156270 np0000006671 nova-scheduler[96661]: DEBUG oslo.service.backend._threading.loopingcall [-] Fixed interval looping call 'nova.servicegroup.drivers.db.DbDriver._report_state' sleeping for 119.98 seconds {{(pid=96661) _run_loop /opt/stack/data/venv/lib/python3.12/site-packages/oslo_service/backend/_threading/loopingcall.py:125}}
Aug 06 16:40:28.156756 np0000006671 nova-scheduler[96659]: DEBUG oslo.service.backend._threading.loopingcall [-] Fixed interval looping call 'nova.servicegroup.drivers.db.DbDriver._report_state' sleeping for 119.99 seconds {{(pid=96659) _run_loop /opt/stack/data/venv/lib/python3.12/site-packages/oslo_service/backend/_threading/loopingcall.py:125}}
Aug 06 16:40:28.157932 np0000006671 nova-scheduler[96663]: DEBUG oslo.service.backend._threading.loopingcall [-] Fixed interval looping call 'nova.servicegroup.drivers.db.DbDriver._report_state' sleeping for 119.98 seconds {{(pid=96663) _run_loop /opt/stack/data/venv/lib/python3.12/site-packages/oslo_service/backend/_threading/loopingcall.py:125}}
Aug 06 16:40:28.169568 np0000006671 nova-scheduler[96665]: DEBUG oslo.service.backend._threading.loopingcall [-] Fixed interval looping call 'nova.servicegroup.drivers.db.DbDriver._report_state' sleeping for 119.99 seconds {{(pid=96665) _run_loop /opt/stack/data/venv/lib/python3.12/site-packages/oslo_service/backend/_threading/loopingcall.py:125}}
Aug 06 16:40:31.698163 np0000006671 nova-scheduler[95466]: DEBUG dbcounter [-] [95466] Writing DB stats nova_api:SELECT=3 {{(pid=95466) stat_writer /opt/stack/data/venv/lib/python3.12/site-packages/dbcounter.py:115}}
Aug 06 16:40:31.852315 np0000006671 nova-scheduler[95466]: DEBUG dbcounter [-] [95466] Writing DB stats nova_cell0:SELECT=1 {{(pid=95466) stat_writer /opt/stack/data/venv/lib/python3.12/site-packages/dbcounter.py:115}}
Aug 06 16:40:31.857106 np0000006671 nova-scheduler[95466]: DEBUG dbcounter [-] [95466] Writing DB stats nova_cell1:SELECT=1 {{(pid=95466) stat_writer /opt/stack/data/venv/lib/python3.12/site-packages/dbcounter.py:115}}
Aug 06 16:40:37.142473 np0000006671 nova-scheduler[96659]: DEBUG oslo.service.backend._threading.loopingcall [None req-9b295598-46a9-4e73-9b89-22349777adf8 None None] Dynamic interval looping call 'nova.service.Service.periodic_tasks' sleeping for 60.00 seconds {{(pid=96659) _run_loop /opt/stack/data/venv/lib/python3.12/site-packages/oslo_service/backend/_threading/loopingcall.py:125}}
Aug 06 16:40:38.149460 np0000006671 nova-scheduler[96661]: DEBUG dbcounter [-] [96661] Writing DB stats nova_cell0:SELECT=5,nova_cell0:INSERT=1,nova_cell0:UPDATE=1 {{(pid=96661) stat_writer /opt/stack/data/venv/lib/python3.12/site-packages/dbcounter.py:115}}
Aug 06 16:40:38.149839 np0000006671 nova-scheduler[96659]: DEBUG dbcounter [-] [96659] Writing DB stats nova_cell0:SELECT=4,nova_cell0:INSERT=1,nova_cell0:UPDATE=1 {{(pid=96659) stat_writer /opt/stack/data/venv/lib/python3.12/site-packages/dbcounter.py:115}}
Aug 06 16:40:38.156022 np0000006671 nova-scheduler[96663]: DEBUG dbcounter [-] [96663] Writing DB stats nova_cell0:SELECT=3,nova_cell0:UPDATE=1 {{(pid=96663) stat_writer /opt/stack/data/venv/lib/python3.12/site-packages/dbcounter.py:115}}
Aug 06 16:40:38.170590 np0000006671 nova-scheduler[96665]: DEBUG dbcounter [-] [96665] Writing DB stats nova_cell0:SELECT=3 {{(pid=96665) stat_writer /opt/stack/data/venv/lib/python3.12/site-packages/dbcounter.py:115}}
Aug 06 16:40:41.142886 np0000006671 nova-scheduler[96663]: DEBUG oslo.service.backend._threading.loopingcall [None req-920fb12c-5cee-48ca-a856-fec61b6250eb None None] Dynamic interval looping call 'nova.service.Service.periodic_tasks' sleeping for 60.00 seconds {{(pid=96663) _run_loop /opt/stack/data/venv/lib/python3.12/site-packages/oslo_service/backend/_threading/loopingcall.py:125}}
Aug 06 16:40:53.161457 np0000006671 nova-scheduler[96665]: DEBUG oslo.service.backend._threading.loopingcall [None req-9502785a-993e-48dc-9c29-1f3c08ec58b8 None None] Dynamic interval looping call 'nova.service.Service.periodic_tasks' sleeping for 60.00 seconds {{(pid=96665) _run_loop /opt/stack/data/venv/lib/python3.12/site-packages/oslo_service/backend/_threading/loopingcall.py:125}}
Aug 06 16:41:15.140729 np0000006671 nova-scheduler[96661]: DEBUG oslo.service.backend._threading.loopingcall [None req-f0fc8790-fcc7-41fd-a372-ab9652b6a047 None None] Dynamic interval looping call 'nova.service.Service.periodic_tasks' sleeping for 60.00 seconds {{(pid=96661) _run_loop /opt/stack/data/venv/lib/python3.12/site-packages/oslo_service/backend/_threading/loopingcall.py:125}}
Aug 06 16:41:37.142980 np0000006671 nova-scheduler[96659]: DEBUG oslo.service.backend._threading.loopingcall [None req-9b295598-46a9-4e73-9b89-22349777adf8 None None] Dynamic interval looping call 'nova.service.Service.periodic_tasks' sleeping for 60.00 seconds {{(pid=96659) _run_loop /opt/stack/data/venv/lib/python3.12/site-packages/oslo_service/backend/_threading/loopingcall.py:125}}
Aug 06 16:41:41.143379 np0000006671 nova-scheduler[96663]: DEBUG oslo.service.backend._threading.loopingcall [None req-920fb12c-5cee-48ca-a856-fec61b6250eb None None] Dynamic interval looping call 'nova.service.Service.periodic_tasks' sleeping for 60.00 seconds {{(pid=96663) _run_loop /opt/stack/data/venv/lib/python3.12/site-packages/oslo_service/backend/_threading/loopingcall.py:125}}
Aug 06 16:41:53.162002 np0000006671 nova-scheduler[96665]: DEBUG oslo.service.backend._threading.loopingcall [None req-9502785a-993e-48dc-9c29-1f3c08ec58b8 None None] Dynamic interval looping call 'nova.service.Service.periodic_tasks' sleeping for 60.00 seconds {{(pid=96665) _run_loop /opt/stack/data/venv/lib/python3.12/site-packages/oslo_service/backend/_threading/loopingcall.py:125}}
Aug 06 16:42:15.141282 np0000006671 nova-scheduler[96661]: DEBUG oslo.service.backend._threading.loopingcall [None req-f0fc8790-fcc7-41fd-a372-ab9652b6a047 None None] Dynamic interval looping call 'nova.service.Service.periodic_tasks' sleeping for 60.00 seconds {{(pid=96661) _run_loop /opt/stack/data/venv/lib/python3.12/site-packages/oslo_service/backend/_threading/loopingcall.py:125}}
Aug 06 16:42:28.143250 np0000006671 nova-scheduler[96661]: DEBUG oslo.service.backend._threading.loopingcall [-] Fixed interval looping call 'nova.servicegroup.drivers.db.DbDriver._report_state' sleeping for 119.99 seconds {{(pid=96661) _run_loop /opt/stack/data/venv/lib/python3.12/site-packages/oslo_service/backend/_threading/loopingcall.py:125}}
Aug 06 16:42:28.143695 np0000006671 nova-scheduler[96663]: DEBUG oslo.service.backend._threading.loopingcall [-] Fixed interval looping call 'nova.servicegroup.drivers.db.DbDriver._report_state' sleeping for 119.99 seconds {{(pid=96663) _run_loop /opt/stack/data/venv/lib/python3.12/site-packages/oslo_service/backend/_threading/loopingcall.py:125}}
Aug 06 16:42:28.151320 np0000006671 nova-scheduler[96659]: DEBUG oslo.service.backend._threading.loopingcall [-] Fixed interval looping call 'nova.servicegroup.drivers.db.DbDriver._report_state' sleeping for 120.00 seconds {{(pid=96659) _run_loop /opt/stack/data/venv/lib/python3.12/site-packages/oslo_service/backend/_threading/loopingcall.py:125}}
Aug 06 16:42:28.164117 np0000006671 nova-scheduler[96665]: DEBUG oslo.service.backend._threading.loopingcall [-] Fixed interval looping call 'nova.servicegroup.drivers.db.DbDriver._report_state' sleeping for 120.00 seconds {{(pid=96665) _run_loop /opt/stack/data/venv/lib/python3.12/site-packages/oslo_service/backend/_threading/loopingcall.py:125}}
Aug 06 16:42:37.143851 np0000006671 nova-scheduler[96659]: DEBUG oslo.service.backend._threading.loopingcall [None req-9b295598-46a9-4e73-9b89-22349777adf8 None None] Dynamic interval looping call 'nova.service.Service.periodic_tasks' sleeping for 60.00 seconds {{(pid=96659) _run_loop /opt/stack/data/venv/lib/python3.12/site-packages/oslo_service/backend/_threading/loopingcall.py:125}}
Aug 06 16:42:38.139877 np0000006671 nova-scheduler[96661]: DEBUG dbcounter [-] [96661] Writing DB stats nova_cell0:SELECT=1,nova_cell0:UPDATE=1 {{(pid=96661) stat_writer /opt/stack/data/venv/lib/python3.12/site-packages/dbcounter.py:115}}
Aug 06 16:42:38.141715 np0000006671 nova-scheduler[96663]: DEBUG dbcounter [-] [96663] Writing DB stats nova_cell0:SELECT=1,nova_cell0:UPDATE=1 {{(pid=96663) stat_writer /opt/stack/data/venv/lib/python3.12/site-packages/dbcounter.py:115}}
Aug 06 16:42:38.149741 np0000006671 nova-scheduler[96659]: DEBUG dbcounter [-] [96659] Writing DB stats nova_cell0:SELECT=1 {{(pid=96659) stat_writer /opt/stack/data/venv/lib/python3.12/site-packages/dbcounter.py:115}}
Aug 06 16:42:38.162481 np0000006671 nova-scheduler[96665]: DEBUG dbcounter [-] [96665] Writing DB stats nova_cell0:SELECT=1 {{(pid=96665) stat_writer /opt/stack/data/venv/lib/python3.12/site-packages/dbcounter.py:115}}
Aug 06 16:42:39.236226 np0000006671 nova-scheduler[96661]: DEBUG nova.scheduler.manager [None req-828e4476-edb7-42c7-9f5d-8ada28e358d1 tempest-ServersNegativeTestJSON-1504315259 tempest-ServersNegativeTestJSON-1504315259-project-member] Starting to schedule for instances: ['4a3aad28-503d-4cff-927b-b426a15cbdf7'] {{(pid=96661) select_destinations /opt/stack/nova/nova/scheduler/manager.py:209}}
Aug 06 16:42:39.238043 np0000006671 nova-scheduler[96661]: DEBUG nova.scheduler.request_filter [None req-828e4476-edb7-42c7-9f5d-8ada28e358d1 tempest-ServersNegativeTestJSON-1504315259 tempest-ServersNegativeTestJSON-1504315259-project-member] compute_status_filter request filter added forbidden trait COMPUTE_STATUS_DISABLED {{(pid=96661) compute_status_filter /opt/stack/nova/nova/scheduler/request_filter.py:253}}
Aug 06 16:42:39.238043 np0000006671 nova-scheduler[96661]: DEBUG nova.scheduler.request_filter [None req-828e4476-edb7-42c7-9f5d-8ada28e358d1 tempest-ServersNegativeTestJSON-1504315259 tempest-ServersNegativeTestJSON-1504315259-project-member] Request filter 'compute_status_filter' took 0.0 seconds {{(pid=96661) wrapper /opt/stack/nova/nova/scheduler/request_filter.py:46}}
Aug 06 16:42:39.238043 np0000006671 nova-scheduler[96661]: DEBUG nova.scheduler.request_filter [None req-828e4476-edb7-42c7-9f5d-8ada28e358d1 tempest-ServersNegativeTestJSON-1504315259 tempest-ServersNegativeTestJSON-1504315259-project-member] Request filter 'accelerators_filter' took 0.0 seconds {{(pid=96661) wrapper /opt/stack/nova/nova/scheduler/request_filter.py:46}}
Aug 06 16:42:39.238043 np0000006671 nova-scheduler[96661]: DEBUG nova.scheduler.request_filter [None req-828e4476-edb7-42c7-9f5d-8ada28e358d1 tempest-ServersNegativeTestJSON-1504315259 tempest-ServersNegativeTestJSON-1504315259-project-member] Request filter 'packed_virtqueue_filter' took 0.0 seconds {{(pid=96661) wrapper /opt/stack/nova/nova/scheduler/request_filter.py:46}}
Aug 06 16:42:39.238043 np0000006671 nova-scheduler[96661]: DEBUG nova.scheduler.request_filter [None req-828e4476-edb7-42c7-9f5d-8ada28e358d1 tempest-ServersNegativeTestJSON-1504315259 tempest-ServersNegativeTestJSON-1504315259-project-member] Request filter 'remote_managed_ports_filter' took 0.0 seconds {{(pid=96661) wrapper /opt/stack/nova/nova/scheduler/request_filter.py:46}}
Aug 06 16:42:39.238314 np0000006671 nova-scheduler[96661]: DEBUG nova.scheduler.request_filter [None req-828e4476-edb7-42c7-9f5d-8ada28e358d1 tempest-ServersNegativeTestJSON-1504315259 tempest-ServersNegativeTestJSON-1504315259-project-member] ephemeral_encryption_filter skipped {{(pid=96661) ephemeral_encryption_filter /opt/stack/nova/nova/scheduler/request_filter.py:426}}
Aug 06 16:42:39.238314 np0000006671 nova-scheduler[96661]: DEBUG nova.scheduler.request_filter [None req-828e4476-edb7-42c7-9f5d-8ada28e358d1 tempest-ServersNegativeTestJSON-1504315259 tempest-ServersNegativeTestJSON-1504315259-project-member] virtio_sound_filter skipped {{(pid=96661) virtio_sound_filter /opt/stack/nova/nova/scheduler/request_filter.py:460}}
Aug 06 16:42:39.238429 np0000006671 nova-scheduler[96661]: DEBUG nova.scheduler.request_filter [None req-828e4476-edb7-42c7-9f5d-8ada28e358d1 tempest-ServersNegativeTestJSON-1504315259 tempest-ServersNegativeTestJSON-1504315259-project-member] tpm_secret_security_filter skipped {{(pid=96661) tpm_secret_security_filter /opt/stack/nova/nova/scheduler/request_filter.py:477}}
Aug 06 16:42:39.825380 np0000006671 nova-scheduler[96661]: INFO nova.utils [None req-828e4476-edb7-42c7-9f5d-8ada28e358d1 tempest-ServersNegativeTestJSON-1504315259 tempest-ServersNegativeTestJSON-1504315259-project-member] The cell worker thread pool ForkProcess-2.cell_worker is initialized
Aug 06 16:42:39.825933 np0000006671 nova-scheduler[96661]: DEBUG oslo_concurrency.lockutils [None req-828e4476-edb7-42c7-9f5d-8ada28e358d1 tempest-ServersNegativeTestJSON-1504315259 tempest-ServersNegativeTestJSON-1504315259-project-member] Acquiring lock "5d978afd-bf9d-4aa4-9935-095c045a6a0f" by "nova.context.set_target_cell..get_or_set_cached_cell_and_set_connections" {{(pid=96661) inner /opt/stack/data/venv/lib/python3.12/site-packages/oslo_concurrency/lockutils.py:512}}
Aug 06 16:42:39.826270 np0000006671 nova-scheduler[96661]: DEBUG oslo_concurrency.lockutils [None req-828e4476-edb7-42c7-9f5d-8ada28e358d1 tempest-ServersNegativeTestJSON-1504315259 tempest-ServersNegativeTestJSON-1504315259-project-member] Lock "5d978afd-bf9d-4aa4-9935-095c045a6a0f" acquired by "nova.context.set_target_cell..get_or_set_cached_cell_and_set_connections" :: waited 0.000s {{(pid=96661) inner /opt/stack/data/venv/lib/python3.12/site-packages/oslo_concurrency/lockutils.py:525}}
Aug 06 16:42:39.828914 np0000006671 nova-scheduler[96661]: DEBUG oslo_concurrency.lockutils [None req-828e4476-edb7-42c7-9f5d-8ada28e358d1 tempest-ServersNegativeTestJSON-1504315259 tempest-ServersNegativeTestJSON-1504315259-project-member] Lock "5d978afd-bf9d-4aa4-9935-095c045a6a0f" "released" by "nova.context.set_target_cell..get_or_set_cached_cell_and_set_connections" :: held 0.002s {{(pid=96661) inner /opt/stack/data/venv/lib/python3.12/site-packages/oslo_concurrency/lockutils.py:544}}
Aug 06 16:42:39.831416 np0000006671 nova-scheduler[96661]: INFO dbcounter [None req-828e4476-edb7-42c7-9f5d-8ada28e358d1 tempest-ServersNegativeTestJSON-1504315259 tempest-ServersNegativeTestJSON-1504315259-project-member] Registered counter for database nova_cell1
Aug 06 16:42:39.897480 np0000006671 nova-scheduler[96661]: DEBUG oslo_db.sqlalchemy.engines [None req-828e4476-edb7-42c7-9f5d-8ada28e358d1 tempest-ServersNegativeTestJSON-1504315259 tempest-ServersNegativeTestJSON-1504315259-project-member] MySQL server mode set to STRICT_TRANS_TABLES,STRICT_ALL_TABLES,NO_ZERO_IN_DATE,NO_ZERO_DATE,ERROR_FOR_DIVISION_BY_ZERO,TRADITIONAL,NO_ENGINE_SUBSTITUTION {{(pid=96661) _check_effective_sql_mode /opt/stack/data/venv/lib/python3.12/site-packages/oslo_db/sqlalchemy/engines.py:325}}
Aug 06 16:42:39.903520 np0000006671 nova-scheduler[96661]: DEBUG dbcounter [-] [96661] Writer thread running {{(pid=96661) stat_writer /opt/stack/data/venv/lib/python3.12/site-packages/dbcounter.py:102}}
Aug 06 16:42:39.917580 np0000006671 nova-scheduler[96661]: DEBUG oslo_db.sqlalchemy.engines [None req-828e4476-edb7-42c7-9f5d-8ada28e358d1 tempest-ServersNegativeTestJSON-1504315259 tempest-ServersNegativeTestJSON-1504315259-project-member] Parent process 95466 forked (96661) with an open database connection, which is being discarded and recreated. {{(pid=96661) checkout /opt/stack/data/venv/lib/python3.12/site-packages/oslo_db/sqlalchemy/engines.py:402}}
Aug 06 16:42:39.970180 np0000006671 nova-scheduler[96661]: DEBUG dbcounter [-] [96661] Writer thread running {{(pid=96661) stat_writer /opt/stack/data/venv/lib/python3.12/site-packages/dbcounter.py:102}}
Aug 06 16:42:39.973385 np0000006671 nova-scheduler[96661]: DEBUG oslo_concurrency.lockutils [None req-828e4476-edb7-42c7-9f5d-8ada28e358d1 tempest-ServersNegativeTestJSON-1504315259 tempest-ServersNegativeTestJSON-1504315259-project-member] Acquiring lock "5d978afd-bf9d-4aa4-9935-095c045a6a0f" by "nova.context.set_target_cell..get_or_set_cached_cell_and_set_connections" {{(pid=96661) inner /opt/stack/data/venv/lib/python3.12/site-packages/oslo_concurrency/lockutils.py:512}}
Aug 06 16:42:39.973585 np0000006671 nova-scheduler[96661]: DEBUG oslo_concurrency.lockutils [None req-828e4476-edb7-42c7-9f5d-8ada28e358d1 tempest-ServersNegativeTestJSON-1504315259 tempest-ServersNegativeTestJSON-1504315259-project-member] Lock "5d978afd-bf9d-4aa4-9935-095c045a6a0f" acquired by "nova.context.set_target_cell..get_or_set_cached_cell_and_set_connections" :: waited 0.000s {{(pid=96661) inner /opt/stack/data/venv/lib/python3.12/site-packages/oslo_concurrency/lockutils.py:525}}
