Jul 28 16:42:41.558325 np0000006026 devstack@neutron-api.service[87692]: DEBUG neutron_lib.callbacks.manager [None req-99093680-77a0-4ce5-bb57-7caefc05b8b0 None None] Subscribe: > security_group precommit_delete 55550000, False {{(pid=87692) subscribe /opt/stack/data/venv/lib/python3.12/site-packages/neutron_lib/callbacks/manager.py:52}}
Jul 28 16:42:41.558445 np0000006026 devstack@neutron-api.service[87692]: DEBUG neutron_lib.callbacks.manager [None req-99093680-77a0-4ce5-bb57-7caefc05b8b0 None None] Subscribe: > security_group after_delete 55550000, False {{(pid=87692) subscribe /opt/stack/data/venv/lib/python3.12/site-packages/neutron_lib/callbacks/manager.py:52}}
Jul 28 16:42:41.558495 np0000006026 devstack@neutron-api.service[87693]: DEBUG neutron.api.extensions [None req-6298ddf1-f2c1-4957-be27-ede614e95bbc None None] Ext name="DNS domain names with keywords allowed" alias="dns-integration-domain-keywords" description="Allows to use keywords like , , and as DNS domain name" updated="2020-06-15T18:00:00-00:00" {{(pid=87693) _check_extension /opt/stack/neutron/neutron/api/extensions.py:415}}
Jul 28 16:42:41.558540 np0000006026 devstack@neutron-api.service[87692]: DEBUG neutron_lib.callbacks.manager [None req-99093680-77a0-4ce5-bb57-7caefc05b8b0 None None] Subscribe: > security_group_rule precommit_create 55550000, False {{(pid=87692) subscribe /opt/stack/data/venv/lib/python3.12/site-packages/neutron_lib/callbacks/manager.py:52}}
Jul 28 16:42:41.558624 np0000006026 devstack@neutron-api.service[87692]: DEBUG neutron_lib.callbacks.manager [None req-99093680-77a0-4ce5-bb57-7caefc05b8b0 None None] Subscribe: > security_group_rule after_create 55550000, False {{(pid=87692) subscribe /opt/stack/data/venv/lib/python3.12/site-packages/neutron_lib/callbacks/manager.py:52}}
Jul 28 16:42:41.558664 np0000006026 devstack@neutron-api.service[87693]: INFO neutron.api.extensions [None req-6298ddf1-f2c1-4957-be27-ede614e95bbc None None] Loaded extension: dns-integration-domain-keywords
Jul 28 16:42:41.558705 np0000006026 devstack@neutron-api.service[87692]: DEBUG neutron_lib.callbacks.manager [None req-99093680-77a0-4ce5-bb57-7caefc05b8b0 None None] Subscribe: > security_group_rule before_delete 55550000, False {{(pid=87692) subscribe /opt/stack/data/venv/lib/python3.12/site-packages/neutron_lib/callbacks/manager.py:52}}
Jul 28 16:42:41.558811 np0000006026 devstack@neutron-api.service[87693]: DEBUG neutron.api.extensions [None req-6298ddf1-f2c1-4957-be27-ede614e95bbc None None] Loading extension file: dvr.py {{(pid=87693) _load_all_extensions_from_path /opt/stack/neutron/neutron/api/extensions.py:449}}
Jul 28 16:42:41.558852 np0000006026 devstack@neutron-api.service[87692]: DEBUG neutron_lib.callbacks.manager [None req-99093680-77a0-4ce5-bb57-7caefc05b8b0 None None] Subscribe: > address_group after_create 55550000, False {{(pid=87692) subscribe /opt/stack/data/venv/lib/python3.12/site-packages/neutron_lib/callbacks/manager.py:52}}
Jul 28 16:42:41.558963 np0000006026 devstack@neutron-api.service[87692]: DEBUG neutron_lib.callbacks.manager [None req-99093680-77a0-4ce5-bb57-7caefc05b8b0 None None] Subscribe: > address_group after_update 55550000, False {{(pid=87692) subscribe /opt/stack/data/venv/lib/python3.12/site-packages/neutron_lib/callbacks/manager.py:52}}
Jul 28 16:42:41.559052 np0000006026 devstack@neutron-api.service[87692]: DEBUG neutron_lib.callbacks.manager [None req-99093680-77a0-4ce5-bb57-7caefc05b8b0 None None] Subscribe: > address_group after_delete 55550000, False {{(pid=87692) subscribe /opt/stack/data/venv/lib/python3.12/site-packages/neutron_lib/callbacks/manager.py:52}}
Jul 28 16:42:41.559155 np0000006026 devstack@neutron-api.service[87693]: DEBUG neutron.api.extensions [None req-6298ddf1-f2c1-4957-be27-ede614e95bbc None None] Ext name="Distributed Virtual Router" alias="dvr" description="Enables configuration of Distributed Virtual Routers." updated="2014-06-1T10:00:00-00:00" {{(pid=87693) _check_extension /opt/stack/neutron/neutron/api/extensions.py:415}}
Jul 28 16:42:41.559236 np0000006026 devstack@neutron-api.service[87692]: DEBUG neutron_lib.callbacks.manager [None req-99093680-77a0-4ce5-bb57-7caefc05b8b0 None None] Subscribe: > qos_plugin after_init 55550000, False {{(pid=87692) subscribe /opt/stack/data/venv/lib/python3.12/site-packages/neutron_lib/callbacks/manager.py:52}}
Jul 28 16:42:41.559393 np0000006026 devstack@neutron-api.service[87693]: INFO neutron.api.extensions [None req-6298ddf1-f2c1-4957-be27-ede614e95bbc None None] Extension dvr not supported by any of loaded plugins
Jul 28 16:42:41.559525 np0000006026 devstack@neutron-api.service[87692]: DEBUG neutron_lib.callbacks.manager [None req-99093680-77a0-4ce5-bb57-7caefc05b8b0 None None] Subscribe: > trunk_plugin after_init 55550000, False {{(pid=87692) subscribe /opt/stack/data/venv/lib/python3.12/site-packages/neutron_lib/callbacks/manager.py:52}}
Jul 28 16:42:41.559651 np0000006026 devstack@neutron-api.service[87693]: DEBUG neutron.api.extensions [None req-6298ddf1-f2c1-4957-be27-ede614e95bbc None None] Loading extension file: ecmp_routes.py {{(pid=87693) _load_all_extensions_from_path /opt/stack/neutron/neutron/api/extensions.py:449}}
Jul 28 16:42:41.559745 np0000006026 devstack@neutron-api.service[87692]: DEBUG neutron_lib.callbacks.manager [None req-99093680-77a0-4ce5-bb57-7caefc05b8b0 None None] Subscribe: > logging-plugin after_init 55550000, False {{(pid=87692) subscribe /opt/stack/data/venv/lib/python3.12/site-packages/neutron_lib/callbacks/manager.py:52}}
Jul 28 16:42:41.559787 np0000006026 devstack@neutron-api.service[87693]: DEBUG neutron.api.extensions [None req-6298ddf1-f2c1-4957-be27-ede614e95bbc None None] Ext name="Equal Cost Multipath Routing" alias="ecmp_routes" description="Allows traffic to reach thesame destination via multiple different links " updated="2020-11-26T18:00:00-00:00" {{(pid=87693) _check_extension /opt/stack/neutron/neutron/api/extensions.py:415}}
Jul 28 16:42:41.559942 np0000006026 devstack@neutron-api.service[87693]: INFO neutron.api.extensions [None req-6298ddf1-f2c1-4957-be27-ede614e95bbc None None] Extension ecmp_routes not supported by any of loaded plugins
Jul 28 16:42:41.559942 np0000006026 devstack@neutron-api.service[87693]: DEBUG neutron.api.extensions [None req-6298ddf1-f2c1-4957-be27-ede614e95bbc None None] Loading extension file: empty_string_filtering.py {{(pid=87693) _load_all_extensions_from_path /opt/stack/neutron/neutron/api/extensions.py:449}}
Jul 28 16:42:41.560016 np0000006026 devstack@neutron-api.service[87692]: INFO neutron.services.logapi.drivers.ovn.driver [None req-99093680-77a0-4ce5-bb57-7caefc05b8b0 None None] OVN logging driver registered
Jul 28 16:42:41.560116 np0000006026 devstack@neutron-api.service[87692]: DEBUG neutron_lib.callbacks.manager [None req-99093680-77a0-4ce5-bb57-7caefc05b8b0 None None] Subscribe: ._register_pvlan_driver at 0x7b60efa96ac0> pvlan_plugin before_spawn 55550000, False {{(pid=87692) subscribe /opt/stack/data/venv/lib/python3.12/site-packages/neutron_lib/callbacks/manager.py:52}}
Jul 28 16:42:41.560237 np0000006026 devstack@neutron-api.service[87693]: DEBUG neutron.api.extensions [None req-6298ddf1-f2c1-4957-be27-ede614e95bbc None None] Ext name="Empty String Filtering Extension" alias="empty-string-filtering" description="Allow filtering by attributes with empty string value" updated="2018-05-01T10:00:00-00:00" {{(pid=87693) _check_extension /opt/stack/neutron/neutron/api/extensions.py:415}}
Jul 28 16:42:41.560278 np0000006026 devstack@neutron-api.service[87692]: DEBUG neutron_lib.callbacks.manager [None req-99093680-77a0-4ce5-bb57-7caefc05b8b0 None None] Subscribe: process after_init 55550000, False {{(pid=87692) subscribe /opt/stack/data/venv/lib/python3.12/site-packages/neutron_lib/callbacks/manager.py:52}}
Jul 28 16:42:41.560419 np0000006026 devstack@neutron-api.service[87693]: INFO neutron.api.extensions [None req-6298ddf1-f2c1-4957-be27-ede614e95bbc None None] Loaded extension: empty-string-filtering
Jul 28 16:42:41.560457 np0000006026 devstack@neutron-api.service[87693]: DEBUG neutron.api.extensions [None req-6298ddf1-f2c1-4957-be27-ede614e95bbc None None] Loading extension file: evpn.py {{(pid=87693) _load_all_extensions_from_path /opt/stack/neutron/neutron/api/extensions.py:449}}
Jul 28 16:42:41.560694 np0000006026 devstack@neutron-api.service[87693]: DEBUG neutron.api.extensions [None req-6298ddf1-f2c1-4957-be27-ede614e95bbc None None] Ext name="EVPN" alias="evpn" description="Router extension to support EVPN Type-5 route advertisement" updated="2026-04-28T00:00:00-00:00" {{(pid=87693) _check_extension /opt/stack/neutron/neutron/api/extensions.py:415}}
Jul 28 16:42:41.560910 np0000006026 devstack@neutron-api.service[87693]: INFO neutron.api.extensions [None req-6298ddf1-f2c1-4957-be27-ede614e95bbc None None] Extension evpn not supported by any of loaded plugins
Jul 28 16:42:41.561023 np0000006026 devstack@neutron-api.service[87693]: DEBUG neutron.api.extensions [None req-6298ddf1-f2c1-4957-be27-ede614e95bbc None None] Loading extension file: expose_l3_conntrack_helper.py {{(pid=87693) _load_all_extensions_from_path /opt/stack/neutron/neutron/api/extensions.py:449}}
Jul 28 16:42:41.561327 np0000006026 devstack@neutron-api.service[87693]: DEBUG neutron.api.extensions [None req-6298ddf1-f2c1-4957-be27-ede614e95bbc None None] Ext name="Expose CT target rules for conntrack helper" alias="expose-l3-conntrack-helper" description="Expose allow adding CT target rules for conntrack helper" updated="2019-04-04T10:00:00-00:00" {{(pid=87693) _check_extension /opt/stack/neutron/neutron/api/extensions.py:415}}
Jul 28 16:42:41.561534 np0000006026 devstack@neutron-api.service[87693]: INFO neutron.api.extensions [None req-6298ddf1-f2c1-4957-be27-ede614e95bbc None None] Extension expose-l3-conntrack-helper not supported by any of loaded plugins
Jul 28 16:42:41.561644 np0000006026 devstack@neutron-api.service[87693]: DEBUG neutron.api.extensions [None req-6298ddf1-f2c1-4957-be27-ede614e95bbc None None] Loading extension file: expose_port_forwarding_in_fip.py {{(pid=87693) _load_all_extensions_from_path /opt/stack/neutron/neutron/api/extensions.py:449}}
Jul 28 16:42:41.561686 np0000006026 devstack@neutron-api.service[87692]: DEBUG neutron.plugins.ml2.plugin [None req-99093680-77a0-4ce5-bb57-7caefc05b8b0 None None] neutron.plugins.ml2.plugin.Ml2Plugin method _start_rpc_notifiers called with arguments () {} {{(pid=87692) wrapper /opt/stack/data/venv/lib/python3.12/site-packages/oslo_log/helpers.py:77}}
Jul 28 16:42:41.561879 np0000006026 devstack@neutron-api.service[87693]: DEBUG neutron.api.extensions [None req-6298ddf1-f2c1-4957-be27-ede614e95bbc None None] Ext name="Expose Floating IP port forwardings" alias="expose-port-forwarding-in-fip" description="Expose port forwarding fields in floating IP response" updated="2018-06-28T16:00:00-00:00" {{(pid=87693) _check_extension /opt/stack/neutron/neutron/api/extensions.py:415}}
Jul 28 16:42:41.561971 np0000006026 devstack@neutron-api.service[87692]: DEBUG neutron_lib.callbacks.manager [None req-99093680-77a0-4ce5-bb57-7caefc05b8b0 None None] Subscribe: > port after_create 55550000, False {{(pid=87692) subscribe /opt/stack/data/venv/lib/python3.12/site-packages/neutron_lib/callbacks/manager.py:52}}
Jul 28 16:42:41.562056 np0000006026 devstack@neutron-api.service[87693]: INFO neutron.api.extensions [None req-6298ddf1-f2c1-4957-be27-ede614e95bbc None None] Extension expose-port-forwarding-in-fip not supported by any of loaded plugins
Jul 28 16:42:41.562114 np0000006026 devstack@neutron-api.service[87692]: DEBUG neutron_lib.callbacks.manager [None req-99093680-77a0-4ce5-bb57-7caefc05b8b0 None None] Subscribe: > port after_update 55550000, False {{(pid=87692) subscribe /opt/stack/data/venv/lib/python3.12/site-packages/neutron_lib/callbacks/manager.py:52}}
Jul 28 16:42:41.562286 np0000006026 devstack@neutron-api.service[87693]: DEBUG neutron.api.extensions [None req-6298ddf1-f2c1-4957-be27-ede614e95bbc None None] Loading extension file: external_net.py {{(pid=87693) _load_all_extensions_from_path /opt/stack/neutron/neutron/api/extensions.py:449}}
Jul 28 16:42:41.562334 np0000006026 devstack@neutron-api.service[87692]: DEBUG neutron_lib.callbacks.manager [None req-99093680-77a0-4ce5-bb57-7caefc05b8b0 None None] Subscribe: > port after_delete 55550000, False {{(pid=87692) subscribe /opt/stack/data/venv/lib/python3.12/site-packages/neutron_lib/callbacks/manager.py:52}}
Jul 28 16:42:41.562334 np0000006026 devstack@neutron-api.service[87692]: DEBUG neutron_lib.callbacks.manager [None req-99093680-77a0-4ce5-bb57-7caefc05b8b0 None None] Subscribe: > subnet after_create 55550000, False {{(pid=87692) subscribe /opt/stack/data/venv/lib/python3.12/site-packages/neutron_lib/callbacks/manager.py:52}}
Jul 28 16:42:41.562538 np0000006026 devstack@neutron-api.service[87692]: DEBUG neutron_lib.callbacks.manager [None req-99093680-77a0-4ce5-bb57-7caefc05b8b0 None None] Subscribe: > subnet after_update 55550000, False {{(pid=87692) subscribe /opt/stack/data/venv/lib/python3.12/site-packages/neutron_lib/callbacks/manager.py:52}}
Jul 28 16:42:41.562577 np0000006026 devstack@neutron-api.service[87693]: DEBUG neutron.api.extensions [None req-6298ddf1-f2c1-4957-be27-ede614e95bbc None None] Ext name="Neutron external network" alias="external-net" description="Adds external network attribute to network resource." updated="2013-01-14T10:00:00-00:00" {{(pid=87693) _check_extension /opt/stack/neutron/neutron/api/extensions.py:415}}
Jul 28 16:42:41.562616 np0000006026 devstack@neutron-api.service[87692]: DEBUG neutron_lib.callbacks.manager [None req-99093680-77a0-4ce5-bb57-7caefc05b8b0 None None] Subscribe: > subnet after_delete 55550000, False {{(pid=87692) subscribe /opt/stack/data/venv/lib/python3.12/site-packages/neutron_lib/callbacks/manager.py:52}}
Jul 28 16:42:41.562616 np0000006026 devstack@neutron-api.service[87692]: DEBUG neutron_lib.callbacks.manager [None req-99093680-77a0-4ce5-bb57-7caefc05b8b0 None None] Subscribe: > network after_create 55550000, False {{(pid=87692) subscribe /opt/stack/data/venv/lib/python3.12/site-packages/neutron_lib/callbacks/manager.py:52}}
Jul 28 16:42:41.562823 np0000006026 devstack@neutron-api.service[87693]: INFO neutron.api.extensions [None req-6298ddf1-f2c1-4957-be27-ede614e95bbc None None] Loaded extension: external-net
Jul 28 16:42:41.562864 np0000006026 devstack@neutron-api.service[87692]: DEBUG neutron_lib.callbacks.manager [None req-99093680-77a0-4ce5-bb57-7caefc05b8b0 None None] Subscribe: > network after_update 55550000, False {{(pid=87692) subscribe /opt/stack/data/venv/lib/python3.12/site-packages/neutron_lib/callbacks/manager.py:52}}
Jul 28 16:42:41.562909 np0000006026 devstack@neutron-api.service[87693]: DEBUG neutron.api.extensions [None req-6298ddf1-f2c1-4957-be27-ede614e95bbc None None] Loading extension file: extra_dhcp_opt.py {{(pid=87693) _load_all_extensions_from_path /opt/stack/neutron/neutron/api/extensions.py:449}}
Jul 28 16:42:41.562996 np0000006026 devstack@neutron-api.service[87692]: DEBUG neutron_lib.callbacks.manager [None req-99093680-77a0-4ce5-bb57-7caefc05b8b0 None None] Subscribe: > network after_delete 55550000, False {{(pid=87692) subscribe /opt/stack/data/venv/lib/python3.12/site-packages/neutron_lib/callbacks/manager.py:52}}
Jul 28 16:42:41.562996 np0000006026 devstack@neutron-api.service[87692]: DEBUG neutron_lib.callbacks.manager [None req-99093680-77a0-4ce5-bb57-7caefc05b8b0 None None] Subscribe: > security_group after_create 55550000, False {{(pid=87692) subscribe /opt/stack/data/venv/lib/python3.12/site-packages/neutron_lib/callbacks/manager.py:52}}
Jul 28 16:42:41.563116 np0000006026 devstack@neutron-api.service[87693]: DEBUG neutron.api.extensions [None req-6298ddf1-f2c1-4957-be27-ede614e95bbc None None] Ext name="Neutron Extra DHCP options" alias="extra_dhcp_opt" description="Extra options configuration for DHCP. For example PXE boot options to DHCP clients can be specified (e.g. tftp-server, server-ip-address, bootfile-name)" updated="2013-03-17T12:00:00-00:00" {{(pid=87693) _check_extension /opt/stack/neutron/neutron/api/extensions.py:415}}
Jul 28 16:42:41.563167 np0000006026 devstack@neutron-api.service[87692]: DEBUG neutron_lib.callbacks.manager [None req-99093680-77a0-4ce5-bb57-7caefc05b8b0 None None] Subscribe: > security_group after_update 55550000, False {{(pid=87692) subscribe /opt/stack/data/venv/lib/python3.12/site-packages/neutron_lib/callbacks/manager.py:52}}
Jul 28 16:42:41.563167 np0000006026 devstack@neutron-api.service[87692]: DEBUG neutron_lib.callbacks.manager [None req-99093680-77a0-4ce5-bb57-7caefc05b8b0 None None] Subscribe: > security_group after_delete 55550000, False {{(pid=87692) subscribe /opt/stack/data/venv/lib/python3.12/site-packages/neutron_lib/callbacks/manager.py:52}}
Jul 28 16:42:41.563238 np0000006026 devstack@neutron-api.service[87693]: INFO neutron.api.extensions [None req-6298ddf1-f2c1-4957-be27-ede614e95bbc None None] Loaded extension: extra_dhcp_opt
Jul 28 16:42:41.563351 np0000006026 devstack@neutron-api.service[87692]: DEBUG neutron_lib.callbacks.manager [None req-99093680-77a0-4ce5-bb57-7caefc05b8b0 None None] Subscribe: > security_group_rule after_create 55550000, False {{(pid=87692) subscribe /opt/stack/data/venv/lib/python3.12/site-packages/neutron_lib/callbacks/manager.py:52}}
Jul 28 16:42:41.563486 np0000006026 devstack@neutron-api.service[87693]: DEBUG neutron.api.extensions [None req-6298ddf1-f2c1-4957-be27-ede614e95bbc None None] Loading extension file: extraroute.py {{(pid=87693) _load_all_extensions_from_path /opt/stack/neutron/neutron/api/extensions.py:449}}
Jul 28 16:42:41.563526 np0000006026 devstack@neutron-api.service[87692]: DEBUG neutron_lib.callbacks.manager [None req-99093680-77a0-4ce5-bb57-7caefc05b8b0 None None] Subscribe: > security_group_rule after_update 55550000, False {{(pid=87692) subscribe /opt/stack/data/venv/lib/python3.12/site-packages/neutron_lib/callbacks/manager.py:52}}
Jul 28 16:42:41.563526 np0000006026 devstack@neutron-api.service[87692]: DEBUG neutron_lib.callbacks.manager [None req-99093680-77a0-4ce5-bb57-7caefc05b8b0 None None] Subscribe: > security_group_rule after_delete 55550000, False {{(pid=87692) subscribe /opt/stack/data/venv/lib/python3.12/site-packages/neutron_lib/callbacks/manager.py:52}}
Jul 28 16:42:41.563526 np0000006026 devstack@neutron-api.service[87692]: DEBUG neutron_lib.callbacks.manager [None req-99093680-77a0-4ce5-bb57-7caefc05b8b0 None None] Subscribe: > address_group after_create 55550000, False {{(pid=87692) subscribe /opt/stack/data/venv/lib/python3.12/site-packages/neutron_lib/callbacks/manager.py:52}}
Jul 28 16:42:41.563764 np0000006026 devstack@neutron-api.service[87693]: DEBUG neutron.api.extensions [None req-6298ddf1-f2c1-4957-be27-ede614e95bbc None None] Ext name="Neutron Extra Route" alias="extraroute" description="Extra routes configuration for L3 router" updated="2013-02-01T10:00:00-00:00" {{(pid=87693) _check_extension /opt/stack/neutron/neutron/api/extensions.py:415}}
Jul 28 16:42:41.563809 np0000006026 devstack@neutron-api.service[87692]: DEBUG neutron_lib.callbacks.manager [None req-99093680-77a0-4ce5-bb57-7caefc05b8b0 None None] Subscribe: > address_group after_update 55550000, False {{(pid=87692) subscribe /opt/stack/data/venv/lib/python3.12/site-packages/neutron_lib/callbacks/manager.py:52}}
Jul 28 16:42:41.563809 np0000006026 devstack@neutron-api.service[87692]: DEBUG neutron_lib.callbacks.manager [None req-99093680-77a0-4ce5-bb57-7caefc05b8b0 None None] Subscribe: > address_group after_delete 55550000, False {{(pid=87692) subscribe /opt/stack/data/venv/lib/python3.12/site-packages/neutron_lib/callbacks/manager.py:52}}
Jul 28 16:42:41.563883 np0000006026 devstack@neutron-api.service[87693]: INFO neutron.api.extensions [None req-6298ddf1-f2c1-4957-be27-ede614e95bbc None None] Loaded extension: extraroute
Jul 28 16:42:41.564019 np0000006026 devstack@neutron-api.service[87692]: DEBUG neutron.plugins.ml2.ovo_rpc [None req-99093680-77a0-4ce5-bb57-7caefc05b8b0 None None] ML2 OVO RPC backend initialized. {{(pid=87692) __init__ /opt/stack/neutron/neutron/plugins/ml2/ovo_rpc.py:117}}
Jul 28 16:42:41.564188 np0000006026 devstack@neutron-api.service[87693]: DEBUG neutron.api.extensions [None req-6298ddf1-f2c1-4957-be27-ede614e95bbc None None] Loading extension file: extraroute_atomic.py {{(pid=87693) _load_all_extensions_from_path /opt/stack/neutron/neutron/api/extensions.py:449}}
Jul 28 16:42:41.564188 np0000006026 devstack@neutron-api.service[87693]: DEBUG neutron.api.extensions [None req-6298ddf1-f2c1-4957-be27-ede614e95bbc None None] Ext name="Atomically add/remove extra routes" alias="extraroute-atomic" description="Edit extra routes of a router on server side by atomically adding/removing extra routes" updated="2019-07-10T00:00:00+00:00" {{(pid=87693) _check_extension /opt/stack/neutron/neutron/api/extensions.py:415}}
Jul 28 16:42:41.564188 np0000006026 devstack@neutron-api.service[87693]: INFO neutron.api.extensions [None req-6298ddf1-f2c1-4957-be27-ede614e95bbc None None] Loaded extension: extraroute-atomic
Jul 28 16:42:41.564188 np0000006026 devstack@neutron-api.service[87693]: DEBUG neutron.api.extensions [None req-6298ddf1-f2c1-4957-be27-ede614e95bbc None None] Loading extension file: filter_validation.py {{(pid=87693) _load_all_extensions_from_path /opt/stack/neutron/neutron/api/extensions.py:449}}
Jul 28 16:42:41.564349 np0000006026 devstack@neutron-api.service[87692]: INFO neutron.quota [None req-99093680-77a0-4ce5-bb57-7caefc05b8b0 None None] Loaded quota_driver: .
Jul 28 16:42:41.564490 np0000006026 devstack@neutron-api.service[87693]: DEBUG neutron.api.extensions [None req-6298ddf1-f2c1-4957-be27-ede614e95bbc None None] Ext name="Filter parameters validation" alias="filter-validation" description="Provides validation on filter parameters." updated="2018-07-04T10:00:00-00:00" {{(pid=87693) _check_extension /opt/stack/neutron/neutron/api/extensions.py:415}}
Jul 28 16:42:41.564533 np0000006026 devstack@neutron-api.service[87692]: INFO neutron.plugins.ml2.plugin [None req-99093680-77a0-4ce5-bb57-7caefc05b8b0 None None] Modular L2 Plugin initialization complete
Jul 28 16:42:41.564643 np0000006026 devstack@neutron-api.service[87693]: INFO neutron.api.extensions [None req-6298ddf1-f2c1-4957-be27-ede614e95bbc None None] Loaded extension: filter-validation
Jul 28 16:42:41.564723 np0000006026 devstack@neutron-api.service[87692]: DEBUG neutron.manager [None req-99093680-77a0-4ce5-bb57-7caefc05b8b0 None None] Loading services supported by the core plugin {{(pid=87692) _load_services_from_core_plugin /opt/stack/neutron/neutron/manager.py:167}}
Jul 28 16:42:41.564723 np0000006026 devstack@neutron-api.service[87692]: INFO neutron.plugins.ml2.managers [None req-99093680-77a0-4ce5-bb57-7caefc05b8b0 None None] Got port-security extension from driver 'port_security'
Jul 28 16:42:41.564820 np0000006026 devstack@neutron-api.service[87693]: DEBUG neutron.api.extensions [None req-6298ddf1-f2c1-4957-be27-ede614e95bbc None None] Loading extension file: fip_pf_description.py {{(pid=87693) _load_all_extensions_from_path /opt/stack/neutron/neutron/api/extensions.py:449}}
Jul 28 16:42:41.564970 np0000006026 devstack@neutron-api.service[87693]: DEBUG neutron.api.extensions [None req-6298ddf1-f2c1-4957-be27-ede614e95bbc None None] Ext name="Floating IP Port Forwarding new attribute description" alias="floating-ip-port-forwarding-description" description="Add a description field to Port Forwarding rules" updated="2019-11-01T10:00:00-00:00" {{(pid=87693) _check_extension /opt/stack/neutron/neutron/api/extensions.py:415}}
Jul 28 16:42:41.565020 np0000006026 devstack@neutron-api.service[87692]: DEBUG neutron.manager [None req-99093680-77a0-4ce5-bb57-7caefc05b8b0 None None] Loading service plugins: ['ovn-router', 'auto_allocate', 'tag', 'timestamp', 'network_ip_availability', 'flavors', 'revisions'] {{(pid=87692) _load_service_plugins /opt/stack/neutron/neutron/manager.py:192}}
Jul 28 16:42:41.565104 np0000006026 devstack@neutron-api.service[87692]: INFO neutron.manager [None req-99093680-77a0-4ce5-bb57-7caefc05b8b0 None None] Loading Plugin: ovn-router
Jul 28 16:42:41.565179 np0000006026 devstack@neutron-api.service[87693]: INFO neutron.api.extensions [None req-6298ddf1-f2c1-4957-be27-ede614e95bbc None None] Extension floating-ip-port-forwarding-description not supported by any of loaded plugins
Jul 28 16:42:41.565283 np0000006026 devstack@neutron-api.service[87693]: DEBUG neutron.api.extensions [None req-6298ddf1-f2c1-4957-be27-ede614e95bbc None None] Loading extension file: fip_pf_detail.py {{(pid=87693) _load_all_extensions_from_path /opt/stack/neutron/neutron/api/extensions.py:449}}
Jul 28 16:42:41.565608 np0000006026 devstack@neutron-api.service[87693]: DEBUG neutron.api.extensions [None req-6298ddf1-f2c1-4957-be27-ede614e95bbc None None] Ext name="Floating IP port forwarding detail" alias="floating-ip-port-forwarding-detail" description="Allow list floating ip return more port forwarding data, include'id' and 'internal_port_id'" updated="2022-05-06T10:00:00-00:00" {{(pid=87693) _check_extension /opt/stack/neutron/neutron/api/extensions.py:415}}
Jul 28 16:42:41.565785 np0000006026 devstack@neutron-api.service[87693]: INFO neutron.api.extensions [None req-6298ddf1-f2c1-4957-be27-ede614e95bbc None None] Loaded extension: floating-ip-port-forwarding-detail
Jul 28 16:42:41.565870 np0000006026 devstack@neutron-api.service[87693]: DEBUG neutron.api.extensions [None req-6298ddf1-f2c1-4957-be27-ede614e95bbc None None] Loading extension file: fip_pf_port_range.py {{(pid=87693) _load_all_extensions_from_path /opt/stack/neutron/neutron/api/extensions.py:449}}
Jul 28 16:42:41.566090 np0000006026 devstack@neutron-api.service[87693]: DEBUG neutron.api.extensions [None req-6298ddf1-f2c1-4957-be27-ede614e95bbc None None] Ext name="Floating IP Port Forwarding support port ranges" alias="floating-ip-port-forwarding-port-ranges" description="Add support to port ranges" updated="2020-07-01T10:00:00-00:00" {{(pid=87693) _check_extension /opt/stack/neutron/neutron/api/extensions.py:415}}
Jul 28 16:42:41.566259 np0000006026 devstack@neutron-api.service[87693]: INFO neutron.api.extensions [None req-6298ddf1-f2c1-4957-be27-ede614e95bbc None None] Extension floating-ip-port-forwarding-port-ranges not supported by any of loaded plugins
Jul 28 16:42:41.566349 np0000006026 devstack@neutron-api.service[87693]: DEBUG neutron.api.extensions [None req-6298ddf1-f2c1-4957-be27-ede614e95bbc None None] Loading extension file: fip_port_details.py {{(pid=87693) _load_all_extensions_from_path /opt/stack/neutron/neutron/api/extensions.py:449}}
Jul 28 16:42:41.566563 np0000006026 devstack@neutron-api.service[87693]: DEBUG neutron.api.extensions [None req-6298ddf1-f2c1-4957-be27-ede614e95bbc None None] Ext name="Floating IP Port Details Extension" alias="fip-port-details" description="Add port_details attribute to Floating IP resource" updated="2018-04-09T10:00:00-00:00" {{(pid=87693) _check_extension /opt/stack/neutron/neutron/api/extensions.py:415}}
Jul 28 16:42:41.566714 np0000006026 devstack@neutron-api.service[87693]: INFO neutron.api.extensions [None req-6298ddf1-f2c1-4957-be27-ede614e95bbc None None] Loaded extension: fip-port-details
Jul 28 16:42:41.566821 np0000006026 devstack@neutron-api.service[87693]: DEBUG neutron.api.extensions [None req-6298ddf1-f2c1-4957-be27-ede614e95bbc None None] Loading extension file: flavors.py {{(pid=87693) _load_all_extensions_from_path /opt/stack/neutron/neutron/api/extensions.py:449}}
Jul 28 16:42:41.567058 np0000006026 devstack@neutron-api.service[87693]: DEBUG neutron.api.extensions [None req-6298ddf1-f2c1-4957-be27-ede614e95bbc None None] Ext name="Neutron Service Flavors" alias="flavors" description="Flavor specification for Neutron advanced services." updated="2015-09-17T10:00:00-00:00" {{(pid=87693) _check_extension /opt/stack/neutron/neutron/api/extensions.py:415}}
Jul 28 16:42:41.567220 np0000006026 devstack@neutron-api.service[87693]: INFO neutron.api.extensions [None req-6298ddf1-f2c1-4957-be27-ede614e95bbc None None] Loaded extension: flavors
Jul 28 16:42:41.567286 np0000006026 devstack@neutron-api.service[87693]: DEBUG neutron.api.extensions [None req-6298ddf1-f2c1-4957-be27-ede614e95bbc None None] Loading extension file: floating_ip_port_forwarding.py {{(pid=87693) _load_all_extensions_from_path /opt/stack/neutron/neutron/api/extensions.py:449}}
Jul 28 16:42:41.567690 np0000006026 devstack@neutron-api.service[87693]: DEBUG neutron.api.extensions [None req-6298ddf1-f2c1-4957-be27-ede614e95bbc None None] Ext name="Floating IP Port Forwarding" alias="floating-ip-port-forwarding" description="Allow port forwarding from floating IP port to an internal port" updated="2018-01-19T10:00:00-00:00" {{(pid=87693) _check_extension /opt/stack/neutron/neutron/api/extensions.py:415}}
Jul 28 16:42:41.567859 np0000006026 devstack@neutron-api.service[87693]: INFO neutron.api.extensions [None req-6298ddf1-f2c1-4957-be27-ede614e95bbc None None] Extension floating-ip-port-forwarding not supported by any of loaded plugins
Jul 28 16:42:41.567954 np0000006026 devstack@neutron-api.service[87693]: DEBUG neutron.api.extensions [None req-6298ddf1-f2c1-4957-be27-ede614e95bbc None None] Loading extension file: floatingip_pools.py {{(pid=87693) _load_all_extensions_from_path /opt/stack/neutron/neutron/api/extensions.py:449}}
Jul 28 16:42:41.568234 np0000006026 devstack@neutron-api.service[87693]: DEBUG neutron.api.extensions [None req-6298ddf1-f2c1-4957-be27-ede614e95bbc None None] Ext name="Floating IP Pools Extension" alias="floatingip-pools" description="Provides a floating IP pools API." updated="2018-03-21T10:00:00-00:00" {{(pid=87693) _check_extension /opt/stack/neutron/neutron/api/extensions.py:415}}
Jul 28 16:42:41.568460 np0000006026 devstack@neutron-api.service[87693]: INFO neutron.api.extensions [None req-6298ddf1-f2c1-4957-be27-ede614e95bbc None None] Loaded extension: floatingip-pools
Jul 28 16:42:41.568543 np0000006026 devstack@neutron-api.service[87693]: DEBUG neutron.api.extensions [None req-6298ddf1-f2c1-4957-be27-ede614e95bbc None None] Loading extension file: ip_allocation.py {{(pid=87693) _load_all_extensions_from_path /opt/stack/neutron/neutron/api/extensions.py:449}}
Jul 28 16:42:41.568798 np0000006026 devstack@neutron-api.service[87693]: DEBUG neutron.api.extensions [None req-6298ddf1-f2c1-4957-be27-ede614e95bbc None None] Ext name="IP Allocation" alias="ip_allocation" description="IP allocation extension." updated="2016-06-10T23:00:00-00:00" {{(pid=87693) _check_extension /opt/stack/neutron/neutron/api/extensions.py:415}}
Jul 28 16:42:41.568932 np0000006026 devstack@neutron-api.service[87693]: INFO neutron.api.extensions [None req-6298ddf1-f2c1-4957-be27-ede614e95bbc None None] Extension ip_allocation not supported by any of loaded plugins
Jul 28 16:42:41.569014 np0000006026 devstack@neutron-api.service[87693]: DEBUG neutron.api.extensions [None req-6298ddf1-f2c1-4957-be27-ede614e95bbc None None] Loading extension file: ip_substring_port_filtering.py {{(pid=87693) _load_all_extensions_from_path /opt/stack/neutron/neutron/api/extensions.py:449}}
Jul 28 16:42:41.569264 np0000006026 devstack@neutron-api.service[87693]: DEBUG neutron.api.extensions [None req-6298ddf1-f2c1-4957-be27-ede614e95bbc None None] Ext name="IP address substring filtering" alias="ip-substring-filtering" description="Provides IP address substring filtering when listing ports" updated="2017-11-28T09:00:00-00:00" {{(pid=87693) _check_extension /opt/stack/neutron/neutron/api/extensions.py:415}}
Jul 28 16:42:41.569407 np0000006026 devstack@neutron-api.service[87693]: INFO neutron.api.extensions [None req-6298ddf1-f2c1-4957-be27-ede614e95bbc None None] Extension ip-substring-filtering not supported by any of loaded plugins
Jul 28 16:42:41.569503 np0000006026 devstack@neutron-api.service[87693]: DEBUG neutron.api.extensions [None req-6298ddf1-f2c1-4957-be27-ede614e95bbc None None] Loading extension file: l2_adjacency.py {{(pid=87693) _load_all_extensions_from_path /opt/stack/neutron/neutron/api/extensions.py:449}}
Jul 28 16:42:41.569784 np0000006026 devstack@neutron-api.service[87693]: DEBUG neutron.api.extensions [None req-6298ddf1-f2c1-4957-be27-ede614e95bbc None None] Ext name="L2 Adjacency" alias="l2_adjacency" description="Display L2 Adjacency for Neutron Networks." updated="2016-04-12T16:00:00-00:00" {{(pid=87693) _check_extension /opt/stack/neutron/neutron/api/extensions.py:415}}
Jul 28 16:42:41.569961 np0000006026 devstack@neutron-api.service[87693]: INFO neutron.api.extensions [None req-6298ddf1-f2c1-4957-be27-ede614e95bbc None None] Extension l2_adjacency not supported by any of loaded plugins
Jul 28 16:42:41.570075 np0000006026 devstack@neutron-api.service[87693]: DEBUG neutron.api.extensions [None req-6298ddf1-f2c1-4957-be27-ede614e95bbc None None] Loading extension file: l3.py {{(pid=87693) _load_all_extensions_from_path /opt/stack/neutron/neutron/api/extensions.py:449}}
Jul 28 16:42:41.570598 np0000006026 devstack@neutron-api.service[87693]: DEBUG neutron.api.extensions [None req-6298ddf1-f2c1-4957-be27-ede614e95bbc None None] Ext name="Neutron L3 Router" alias="router" description="Router abstraction for basic L3 forwarding between L2 Neutron networks and access to external networks via a NAT gateway." updated="2012-07-20T10:00:00-00:00" {{(pid=87693) _check_extension /opt/stack/neutron/neutron/api/extensions.py:415}}
Jul 28 16:42:41.570754 np0000006026 devstack@neutron-api.service[87693]: INFO neutron.api.extensions [None req-6298ddf1-f2c1-4957-be27-ede614e95bbc None None] Loaded extension: router
Jul 28 16:42:41.570864 np0000006026 devstack@neutron-api.service[87693]: DEBUG neutron.api.extensions [None req-6298ddf1-f2c1-4957-be27-ede614e95bbc None None] Loading extension file: l3_agent_scheduler_ha_chassis_priority.py {{(pid=87693) _load_all_extensions_from_path /opt/stack/neutron/neutron/api/extensions.py:449}}
Jul 28 16:42:41.571168 np0000006026 devstack@neutron-api.service[87693]: DEBUG neutron.api.extensions [None req-6298ddf1-f2c1-4957-be27-ede614e95bbc None None] Ext name="L3 Agent Scheduler HA Chassis Priority" alias="l3-agent-scheduler-ha-chassis-priority" description="Exposes the HA_Chassis priority in the L3 Agent Scheduler API responses and allows setting priority when scheduling a router to a chassis." updated="2026-03-31T00:00:00-00:00" {{(pid=87693) _check_extension /opt/stack/neutron/neutron/api/extensions.py:415}}
Jul 28 16:42:41.571323 np0000006026 devstack@neutron-api.service[87693]: INFO neutron.api.extensions [None req-6298ddf1-f2c1-4957-be27-ede614e95bbc None None] Loaded extension: l3-agent-scheduler-ha-chassis-priority
Jul 28 16:42:41.571500 np0000006026 devstack@neutron-api.service[87693]: DEBUG neutron.api.extensions [None req-6298ddf1-f2c1-4957-be27-ede614e95bbc None None] Loading extension file: l3_conntrack_helper.py {{(pid=87693) _load_all_extensions_from_path /opt/stack/neutron/neutron/api/extensions.py:449}}
Jul 28 16:42:41.572208 np0000006026 devstack@neutron-api.service[87693]: DEBUG neutron.api.extensions [None req-6298ddf1-f2c1-4957-be27-ede614e95bbc None None] Ext name="L3 Conntrack helper" alias="l3-conntrack-helper" description="Allow adding CT target rules for conntrack helper" updated="2019-04-04T10:00:00-00:00" {{(pid=87693) _check_extension /opt/stack/neutron/neutron/api/extensions.py:415}}
Jul 28 16:42:41.572376 np0000006026 devstack@neutron-api.service[87693]: INFO neutron.api.extensions [None req-6298ddf1-f2c1-4957-be27-ede614e95bbc None None] Extension l3-conntrack-helper not supported by any of loaded plugins
Jul 28 16:42:41.572496 np0000006026 devstack@neutron-api.service[87693]: DEBUG neutron.api.extensions [None req-6298ddf1-f2c1-4957-be27-ede614e95bbc None None] Loading extension file: l3_enable_default_route_bfd.py {{(pid=87693) _load_all_extensions_from_path /opt/stack/neutron/neutron/api/extensions.py:449}}
Jul 28 16:42:41.572779 np0000006026 devstack@neutron-api.service[87693]: DEBUG neutron.api.extensions [None req-6298ddf1-f2c1-4957-be27-ede614e95bbc None None] Ext name="Enable Default Route BFD" alias="enable-default-route-bfd" description="Enables configurable BFD behavior for default routes" updated="2023-02-27T00:00:00-00:00" {{(pid=87693) _check_extension /opt/stack/neutron/neutron/api/extensions.py:415}}
Jul 28 16:42:41.573023 np0000006026 devstack@neutron-api.service[87693]: INFO neutron.api.extensions [None req-6298ddf1-f2c1-4957-be27-ede614e95bbc None None] Loaded extension: enable-default-route-bfd
Jul 28 16:42:41.573126 np0000006026 devstack@neutron-api.service[87693]: DEBUG neutron.api.extensions [None req-6298ddf1-f2c1-4957-be27-ede614e95bbc None None] Loading extension file: l3_enable_default_route_ecmp.py {{(pid=87693) _load_all_extensions_from_path /opt/stack/neutron/neutron/api/extensions.py:449}}
Jul 28 16:42:41.573375 np0000006026 devstack@neutron-api.service[87693]: DEBUG neutron.api.extensions [None req-6298ddf1-f2c1-4957-be27-ede614e95bbc None None] Ext name="Enable Default Route ECMP" alias="enable-default-route-ecmp" description="Enables configurable ECMP behavior for default routes" updated="2023-02-27T00:00:00-00:00" {{(pid=87693) _check_extension /opt/stack/neutron/neutron/api/extensions.py:415}}
Jul 28 16:42:41.573554 np0000006026 devstack@neutron-api.service[87693]: INFO neutron.api.extensions [None req-6298ddf1-f2c1-4957-be27-ede614e95bbc None None] Loaded extension: enable-default-route-ecmp
Jul 28 16:42:41.573674 np0000006026 devstack@neutron-api.service[87693]: DEBUG neutron.api.extensions [None req-6298ddf1-f2c1-4957-be27-ede614e95bbc None None] Loading extension file: l3_ext_gw_mode.py {{(pid=87693) _load_all_extensions_from_path /opt/stack/neutron/neutron/api/extensions.py:449}}
Jul 28 16:42:41.573949 np0000006026 devstack@neutron-api.service[87693]: DEBUG neutron.api.extensions [None req-6298ddf1-f2c1-4957-be27-ede614e95bbc None None] Ext name="Neutron L3 Configurable external gateway mode" alias="ext-gw-mode" description="Extension of the router abstraction for specifying whether SNAT should occur on the external gateway" updated="2013-03-28T10:00:00-00:00" {{(pid=87693) _check_extension /opt/stack/neutron/neutron/api/extensions.py:415}}
Jul 28 16:42:41.574123 np0000006026 devstack@neutron-api.service[87693]: INFO neutron.api.extensions [None req-6298ddf1-f2c1-4957-be27-ede614e95bbc None None] Loaded extension: ext-gw-mode
Jul 28 16:42:41.574192 np0000006026 devstack@neutron-api.service[87693]: DEBUG neutron.api.extensions [None req-6298ddf1-f2c1-4957-be27-ede614e95bbc None None] Loading extension file: l3_ext_ha_mode.py {{(pid=87693) _load_all_extensions_from_path /opt/stack/neutron/neutron/api/extensions.py:449}}
Jul 28 16:42:41.574474 np0000006026 devstack@neutron-api.service[87693]: DEBUG neutron.api.extensions [None req-6298ddf1-f2c1-4957-be27-ede614e95bbc None None] Ext name="HA Router extension" alias="l3-ha" description="Adds HA capability to routers." updated="2014-04-26T00:00:00-00:00" {{(pid=87693) _check_extension /opt/stack/neutron/neutron/api/extensions.py:415}}
Jul 28 16:42:41.574644 np0000006026 devstack@neutron-api.service[87693]: INFO neutron.api.extensions [None req-6298ddf1-f2c1-4957-be27-ede614e95bbc None None] Loaded extension: l3-ha
Jul 28 16:42:41.574789 np0000006026 devstack@neutron-api.service[87693]: DEBUG neutron.api.extensions [None req-6298ddf1-f2c1-4957-be27-ede614e95bbc None None] Loading extension file: l3_ext_ndp_proxy.py {{(pid=87693) _load_all_extensions_from_path /opt/stack/neutron/neutron/api/extensions.py:449}}
Jul 28 16:42:41.574927 np0000006026 devstack@neutron-api.service[87692]: DEBUG neutron_lib.callbacks.manager [None req-99093680-77a0-4ce5-bb57-7caefc05b8b0 None None] Subscribe: > router before_delete 55550000, False {{(pid=87692) subscribe /opt/stack/data/venv/lib/python3.12/site-packages/neutron_lib/callbacks/manager.py:52}}
Jul 28 16:42:41.575138 np0000006026 devstack@neutron-api.service[87692]: DEBUG neutron_lib.callbacks.manager [None req-99093680-77a0-4ce5-bb57-7caefc05b8b0 None None] Subscribe: port before_update 55550000, False {{(pid=87692) subscribe /opt/stack/data/venv/lib/python3.12/site-packages/neutron_lib/callbacks/manager.py:52}}
Jul 28 16:42:41.575224 np0000006026 devstack@neutron-api.service[87692]: DEBUG neutron_lib.callbacks.manager [None req-99093680-77a0-4ce5-bb57-7caefc05b8b0 None None] Subscribe: port after_update 55550000, False {{(pid=87692) subscribe /opt/stack/data/venv/lib/python3.12/site-packages/neutron_lib/callbacks/manager.py:52}}
Jul 28 16:42:41.575287 np0000006026 devstack@neutron-api.service[87692]: DEBUG neutron_lib.callbacks.manager [None req-99093680-77a0-4ce5-bb57-7caefc05b8b0 None None] Subscribe: > port precommit_delete 55550000, False {{(pid=87692) subscribe /opt/stack/data/venv/lib/python3.12/site-packages/neutron_lib/callbacks/manager.py:52}}
Jul 28 16:42:41.575390 np0000006026 devstack@neutron-api.service[87692]: DEBUG neutron_lib.callbacks.manager [None req-99093680-77a0-4ce5-bb57-7caefc05b8b0 None None] Subscribe: port before_update 55550000, False {{(pid=87692) subscribe /opt/stack/data/venv/lib/python3.12/site-packages/neutron_lib/callbacks/manager.py:52}}
Jul 28 16:42:41.575493 np0000006026 devstack@neutron-api.service[87692]: DEBUG neutron_lib.callbacks.manager [None req-99093680-77a0-4ce5-bb57-7caefc05b8b0 None None] Subscribe: port before_delete 55550000, False {{(pid=87692) subscribe /opt/stack/data/venv/lib/python3.12/site-packages/neutron_lib/callbacks/manager.py:52}}
Jul 28 16:42:41.575581 np0000006026 devstack@neutron-api.service[87692]: DEBUG neutron_lib.callbacks.manager [None req-99093680-77a0-4ce5-bb57-7caefc05b8b0 None None] Subscribe: > router precommit_create 55550000, False {{(pid=87692) subscribe /opt/stack/data/venv/lib/python3.12/site-packages/neutron_lib/callbacks/manager.py:52}}
Jul 28 16:42:41.575674 np0000006026 devstack@neutron-api.service[87692]: DEBUG neutron_lib.callbacks.manager [None req-99093680-77a0-4ce5-bb57-7caefc05b8b0 None None] Subscribe: > router precommit_create 55550000, False {{(pid=87692) subscribe /opt/stack/data/venv/lib/python3.12/site-packages/neutron_lib/callbacks/manager.py:52}}
Jul 28 16:42:41.575813 np0000006026 devstack@neutron-api.service[87692]: DEBUG neutron_lib.callbacks.manager [None req-99093680-77a0-4ce5-bb57-7caefc05b8b0 None None] Subscribe: > router precommit_update 55550000, False {{(pid=87692) subscribe /opt/stack/data/venv/lib/python3.12/site-packages/neutron_lib/callbacks/manager.py:52}}
Jul 28 16:42:41.575904 np0000006026 devstack@neutron-api.service[87692]: DEBUG neutron_lib.callbacks.manager [None req-99093680-77a0-4ce5-bb57-7caefc05b8b0 None None] Subscribe: subnet after_update 55550000, False {{(pid=87692) subscribe /opt/stack/data/venv/lib/python3.12/site-packages/neutron_lib/callbacks/manager.py:52}}
Jul 28 16:42:41.576091 np0000006026 devstack@neutron-api.service[87692]: DEBUG neutron.quota.resource_registry [None req-99093680-77a0-4ce5-bb57-7caefc05b8b0 None None] Tracking information for resource: router configured {{(pid=87692) set_tracked_resource /opt/stack/neutron/neutron/quota/resource_registry.py:203}}
Jul 28 16:42:41.576202 np0000006026 devstack@neutron-api.service[87692]: DEBUG neutron.quota.resource_registry [None req-99093680-77a0-4ce5-bb57-7caefc05b8b0 None None] Tracking information for resource: floatingip configured {{(pid=87692) set_tracked_resource /opt/stack/neutron/neutron/quota/resource_registry.py:203}}
Jul 28 16:42:41.576286 np0000006026 devstack@neutron-api.service[87692]: INFO neutron.services.ovn_l3.plugin [None req-99093680-77a0-4ce5-bb57-7caefc05b8b0 None None] Starting OVNL3RouterPlugin
Jul 28 16:42:41.576451 np0000006026 devstack@neutron-api.service[87693]: DEBUG neutron.api.extensions [None req-6298ddf1-f2c1-4957-be27-ede614e95bbc None None] Ext name="Router support to enable NDP proxy" alias="l3-ext-ndp-proxy" description="Router extension to enable ndp proxy" updated="2020-08-25T00:00:00-00:00" {{(pid=87693) _check_extension /opt/stack/neutron/neutron/api/extensions.py:415}}
Jul 28 16:42:41.576541 np0000006026 devstack@neutron-api.service[87692]: DEBUG neutron_lib.callbacks.manager [None req-99093680-77a0-4ce5-bb57-7caefc05b8b0 None None] Subscribe: > port_forwarding_plugin after_init 55550000, False {{(pid=87692) subscribe /opt/stack/data/venv/lib/python3.12/site-packages/neutron_lib/callbacks/manager.py:52}}
Jul 28 16:42:41.576654 np0000006026 devstack@neutron-api.service[87693]: INFO neutron.api.extensions [None req-6298ddf1-f2c1-4957-be27-ede614e95bbc None None] Extension l3-ext-ndp-proxy not supported by any of loaded plugins
Jul 28 16:42:41.576751 np0000006026 devstack@neutron-api.service[87692]: DEBUG neutron_lib.callbacks.manager [None req-99093680-77a0-4ce5-bb57-7caefc05b8b0 None None] Subscribe: > router before_create 55550100, False {{(pid=87692) subscribe /opt/stack/data/venv/lib/python3.12/site-packages/neutron_lib/callbacks/manager.py:52}}
Jul 28 16:42:41.576795 np0000006026 devstack@neutron-api.service[87693]: DEBUG neutron.api.extensions [None req-6298ddf1-f2c1-4957-be27-ede614e95bbc None None] Loading extension file: l3_extra_gws.py {{(pid=87693) _load_all_extensions_from_path /opt/stack/neutron/neutron/api/extensions.py:449}}
Jul 28 16:42:41.576889 np0000006026 devstack@neutron-api.service[87692]: DEBUG neutron_lib.callbacks.manager [None req-99093680-77a0-4ce5-bb57-7caefc05b8b0 None None] Subscribe: > router precommit_delete 55550100, False {{(pid=87692) subscribe /opt/stack/data/venv/lib/python3.12/site-packages/neutron_lib/callbacks/manager.py:52}}
Jul 28 16:42:41.576932 np0000006026 devstack@neutron-api.service[87692]: DEBUG neutron_lib.callbacks.manager [None req-99093680-77a0-4ce5-bb57-7caefc05b8b0 None None] Subscribe: > router precommit_create 55550100, False {{(pid=87692) subscribe /opt/stack/data/venv/lib/python3.12/site-packages/neutron_lib/callbacks/manager.py:52}}
Jul 28 16:42:41.577019 np0000006026 devstack@neutron-api.service[87692]: DEBUG neutron_lib.callbacks.manager [None req-99093680-77a0-4ce5-bb57-7caefc05b8b0 None None] Subscribe: > router precommit_update 55550100, False {{(pid=87692) subscribe /opt/stack/data/venv/lib/python3.12/site-packages/neutron_lib/callbacks/manager.py:52}}
Jul 28 16:42:41.577056 np0000006026 devstack@neutron-api.service[87693]: DEBUG neutron.api.extensions [None req-6298ddf1-f2c1-4957-be27-ede614e95bbc None None] Ext name="Neutron L3 External Gateway Multihoming" alias="external-gateway-multihoming" description="Allow multiple external gateway ports per router" updated="2023-01-18T00:00:00-00:00" {{(pid=87693) _check_extension /opt/stack/neutron/neutron/api/extensions.py:415}}
Jul 28 16:42:41.577222 np0000006026 devstack@neutron-api.service[87693]: INFO neutron.api.extensions [None req-6298ddf1-f2c1-4957-be27-ede614e95bbc None None] Loaded extension: external-gateway-multihoming
Jul 28 16:42:41.577338 np0000006026 devstack@neutron-api.service[87693]: DEBUG neutron.api.extensions [None req-6298ddf1-f2c1-4957-be27-ede614e95bbc None None] Loading extension file: l3_flavors.py {{(pid=87693) _load_all_extensions_from_path /opt/stack/neutron/neutron/api/extensions.py:449}}
Jul 28 16:42:41.577640 np0000006026 devstack@neutron-api.service[87693]: DEBUG neutron.api.extensions [None req-6298ddf1-f2c1-4957-be27-ede614e95bbc None None] Ext name="Router Flavor Extension" alias="l3-flavors" description="Flavor support for routers." updated="2016-05-17T00:00:00-00:00" {{(pid=87693) _check_extension /opt/stack/neutron/neutron/api/extensions.py:415}}
Jul 28 16:42:41.577763 np0000006026 devstack@neutron-api.service[87693]: INFO neutron.api.extensions [None req-6298ddf1-f2c1-4957-be27-ede614e95bbc None None] Loaded extension: l3-flavors
Jul 28 16:42:41.577892 np0000006026 devstack@neutron-api.service[87693]: DEBUG neutron.api.extensions [None req-6298ddf1-f2c1-4957-be27-ede614e95bbc None None] Loading extension file: l3_ndp_proxy.py {{(pid=87693) _load_all_extensions_from_path /opt/stack/neutron/neutron/api/extensions.py:449}}
Jul 28 16:42:41.578254 np0000006026 devstack@neutron-api.service[87693]: DEBUG neutron.api.extensions [None req-6298ddf1-f2c1-4957-be27-ede614e95bbc None None] Ext name="name" alias="l3-ndp-proxy" description="description" updated="2021-06-29T10:00:00-00:00" {{(pid=87693) _check_extension /opt/stack/neutron/neutron/api/extensions.py:415}}
Jul 28 16:42:41.578419 np0000006026 devstack@neutron-api.service[87693]: INFO neutron.api.extensions [None req-6298ddf1-f2c1-4957-be27-ede614e95bbc None None] Extension l3-ndp-proxy not supported by any of loaded plugins
Jul 28 16:42:41.578550 np0000006026 devstack@neutron-api.service[87693]: DEBUG neutron.api.extensions [None req-6298ddf1-f2c1-4957-be27-ede614e95bbc None None] Loading extension file: l3_port_ip_change_not_allowed.py {{(pid=87693) _load_all_extensions_from_path /opt/stack/neutron/neutron/api/extensions.py:449}}
Jul 28 16:42:41.578791 np0000006026 devstack@neutron-api.service[87693]: DEBUG neutron.api.extensions [None req-6298ddf1-f2c1-4957-be27-ede614e95bbc None None] Ext name="Prevent L3 router ports IP address change extension" alias="l3-port-ip-change-not-allowed" description="Prevent change of IP address for some L3 router ports" updated="2018-10-09T10:00:00-00:00" {{(pid=87693) _check_extension /opt/stack/neutron/neutron/api/extensions.py:415}}
Jul 28 16:42:41.578962 np0000006026 devstack@neutron-api.service[87693]: INFO neutron.api.extensions [None req-6298ddf1-f2c1-4957-be27-ede614e95bbc None None] Extension l3-port-ip-change-not-allowed not supported by any of loaded plugins
