Aug 18 11:00:53.303566 np0000007637 devstack@g-api.service[103006]: DEBUG glance.api.middleware.version_negotiation [None req-99ee2dcc-b251-4ab5-b47e-867192dfa947 tempest-ServerBootFromVolumeStableRescueTest-1406929369 tempest-ServerBootFromVolumeStableRescueTest-1406929369-project-member] Using url versioning {{(pid=103006) process_request /opt/stack/glance/glance/api/middleware/version_negotiation.py:57}}
Aug 18 11:00:53.303566 np0000007637 devstack@g-api.service[103006]: DEBUG glance.api.middleware.version_negotiation [None req-99ee2dcc-b251-4ab5-b47e-867192dfa947 tempest-ServerBootFromVolumeStableRescueTest-1406929369 tempest-ServerBootFromVolumeStableRescueTest-1406929369-project-member] Matched version: v2 {{(pid=103006) process_request /opt/stack/glance/glance/api/middleware/version_negotiation.py:69}}
Aug 18 11:00:53.303678 np0000007637 devstack@g-api.service[103006]: DEBUG glance.api.middleware.version_negotiation [None req-99ee2dcc-b251-4ab5-b47e-867192dfa947 tempest-ServerBootFromVolumeStableRescueTest-1406929369 tempest-ServerBootFromVolumeStableRescueTest-1406929369-project-member] new path /v2/images/01ebc304-d761-4583-bdf9-b6e869c9eb98 {{(pid=103006) process_request /opt/stack/glance/glance/api/middleware/version_negotiation.py:70}}
Aug 18 11:00:53.314571 np0000007637 devstack@g-api.service[103006]: [pid: 103006|app: 0|req: 24/89] 127.0.0.1 () {40 vars in 838 bytes} [Tue Aug 18 11:00:53 2026] GET /v2/images/01ebc304-d761-4583-bdf9-b6e869c9eb98 => generated 1359 bytes in 11 msecs (HTTP/1.1 200) 4 headers in 158 bytes (1 switches on core 0)
Aug 18 11:00:53.335195 np0000007637 devstack@g-api.service[103007]: DEBUG glance.api.middleware.version_negotiation [None req-535aa146-07a7-4c7b-aca4-c15dd0868ee7 tempest-ServerBootFromVolumeStableRescueTest-1406929369 tempest-ServerBootFromVolumeStableRescueTest-1406929369-project-member] Determining version of request: GET /v2/images/01ebc304-d761-4583-bdf9-b6e869c9eb98 Accept: */* {{(pid=103007) process_request /opt/stack/glance/glance/api/middleware/version_negotiation.py:44}}
Aug 18 11:00:53.335428 np0000007637 devstack@g-api.service[103007]: DEBUG glance.api.middleware.version_negotiation [None req-535aa146-07a7-4c7b-aca4-c15dd0868ee7 tempest-ServerBootFromVolumeStableRescueTest-1406929369 tempest-ServerBootFromVolumeStableRescueTest-1406929369-project-member] Using url versioning {{(pid=103007) process_request /opt/stack/glance/glance/api/middleware/version_negotiation.py:57}}
Aug 18 11:00:53.335567 np0000007637 devstack@g-api.service[103007]: DEBUG glance.api.middleware.version_negotiation [None req-535aa146-07a7-4c7b-aca4-c15dd0868ee7 tempest-ServerBootFromVolumeStableRescueTest-1406929369 tempest-ServerBootFromVolumeStableRescueTest-1406929369-project-member] Matched version: v2 {{(pid=103007) process_request /opt/stack/glance/glance/api/middleware/version_negotiation.py:69}}
Aug 18 11:00:53.335669 np0000007637 devstack@g-api.service[103007]: DEBUG glance.api.middleware.version_negotiation [None req-535aa146-07a7-4c7b-aca4-c15dd0868ee7 tempest-ServerBootFromVolumeStableRescueTest-1406929369 tempest-ServerBootFromVolumeStableRescueTest-1406929369-project-member] new path /v2/images/01ebc304-d761-4583-bdf9-b6e869c9eb98 {{(pid=103007) process_request /opt/stack/glance/glance/api/middleware/version_negotiation.py:70}}
Aug 18 11:00:53.348448 np0000007637 devstack@g-api.service[103007]: [pid: 103007|app: 0|req: 23/90] 127.0.0.1 () {44 vars in 1115 bytes} [Tue Aug 18 11:00:53 2026] GET /v2/images/01ebc304-d761-4583-bdf9-b6e869c9eb98 => generated 1359 bytes in 13 msecs (HTTP/1.1 200) 4 headers in 158 bytes (1 switches on core 0)
Aug 18 11:00:53.381091 np0000007637 devstack@g-api.service[103004]: DEBUG glance.api.middleware.version_negotiation [None req-535aa146-07a7-4c7b-aca4-c15dd0868ee7 tempest-ServerBootFromVolumeStableRescueTest-1406929369 tempest-ServerBootFromVolumeStableRescueTest-1406929369-project-member] Determining version of request: GET /v2/schemas/image Accept: */* {{(pid=103004) process_request /opt/stack/glance/glance/api/middleware/version_negotiation.py:44}}
Aug 18 11:00:53.381312 np0000007637 devstack@g-api.service[103004]: DEBUG glance.api.middleware.version_negotiation [None req-535aa146-07a7-4c7b-aca4-c15dd0868ee7 tempest-ServerBootFromVolumeStableRescueTest-1406929369 tempest-ServerBootFromVolumeStableRescueTest-1406929369-project-member] Using url versioning {{(pid=103004) process_request /opt/stack/glance/glance/api/middleware/version_negotiation.py:57}}
Aug 18 11:00:53.381487 np0000007637 devstack@g-api.service[103004]: DEBUG glance.api.middleware.version_negotiation [None req-535aa146-07a7-4c7b-aca4-c15dd0868ee7 tempest-ServerBootFromVolumeStableRescueTest-1406929369 tempest-ServerBootFromVolumeStableRescueTest-1406929369-project-member] Matched version: v2 {{(pid=103004) process_request /opt/stack/glance/glance/api/middleware/version_negotiation.py:69}}
Aug 18 11:00:53.381608 np0000007637 devstack@g-api.service[103004]: DEBUG glance.api.middleware.version_negotiation [None req-535aa146-07a7-4c7b-aca4-c15dd0868ee7 tempest-ServerBootFromVolumeStableRescueTest-1406929369 tempest-ServerBootFromVolumeStableRescueTest-1406929369-project-member] new path /v2/schemas/image {{(pid=103004) process_request /opt/stack/glance/glance/api/middleware/version_negotiation.py:70}}
Aug 18 11:00:53.384880 np0000007637 devstack@g-api.service[103004]: [pid: 103004|app: 0|req: 23/91] 127.0.0.1 () {44 vars in 1055 bytes} [Tue Aug 18 11:00:53 2026] GET /v2/schemas/image => generated 6083 bytes in 4 msecs (HTTP/1.1 200) 4 headers in 158 bytes (1 switches on core 0)
Aug 18 11:00:53.430348 np0000007637 devstack@g-api.service[103005]: DEBUG glance.api.middleware.version_negotiation [None req-535aa146-07a7-4c7b-aca4-c15dd0868ee7 tempest-ServerBootFromVolumeStableRescueTest-1406929369 tempest-ServerBootFromVolumeStableRescueTest-1406929369-project-member] Determining version of request: GET /v2/schemas/image Accept: */* {{(pid=103005) process_request /opt/stack/glance/glance/api/middleware/version_negotiation.py:44}}
Aug 18 11:00:53.430494 np0000007637 devstack@g-api.service[103005]: DEBUG glance.api.middleware.version_negotiation [None req-535aa146-07a7-4c7b-aca4-c15dd0868ee7 tempest-ServerBootFromVolumeStableRescueTest-1406929369 tempest-ServerBootFromVolumeStableRescueTest-1406929369-project-member] Using url versioning {{(pid=103005) process_request /opt/stack/glance/glance/api/middleware/version_negotiation.py:57}}
Aug 18 11:00:53.433509 np0000007637 devstack@g-api.service[103005]: DEBUG glance.api.middleware.version_negotiation [None req-535aa146-07a7-4c7b-aca4-c15dd0868ee7 tempest-ServerBootFromVolumeStableRescueTest-1406929369 tempest-ServerBootFromVolumeStableRescueTest-1406929369-project-member] Matched version: v2 {{(pid=103005) process_request /opt/stack/glance/glance/api/middleware/version_negotiation.py:69}}
Aug 18 11:00:53.433509 np0000007637 devstack@g-api.service[103005]: DEBUG glance.api.middleware.version_negotiation [None req-535aa146-07a7-4c7b-aca4-c15dd0868ee7 tempest-ServerBootFromVolumeStableRescueTest-1406929369 tempest-ServerBootFromVolumeStableRescueTest-1406929369-project-member] new path /v2/schemas/image {{(pid=103005) process_request /opt/stack/glance/glance/api/middleware/version_negotiation.py:70}}
Aug 18 11:00:53.433509 np0000007637 devstack@g-api.service[103005]: [pid: 103005|app: 0|req: 22/92] 127.0.0.1 () {44 vars in 1055 bytes} [Tue Aug 18 11:00:53 2026] GET /v2/schemas/image => generated 6083 bytes in 2 msecs (HTTP/1.1 200) 4 headers in 158 bytes (1 switches on core 0)
Aug 18 11:00:53.481056 np0000007637 devstack@g-api.service[103006]: DEBUG glance.api.middleware.version_negotiation [None req-de72e004-0e89-44ac-9fef-5d081625dd49 tempest-ServerBootFromVolumeStableRescueTest-1406929369 tempest-ServerBootFromVolumeStableRescueTest-1406929369-project-member] Determining version of request: PATCH /v2/images/01ebc304-d761-4583-bdf9-b6e869c9eb98 Accept: */* {{(pid=103006) process_request /opt/stack/glance/glance/api/middleware/version_negotiation.py:44}}
Aug 18 11:00:53.481287 np0000007637 devstack@g-api.service[103006]: DEBUG glance.api.middleware.version_negotiation [None req-de72e004-0e89-44ac-9fef-5d081625dd49 tempest-ServerBootFromVolumeStableRescueTest-1406929369 tempest-ServerBootFromVolumeStableRescueTest-1406929369-project-member] Using url versioning {{(pid=103006) process_request /opt/stack/glance/glance/api/middleware/version_negotiation.py:57}}
Aug 18 11:00:53.481485 np0000007637 devstack@g-api.service[103006]: DEBUG glance.api.middleware.version_negotiation [None req-de72e004-0e89-44ac-9fef-5d081625dd49 tempest-ServerBootFromVolumeStableRescueTest-1406929369 tempest-ServerBootFromVolumeStableRescueTest-1406929369-project-member] Matched version: v2 {{(pid=103006) process_request /opt/stack/glance/glance/api/middleware/version_negotiation.py:69}}
Aug 18 11:00:53.481614 np0000007637 devstack@g-api.service[103006]: DEBUG glance.api.middleware.version_negotiation [None req-de72e004-0e89-44ac-9fef-5d081625dd49 tempest-ServerBootFromVolumeStableRescueTest-1406929369 tempest-ServerBootFromVolumeStableRescueTest-1406929369-project-member] new path /v2/images/01ebc304-d761-4583-bdf9-b6e869c9eb98 {{(pid=103006) process_request /opt/stack/glance/glance/api/middleware/version_negotiation.py:70}}
Aug 18 11:00:53.653570 np0000007637 devstack@g-api.service[103006]: [pid: 103006|app: 0|req: 25/93] 127.0.0.1 () {46 vars in 1158 bytes} [Tue Aug 18 11:00:53 2026] PATCH /v2/images/01ebc304-d761-4583-bdf9-b6e869c9eb98 => generated 1470 bytes in 173 msecs (HTTP/1.1 200) 4 headers in 158 bytes (1 switches on core 0)
Aug 18 11:00:53.695444 np0000007637 devstack@g-api.service[103007]: DEBUG glance.api.middleware.version_negotiation [None req-535aa146-07a7-4c7b-aca4-c15dd0868ee7 tempest-ServerBootFromVolumeStableRescueTest-1406929369 tempest-ServerBootFromVolumeStableRescueTest-1406929369-project-member] Determining version of request: GET /v2/images/01ebc304-d761-4583-bdf9-b6e869c9eb98 Accept: */* {{(pid=103007) process_request /opt/stack/glance/glance/api/middleware/version_negotiation.py:44}}
Aug 18 11:00:53.695746 np0000007637 devstack@g-api.service[103007]: DEBUG glance.api.middleware.version_negotiation [None req-535aa146-07a7-4c7b-aca4-c15dd0868ee7 tempest-ServerBootFromVolumeStableRescueTest-1406929369 tempest-ServerBootFromVolumeStableRescueTest-1406929369-project-member] Using url versioning {{(pid=103007) process_request /opt/stack/glance/glance/api/middleware/version_negotiation.py:57}}
Aug 18 11:00:53.695746 np0000007637 devstack@g-api.service[103007]: DEBUG glance.api.middleware.version_negotiation [None req-535aa146-07a7-4c7b-aca4-c15dd0868ee7 tempest-ServerBootFromVolumeStableRescueTest-1406929369 tempest-ServerBootFromVolumeStableRescueTest-1406929369-project-member] Matched version: v2 {{(pid=103007) process_request /opt/stack/glance/glance/api/middleware/version_negotiation.py:69}}
Aug 18 11:00:53.695832 np0000007637 devstack@g-api.service[103007]: DEBUG glance.api.middleware.version_negotiation [None req-535aa146-07a7-4c7b-aca4-c15dd0868ee7 tempest-ServerBootFromVolumeStableRescueTest-1406929369 tempest-ServerBootFromVolumeStableRescueTest-1406929369-project-member] new path /v2/images/01ebc304-d761-4583-bdf9-b6e869c9eb98 {{(pid=103007) process_request /opt/stack/glance/glance/api/middleware/version_negotiation.py:70}}
Aug 18 11:00:53.716599 np0000007637 devstack@g-api.service[103007]: [pid: 103007|app: 0|req: 24/94] 127.0.0.1 () {44 vars in 1115 bytes} [Tue Aug 18 11:00:53 2026] GET /v2/images/01ebc304-d761-4583-bdf9-b6e869c9eb98 => generated 1470 bytes in 21 msecs (HTTP/1.1 200) 4 headers in 158 bytes (1 switches on core 0)
Aug 18 11:00:53.756591 np0000007637 devstack@g-api.service[103004]: DEBUG glance.api.middleware.version_negotiation [None req-535aa146-07a7-4c7b-aca4-c15dd0868ee7 tempest-ServerBootFromVolumeStableRescueTest-1406929369 tempest-ServerBootFromVolumeStableRescueTest-1406929369-project-member] Determining version of request: PUT /v2/images/01ebc304-d761-4583-bdf9-b6e869c9eb98/file Accept: */* {{(pid=103004) process_request /opt/stack/glance/glance/api/middleware/version_negotiation.py:44}}
Aug 18 11:00:53.757004 np0000007637 devstack@g-api.service[103004]: DEBUG glance.api.middleware.version_negotiation [None req-535aa146-07a7-4c7b-aca4-c15dd0868ee7 tempest-ServerBootFromVolumeStableRescueTest-1406929369 tempest-ServerBootFromVolumeStableRescueTest-1406929369-project-member] Using url versioning {{(pid=103004) process_request /opt/stack/glance/glance/api/middleware/version_negotiation.py:57}}
Aug 18 11:00:53.757004 np0000007637 devstack@g-api.service[103004]: DEBUG glance.api.middleware.version_negotiation [None req-535aa146-07a7-4c7b-aca4-c15dd0868ee7 tempest-ServerBootFromVolumeStableRescueTest-1406929369 tempest-ServerBootFromVolumeStableRescueTest-1406929369-project-member] Matched version: v2 {{(pid=103004) process_request /opt/stack/glance/glance/api/middleware/version_negotiation.py:69}}
Aug 18 11:00:53.757132 np0000007637 devstack@g-api.service[103004]: DEBUG glance.api.middleware.version_negotiation [None req-535aa146-07a7-4c7b-aca4-c15dd0868ee7 tempest-ServerBootFromVolumeStableRescueTest-1406929369 tempest-ServerBootFromVolumeStableRescueTest-1406929369-project-member] new path /v2/images/01ebc304-d761-4583-bdf9-b6e869c9eb98/file {{(pid=103004) process_request /opt/stack/glance/glance/api/middleware/version_negotiation.py:70}}
Aug 18 11:00:54.326970 np0000007637 devstack@g-api.service[103005]: DEBUG glance.api.middleware.version_negotiation [None req-535aa146-07a7-4c7b-aca4-c15dd0868ee7 tempest-ServerBootFromVolumeStableRescueTest-1406929369 tempest-ServerBootFromVolumeStableRescueTest-1406929369-project-member] Determining version of request: GET /v2/images/01ebc304-d761-4583-bdf9-b6e869c9eb98 Accept: application/json {{(pid=103005) process_request /opt/stack/glance/glance/api/middleware/version_negotiation.py:44}}
Aug 18 11:00:54.327371 np0000007637 devstack@g-api.service[103005]: DEBUG glance.api.middleware.version_negotiation [None req-535aa146-07a7-4c7b-aca4-c15dd0868ee7 tempest-ServerBootFromVolumeStableRescueTest-1406929369 tempest-ServerBootFromVolumeStableRescueTest-1406929369-project-member] Using url versioning {{(pid=103005) process_request /opt/stack/glance/glance/api/middleware/version_negotiation.py:57}}
Aug 18 11:00:54.327371 np0000007637 devstack@g-api.service[103005]: DEBUG glance.api.middleware.version_negotiation [None req-535aa146-07a7-4c7b-aca4-c15dd0868ee7 tempest-ServerBootFromVolumeStableRescueTest-1406929369 tempest-ServerBootFromVolumeStableRescueTest-1406929369-project-member] Matched version: v2 {{(pid=103005) process_request /opt/stack/glance/glance/api/middleware/version_negotiation.py:69}}
Aug 18 11:00:54.327518 np0000007637 devstack@g-api.service[103005]: DEBUG glance.api.middleware.version_negotiation [None req-535aa146-07a7-4c7b-aca4-c15dd0868ee7 tempest-ServerBootFromVolumeStableRescueTest-1406929369 tempest-ServerBootFromVolumeStableRescueTest-1406929369-project-member] new path /v2/images/01ebc304-d761-4583-bdf9-b6e869c9eb98 {{(pid=103005) process_request /opt/stack/glance/glance/api/middleware/version_negotiation.py:70}}
Aug 18 11:00:54.344034 np0000007637 devstack@g-api.service[103006]: DEBUG glance.api.middleware.version_negotiation [None req-535aa146-07a7-4c7b-aca4-c15dd0868ee7 tempest-ServerBootFromVolumeStableRescueTest-1406929369 tempest-ServerBootFromVolumeStableRescueTest-1406929369-project-member] Determining version of request: GET /v2/schemas/image Accept: */* {{(pid=103006) process_request /opt/stack/glance/glance/api/middleware/version_negotiation.py:44}}
Aug 18 11:00:54.344511 np0000007637 devstack@g-api.service[103006]: DEBUG glance.api.middleware.version_negotiation [None req-535aa146-07a7-4c7b-aca4-c15dd0868ee7 tempest-ServerBootFromVolumeStableRescueTest-1406929369 tempest-ServerBootFromVolumeStableRescueTest-1406929369-project-member] Using url versioning {{(pid=103006) process_request /opt/stack/glance/glance/api/middleware/version_negotiation.py:57}}
Aug 18 11:00:54.344511 np0000007637 devstack@g-api.service[103006]: DEBUG glance.api.middleware.version_negotiation [None req-535aa146-07a7-4c7b-aca4-c15dd0868ee7 tempest-ServerBootFromVolumeStableRescueTest-1406929369 tempest-ServerBootFromVolumeStableRescueTest-1406929369-project-member] Matched version: v2 {{(pid=103006) process_request /opt/stack/glance/glance/api/middleware/version_negotiation.py:69}}
Aug 18 11:00:54.344511 np0000007637 devstack@g-api.service[103006]: DEBUG glance.api.middleware.version_negotiation [None req-535aa146-07a7-4c7b-aca4-c15dd0868ee7 tempest-ServerBootFromVolumeStableRescueTest-1406929369 tempest-ServerBootFromVolumeStableRescueTest-1406929369-project-member] new path /v2/schemas/image {{(pid=103006) process_request /opt/stack/glance/glance/api/middleware/version_negotiation.py:70}}
Aug 18 11:00:54.350155 np0000007637 devstack@g-api.service[103005]: [pid: 103005|app: 0|req: 23/95] 127.0.0.1 () {40 vars in 838 bytes} [Tue Aug 18 11:00:54 2026] GET /v2/images/01ebc304-d761-4583-bdf9-b6e869c9eb98 => generated 1470 bytes in 23 msecs (HTTP/1.1 200) 4 headers in 158 bytes (1 switches on core 0)
Aug 18 11:00:54.395678 np0000007637 devstack@g-api.service[103004]: INFO glance.api.v2.image_data [None req-535aa146-07a7-4c7b-aca4-c15dd0868ee7 tempest-ServerBootFromVolumeStableRescueTest-1406929369 tempest-ServerBootFromVolumeStableRescueTest-1406929369-project-member] Unable to create trust: no such option collect_timing in group [keystone_authtoken] Use the existing user token.
Aug 18 11:00:54.580810 np0000007637 devstack@g-api.service[103006]: [pid: 103006|app: 0|req: 26/96] 127.0.0.1 () {44 vars in 1055 bytes} [Tue Aug 18 11:00:54 2026] GET /v2/schemas/image => generated 6083 bytes in 236 msecs (HTTP/1.1 200) 4 headers in 158 bytes (1 switches on core 0)
Aug 18 11:00:54.592498 np0000007637 devstack@g-api.service[103007]: DEBUG glance.api.middleware.version_negotiation [None req-535aa146-07a7-4c7b-aca4-c15dd0868ee7 tempest-ServerBootFromVolumeStableRescueTest-1406929369 tempest-ServerBootFromVolumeStableRescueTest-1406929369-project-member] Determining version of request: POST /v2/images Accept: */* {{(pid=103007) process_request /opt/stack/glance/glance/api/middleware/version_negotiation.py:44}}
Aug 18 11:00:54.592661 np0000007637 devstack@g-api.service[103007]: DEBUG glance.api.middleware.version_negotiation [None req-535aa146-07a7-4c7b-aca4-c15dd0868ee7 tempest-ServerBootFromVolumeStableRescueTest-1406929369 tempest-ServerBootFromVolumeStableRescueTest-1406929369-project-member] Using url versioning {{(pid=103007) process_request /opt/stack/glance/glance/api/middleware/version_negotiation.py:57}}
Aug 18 11:00:54.592834 np0000007637 devstack@g-api.service[103007]: DEBUG glance.api.middleware.version_negotiation [None req-535aa146-07a7-4c7b-aca4-c15dd0868ee7 tempest-ServerBootFromVolumeStableRescueTest-1406929369 tempest-ServerBootFromVolumeStableRescueTest-1406929369-project-member] Matched version: v2 {{(pid=103007) process_request /opt/stack/glance/glance/api/middleware/version_negotiation.py:69}}
Aug 18 11:00:54.592966 np0000007637 devstack@g-api.service[103007]: DEBUG glance.api.middleware.version_negotiation [None req-535aa146-07a7-4c7b-aca4-c15dd0868ee7 tempest-ServerBootFromVolumeStableRescueTest-1406929369 tempest-ServerBootFromVolumeStableRescueTest-1406929369-project-member] new path /v2/images {{(pid=103007) process_request /opt/stack/glance/glance/api/middleware/version_negotiation.py:70}}
Aug 18 11:00:55.043388 np0000007637 devstack@g-api.service[103004]: DEBUG glance.location [None req-535aa146-07a7-4c7b-aca4-c15dd0868ee7 tempest-ServerBootFromVolumeStableRescueTest-1406929369 tempest-ServerBootFromVolumeStableRescueTest-1406929369-project-member] Enabling in-flight format inspection for qcow2 {{(pid=103004) set_data /opt/stack/glance/glance/location.py:596}}
Aug 18 11:00:55.043869 np0000007637 devstack@g-api.service[103004]: DEBUG glance_store.backend [None req-535aa146-07a7-4c7b-aca4-c15dd0868ee7 tempest-ServerBootFromVolumeStableRescueTest-1406929369 tempest-ServerBootFromVolumeStableRescueTest-1406929369-project-member] Attempting to import store swift {{(pid=103004) _load_store /opt/stack/data/venv/lib/python3.12/site-packages/glance_store/backend.py:215}}
Aug 18 11:00:55.045397 np0000007637 devstack@g-api.service[103004]: DEBUG glance_store.capabilities [None req-535aa146-07a7-4c7b-aca4-c15dd0868ee7 tempest-ServerBootFromVolumeStableRescueTest-1406929369 tempest-ServerBootFromVolumeStableRescueTest-1406929369-project-member] Store glance_store._drivers.swift.store.SingleTenantStore doesn't support updating dynamic storage capabilities. Please overwrite 'update_capabilities' method of the store to implement updating logics if needed. {{(pid=103004) update_capabilities /opt/stack/data/venv/lib/python3.12/site-packages/glance_store/capabilities.py:91}}
Aug 18 11:00:55.045605 np0000007637 devstack@g-api.service[103004]: DEBUG glance_store.driver [None req-535aa146-07a7-4c7b-aca4-c15dd0868ee7 tempest-ServerBootFromVolumeStableRescueTest-1406929369 tempest-ServerBootFromVolumeStableRescueTest-1406929369-project-member] Late loading location class glance_store._drivers.swift.store.StoreLocation {{(pid=103004) get_store_location_class /opt/stack/data/venv/lib/python3.12/site-packages/glance_store/driver.py:134}}
Aug 18 11:00:55.045746 np0000007637 devstack@g-api.service[103004]: DEBUG glance_store.location [None req-535aa146-07a7-4c7b-aca4-c15dd0868ee7 tempest-ServerBootFromVolumeStableRescueTest-1406929369 tempest-ServerBootFromVolumeStableRescueTest-1406929369-project-member] Registering scheme swift+https with {'store': , 'location_class': , 'store_entry': 'swift'} {{(pid=103004) register_scheme_map /opt/stack/data/venv/lib/python3.12/site-packages/glance_store/location.py:146}}
Aug 18 11:00:55.045915 np0000007637 devstack@g-api.service[103004]: DEBUG glance_store.location [None req-535aa146-07a7-4c7b-aca4-c15dd0868ee7 tempest-ServerBootFromVolumeStableRescueTest-1406929369 tempest-ServerBootFromVolumeStableRescueTest-1406929369-project-member] Registering scheme swift+https with {'store': , 'location_class': , 'store_entry': 'swift'} {{(pid=103004) register_scheme_map /opt/stack/data/venv/lib/python3.12/site-packages/glance_store/location.py:146}}
Aug 18 11:00:55.046000 np0000007637 devstack@g-api.service[103004]: DEBUG glance_store.location [None req-535aa146-07a7-4c7b-aca4-c15dd0868ee7 tempest-ServerBootFromVolumeStableRescueTest-1406929369 tempest-ServerBootFromVolumeStableRescueTest-1406929369-project-member] Registering scheme swift with {'store': , 'location_class': , 'store_entry': 'swift'} {{(pid=103004) register_scheme_map /opt/stack/data/venv/lib/python3.12/site-packages/glance_store/location.py:146}}
Aug 18 11:00:55.046133 np0000007637 devstack@g-api.service[103004]: DEBUG glance_store.location [None req-535aa146-07a7-4c7b-aca4-c15dd0868ee7 tempest-ServerBootFromVolumeStableRescueTest-1406929369 tempest-ServerBootFromVolumeStableRescueTest-1406929369-project-member] Registering scheme swift+https with {'store': , 'location_class': , 'store_entry': 'swift'} {{(pid=103004) register_scheme_map /opt/stack/data/venv/lib/python3.12/site-packages/glance_store/location.py:146}}
Aug 18 11:00:55.046267 np0000007637 devstack@g-api.service[103004]: DEBUG glance_store.location [None req-535aa146-07a7-4c7b-aca4-c15dd0868ee7 tempest-ServerBootFromVolumeStableRescueTest-1406929369 tempest-ServerBootFromVolumeStableRescueTest-1406929369-project-member] Registering scheme swift with {'store': , 'location_class': , 'store_entry': 'swift'} {{(pid=103004) register_scheme_map /opt/stack/data/venv/lib/python3.12/site-packages/glance_store/location.py:146}}
Aug 18 11:00:55.046380 np0000007637 devstack@g-api.service[103004]: DEBUG glance_store.location [None req-535aa146-07a7-4c7b-aca4-c15dd0868ee7 tempest-ServerBootFromVolumeStableRescueTest-1406929369 tempest-ServerBootFromVolumeStableRescueTest-1406929369-project-member] Registering scheme swift+http with {'store': , 'location_class': , 'store_entry': 'swift'} {{(pid=103004) register_scheme_map /opt/stack/data/venv/lib/python3.12/site-packages/glance_store/location.py:146}}
Aug 18 11:00:55.046495 np0000007637 devstack@g-api.service[103004]: DEBUG glance_store.location [None req-535aa146-07a7-4c7b-aca4-c15dd0868ee7 tempest-ServerBootFromVolumeStableRescueTest-1406929369 tempest-ServerBootFromVolumeStableRescueTest-1406929369-project-member] Registering scheme swift+https with {'store': , 'location_class': , 'store_entry': 'swift'} {{(pid=103004) register_scheme_map /opt/stack/data/venv/lib/python3.12/site-packages/glance_store/location.py:146}}
Aug 18 11:00:55.046608 np0000007637 devstack@g-api.service[103004]: DEBUG glance_store.location [None req-535aa146-07a7-4c7b-aca4-c15dd0868ee7 tempest-ServerBootFromVolumeStableRescueTest-1406929369 tempest-ServerBootFromVolumeStableRescueTest-1406929369-project-member] Registering scheme swift with {'store': , 'location_class': , 'store_entry': 'swift'} {{(pid=103004) register_scheme_map /opt/stack/data/venv/lib/python3.12/site-packages/glance_store/location.py:146}}
Aug 18 11:00:55.046718 np0000007637 devstack@g-api.service[103004]: DEBUG glance_store.location [None req-535aa146-07a7-4c7b-aca4-c15dd0868ee7 tempest-ServerBootFromVolumeStableRescueTest-1406929369 tempest-ServerBootFromVolumeStableRescueTest-1406929369-project-member] Registering scheme swift+http with {'store': , 'location_class': , 'store_entry': 'swift'} {{(pid=103004) register_scheme_map /opt/stack/data/venv/lib/python3.12/site-packages/glance_store/location.py:146}}
Aug 18 11:00:55.046838 np0000007637 devstack@g-api.service[103004]: DEBUG glance_store.location [None req-535aa146-07a7-4c7b-aca4-c15dd0868ee7 tempest-ServerBootFromVolumeStableRescueTest-1406929369 tempest-ServerBootFromVolumeStableRescueTest-1406929369-project-member] Registering scheme swift+config with {'store': , 'location_class': , 'store_entry': 'swift'} {{(pid=103004) register_scheme_map /opt/stack/data/venv/lib/python3.12/site-packages/glance_store/location.py:146}}
Aug 18 11:00:55.247708 np0000007637 devstack@g-api.service[103007]: [pid: 103007|app: 0|req: 25/97] 127.0.0.1 () {46 vars in 1055 bytes} [Tue Aug 18 11:00:54 2026] POST /v2/images => generated 649 bytes in 655 msecs (HTTP/1.1 201) 6 headers in 315 bytes (1 switches on core 0)
Aug 18 11:00:55.259603 np0000007637 devstack@g-api.service[103005]: DEBUG glance.api.middleware.version_negotiation [None req-5cd967e9-5d56-4c52-8419-cfcad0fa84f7 tempest-ServerBootFromVolumeStableRescueTest-1406929369 tempest-ServerBootFromVolumeStableRescueTest-1406929369-project-member] Determining version of request: GET /v2/schemas/image Accept: */* {{(pid=103005) process_request /opt/stack/glance/glance/api/middleware/version_negotiation.py:44}}
Aug 18 11:00:55.259731 np0000007637 devstack@g-api.service[103005]: DEBUG glance.api.middleware.version_negotiation [None req-5cd967e9-5d56-4c52-8419-cfcad0fa84f7 tempest-ServerBootFromVolumeStableRescueTest-1406929369 tempest-ServerBootFromVolumeStableRescueTest-1406929369-project-member] Using url versioning {{(pid=103005) process_request /opt/stack/glance/glance/api/middleware/version_negotiation.py:57}}
Aug 18 11:00:55.259934 np0000007637 devstack@g-api.service[103005]: DEBUG glance.api.middleware.version_negotiation [None req-5cd967e9-5d56-4c52-8419-cfcad0fa84f7 tempest-ServerBootFromVolumeStableRescueTest-1406929369 tempest-ServerBootFromVolumeStableRescueTest-1406929369-project-member] Matched version: v2 {{(pid=103005) process_request /opt/stack/glance/glance/api/middleware/version_negotiation.py:69}}
Aug 18 11:00:55.259934 np0000007637 devstack@g-api.service[103005]: DEBUG glance.api.middleware.version_negotiation [None req-5cd967e9-5d56-4c52-8419-cfcad0fa84f7 tempest-ServerBootFromVolumeStableRescueTest-1406929369 tempest-ServerBootFromVolumeStableRescueTest-1406929369-project-member] new path /v2/schemas/image {{(pid=103005) process_request /opt/stack/glance/glance/api/middleware/version_negotiation.py:70}}
Aug 18 11:00:55.262005 np0000007637 devstack@g-api.service[103005]: [pid: 103005|app: 0|req: 24/98] 127.0.0.1 () {44 vars in 1055 bytes} [Tue Aug 18 11:00:55 2026] GET /v2/schemas/image => generated 6083 bytes in 2 msecs (HTTP/1.1 200) 4 headers in 158 bytes (1 switches on core 0)
Aug 18 11:00:55.277161 np0000007637 devstack@g-api.service[103006]: DEBUG glance.api.middleware.version_negotiation [None req-d9dcc7cf-736d-4118-9aa0-4afc5e3069c0 tempest-TestImageHashVerification-975649659 tempest-TestImageHashVerification-975649659-project-member] Determining version of request: GET /v2/images/6d0c7a8f-a1a2-4df7-9ad1-7bcdf7cd19d2 Accept: application/json {{(pid=103006) process_request /opt/stack/glance/glance/api/middleware/version_negotiation.py:44}}
Aug 18 11:00:55.277365 np0000007637 devstack@g-api.service[103006]: DEBUG glance.api.middleware.version_negotiation [None req-d9dcc7cf-736d-4118-9aa0-4afc5e3069c0 tempest-TestImageHashVerification-975649659 tempest-TestImageHashVerification-975649659-project-member] Using url versioning {{(pid=103006) process_request /opt/stack/glance/glance/api/middleware/version_negotiation.py:57}}
Aug 18 11:00:55.277525 np0000007637 devstack@g-api.service[103006]: DEBUG glance.api.middleware.version_negotiation [None req-d9dcc7cf-736d-4118-9aa0-4afc5e3069c0 tempest-TestImageHashVerification-975649659 tempest-TestImageHashVerification-975649659-project-member] Matched version: v2 {{(pid=103006) process_request /opt/stack/glance/glance/api/middleware/version_negotiation.py:69}}
Aug 18 11:00:55.277641 np0000007637 devstack@g-api.service[103006]: DEBUG glance.api.middleware.version_negotiation [None req-d9dcc7cf-736d-4118-9aa0-4afc5e3069c0 tempest-TestImageHashVerification-975649659 tempest-TestImageHashVerification-975649659-project-member] new path /v2/images/6d0c7a8f-a1a2-4df7-9ad1-7bcdf7cd19d2 {{(pid=103006) process_request /opt/stack/glance/glance/api/middleware/version_negotiation.py:70}}
Aug 18 11:00:55.285989 np0000007637 devstack@g-api.service[103006]: [pid: 103006|app: 0|req: 27/99] 127.0.0.1 () {40 vars in 838 bytes} [Tue Aug 18 11:00:55 2026] GET /v2/images/6d0c7a8f-a1a2-4df7-9ad1-7bcdf7cd19d2 => generated 649 bytes in 9 msecs (HTTP/1.1 200) 4 headers in 157 bytes (1 switches on core 0)
Aug 18 11:00:55.359290 np0000007637 devstack@g-api.service[103007]: DEBUG glance.api.middleware.version_negotiation [None req-d9dcc7cf-736d-4118-9aa0-4afc5e3069c0 tempest-TestImageHashVerification-975649659 tempest-TestImageHashVerification-975649659-project-member] Determining version of request: GET /v2/images/01ebc304-d761-4583-bdf9-b6e869c9eb98 Accept: application/json {{(pid=103007) process_request /opt/stack/glance/glance/api/middleware/version_negotiation.py:44}}
Aug 18 11:00:55.359415 np0000007637 devstack@g-api.service[103007]: DEBUG glance.api.middleware.version_negotiation [None req-d9dcc7cf-736d-4118-9aa0-4afc5e3069c0 tempest-TestImageHashVerification-975649659 tempest-TestImageHashVerification-975649659-project-member] Using url versioning {{(pid=103007) process_request /opt/stack/glance/glance/api/middleware/version_negotiation.py:57}}
Aug 18 11:00:55.359538 np0000007637 devstack@g-api.service[103007]: DEBUG glance.api.middleware.version_negotiation [None req-d9dcc7cf-736d-4118-9aa0-4afc5e3069c0 tempest-TestImageHashVerification-975649659 tempest-TestImageHashVerification-975649659-project-member] Matched version: v2 {{(pid=103007) process_request /opt/stack/glance/glance/api/middleware/version_negotiation.py:69}}
Aug 18 11:00:55.359626 np0000007637 devstack@g-api.service[103007]: DEBUG glance.api.middleware.version_negotiation [None req-d9dcc7cf-736d-4118-9aa0-4afc5e3069c0 tempest-TestImageHashVerification-975649659 tempest-TestImageHashVerification-975649659-project-member] new path /v2/images/01ebc304-d761-4583-bdf9-b6e869c9eb98 {{(pid=103007) process_request /opt/stack/glance/glance/api/middleware/version_negotiation.py:70}}
Aug 18 11:00:55.368407 np0000007637 devstack@g-api.service[103007]: [pid: 103007|app: 0|req: 26/100] 127.0.0.1 () {40 vars in 838 bytes} [Tue Aug 18 11:00:55 2026] GET /v2/images/01ebc304-d761-4583-bdf9-b6e869c9eb98 => generated 1470 bytes in 9 msecs (HTTP/1.1 200) 4 headers in 158 bytes (1 switches on core 0)
Aug 18 11:00:55.552742 np0000007637 devstack@g-api.service[103004]: DEBUG swiftclient [None req-535aa146-07a7-4c7b-aca4-c15dd0868ee7 tempest-ServerBootFromVolumeStableRescueTest-1406929369 tempest-ServerBootFromVolumeStableRescueTest-1406929369-project-member] REQ: curl -i https://10.4.3.243:8080/v1/AUTH_96be746461e843a2b2b3b8eaffaf61d3/glance -I -H "X-Auth-Token: gAAAAABqhDtnHimt..." {{(pid=103004) http_log /opt/stack/data/venv/lib/python3.12/site-packages/swiftclient/client.py:160}}
Aug 18 11:00:55.552877 np0000007637 devstack@g-api.service[103004]: DEBUG swiftclient [None req-535aa146-07a7-4c7b-aca4-c15dd0868ee7 tempest-ServerBootFromVolumeStableRescueTest-1406929369 tempest-ServerBootFromVolumeStableRescueTest-1406929369-project-member] RESP STATUS: 204 No Content {{(pid=103004) http_log /opt/stack/data/venv/lib/python3.12/site-packages/swiftclient/client.py:161}}
Aug 18 11:00:55.553062 np0000007637 devstack@g-api.service[103004]: DEBUG swiftclient [None req-535aa146-07a7-4c7b-aca4-c15dd0868ee7 tempest-ServerBootFromVolumeStableRescueTest-1406929369 tempest-ServerBootFromVolumeStableRescueTest-1406929369-project-member] RESP HEADERS: {'Date': 'Tue, 18 Aug 2026 11:00:55 GMT', 'Server': 'Apache/2.4.58 (Ubuntu)', 'Content-Type': 'text/plain; charset=utf-8', 'X-Container-Object-Count': '3', 'X-Container-Bytes-Used': '64356352', 'X-Timestamp': '1787050661.94013', 'Last-Modified': 'Tue, 18 Aug 2026 10:57:42 GMT', 'Accept-Ranges': 'bytes', 'X-Storage-Policy': 'Policy-0', 'X-Container-Sharding': 'False', 'Vary': 'Accept', 'X-Trans-Id': 'txec72f264e89148c39f05b-006a843b67', 'X-Openstack-Request-Id': 'txec72f264e89148c39f05b-006a843b67', 'Connection': 'close'} {{(pid=103004) http_log /opt/stack/data/venv/lib/python3.12/site-packages/swiftclient/client.py:162}}
Aug 18 11:00:55.553263 np0000007637 devstack@g-api.service[103004]: DEBUG glance_store._drivers.swift.store [None req-535aa146-07a7-4c7b-aca4-c15dd0868ee7 tempest-ServerBootFromVolumeStableRescueTest-1406929369 tempest-ServerBootFromVolumeStableRescueTest-1406929369-project-member] Adding image object '01ebc304-d761-4583-bdf9-b6e869c9eb98' to Swift {{(pid=103004) add /opt/stack/data/venv/lib/python3.12/site-packages/glance_store/_drivers/swift/store.py:970}}
Aug 18 11:00:55.553365 np0000007637 devstack@g-api.service[103004]: DEBUG glance_store._drivers.swift.store [None req-535aa146-07a7-4c7b-aca4-c15dd0868ee7 tempest-ServerBootFromVolumeStableRescueTest-1406929369 tempest-ServerBootFromVolumeStableRescueTest-1406929369-project-member] Cannot determine image size because it is either not provided in the request or chunked-transfer encoding is used. Adding image as a segmented object to Swift. {{(pid=103004) add /opt/stack/data/venv/lib/python3.12/site-packages/glance_store/_drivers/swift/store.py:994}}
Aug 18 11:00:55.559020 np0000007637 devstack@g-api.service[103004]: DEBUG oslo_utils.imageutils.format_inspector [None req-535aa146-07a7-4c7b-aca4-c15dd0868ee7 tempest-ServerBootFromVolumeStableRescueTest-1406929369 tempest-ServerBootFromVolumeStableRescueTest-1406929369-project-member] Format inspector for vmdk does not match, excluding from consideration (Signature KDMV not found: b'QFI\xfb') {{(pid=103004) _process_chunk /opt/stack/data/venv/lib/python3.12/site-packages/oslo_utils/imageutils/format_inspector.py:1758}}
Aug 18 11:00:55.563472 np0000007637 devstack@g-api.service[103004]: DEBUG oslo_utils.imageutils.format_inspector [None req-535aa146-07a7-4c7b-aca4-c15dd0868ee7 tempest-ServerBootFromVolumeStableRescueTest-1406929369 tempest-ServerBootFromVolumeStableRescueTest-1406929369-project-member] Format inspector for vhdx does not match, excluding from consideration (Region signature not found at 30000) {{(pid=103004) _process_chunk /opt/stack/data/venv/lib/python3.12/site-packages/oslo_utils/imageutils/format_inspector.py:1758}}
Aug 18 11:00:56.294622 np0000007637 devstack@g-api.service[103005]: DEBUG glance.api.middleware.version_negotiation [None req-d9dcc7cf-736d-4118-9aa0-4afc5e3069c0 tempest-TestImageHashVerification-975649659 tempest-TestImageHashVerification-975649659-project-member] Determining version of request: GET /v2/images/6d0c7a8f-a1a2-4df7-9ad1-7bcdf7cd19d2 Accept: application/json {{(pid=103005) process_request /opt/stack/glance/glance/api/middleware/version_negotiation.py:44}}
Aug 18 11:00:56.294948 np0000007637 devstack@g-api.service[103005]: DEBUG glance.api.middleware.version_negotiation [None req-d9dcc7cf-736d-4118-9aa0-4afc5e3069c0 tempest-TestImageHashVerification-975649659 tempest-TestImageHashVerification-975649659-project-member] Using url versioning {{(pid=103005) process_request /opt/stack/glance/glance/api/middleware/version_negotiation.py:57}}
Aug 18 11:00:56.295149 np0000007637 devstack@g-api.service[103005]: DEBUG glance.api.middleware.version_negotiation [None req-d9dcc7cf-736d-4118-9aa0-4afc5e3069c0 tempest-TestImageHashVerification-975649659 tempest-TestImageHashVerification-975649659-project-member] Matched version: v2 {{(pid=103005) process_request /opt/stack/glance/glance/api/middleware/version_negotiation.py:69}}
Aug 18 11:00:56.295329 np0000007637 devstack@g-api.service[103005]: DEBUG glance.api.middleware.version_negotiation [None req-d9dcc7cf-736d-4118-9aa0-4afc5e3069c0 tempest-TestImageHashVerification-975649659 tempest-TestImageHashVerification-975649659-project-member] new path /v2/images/6d0c7a8f-a1a2-4df7-9ad1-7bcdf7cd19d2 {{(pid=103005) process_request /opt/stack/glance/glance/api/middleware/version_negotiation.py:70}}
Aug 18 11:00:56.304761 np0000007637 devstack@g-api.service[103005]: [pid: 103005|app: 0|req: 25/101] 127.0.0.1 () {40 vars in 838 bytes} [Tue Aug 18 11:00:56 2026] GET /v2/images/6d0c7a8f-a1a2-4df7-9ad1-7bcdf7cd19d2 => generated 649 bytes in 10 msecs (HTTP/1.1 200) 4 headers in 157 bytes (1 switches on core 0)
Aug 18 11:00:56.377569 np0000007637 devstack@g-api.service[103006]: DEBUG glance.api.middleware.version_negotiation [None req-f0ec11f9-fc4b-4b33-9b37-ac99bf41eca1 tempest-TestImageHashVerification-975649659 tempest-TestImageHashVerification-975649659-project-member] Determining version of request: GET /v2/images/01ebc304-d761-4583-bdf9-b6e869c9eb98 Accept: application/json {{(pid=103006) process_request /opt/stack/glance/glance/api/middleware/version_negotiation.py:44}}
Aug 18 11:00:56.377937 np0000007637 devstack@g-api.service[103006]: DEBUG glance.api.middleware.version_negotiation [None req-f0ec11f9-fc4b-4b33-9b37-ac99bf41eca1 tempest-TestImageHashVerification-975649659 tempest-TestImageHashVerification-975649659-project-member] Using url versioning {{(pid=103006) process_request /opt/stack/glance/glance/api/middleware/version_negotiation.py:57}}
Aug 18 11:00:56.377937 np0000007637 devstack@g-api.service[103006]: DEBUG glance.api.middleware.version_negotiation [None req-f0ec11f9-fc4b-4b33-9b37-ac99bf41eca1 tempest-TestImageHashVerification-975649659 tempest-TestImageHashVerification-975649659-project-member] Matched version: v2 {{(pid=103006) process_request /opt/stack/glance/glance/api/middleware/version_negotiation.py:69}}
Aug 18 11:00:56.378055 np0000007637 devstack@g-api.service[103006]: DEBUG glance.api.middleware.version_negotiation [None req-f0ec11f9-fc4b-4b33-9b37-ac99bf41eca1 tempest-TestImageHashVerification-975649659 tempest-TestImageHashVerification-975649659-project-member] new path /v2/images/01ebc304-d761-4583-bdf9-b6e869c9eb98 {{(pid=103006) process_request /opt/stack/glance/glance/api/middleware/version_negotiation.py:70}}
Aug 18 11:00:56.393248 np0000007637 devstack@g-api.service[103006]: [pid: 103006|app: 0|req: 28/102] 127.0.0.1 () {40 vars in 838 bytes} [Tue Aug 18 11:00:56 2026] GET /v2/images/01ebc304-d761-4583-bdf9-b6e869c9eb98 => generated 1470 bytes in 16 msecs (HTTP/1.1 200) 4 headers in 158 bytes (1 switches on core 0)
Aug 18 11:00:57.244883 np0000007637 devstack@g-api.service[103004]: DEBUG swiftclient [None req-535aa146-07a7-4c7b-aca4-c15dd0868ee7 tempest-ServerBootFromVolumeStableRescueTest-1406929369 tempest-ServerBootFromVolumeStableRescueTest-1406929369-project-member] REQ: curl -i https://10.4.3.243:8080/v1/AUTH_96be746461e843a2b2b3b8eaffaf61d3/glance/01ebc304-d761-4583-bdf9-b6e869c9eb98-00001 -X PUT -H "X-Auth-Token: gAAAAABqhDtnHimt..." {{(pid=103004) http_log /opt/stack/data/venv/lib/python3.12/site-packages/swiftclient/client.py:160}}
Aug 18 11:00:57.245848 np0000007637 devstack@g-api.service[103004]: DEBUG swiftclient [None req-535aa146-07a7-4c7b-aca4-c15dd0868ee7 tempest-ServerBootFromVolumeStableRescueTest-1406929369 tempest-ServerBootFromVolumeStableRescueTest-1406929369-project-member] RESP STATUS: 201 Created {{(pid=103004) http_log /opt/stack/data/venv/lib/python3.12/site-packages/swiftclient/client.py:161}}
Aug 18 11:00:57.245848 np0000007637 devstack@g-api.service[103004]: DEBUG swiftclient [None req-535aa146-07a7-4c7b-aca4-c15dd0868ee7 tempest-ServerBootFromVolumeStableRescueTest-1406929369 tempest-ServerBootFromVolumeStableRescueTest-1406929369-project-member] RESP HEADERS: {'Date': 'Tue, 18 Aug 2026 11:00:57 GMT', 'Server': 'Apache/2.4.58 (Ubuntu)', 'Content-Type': 'text/html; charset=UTF-8', 'Content-Length': '0', 'Etag': '4fa343ee581d8d2e78533191fd1ac3e1', 'Last-Modified': 'Tue, 18 Aug 2026 11:00:56 GMT', 'X-Trans-Id': 'txbc8798fb44fa4e4b8181a-006a843b67', 'X-Openstack-Request-Id': 'txbc8798fb44fa4e4b8181a-006a843b67', 'Connection': 'close'} {{(pid=103004) http_log /opt/stack/data/venv/lib/python3.12/site-packages/swiftclient/client.py:162}}
Aug 18 11:00:57.245848 np0000007637 devstack@g-api.service[103004]: DEBUG glance_store._drivers.swift.store [None req-535aa146-07a7-4c7b-aca4-c15dd0868ee7 tempest-ServerBootFromVolumeStableRescueTest-1406929369 tempest-ServerBootFromVolumeStableRescueTest-1406929369-project-member] Wrote chunk 01ebc304-d761-4583-bdf9-b6e869c9eb98-00001 (1/?) of length 23527424 to Swift returning MD5 of content: 4fa343ee581d8d2e78533191fd1ac3e1 {{(pid=103004) add /opt/stack/data/venv/lib/python3.12/site-packages/glance_store/_drivers/swift/store.py:1059}}
Aug 18 11:00:57.248700 np0000007637 devstack@g-api.service[103004]: DEBUG glance_store._drivers.swift.store [None req-535aa146-07a7-4c7b-aca4-c15dd0868ee7 tempest-ServerBootFromVolumeStableRescueTest-1406929369 tempest-ServerBootFromVolumeStableRescueTest-1406929369-project-member] Not writing zero-length chunk. {{(pid=103004) add /opt/stack/data/venv/lib/python3.12/site-packages/glance_store/_drivers/swift/store.py:1028}}
Aug 18 11:00:57.271756 np0000007637 devstack@g-api.service[103004]: DEBUG swiftclient [None req-535aa146-07a7-4c7b-aca4-c15dd0868ee7 tempest-ServerBootFromVolumeStableRescueTest-1406929369 tempest-ServerBootFromVolumeStableRescueTest-1406929369-project-member] REQ: curl -i https://10.4.3.243:8080/v1/AUTH_96be746461e843a2b2b3b8eaffaf61d3/glance/01ebc304-d761-4583-bdf9-b6e869c9eb98 -X PUT -H "X-Object-Manifest: glance/01ebc304-d761-4583-bdf9-b6e869c9eb98-" -H "X-Auth-Token: gAAAAABqhDtnHimt..." -H "Content-Length: 0" {{(pid=103004) http_log /opt/stack/data/venv/lib/python3.12/site-packages/swiftclient/client.py:160}}
Aug 18 11:00:57.271756 np0000007637 devstack@g-api.service[103004]: DEBUG swiftclient [None req-535aa146-07a7-4c7b-aca4-c15dd0868ee7 tempest-ServerBootFromVolumeStableRescueTest-1406929369 tempest-ServerBootFromVolumeStableRescueTest-1406929369-project-member] RESP STATUS: 201 Created {{(pid=103004) http_log /opt/stack/data/venv/lib/python3.12/site-packages/swiftclient/client.py:161}}
Aug 18 11:00:57.271756 np0000007637 devstack@g-api.service[103004]: DEBUG swiftclient [None req-535aa146-07a7-4c7b-aca4-c15dd0868ee7 tempest-ServerBootFromVolumeStableRescueTest-1406929369 tempest-ServerBootFromVolumeStableRescueTest-1406929369-project-member] RESP HEADERS: {'Date': 'Tue, 18 Aug 2026 11:00:57 GMT', 'Server': 'Apache/2.4.58 (Ubuntu)', 'Content-Type': 'text/html; charset=UTF-8', 'Content-Length': '0', 'Etag': 'd41d8cd98f00b204e9800998ecf8427e', 'Last-Modified': 'Tue, 18 Aug 2026 11:00:58 GMT', 'X-Trans-Id': 'txee8e2d40655f456b921e4-006a843b69', 'X-Openstack-Request-Id': 'txee8e2d40655f456b921e4-006a843b69', 'Connection': 'close'} {{(pid=103004) http_log /opt/stack/data/venv/lib/python3.12/site-packages/swiftclient/client.py:162}}
Aug 18 11:00:57.271756 np0000007637 devstack@g-api.service[103004]: INFO glance.location [None req-535aa146-07a7-4c7b-aca4-c15dd0868ee7 tempest-ServerBootFromVolumeStableRescueTest-1406929369 tempest-ServerBootFromVolumeStableRescueTest-1406929369-project-member] Image format matched and virtual size computed: 1073741824
Aug 18 11:00:57.316684 np0000007637 devstack@g-api.service[103007]: DEBUG glance.api.middleware.version_negotiation [None req-a983e003-c1d3-400e-8ccc-4484971366a3 tempest-ServerBootFromVolumeStableRescueTest-1406929369 tempest-ServerBootFromVolumeStableRescueTest-1406929369-project-member] Determining version of request: GET /v2/images/6d0c7a8f-a1a2-4df7-9ad1-7bcdf7cd19d2 Accept: application/json {{(pid=103007) process_request /opt/stack/glance/glance/api/middleware/version_negotiation.py:44}}
Aug 18 11:00:57.317095 np0000007637 devstack@g-api.service[103007]: DEBUG glance.api.middleware.version_negotiation [None req-a983e003-c1d3-400e-8ccc-4484971366a3 tempest-ServerBootFromVolumeStableRescueTest-1406929369 tempest-ServerBootFromVolumeStableRescueTest-1406929369-project-member] Using url versioning {{(pid=103007) process_request /opt/stack/glance/glance/api/middleware/version_negotiation.py:57}}
Aug 18 11:00:57.317095 np0000007637 devstack@g-api.service[103007]: DEBUG glance.api.middleware.version_negotiation [None req-a983e003-c1d3-400e-8ccc-4484971366a3 tempest-ServerBootFromVolumeStableRescueTest-1406929369 tempest-ServerBootFromVolumeStableRescueTest-1406929369-project-member] Matched version: v2 {{(pid=103007) process_request /opt/stack/glance/glance/api/middleware/version_negotiation.py:69}}
Aug 18 11:00:57.317095 np0000007637 devstack@g-api.service[103007]: DEBUG glance.api.middleware.version_negotiation [None req-a983e003-c1d3-400e-8ccc-4484971366a3 tempest-ServerBootFromVolumeStableRescueTest-1406929369 tempest-ServerBootFromVolumeStableRescueTest-1406929369-project-member] new path /v2/images/6d0c7a8f-a1a2-4df7-9ad1-7bcdf7cd19d2 {{(pid=103007) process_request /opt/stack/glance/glance/api/middleware/version_negotiation.py:70}}
Aug 18 11:00:57.328912 np0000007637 devstack@g-api.service[103004]: DEBUG glance_store.backend [None req-535aa146-07a7-4c7b-aca4-c15dd0868ee7 tempest-ServerBootFromVolumeStableRescueTest-1406929369 tempest-ServerBootFromVolumeStableRescueTest-1406929369-project-member] Attempting to import store swift {{(pid=103004) _load_store /opt/stack/data/venv/lib/python3.12/site-packages/glance_store/backend.py:215}}
Aug 18 11:00:57.330008 np0000007637 devstack@g-api.service[103004]: DEBUG glance_store.capabilities [None req-535aa146-07a7-4c7b-aca4-c15dd0868ee7 tempest-ServerBootFromVolumeStableRescueTest-1406929369 tempest-ServerBootFromVolumeStableRescueTest-1406929369-project-member] Store glance_store._drivers.swift.store.SingleTenantStore doesn't support updating dynamic storage capabilities. Please overwrite 'update_capabilities' method of the store to implement updating logics if needed. {{(pid=103004) update_capabilities /opt/stack/data/venv/lib/python3.12/site-packages/glance_store/capabilities.py:91}}
Aug 18 11:00:57.330257 np0000007637 devstack@g-api.service[103004]: DEBUG glance_store.driver [None req-535aa146-07a7-4c7b-aca4-c15dd0868ee7 tempest-ServerBootFromVolumeStableRescueTest-1406929369 tempest-ServerBootFromVolumeStableRescueTest-1406929369-project-member] Late loading location class glance_store._drivers.swift.store.StoreLocation {{(pid=103004) get_store_location_class /opt/stack/data/venv/lib/python3.12/site-packages/glance_store/driver.py:134}}
Aug 18 11:00:57.330417 np0000007637 devstack@g-api.service[103004]: DEBUG glance_store.location [None req-535aa146-07a7-4c7b-aca4-c15dd0868ee7 tempest-ServerBootFromVolumeStableRescueTest-1406929369 tempest-ServerBootFromVolumeStableRescueTest-1406929369-project-member] Registering scheme swift+https with {'store': , 'location_class': , 'store_entry': 'swift'} {{(pid=103004) register_scheme_map /opt/stack/data/venv/lib/python3.12/site-packages/glance_store/location.py:146}}
Aug 18 11:00:57.330606 np0000007637 devstack@g-api.service[103004]: DEBUG glance_store.location [None req-535aa146-07a7-4c7b-aca4-c15dd0868ee7 tempest-ServerBootFromVolumeStableRescueTest-1406929369 tempest-ServerBootFromVolumeStableRescueTest-1406929369-project-member] Registering scheme swift+https with {'store': , 'location_class': , 'store_entry': 'swift'} {{(pid=103004) register_scheme_map /opt/stack/data/venv/lib/python3.12/site-packages/glance_store/location.py:146}}
Aug 18 11:00:57.330805 np0000007637 devstack@g-api.service[103004]: DEBUG glance_store.location [None req-535aa146-07a7-4c7b-aca4-c15dd0868ee7 tempest-ServerBootFromVolumeStableRescueTest-1406929369 tempest-ServerBootFromVolumeStableRescueTest-1406929369-project-member] Registering scheme swift with {'store': , 'location_class': , 'store_entry': 'swift'} {{(pid=103004) register_scheme_map /opt/stack/data/venv/lib/python3.12/site-packages/glance_store/location.py:146}}
