Aug 18 11:03:29.106407 np0000007637 devstack@g-api.service[103004]: [pid: 103004|app: 0|req: 64/266] 127.0.0.1 () {40 vars in 838 bytes} [Tue Aug 18 11:03:29 2026] GET /v2/images/9dc16cc3-0dfe-4ed4-938a-af69bf99cd0b => generated 649 bytes in 11 msecs (HTTP/1.1 200) 4 headers in 157 bytes (1 switches on core 0)
Aug 18 11:03:29.356813 np0000007637 devstack@g-api.service[103007]: DEBUG glance.api.middleware.version_negotiation [None req-d3409572-4ce7-4e1e-9e2d-f6f9ea79b231 tempest-VolumesActionsTest-366796545 tempest-VolumesActionsTest-366796545-project-member] Determining version of request: PUT /v2/images/9dc16cc3-0dfe-4ed4-938a-af69bf99cd0b/file Accept: */* {{(pid=103007) process_request /opt/stack/glance/glance/api/middleware/version_negotiation.py:44}}
Aug 18 11:03:29.357197 np0000007637 devstack@g-api.service[103007]: DEBUG glance.api.middleware.version_negotiation [None req-d3409572-4ce7-4e1e-9e2d-f6f9ea79b231 tempest-VolumesActionsTest-366796545 tempest-VolumesActionsTest-366796545-project-member] Using url versioning {{(pid=103007) process_request /opt/stack/glance/glance/api/middleware/version_negotiation.py:57}}
Aug 18 11:03:29.357197 np0000007637 devstack@g-api.service[103007]: DEBUG glance.api.middleware.version_negotiation [None req-d3409572-4ce7-4e1e-9e2d-f6f9ea79b231 tempest-VolumesActionsTest-366796545 tempest-VolumesActionsTest-366796545-project-member] Matched version: v2 {{(pid=103007) process_request /opt/stack/glance/glance/api/middleware/version_negotiation.py:69}}
Aug 18 11:03:29.357197 np0000007637 devstack@g-api.service[103007]: DEBUG glance.api.middleware.version_negotiation [None req-d3409572-4ce7-4e1e-9e2d-f6f9ea79b231 tempest-VolumesActionsTest-366796545 tempest-VolumesActionsTest-366796545-project-member] new path /v2/images/9dc16cc3-0dfe-4ed4-938a-af69bf99cd0b/file {{(pid=103007) process_request /opt/stack/glance/glance/api/middleware/version_negotiation.py:70}}
Aug 18 11:03:29.881108 np0000007637 devstack@g-api.service[103007]: INFO glance.api.v2.image_data [None req-e1b3088a-1d1e-4478-a4f8-b058677dee97 tempest-VolumesActionsTest-366796545 tempest-VolumesActionsTest-366796545-project-member] Unable to create trust: no such option collect_timing in group [keystone_authtoken] Use the existing user token.
Aug 18 11:03:30.119401 np0000007637 devstack@g-api.service[103005]: DEBUG glance.api.middleware.version_negotiation [None req-36497c54-3c62-4066-9988-77d957aac1f4 tempest-VolumesExtendAttachedTest-1379242381 tempest-VolumesExtendAttachedTest-1379242381-project-member] Determining version of request: GET /v2/images/9dc16cc3-0dfe-4ed4-938a-af69bf99cd0b Accept: application/json {{(pid=103005) process_request /opt/stack/glance/glance/api/middleware/version_negotiation.py:44}}
Aug 18 11:03:30.119841 np0000007637 devstack@g-api.service[103005]: DEBUG glance.api.middleware.version_negotiation [None req-36497c54-3c62-4066-9988-77d957aac1f4 tempest-VolumesExtendAttachedTest-1379242381 tempest-VolumesExtendAttachedTest-1379242381-project-member] Using url versioning {{(pid=103005) process_request /opt/stack/glance/glance/api/middleware/version_negotiation.py:57}}
Aug 18 11:03:30.119841 np0000007637 devstack@g-api.service[103005]: DEBUG glance.api.middleware.version_negotiation [None req-36497c54-3c62-4066-9988-77d957aac1f4 tempest-VolumesExtendAttachedTest-1379242381 tempest-VolumesExtendAttachedTest-1379242381-project-member] Matched version: v2 {{(pid=103005) process_request /opt/stack/glance/glance/api/middleware/version_negotiation.py:69}}
Aug 18 11:03:30.120454 np0000007637 devstack@g-api.service[103005]: DEBUG glance.api.middleware.version_negotiation [None req-36497c54-3c62-4066-9988-77d957aac1f4 tempest-VolumesExtendAttachedTest-1379242381 tempest-VolumesExtendAttachedTest-1379242381-project-member] new path /v2/images/9dc16cc3-0dfe-4ed4-938a-af69bf99cd0b {{(pid=103005) process_request /opt/stack/glance/glance/api/middleware/version_negotiation.py:70}}
Aug 18 11:03:30.131380 np0000007637 devstack@g-api.service[103005]: [pid: 103005|app: 0|req: 70/267] 127.0.0.1 () {40 vars in 838 bytes} [Tue Aug 18 11:03:30 2026] GET /v2/images/9dc16cc3-0dfe-4ed4-938a-af69bf99cd0b => generated 649 bytes in 12 msecs (HTTP/1.1 200) 4 headers in 157 bytes (1 switches on core 0)
Aug 18 11:03:30.357253 np0000007637 devstack@g-api.service[103007]: DEBUG glance.location [None req-e1b3088a-1d1e-4478-a4f8-b058677dee97 tempest-VolumesActionsTest-366796545 tempest-VolumesActionsTest-366796545-project-member] Enabling in-flight format inspection for raw {{(pid=103007) set_data /opt/stack/glance/glance/location.py:596}}
Aug 18 11:03:30.357632 np0000007637 devstack@g-api.service[103007]: DEBUG glance_store.backend [None req-e1b3088a-1d1e-4478-a4f8-b058677dee97 tempest-VolumesActionsTest-366796545 tempest-VolumesActionsTest-366796545-project-member] Attempting to import store swift {{(pid=103007) _load_store /opt/stack/data/venv/lib/python3.12/site-packages/glance_store/backend.py:215}}
Aug 18 11:03:30.360837 np0000007637 devstack@g-api.service[103007]: DEBUG glance_store.capabilities [None req-e1b3088a-1d1e-4478-a4f8-b058677dee97 tempest-VolumesActionsTest-366796545 tempest-VolumesActionsTest-366796545-project-member] Store glance_store._drivers.swift.store.SingleTenantStore doesn't support updating dynamic storage capabilities. Please overwrite 'update_capabilities' method of the store to implement updating logics if needed. {{(pid=103007) update_capabilities /opt/stack/data/venv/lib/python3.12/site-packages/glance_store/capabilities.py:91}}
Aug 18 11:03:30.360962 np0000007637 devstack@g-api.service[103007]: DEBUG glance_store.driver [None req-e1b3088a-1d1e-4478-a4f8-b058677dee97 tempest-VolumesActionsTest-366796545 tempest-VolumesActionsTest-366796545-project-member] Late loading location class glance_store._drivers.swift.store.StoreLocation {{(pid=103007) get_store_location_class /opt/stack/data/venv/lib/python3.12/site-packages/glance_store/driver.py:134}}
Aug 18 11:03:30.361092 np0000007637 devstack@g-api.service[103007]: DEBUG glance_store.location [None req-e1b3088a-1d1e-4478-a4f8-b058677dee97 tempest-VolumesActionsTest-366796545 tempest-VolumesActionsTest-366796545-project-member] Registering scheme swift+https with {'store': , 'location_class': , 'store_entry': 'swift'} {{(pid=103007) register_scheme_map /opt/stack/data/venv/lib/python3.12/site-packages/glance_store/location.py:146}}
Aug 18 11:03:30.361235 np0000007637 devstack@g-api.service[103007]: DEBUG glance_store.location [None req-e1b3088a-1d1e-4478-a4f8-b058677dee97 tempest-VolumesActionsTest-366796545 tempest-VolumesActionsTest-366796545-project-member] Registering scheme swift+https with {'store': , 'location_class': , 'store_entry': 'swift'} {{(pid=103007) register_scheme_map /opt/stack/data/venv/lib/python3.12/site-packages/glance_store/location.py:146}}
Aug 18 11:03:30.361360 np0000007637 devstack@g-api.service[103007]: DEBUG glance_store.location [None req-e1b3088a-1d1e-4478-a4f8-b058677dee97 tempest-VolumesActionsTest-366796545 tempest-VolumesActionsTest-366796545-project-member] Registering scheme swift with {'store': , 'location_class': , 'store_entry': 'swift'} {{(pid=103007) register_scheme_map /opt/stack/data/venv/lib/python3.12/site-packages/glance_store/location.py:146}}
Aug 18 11:03:30.361483 np0000007637 devstack@g-api.service[103007]: DEBUG glance_store.location [None req-e1b3088a-1d1e-4478-a4f8-b058677dee97 tempest-VolumesActionsTest-366796545 tempest-VolumesActionsTest-366796545-project-member] Registering scheme swift+https with {'store': , 'location_class': , 'store_entry': 'swift'} {{(pid=103007) register_scheme_map /opt/stack/data/venv/lib/python3.12/site-packages/glance_store/location.py:146}}
Aug 18 11:03:30.361588 np0000007637 devstack@g-api.service[103007]: DEBUG glance_store.location [None req-e1b3088a-1d1e-4478-a4f8-b058677dee97 tempest-VolumesActionsTest-366796545 tempest-VolumesActionsTest-366796545-project-member] Registering scheme swift with {'store': , 'location_class': , 'store_entry': 'swift'} {{(pid=103007) register_scheme_map /opt/stack/data/venv/lib/python3.12/site-packages/glance_store/location.py:146}}
Aug 18 11:03:30.361700 np0000007637 devstack@g-api.service[103007]: DEBUG glance_store.location [None req-e1b3088a-1d1e-4478-a4f8-b058677dee97 tempest-VolumesActionsTest-366796545 tempest-VolumesActionsTest-366796545-project-member] Registering scheme swift+http with {'store': , 'location_class': , 'store_entry': 'swift'} {{(pid=103007) register_scheme_map /opt/stack/data/venv/lib/python3.12/site-packages/glance_store/location.py:146}}
Aug 18 11:03:30.361811 np0000007637 devstack@g-api.service[103007]: DEBUG glance_store.location [None req-e1b3088a-1d1e-4478-a4f8-b058677dee97 tempest-VolumesActionsTest-366796545 tempest-VolumesActionsTest-366796545-project-member] Registering scheme swift+https with {'store': , 'location_class': , 'store_entry': 'swift'} {{(pid=103007) register_scheme_map /opt/stack/data/venv/lib/python3.12/site-packages/glance_store/location.py:146}}
Aug 18 11:03:30.361923 np0000007637 devstack@g-api.service[103007]: DEBUG glance_store.location [None req-e1b3088a-1d1e-4478-a4f8-b058677dee97 tempest-VolumesActionsTest-366796545 tempest-VolumesActionsTest-366796545-project-member] Registering scheme swift with {'store': , 'location_class': , 'store_entry': 'swift'} {{(pid=103007) register_scheme_map /opt/stack/data/venv/lib/python3.12/site-packages/glance_store/location.py:146}}
Aug 18 11:03:30.362033 np0000007637 devstack@g-api.service[103007]: DEBUG glance_store.location [None req-e1b3088a-1d1e-4478-a4f8-b058677dee97 tempest-VolumesActionsTest-366796545 tempest-VolumesActionsTest-366796545-project-member] Registering scheme swift+http with {'store': , 'location_class': , 'store_entry': 'swift'} {{(pid=103007) register_scheme_map /opt/stack/data/venv/lib/python3.12/site-packages/glance_store/location.py:146}}
Aug 18 11:03:30.363597 np0000007637 devstack@g-api.service[103007]: DEBUG glance_store.location [None req-e1b3088a-1d1e-4478-a4f8-b058677dee97 tempest-VolumesActionsTest-366796545 tempest-VolumesActionsTest-366796545-project-member] Registering scheme swift+config with {'store': , 'location_class': , 'store_entry': 'swift'} {{(pid=103007) register_scheme_map /opt/stack/data/venv/lib/python3.12/site-packages/glance_store/location.py:146}}
Aug 18 11:03:30.565026 np0000007637 devstack@g-api.service[103007]: DEBUG swiftclient [None req-e1b3088a-1d1e-4478-a4f8-b058677dee97 tempest-VolumesActionsTest-366796545 tempest-VolumesActionsTest-366796545-project-member] REQ: curl -i https://10.4.3.243:8080/v1/AUTH_96be746461e843a2b2b3b8eaffaf61d3/glance -I -H "X-Auth-Token: gAAAAABqhDwCoF8-..." {{(pid=103007) http_log /opt/stack/data/venv/lib/python3.12/site-packages/swiftclient/client.py:160}}
Aug 18 11:03:30.565159 np0000007637 devstack@g-api.service[103007]: DEBUG swiftclient [None req-e1b3088a-1d1e-4478-a4f8-b058677dee97 tempest-VolumesActionsTest-366796545 tempest-VolumesActionsTest-366796545-project-member] RESP STATUS: 204 No Content {{(pid=103007) http_log /opt/stack/data/venv/lib/python3.12/site-packages/swiftclient/client.py:161}}
Aug 18 11:03:30.565371 np0000007637 devstack@g-api.service[103007]: DEBUG swiftclient [None req-e1b3088a-1d1e-4478-a4f8-b058677dee97 tempest-VolumesActionsTest-366796545 tempest-VolumesActionsTest-366796545-project-member] RESP HEADERS: {'Date': 'Tue, 18 Aug 2026 11:03:30 GMT', 'Server': 'Apache/2.4.58 (Ubuntu)', 'Content-Type': 'text/plain; charset=utf-8', 'X-Container-Object-Count': '3', 'X-Container-Bytes-Used': '64356352', 'X-Timestamp': '1787050661.94013', 'Last-Modified': 'Tue, 18 Aug 2026 10:57:42 GMT', 'Accept-Ranges': 'bytes', 'X-Storage-Policy': 'Policy-0', 'X-Container-Sharding': 'False', 'Vary': 'Accept', 'X-Trans-Id': 'tx9f0033b71ade4217a28a6-006a843c02', 'X-Openstack-Request-Id': 'tx9f0033b71ade4217a28a6-006a843c02', 'Connection': 'close'} {{(pid=103007) http_log /opt/stack/data/venv/lib/python3.12/site-packages/swiftclient/client.py:162}}
Aug 18 11:03:30.565591 np0000007637 devstack@g-api.service[103007]: DEBUG glance_store._drivers.swift.store [None req-e1b3088a-1d1e-4478-a4f8-b058677dee97 tempest-VolumesActionsTest-366796545 tempest-VolumesActionsTest-366796545-project-member] Adding image object '9dc16cc3-0dfe-4ed4-938a-af69bf99cd0b' to Swift {{(pid=103007) add /opt/stack/data/venv/lib/python3.12/site-packages/glance_store/_drivers/swift/store.py:970}}
Aug 18 11:03:30.565703 np0000007637 devstack@g-api.service[103007]: DEBUG glance_store._drivers.swift.store [None req-e1b3088a-1d1e-4478-a4f8-b058677dee97 tempest-VolumesActionsTest-366796545 tempest-VolumesActionsTest-366796545-project-member] Cannot determine image size because it is either not provided in the request or chunked-transfer encoding is used. Adding image as a segmented object to Swift. {{(pid=103007) add /opt/stack/data/venv/lib/python3.12/site-packages/glance_store/_drivers/swift/store.py:994}}
Aug 18 11:03:30.572247 np0000007637 devstack@g-api.service[103007]: DEBUG oslo_utils.imageutils.format_inspector [None req-e1b3088a-1d1e-4478-a4f8-b058677dee97 tempest-VolumesActionsTest-366796545 tempest-VolumesActionsTest-366796545-project-member] Format inspector for vmdk does not match, excluding from consideration (Signature KDMV not found: b'\x00\x00\x00\x00') {{(pid=103007) _process_chunk /opt/stack/data/venv/lib/python3.12/site-packages/oslo_utils/imageutils/format_inspector.py:1758}}
Aug 18 11:03:30.574680 np0000007637 devstack@g-api.service[103007]: DEBUG oslo_utils.imageutils.format_inspector [None req-e1b3088a-1d1e-4478-a4f8-b058677dee97 tempest-VolumesActionsTest-366796545 tempest-VolumesActionsTest-366796545-project-member] Format inspector for vhdx does not match, excluding from consideration (Region signature not found at 30000) {{(pid=103007) _process_chunk /opt/stack/data/venv/lib/python3.12/site-packages/oslo_utils/imageutils/format_inspector.py:1758}}
Aug 18 11:03:31.142378 np0000007637 devstack@g-api.service[103006]: DEBUG glance.api.middleware.version_negotiation [None req-36497c54-3c62-4066-9988-77d957aac1f4 tempest-VolumesExtendAttachedTest-1379242381 tempest-VolumesExtendAttachedTest-1379242381-project-member] Determining version of request: GET /v2/images/9dc16cc3-0dfe-4ed4-938a-af69bf99cd0b Accept: application/json {{(pid=103006) process_request /opt/stack/glance/glance/api/middleware/version_negotiation.py:44}}
Aug 18 11:03:31.142817 np0000007637 devstack@g-api.service[103006]: DEBUG glance.api.middleware.version_negotiation [None req-36497c54-3c62-4066-9988-77d957aac1f4 tempest-VolumesExtendAttachedTest-1379242381 tempest-VolumesExtendAttachedTest-1379242381-project-member] Using url versioning {{(pid=103006) process_request /opt/stack/glance/glance/api/middleware/version_negotiation.py:57}}
Aug 18 11:03:31.142817 np0000007637 devstack@g-api.service[103006]: DEBUG glance.api.middleware.version_negotiation [None req-36497c54-3c62-4066-9988-77d957aac1f4 tempest-VolumesExtendAttachedTest-1379242381 tempest-VolumesExtendAttachedTest-1379242381-project-member] Matched version: v2 {{(pid=103006) process_request /opt/stack/glance/glance/api/middleware/version_negotiation.py:69}}
Aug 18 11:03:31.142817 np0000007637 devstack@g-api.service[103006]: DEBUG glance.api.middleware.version_negotiation [None req-36497c54-3c62-4066-9988-77d957aac1f4 tempest-VolumesExtendAttachedTest-1379242381 tempest-VolumesExtendAttachedTest-1379242381-project-member] new path /v2/images/9dc16cc3-0dfe-4ed4-938a-af69bf99cd0b {{(pid=103006) process_request /opt/stack/glance/glance/api/middleware/version_negotiation.py:70}}
Aug 18 11:03:31.159736 np0000007637 devstack@g-api.service[103006]: [pid: 103006|app: 0|req: 72/268] 127.0.0.1 () {40 vars in 838 bytes} [Tue Aug 18 11:03:31 2026] GET /v2/images/9dc16cc3-0dfe-4ed4-938a-af69bf99cd0b => generated 649 bytes in 17 msecs (HTTP/1.1 200) 4 headers in 157 bytes (1 switches on core 0)
Aug 18 11:03:32.174475 np0000007637 devstack@g-api.service[103004]: DEBUG glance.api.middleware.version_negotiation [None req-dff55ae9-3658-49a3-b618-1d105a84527a tempest-VolumesActionsTest-366796545 tempest-VolumesActionsTest-366796545-project-member] Determining version of request: GET /v2/images/9dc16cc3-0dfe-4ed4-938a-af69bf99cd0b Accept: application/json {{(pid=103004) process_request /opt/stack/glance/glance/api/middleware/version_negotiation.py:44}}
Aug 18 11:03:32.174475 np0000007637 devstack@g-api.service[103004]: DEBUG glance.api.middleware.version_negotiation [None req-dff55ae9-3658-49a3-b618-1d105a84527a tempest-VolumesActionsTest-366796545 tempest-VolumesActionsTest-366796545-project-member] Using url versioning {{(pid=103004) process_request /opt/stack/glance/glance/api/middleware/version_negotiation.py:57}}
Aug 18 11:03:32.174475 np0000007637 devstack@g-api.service[103004]: DEBUG glance.api.middleware.version_negotiation [None req-dff55ae9-3658-49a3-b618-1d105a84527a tempest-VolumesActionsTest-366796545 tempest-VolumesActionsTest-366796545-project-member] Matched version: v2 {{(pid=103004) process_request /opt/stack/glance/glance/api/middleware/version_negotiation.py:69}}
Aug 18 11:03:32.174475 np0000007637 devstack@g-api.service[103004]: DEBUG glance.api.middleware.version_negotiation [None req-dff55ae9-3658-49a3-b618-1d105a84527a tempest-VolumesActionsTest-366796545 tempest-VolumesActionsTest-366796545-project-member] new path /v2/images/9dc16cc3-0dfe-4ed4-938a-af69bf99cd0b {{(pid=103004) process_request /opt/stack/glance/glance/api/middleware/version_negotiation.py:70}}
Aug 18 11:03:32.200104 np0000007637 devstack@g-api.service[103004]: [pid: 103004|app: 0|req: 65/269] 127.0.0.1 () {40 vars in 838 bytes} [Tue Aug 18 11:03:32 2026] GET /v2/images/9dc16cc3-0dfe-4ed4-938a-af69bf99cd0b => generated 649 bytes in 26 msecs (HTTP/1.1 200) 4 headers in 157 bytes (1 switches on core 0)
Aug 18 11:03:32.450013 np0000007637 devstack@g-api.service[103007]: DEBUG swiftclient [None req-e1b3088a-1d1e-4478-a4f8-b058677dee97 tempest-VolumesActionsTest-366796545 tempest-VolumesActionsTest-366796545-project-member] REQ: curl -i https://10.4.3.243:8080/v1/AUTH_96be746461e843a2b2b3b8eaffaf61d3/glance/9dc16cc3-0dfe-4ed4-938a-af69bf99cd0b-00001 -X PUT -H "X-Auth-Token: gAAAAABqhDwCoF8-..." {{(pid=103007) http_log /opt/stack/data/venv/lib/python3.12/site-packages/swiftclient/client.py:160}}
Aug 18 11:03:32.450368 np0000007637 devstack@g-api.service[103007]: DEBUG swiftclient [None req-e1b3088a-1d1e-4478-a4f8-b058677dee97 tempest-VolumesActionsTest-366796545 tempest-VolumesActionsTest-366796545-project-member] RESP STATUS: 201 Created {{(pid=103007) http_log /opt/stack/data/venv/lib/python3.12/site-packages/swiftclient/client.py:161}}
Aug 18 11:03:32.450368 np0000007637 devstack@g-api.service[103007]: DEBUG swiftclient [None req-e1b3088a-1d1e-4478-a4f8-b058677dee97 tempest-VolumesActionsTest-366796545 tempest-VolumesActionsTest-366796545-project-member] RESP HEADERS: {'Date': 'Tue, 18 Aug 2026 11:03:32 GMT', 'Server': 'Apache/2.4.58 (Ubuntu)', 'Content-Type': 'text/html; charset=UTF-8', 'Content-Length': '0', 'Etag': 'eda9a9889837ac4bc81d6387d92c1bec', 'Last-Modified': 'Tue, 18 Aug 2026 11:03:31 GMT', 'X-Trans-Id': 'txfc61d4c9f018453da13a1-006a843c02', 'X-Openstack-Request-Id': 'txfc61d4c9f018453da13a1-006a843c02', 'Connection': 'close'} {{(pid=103007) http_log /opt/stack/data/venv/lib/python3.12/site-packages/swiftclient/client.py:162}}
Aug 18 11:03:32.450368 np0000007637 devstack@g-api.service[103007]: DEBUG glance_store._drivers.swift.store [None req-e1b3088a-1d1e-4478-a4f8-b058677dee97 tempest-VolumesActionsTest-366796545 tempest-VolumesActionsTest-366796545-project-member] Wrote chunk 9dc16cc3-0dfe-4ed4-938a-af69bf99cd0b-00001 (1/?) of length 204800000 to Swift returning MD5 of content: eda9a9889837ac4bc81d6387d92c1bec {{(pid=103007) add /opt/stack/data/venv/lib/python3.12/site-packages/glance_store/_drivers/swift/store.py:1059}}
Aug 18 11:03:33.208510 np0000007637 devstack@g-api.service[103005]: DEBUG glance.api.middleware.version_negotiation [None req-147da462-f344-4708-a0ab-c972e8898377 tempest-VolumesActionsTest-366796545 tempest-VolumesActionsTest-366796545-project-member] Determining version of request: GET /v2/images/9dc16cc3-0dfe-4ed4-938a-af69bf99cd0b Accept: application/json {{(pid=103005) process_request /opt/stack/glance/glance/api/middleware/version_negotiation.py:44}}
Aug 18 11:03:33.208895 np0000007637 devstack@g-api.service[103005]: DEBUG glance.api.middleware.version_negotiation [None req-147da462-f344-4708-a0ab-c972e8898377 tempest-VolumesActionsTest-366796545 tempest-VolumesActionsTest-366796545-project-member] Using url versioning {{(pid=103005) process_request /opt/stack/glance/glance/api/middleware/version_negotiation.py:57}}
Aug 18 11:03:33.208975 np0000007637 devstack@g-api.service[103005]: DEBUG glance.api.middleware.version_negotiation [None req-147da462-f344-4708-a0ab-c972e8898377 tempest-VolumesActionsTest-366796545 tempest-VolumesActionsTest-366796545-project-member] Matched version: v2 {{(pid=103005) process_request /opt/stack/glance/glance/api/middleware/version_negotiation.py:69}}
Aug 18 11:03:33.209162 np0000007637 devstack@g-api.service[103005]: DEBUG glance.api.middleware.version_negotiation [None req-147da462-f344-4708-a0ab-c972e8898377 tempest-VolumesActionsTest-366796545 tempest-VolumesActionsTest-366796545-project-member] new path /v2/images/9dc16cc3-0dfe-4ed4-938a-af69bf99cd0b {{(pid=103005) process_request /opt/stack/glance/glance/api/middleware/version_negotiation.py:70}}
Aug 18 11:03:33.224092 np0000007637 devstack@g-api.service[103005]: [pid: 103005|app: 0|req: 71/270] 127.0.0.1 () {40 vars in 838 bytes} [Tue Aug 18 11:03:33 2026] GET /v2/images/9dc16cc3-0dfe-4ed4-938a-af69bf99cd0b => generated 649 bytes in 16 msecs (HTTP/1.1 200) 4 headers in 157 bytes (1 switches on core 0)
Aug 18 11:03:34.234030 np0000007637 devstack@g-api.service[103006]: DEBUG glance.api.middleware.version_negotiation [None req-cd89e711-a71e-4122-9d76-b81718a3d4ab tempest-VolumesActionsTest-366796545 tempest-VolumesActionsTest-366796545-project-member] Determining version of request: GET /v2/images/9dc16cc3-0dfe-4ed4-938a-af69bf99cd0b Accept: application/json {{(pid=103006) process_request /opt/stack/glance/glance/api/middleware/version_negotiation.py:44}}
Aug 18 11:03:34.234030 np0000007637 devstack@g-api.service[103006]: DEBUG glance.api.middleware.version_negotiation [None req-cd89e711-a71e-4122-9d76-b81718a3d4ab tempest-VolumesActionsTest-366796545 tempest-VolumesActionsTest-366796545-project-member] Using url versioning {{(pid=103006) process_request /opt/stack/glance/glance/api/middleware/version_negotiation.py:57}}
Aug 18 11:03:34.234501 np0000007637 devstack@g-api.service[103006]: DEBUG glance.api.middleware.version_negotiation [None req-cd89e711-a71e-4122-9d76-b81718a3d4ab tempest-VolumesActionsTest-366796545 tempest-VolumesActionsTest-366796545-project-member] Matched version: v2 {{(pid=103006) process_request /opt/stack/glance/glance/api/middleware/version_negotiation.py:69}}
Aug 18 11:03:34.234501 np0000007637 devstack@g-api.service[103006]: DEBUG glance.api.middleware.version_negotiation [None req-cd89e711-a71e-4122-9d76-b81718a3d4ab tempest-VolumesActionsTest-366796545 tempest-VolumesActionsTest-366796545-project-member] new path /v2/images/9dc16cc3-0dfe-4ed4-938a-af69bf99cd0b {{(pid=103006) process_request /opt/stack/glance/glance/api/middleware/version_negotiation.py:70}}
Aug 18 11:03:34.259083 np0000007637 devstack@g-api.service[103006]: [pid: 103006|app: 0|req: 73/271] 127.0.0.1 () {40 vars in 838 bytes} [Tue Aug 18 11:03:34 2026] GET /v2/images/9dc16cc3-0dfe-4ed4-938a-af69bf99cd0b => generated 649 bytes in 25 msecs (HTTP/1.1 200) 4 headers in 157 bytes (1 switches on core 0)
Aug 18 11:03:34.385206 np0000007637 devstack@g-api.service[103007]: DEBUG swiftclient [None req-e1b3088a-1d1e-4478-a4f8-b058677dee97 tempest-VolumesActionsTest-366796545 tempest-VolumesActionsTest-366796545-project-member] REQ: curl -i https://10.4.3.243:8080/v1/AUTH_96be746461e843a2b2b3b8eaffaf61d3/glance/9dc16cc3-0dfe-4ed4-938a-af69bf99cd0b-00002 -X PUT -H "X-Auth-Token: gAAAAABqhDwCoF8-..." {{(pid=103007) http_log /opt/stack/data/venv/lib/python3.12/site-packages/swiftclient/client.py:160}}
Aug 18 11:03:34.385555 np0000007637 devstack@g-api.service[103007]: DEBUG swiftclient [None req-e1b3088a-1d1e-4478-a4f8-b058677dee97 tempest-VolumesActionsTest-366796545 tempest-VolumesActionsTest-366796545-project-member] RESP STATUS: 201 Created {{(pid=103007) http_log /opt/stack/data/venv/lib/python3.12/site-packages/swiftclient/client.py:161}}
Aug 18 11:03:34.385555 np0000007637 devstack@g-api.service[103007]: DEBUG swiftclient [None req-e1b3088a-1d1e-4478-a4f8-b058677dee97 tempest-VolumesActionsTest-366796545 tempest-VolumesActionsTest-366796545-project-member] RESP HEADERS: {'Date': 'Tue, 18 Aug 2026 11:03:34 GMT', 'Server': 'Apache/2.4.58 (Ubuntu)', 'Content-Type': 'text/html; charset=UTF-8', 'Content-Length': '0', 'Etag': 'eda9a9889837ac4bc81d6387d92c1bec', 'Last-Modified': 'Tue, 18 Aug 2026 11:03:33 GMT', 'X-Trans-Id': 'txf06e56f7efd84b55aeab4-006a843c04', 'X-Openstack-Request-Id': 'txf06e56f7efd84b55aeab4-006a843c04', 'Connection': 'close'} {{(pid=103007) http_log /opt/stack/data/venv/lib/python3.12/site-packages/swiftclient/client.py:162}}
Aug 18 11:03:34.385555 np0000007637 devstack@g-api.service[103007]: DEBUG glance_store._drivers.swift.store [None req-e1b3088a-1d1e-4478-a4f8-b058677dee97 tempest-VolumesActionsTest-366796545 tempest-VolumesActionsTest-366796545-project-member] Wrote chunk 9dc16cc3-0dfe-4ed4-938a-af69bf99cd0b-00002 (2/?) of length 204800000 to Swift returning MD5 of content: eda9a9889837ac4bc81d6387d92c1bec {{(pid=103007) add /opt/stack/data/venv/lib/python3.12/site-packages/glance_store/_drivers/swift/store.py:1059}}
Aug 18 11:03:35.272152 np0000007637 devstack@g-api.service[103004]: DEBUG glance.api.middleware.version_negotiation [None req-bb34a1b5-14c1-4161-b83a-b4a674fe771a tempest-VolumesActionsTest-366796545 tempest-VolumesActionsTest-366796545-project-member] Determining version of request: GET /v2/images/9dc16cc3-0dfe-4ed4-938a-af69bf99cd0b Accept: application/json {{(pid=103004) process_request /opt/stack/glance/glance/api/middleware/version_negotiation.py:44}}
Aug 18 11:03:35.272669 np0000007637 devstack@g-api.service[103004]: DEBUG glance.api.middleware.version_negotiation [None req-bb34a1b5-14c1-4161-b83a-b4a674fe771a tempest-VolumesActionsTest-366796545 tempest-VolumesActionsTest-366796545-project-member] Using url versioning {{(pid=103004) process_request /opt/stack/glance/glance/api/middleware/version_negotiation.py:57}}
Aug 18 11:03:35.272669 np0000007637 devstack@g-api.service[103004]: DEBUG glance.api.middleware.version_negotiation [None req-bb34a1b5-14c1-4161-b83a-b4a674fe771a tempest-VolumesActionsTest-366796545 tempest-VolumesActionsTest-366796545-project-member] Matched version: v2 {{(pid=103004) process_request /opt/stack/glance/glance/api/middleware/version_negotiation.py:69}}
Aug 18 11:03:35.272669 np0000007637 devstack@g-api.service[103004]: DEBUG glance.api.middleware.version_negotiation [None req-bb34a1b5-14c1-4161-b83a-b4a674fe771a tempest-VolumesActionsTest-366796545 tempest-VolumesActionsTest-366796545-project-member] new path /v2/images/9dc16cc3-0dfe-4ed4-938a-af69bf99cd0b {{(pid=103004) process_request /opt/stack/glance/glance/api/middleware/version_negotiation.py:70}}
Aug 18 11:03:35.296753 np0000007637 devstack@g-api.service[103004]: [pid: 103004|app: 0|req: 66/272] 127.0.0.1 () {40 vars in 838 bytes} [Tue Aug 18 11:03:35 2026] GET /v2/images/9dc16cc3-0dfe-4ed4-938a-af69bf99cd0b => generated 649 bytes in 24 msecs (HTTP/1.1 200) 4 headers in 157 bytes (1 switches on core 0)
Aug 18 11:03:35.714002 np0000007637 devstack@g-api.service[103005]: DEBUG glance.api.middleware.version_negotiation [None req-34530ba7-25dd-4ce0-bcc0-602a17cdc6b2 tempest-VolumesActionsTest-366796545 tempest-VolumesActionsTest-366796545-project-member] Determining version of request: GET /v2/schemas/image Accept: */* {{(pid=103005) process_request /opt/stack/glance/glance/api/middleware/version_negotiation.py:44}}
Aug 18 11:03:35.714434 np0000007637 devstack@g-api.service[103005]: DEBUG glance.api.middleware.version_negotiation [None req-34530ba7-25dd-4ce0-bcc0-602a17cdc6b2 tempest-VolumesActionsTest-366796545 tempest-VolumesActionsTest-366796545-project-member] Using url versioning {{(pid=103005) process_request /opt/stack/glance/glance/api/middleware/version_negotiation.py:57}}
Aug 18 11:03:35.714471 np0000007637 devstack@g-api.service[103005]: DEBUG glance.api.middleware.version_negotiation [None req-34530ba7-25dd-4ce0-bcc0-602a17cdc6b2 tempest-VolumesActionsTest-366796545 tempest-VolumesActionsTest-366796545-project-member] Matched version: v2 {{(pid=103005) process_request /opt/stack/glance/glance/api/middleware/version_negotiation.py:69}}
Aug 18 11:03:35.714677 np0000007637 devstack@g-api.service[103005]: DEBUG glance.api.middleware.version_negotiation [None req-34530ba7-25dd-4ce0-bcc0-602a17cdc6b2 tempest-VolumesActionsTest-366796545 tempest-VolumesActionsTest-366796545-project-member] new path /v2/schemas/image {{(pid=103005) process_request /opt/stack/glance/glance/api/middleware/version_negotiation.py:70}}
Aug 18 11:03:35.722320 np0000007637 devstack@g-api.service[103005]: [pid: 103005|app: 0|req: 72/273] 127.0.0.1 () {44 vars in 1055 bytes} [Tue Aug 18 11:03:35 2026] GET /v2/schemas/image => generated 6083 bytes in 8 msecs (HTTP/1.1 200) 4 headers in 158 bytes (1 switches on core 0)
Aug 18 11:03:35.783237 np0000007637 devstack@g-api.service[103006]: DEBUG glance.api.middleware.version_negotiation [None req-626a06a7-ad98-4df5-824d-a6697afa9528 tempest-VolumesActionsTest-366796545 tempest-VolumesActionsTest-366796545-project-member] Determining version of request: POST /v2/images Accept: */* {{(pid=103006) process_request /opt/stack/glance/glance/api/middleware/version_negotiation.py:44}}
Aug 18 11:03:35.783602 np0000007637 devstack@g-api.service[103006]: DEBUG glance.api.middleware.version_negotiation [None req-626a06a7-ad98-4df5-824d-a6697afa9528 tempest-VolumesActionsTest-366796545 tempest-VolumesActionsTest-366796545-project-member] Using url versioning {{(pid=103006) process_request /opt/stack/glance/glance/api/middleware/version_negotiation.py:57}}
Aug 18 11:03:35.783602 np0000007637 devstack@g-api.service[103006]: DEBUG glance.api.middleware.version_negotiation [None req-626a06a7-ad98-4df5-824d-a6697afa9528 tempest-VolumesActionsTest-366796545 tempest-VolumesActionsTest-366796545-project-member] Matched version: v2 {{(pid=103006) process_request /opt/stack/glance/glance/api/middleware/version_negotiation.py:69}}
Aug 18 11:03:35.783731 np0000007637 devstack@g-api.service[103006]: DEBUG glance.api.middleware.version_negotiation [None req-626a06a7-ad98-4df5-824d-a6697afa9528 tempest-VolumesActionsTest-366796545 tempest-VolumesActionsTest-366796545-project-member] new path /v2/images {{(pid=103006) process_request /opt/stack/glance/glance/api/middleware/version_negotiation.py:70}}
Aug 18 11:03:36.297910 np0000007637 devstack@g-api.service[103007]: DEBUG swiftclient [None req-e1b3088a-1d1e-4478-a4f8-b058677dee97 tempest-VolumesActionsTest-366796545 tempest-VolumesActionsTest-366796545-project-member] REQ: curl -i https://10.4.3.243:8080/v1/AUTH_96be746461e843a2b2b3b8eaffaf61d3/glance/9dc16cc3-0dfe-4ed4-938a-af69bf99cd0b-00003 -X PUT -H "X-Auth-Token: gAAAAABqhDwCoF8-..." {{(pid=103007) http_log /opt/stack/data/venv/lib/python3.12/site-packages/swiftclient/client.py:160}}
Aug 18 11:03:36.298420 np0000007637 devstack@g-api.service[103007]: DEBUG swiftclient [None req-e1b3088a-1d1e-4478-a4f8-b058677dee97 tempest-VolumesActionsTest-366796545 tempest-VolumesActionsTest-366796545-project-member] RESP STATUS: 201 Created {{(pid=103007) http_log /opt/stack/data/venv/lib/python3.12/site-packages/swiftclient/client.py:161}}
Aug 18 11:03:36.298420 np0000007637 devstack@g-api.service[103007]: DEBUG swiftclient [None req-e1b3088a-1d1e-4478-a4f8-b058677dee97 tempest-VolumesActionsTest-366796545 tempest-VolumesActionsTest-366796545-project-member] RESP HEADERS: {'Date': 'Tue, 18 Aug 2026 11:03:36 GMT', 'Server': 'Apache/2.4.58 (Ubuntu)', 'Content-Type': 'text/html; charset=UTF-8', 'Content-Length': '0', 'Etag': 'eda9a9889837ac4bc81d6387d92c1bec', 'Last-Modified': 'Tue, 18 Aug 2026 11:03:35 GMT', 'X-Trans-Id': 'txb6e6494b653444abae87a-006a843c06', 'X-Openstack-Request-Id': 'txb6e6494b653444abae87a-006a843c06', 'Connection': 'close'} {{(pid=103007) http_log /opt/stack/data/venv/lib/python3.12/site-packages/swiftclient/client.py:162}}
Aug 18 11:03:36.298420 np0000007637 devstack@g-api.service[103007]: DEBUG glance_store._drivers.swift.store [None req-e1b3088a-1d1e-4478-a4f8-b058677dee97 tempest-VolumesActionsTest-366796545 tempest-VolumesActionsTest-366796545-project-member] Wrote chunk 9dc16cc3-0dfe-4ed4-938a-af69bf99cd0b-00003 (3/?) of length 204800000 to Swift returning MD5 of content: eda9a9889837ac4bc81d6387d92c1bec {{(pid=103007) add /opt/stack/data/venv/lib/python3.12/site-packages/glance_store/_drivers/swift/store.py:1059}}
Aug 18 11:03:36.309280 np0000007637 devstack@g-api.service[103004]: DEBUG glance.api.middleware.version_negotiation [None req-031a6e6e-fa60-4596-a308-98770c007062 tempest-VolumesActionsTest-366796545 tempest-VolumesActionsTest-366796545-project-member] Determining version of request: GET /v2/images/9dc16cc3-0dfe-4ed4-938a-af69bf99cd0b Accept: application/json {{(pid=103004) process_request /opt/stack/glance/glance/api/middleware/version_negotiation.py:44}}
Aug 18 11:03:36.309566 np0000007637 devstack@g-api.service[103004]: DEBUG glance.api.middleware.version_negotiation [None req-031a6e6e-fa60-4596-a308-98770c007062 tempest-VolumesActionsTest-366796545 tempest-VolumesActionsTest-366796545-project-member] Using url versioning {{(pid=103004) process_request /opt/stack/glance/glance/api/middleware/version_negotiation.py:57}}
Aug 18 11:03:36.309649 np0000007637 devstack@g-api.service[103004]: DEBUG glance.api.middleware.version_negotiation [None req-031a6e6e-fa60-4596-a308-98770c007062 tempest-VolumesActionsTest-366796545 tempest-VolumesActionsTest-366796545-project-member] Matched version: v2 {{(pid=103004) process_request /opt/stack/glance/glance/api/middleware/version_negotiation.py:69}}
Aug 18 11:03:36.309792 np0000007637 devstack@g-api.service[103004]: DEBUG glance.api.middleware.version_negotiation [None req-031a6e6e-fa60-4596-a308-98770c007062 tempest-VolumesActionsTest-366796545 tempest-VolumesActionsTest-366796545-project-member] new path /v2/images/9dc16cc3-0dfe-4ed4-938a-af69bf99cd0b {{(pid=103004) process_request /opt/stack/glance/glance/api/middleware/version_negotiation.py:70}}
Aug 18 11:03:36.320477 np0000007637 devstack@g-api.service[103004]: [pid: 103004|app: 0|req: 67/274] 127.0.0.1 () {40 vars in 838 bytes} [Tue Aug 18 11:03:36 2026] GET /v2/images/9dc16cc3-0dfe-4ed4-938a-af69bf99cd0b => generated 649 bytes in 11 msecs (HTTP/1.1 200) 4 headers in 157 bytes (1 switches on core 0)
Aug 18 11:03:36.374166 np0000007637 devstack@g-api.service[103006]: [pid: 103006|app: 0|req: 74/275] 127.0.0.1 () {46 vars in 1055 bytes} [Tue Aug 18 11:03:35 2026] POST /v2/images => generated 1339 bytes in 591 msecs (HTTP/1.1 201) 6 headers in 316 bytes (1 switches on core 0)
Aug 18 11:03:37.055246 np0000007637 devstack@g-api.service[103005]: DEBUG glance.api.middleware.version_negotiation [None req-24f52397-13ab-4edd-9313-a940f21d032f tempest-AttachVolumeShelveTestJSON-1242419730 tempest-AttachVolumeShelveTestJSON-1242419730-project-member] Determining version of request: GET /v2/images/89991538-b75f-4d5a-a0aa-3bc6ef94a1cc Accept: */* {{(pid=103005) process_request /opt/stack/glance/glance/api/middleware/version_negotiation.py:44}}
Aug 18 11:03:37.055605 np0000007637 devstack@g-api.service[103005]: DEBUG glance.api.middleware.version_negotiation [None req-24f52397-13ab-4edd-9313-a940f21d032f tempest-AttachVolumeShelveTestJSON-1242419730 tempest-AttachVolumeShelveTestJSON-1242419730-project-member] Using url versioning {{(pid=103005) process_request /opt/stack/glance/glance/api/middleware/version_negotiation.py:57}}
Aug 18 11:03:37.055605 np0000007637 devstack@g-api.service[103005]: DEBUG glance.api.middleware.version_negotiation [None req-24f52397-13ab-4edd-9313-a940f21d032f tempest-AttachVolumeShelveTestJSON-1242419730 tempest-AttachVolumeShelveTestJSON-1242419730-project-member] Matched version: v2 {{(pid=103005) process_request /opt/stack/glance/glance/api/middleware/version_negotiation.py:69}}
Aug 18 11:03:37.055723 np0000007637 devstack@g-api.service[103005]: DEBUG glance.api.middleware.version_negotiation [None req-24f52397-13ab-4edd-9313-a940f21d032f tempest-AttachVolumeShelveTestJSON-1242419730 tempest-AttachVolumeShelveTestJSON-1242419730-project-member] new path /v2/images/89991538-b75f-4d5a-a0aa-3bc6ef94a1cc {{(pid=103005) process_request /opt/stack/glance/glance/api/middleware/version_negotiation.py:70}}
Aug 18 11:03:37.070825 np0000007637 devstack@g-api.service[103005]: [pid: 103005|app: 0|req: 73/276] 127.0.0.1 () {44 vars in 1115 bytes} [Tue Aug 18 11:03:37 2026] GET /v2/images/89991538-b75f-4d5a-a0aa-3bc6ef94a1cc => generated 1339 bytes in 16 msecs (HTTP/1.1 200) 4 headers in 158 bytes (1 switches on core 0)
Aug 18 11:03:37.138549 np0000007637 devstack@g-api.service[103004]: DEBUG glance.api.middleware.version_negotiation [None req-5b66ae1b-eb00-401b-a710-5872a34693e2 tempest-VolumesActionsTest-366796545 tempest-VolumesActionsTest-366796545-project-member] Determining version of request: GET /v2/schemas/image Accept: */* {{(pid=103004) process_request /opt/stack/glance/glance/api/middleware/version_negotiation.py:44}}
Aug 18 11:03:37.138786 np0000007637 devstack@g-api.service[103004]: DEBUG glance.api.middleware.version_negotiation [None req-5b66ae1b-eb00-401b-a710-5872a34693e2 tempest-VolumesActionsTest-366796545 tempest-VolumesActionsTest-366796545-project-member] Using url versioning {{(pid=103004) process_request /opt/stack/glance/glance/api/middleware/version_negotiation.py:57}}
Aug 18 11:03:37.139000 np0000007637 devstack@g-api.service[103004]: DEBUG glance.api.middleware.version_negotiation [None req-5b66ae1b-eb00-401b-a710-5872a34693e2 tempest-VolumesActionsTest-366796545 tempest-VolumesActionsTest-366796545-project-member] Matched version: v2 {{(pid=103004) process_request /opt/stack/glance/glance/api/middleware/version_negotiation.py:69}}
Aug 18 11:03:37.139125 np0000007637 devstack@g-api.service[103004]: DEBUG glance.api.middleware.version_negotiation [None req-5b66ae1b-eb00-401b-a710-5872a34693e2 tempest-VolumesActionsTest-366796545 tempest-VolumesActionsTest-366796545-project-member] new path /v2/schemas/image {{(pid=103004) process_request /opt/stack/glance/glance/api/middleware/version_negotiation.py:70}}
Aug 18 11:03:37.142791 np0000007637 devstack@g-api.service[103004]: [pid: 103004|app: 0|req: 68/277] 127.0.0.1 () {44 vars in 1055 bytes} [Tue Aug 18 11:03:37 2026] GET /v2/schemas/image => generated 6083 bytes in 4 msecs (HTTP/1.1 200) 4 headers in 158 bytes (1 switches on core 0)
Aug 18 11:03:37.330527 np0000007637 devstack@g-api.service[103006]: DEBUG glance.api.middleware.version_negotiation [None req-24f52397-13ab-4edd-9313-a940f21d032f tempest-AttachVolumeShelveTestJSON-1242419730 tempest-AttachVolumeShelveTestJSON-1242419730-project-member] Determining version of request: GET /v2/images/9dc16cc3-0dfe-4ed4-938a-af69bf99cd0b Accept: application/json {{(pid=103006) process_request /opt/stack/glance/glance/api/middleware/version_negotiation.py:44}}
Aug 18 11:03:37.330903 np0000007637 devstack@g-api.service[103006]: DEBUG glance.api.middleware.version_negotiation [None req-24f52397-13ab-4edd-9313-a940f21d032f tempest-AttachVolumeShelveTestJSON-1242419730 tempest-AttachVolumeShelveTestJSON-1242419730-project-member] Using url versioning {{(pid=103006) process_request /opt/stack/glance/glance/api/middleware/version_negotiation.py:57}}
Aug 18 11:03:37.330903 np0000007637 devstack@g-api.service[103006]: DEBUG glance.api.middleware.version_negotiation [None req-24f52397-13ab-4edd-9313-a940f21d032f tempest-AttachVolumeShelveTestJSON-1242419730 tempest-AttachVolumeShelveTestJSON-1242419730-project-member] Matched version: v2 {{(pid=103006) process_request /opt/stack/glance/glance/api/middleware/version_negotiation.py:69}}
Aug 18 11:03:37.330903 np0000007637 devstack@g-api.service[103006]: DEBUG glance.api.middleware.version_negotiation [None req-24f52397-13ab-4edd-9313-a940f21d032f tempest-AttachVolumeShelveTestJSON-1242419730 tempest-AttachVolumeShelveTestJSON-1242419730-project-member] new path /v2/images/9dc16cc3-0dfe-4ed4-938a-af69bf99cd0b {{(pid=103006) process_request /opt/stack/glance/glance/api/middleware/version_negotiation.py:70}}
Aug 18 11:03:37.341358 np0000007637 devstack@g-api.service[103006]: [pid: 103006|app: 0|req: 75/278] 127.0.0.1 () {40 vars in 838 bytes} [Tue Aug 18 11:03:37 2026] GET /v2/images/9dc16cc3-0dfe-4ed4-938a-af69bf99cd0b => generated 649 bytes in 11 msecs (HTTP/1.1 200) 4 headers in 157 bytes (1 switches on core 0)
Aug 18 11:03:37.736464 np0000007637 devstack@g-api.service[103005]: DEBUG glance.api.middleware.version_negotiation [None req-24f52397-13ab-4edd-9313-a940f21d032f tempest-AttachVolumeShelveTestJSON-1242419730 tempest-AttachVolumeShelveTestJSON-1242419730-project-member] Determining version of request: GET /v2/images/89991538-b75f-4d5a-a0aa-3bc6ef94a1cc Accept: */* {{(pid=103005) process_request /opt/stack/glance/glance/api/middleware/version_negotiation.py:44}}
Aug 18 11:03:37.736633 np0000007637 devstack@g-api.service[103005]: DEBUG glance.api.middleware.version_negotiation [None req-24f52397-13ab-4edd-9313-a940f21d032f tempest-AttachVolumeShelveTestJSON-1242419730 tempest-AttachVolumeShelveTestJSON-1242419730-project-member] Using url versioning {{(pid=103005) process_request /opt/stack/glance/glance/api/middleware/version_negotiation.py:57}}
Aug 18 11:03:37.736789 np0000007637 devstack@g-api.service[103005]: DEBUG glance.api.middleware.version_negotiation [None req-24f52397-13ab-4edd-9313-a940f21d032f tempest-AttachVolumeShelveTestJSON-1242419730 tempest-AttachVolumeShelveTestJSON-1242419730-project-member] Matched version: v2 {{(pid=103005) process_request /opt/stack/glance/glance/api/middleware/version_negotiation.py:69}}
Aug 18 11:03:37.736898 np0000007637 devstack@g-api.service[103005]: DEBUG glance.api.middleware.version_negotiation [None req-24f52397-13ab-4edd-9313-a940f21d032f tempest-AttachVolumeShelveTestJSON-1242419730 tempest-AttachVolumeShelveTestJSON-1242419730-project-member] new path /v2/images/89991538-b75f-4d5a-a0aa-3bc6ef94a1cc {{(pid=103005) process_request /opt/stack/glance/glance/api/middleware/version_negotiation.py:70}}
Aug 18 11:03:37.756637 np0000007637 devstack@g-api.service[103005]: [pid: 103005|app: 0|req: 74/279] 127.0.0.1 () {44 vars in 1115 bytes} [Tue Aug 18 11:03:37 2026] GET /v2/images/89991538-b75f-4d5a-a0aa-3bc6ef94a1cc => generated 1339 bytes in 20 msecs (HTTP/1.1 200) 4 headers in 158 bytes (1 switches on core 0)
Aug 18 11:03:37.804995 np0000007637 devstack@g-api.service[103004]: DEBUG glance.api.middleware.version_negotiation [None req-24f52397-13ab-4edd-9313-a940f21d032f tempest-AttachVolumeShelveTestJSON-1242419730 tempest-AttachVolumeShelveTestJSON-1242419730-project-member] Determining version of request: GET /v2/schemas/image Accept: */* {{(pid=103004) process_request /opt/stack/glance/glance/api/middleware/version_negotiation.py:44}}
Aug 18 11:03:37.804995 np0000007637 devstack@g-api.service[103004]: DEBUG glance.api.middleware.version_negotiation [None req-24f52397-13ab-4edd-9313-a940f21d032f tempest-AttachVolumeShelveTestJSON-1242419730 tempest-AttachVolumeShelveTestJSON-1242419730-project-member] Using url versioning {{(pid=103004) process_request /opt/stack/glance/glance/api/middleware/version_negotiation.py:57}}
Aug 18 11:03:37.804995 np0000007637 devstack@g-api.service[103004]: DEBUG glance.api.middleware.version_negotiation [None req-24f52397-13ab-4edd-9313-a940f21d032f tempest-AttachVolumeShelveTestJSON-1242419730 tempest-AttachVolumeShelveTestJSON-1242419730-project-member] Matched version: v2 {{(pid=103004) process_request /opt/stack/glance/glance/api/middleware/version_negotiation.py:69}}
Aug 18 11:03:37.804995 np0000007637 devstack@g-api.service[103004]: DEBUG glance.api.middleware.version_negotiation [None req-24f52397-13ab-4edd-9313-a940f21d032f tempest-AttachVolumeShelveTestJSON-1242419730 tempest-AttachVolumeShelveTestJSON-1242419730-project-member] new path /v2/schemas/image {{(pid=103004) process_request /opt/stack/glance/glance/api/middleware/version_negotiation.py:70}}
Aug 18 11:03:37.808460 np0000007637 devstack@g-api.service[103004]: [pid: 103004|app: 0|req: 69/280] 127.0.0.1 () {44 vars in 1055 bytes} [Tue Aug 18 11:03:37 2026] GET /v2/schemas/image => generated 6083 bytes in 5 msecs (HTTP/1.1 200) 4 headers in 158 bytes (1 switches on core 0)
Aug 18 11:03:37.855644 np0000007637 devstack@g-api.service[103006]: DEBUG glance.api.middleware.version_negotiation [None req-d42f007a-8f26-4cc7-a118-c083c04cdc0d tempest-VolumesActionsTest-366796545 tempest-VolumesActionsTest-366796545-project-member] Determining version of request: GET /v2/schemas/image Accept: */* {{(pid=103006) process_request /opt/stack/glance/glance/api/middleware/version_negotiation.py:44}}
Aug 18 11:03:37.855866 np0000007637 devstack@g-api.service[103006]: DEBUG glance.api.middleware.version_negotiation [None req-d42f007a-8f26-4cc7-a118-c083c04cdc0d tempest-VolumesActionsTest-366796545 tempest-VolumesActionsTest-366796545-project-member] Using url versioning {{(pid=103006) process_request /opt/stack/glance/glance/api/middleware/version_negotiation.py:57}}
Aug 18 11:03:37.856092 np0000007637 devstack@g-api.service[103006]: DEBUG glance.api.middleware.version_negotiation [None req-d42f007a-8f26-4cc7-a118-c083c04cdc0d tempest-VolumesActionsTest-366796545 tempest-VolumesActionsTest-366796545-project-member] Matched version: v2 {{(pid=103006) process_request /opt/stack/glance/glance/api/middleware/version_negotiation.py:69}}
Aug 18 11:03:37.856352 np0000007637 devstack@g-api.service[103006]: DEBUG glance.api.middleware.version_negotiation [None req-d42f007a-8f26-4cc7-a118-c083c04cdc0d tempest-VolumesActionsTest-366796545 tempest-VolumesActionsTest-366796545-project-member] new path /v2/schemas/image {{(pid=103006) process_request /opt/stack/glance/glance/api/middleware/version_negotiation.py:70}}
Aug 18 11:03:37.862563 np0000007637 devstack@g-api.service[103006]: [pid: 103006|app: 0|req: 76/281] 127.0.0.1 () {44 vars in 1055 bytes} [Tue Aug 18 11:03:37 2026] GET /v2/schemas/image => generated 6083 bytes in 7 msecs (HTTP/1.1 200) 4 headers in 158 bytes (1 switches on core 0)
Aug 18 11:03:37.926055 np0000007637 devstack@g-api.service[103005]: DEBUG glance.api.middleware.version_negotiation [None req-24f52397-13ab-4edd-9313-a940f21d032f tempest-AttachVolumeShelveTestJSON-1242419730 tempest-AttachVolumeShelveTestJSON-1242419730-project-member] Determining version of request: PATCH /v2/images/89991538-b75f-4d5a-a0aa-3bc6ef94a1cc Accept: */* {{(pid=103005) process_request /opt/stack/glance/glance/api/middleware/version_negotiation.py:44}}
Aug 18 11:03:37.926055 np0000007637 devstack@g-api.service[103005]: DEBUG glance.api.middleware.version_negotiation [None req-24f52397-13ab-4edd-9313-a940f21d032f tempest-AttachVolumeShelveTestJSON-1242419730 tempest-AttachVolumeShelveTestJSON-1242419730-project-member] Using url versioning {{(pid=103005) process_request /opt/stack/glance/glance/api/middleware/version_negotiation.py:57}}
Aug 18 11:03:37.926055 np0000007637 devstack@g-api.service[103005]: DEBUG glance.api.middleware.version_negotiation [None req-24f52397-13ab-4edd-9313-a940f21d032f tempest-AttachVolumeShelveTestJSON-1242419730 tempest-AttachVolumeShelveTestJSON-1242419730-project-member] Matched version: v2 {{(pid=103005) process_request /opt/stack/glance/glance/api/middleware/version_negotiation.py:69}}
Aug 18 11:03:37.926055 np0000007637 devstack@g-api.service[103005]: DEBUG glance.api.middleware.version_negotiation [None req-24f52397-13ab-4edd-9313-a940f21d032f tempest-AttachVolumeShelveTestJSON-1242419730 tempest-AttachVolumeShelveTestJSON-1242419730-project-member] new path /v2/images/89991538-b75f-4d5a-a0aa-3bc6ef94a1cc {{(pid=103005) process_request /opt/stack/glance/glance/api/middleware/version_negotiation.py:70}}
Aug 18 11:03:38.120555 np0000007637 devstack@g-api.service[103005]: [pid: 103005|app: 0|req: 75/282] 127.0.0.1 () {46 vars in 1158 bytes} [Tue Aug 18 11:03:37 2026] PATCH /v2/images/89991538-b75f-4d5a-a0aa-3bc6ef94a1cc => generated 1450 bytes in 195 msecs (HTTP/1.1 200) 4 headers in 158 bytes (1 switches on core 0)
Aug 18 11:03:38.154154 np0000007637 devstack@g-api.service[103004]: DEBUG glance.api.middleware.version_negotiation [None req-24f52397-13ab-4edd-9313-a940f21d032f tempest-AttachVolumeShelveTestJSON-1242419730 tempest-AttachVolumeShelveTestJSON-1242419730-project-member] Determining version of request: GET /v2/images/89991538-b75f-4d5a-a0aa-3bc6ef94a1cc Accept: */* {{(pid=103004) process_request /opt/stack/glance/glance/api/middleware/version_negotiation.py:44}}
Aug 18 11:03:38.154154 np0000007637 devstack@g-api.service[103004]: DEBUG glance.api.middleware.version_negotiation [None req-24f52397-13ab-4edd-9313-a940f21d032f tempest-AttachVolumeShelveTestJSON-1242419730 tempest-AttachVolumeShelveTestJSON-1242419730-project-member] Using url versioning {{(pid=103004) process_request /opt/stack/glance/glance/api/middleware/version_negotiation.py:57}}
