Jul 03 09:06:13.964864 np0000004397 devstack@g-api.service[99595]: DEBUG glance_store.location [-] Registering scheme filesystem with {'store': , 'location_class': , 'store_entry': 'file'} {{(pid=99595) register_scheme_map /opt/stack/data/venv/lib/python3.12/site-packages/glance_store/location.py:146}}
Jul 03 09:06:13.964864 np0000004397 devstack@g-api.service[99595]: DEBUG glance_store.backend [-] Attempting to import store swift {{(pid=99595) _load_store /opt/stack/data/venv/lib/python3.12/site-packages/glance_store/backend.py:215}}
Jul 03 09:06:13.965035 np0000004397 devstack@g-api.service[99595]: WARNING oslo_config.cfg [-] Deprecated: Option "default_store" from group "glance_store" is deprecated for removal (
Jul 03 09:06:13.965035 np0000004397 devstack@g-api.service[99595]: This option is deprecated against new config option
Jul 03 09:06:13.965035 np0000004397 devstack@g-api.service[99595]: ``default_backend`` which acts similar to ``default_store`` config
Jul 03 09:06:13.965035 np0000004397 devstack@g-api.service[99595]: option.
Jul 03 09:06:13.965035 np0000004397 devstack@g-api.service[99595]: This option is scheduled for removal in the U development
Jul 03 09:06:13.965035 np0000004397 devstack@g-api.service[99595]: cycle.
Jul 03 09:06:13.965035 np0000004397 devstack@g-api.service[99595]: ). Its value may be silently ignored in the future.
Jul 03 09:06:13.966071 np0000004397 devstack@g-api.service[99595]: DEBUG glance_store.capabilities [-] Store glance_store._drivers.swift.store.SingleTenantStore doesn't support updating dynamic storage capabilities. Please overwrite 'update_capabilities' method of the store to implement updating logics if needed. {{(pid=99595) update_capabilities /opt/stack/data/venv/lib/python3.12/site-packages/glance_store/capabilities.py:91}}
Jul 03 09:06:13.966129 np0000004397 devstack@g-api.service[99595]: DEBUG glance_store.backend [-] Registering store swift with schemes ('swift+https', 'swift', 'swift+http', 'swift+config') {{(pid=99595) create_stores /opt/stack/data/venv/lib/python3.12/site-packages/glance_store/backend.py:261}}
Jul 03 09:06:13.966184 np0000004397 devstack@g-api.service[99595]: DEBUG glance_store.driver [-] Late loading location class glance_store._drivers.swift.store.StoreLocation {{(pid=99595) get_store_location_class /opt/stack/data/venv/lib/python3.12/site-packages/glance_store/driver.py:134}}
Jul 03 09:06:13.966248 np0000004397 devstack@g-api.service[99595]: DEBUG glance_store.location [-] Registering scheme swift+https with {'store': , 'location_class': , 'store_entry': 'swift'} {{(pid=99595) register_scheme_map /opt/stack/data/venv/lib/python3.12/site-packages/glance_store/location.py:146}}
Jul 03 09:06:13.966296 np0000004397 devstack@g-api.service[99595]: DEBUG glance_store.location [-] Registering scheme swift with {'store': , 'location_class': , 'store_entry': 'swift'} {{(pid=99595) register_scheme_map /opt/stack/data/venv/lib/python3.12/site-packages/glance_store/location.py:146}}
Jul 03 09:06:13.966341 np0000004397 devstack@g-api.service[99595]: DEBUG glance_store.location [-] Registering scheme swift+http with {'store': , 'location_class': , 'store_entry': 'swift'} {{(pid=99595) register_scheme_map /opt/stack/data/venv/lib/python3.12/site-packages/glance_store/location.py:146}}
Jul 03 09:06:13.966388 np0000004397 devstack@g-api.service[99595]: DEBUG glance_store.location [-] Registering scheme swift+config with {'store': , 'location_class': , 'store_entry': 'swift'} {{(pid=99595) register_scheme_map /opt/stack/data/venv/lib/python3.12/site-packages/glance_store/location.py:146}}
Jul 03 09:06:13.966487 np0000004397 devstack@g-api.service[99595]: DEBUG glance_store.backend [-] Attempting to import store swift {{(pid=99595) _load_store /opt/stack/data/venv/lib/python3.12/site-packages/glance_store/backend.py:215}}
Jul 03 09:06:13.968579 np0000004397 devstack@g-api.service[99595]: DEBUG glance_store.capabilities [-] Store glance_store._drivers.swift.store.SingleTenantStore doesn't support updating dynamic storage capabilities. Please overwrite 'update_capabilities' method of the store to implement updating logics if needed. {{(pid=99595) update_capabilities /opt/stack/data/venv/lib/python3.12/site-packages/glance_store/capabilities.py:91}}
Jul 03 09:06:13.968579 np0000004397 devstack@g-api.service[99595]: DEBUG glance_store.driver [-] Late loading location class glance_store._drivers.swift.store.StoreLocation {{(pid=99595) get_store_location_class /opt/stack/data/venv/lib/python3.12/site-packages/glance_store/driver.py:134}}
Jul 03 09:06:13.968579 np0000004397 devstack@g-api.service[99595]: DEBUG glance_store.location [-] Registering scheme swift+https with {'store': , 'location_class': , 'store_entry': 'swift'} {{(pid=99595) register_scheme_map /opt/stack/data/venv/lib/python3.12/site-packages/glance_store/location.py:146}}
Jul 03 09:06:13.968579 np0000004397 devstack@g-api.service[99595]: DEBUG glance_store.location [-] Registering scheme swift+https with {'store': , 'location_class': , 'store_entry': 'swift'} {{(pid=99595) register_scheme_map /opt/stack/data/venv/lib/python3.12/site-packages/glance_store/location.py:146}}
Jul 03 09:06:13.968579 np0000004397 devstack@g-api.service[99595]: DEBUG glance_store.location [-] Registering scheme swift with {'store': , 'location_class': , 'store_entry': 'swift'} {{(pid=99595) register_scheme_map /opt/stack/data/venv/lib/python3.12/site-packages/glance_store/location.py:146}}
Jul 03 09:06:13.968737 np0000004397 devstack@g-api.service[99595]: DEBUG glance_store.location [-] Registering scheme swift+https with {'store': , 'location_class': , 'store_entry': 'swift'} {{(pid=99595) register_scheme_map /opt/stack/data/venv/lib/python3.12/site-packages/glance_store/location.py:146}}
Jul 03 09:06:13.968737 np0000004397 devstack@g-api.service[99595]: DEBUG glance_store.location [-] Registering scheme swift with {'store': , 'location_class': , 'store_entry': 'swift'} {{(pid=99595) register_scheme_map /opt/stack/data/venv/lib/python3.12/site-packages/glance_store/location.py:146}}
Jul 03 09:06:13.968737 np0000004397 devstack@g-api.service[99595]: DEBUG glance_store.location [-] Registering scheme swift+http with {'store': , 'location_class': , 'store_entry': 'swift'} {{(pid=99595) register_scheme_map /opt/stack/data/venv/lib/python3.12/site-packages/glance_store/location.py:146}}
Jul 03 09:06:13.968737 np0000004397 devstack@g-api.service[99595]: DEBUG glance_store.location [-] Registering scheme swift+https with {'store': , 'location_class': , 'store_entry': 'swift'} {{(pid=99595) register_scheme_map /opt/stack/data/venv/lib/python3.12/site-packages/glance_store/location.py:146}}
Jul 03 09:06:13.968737 np0000004397 devstack@g-api.service[99595]: DEBUG glance_store.location [-] Registering scheme swift with {'store': , 'location_class': , 'store_entry': 'swift'} {{(pid=99595) register_scheme_map /opt/stack/data/venv/lib/python3.12/site-packages/glance_store/location.py:146}}
Jul 03 09:06:13.968845 np0000004397 devstack@g-api.service[99595]: DEBUG glance_store.location [-] Registering scheme swift+http with {'store': , 'location_class': , 'store_entry': 'swift'} {{(pid=99595) register_scheme_map /opt/stack/data/venv/lib/python3.12/site-packages/glance_store/location.py:146}}
Jul 03 09:06:13.968845 np0000004397 devstack@g-api.service[99595]: DEBUG glance_store.location [-] Registering scheme swift+config with {'store': , 'location_class': , 'store_entry': 'swift'} {{(pid=99595) register_scheme_map /opt/stack/data/venv/lib/python3.12/site-packages/glance_store/location.py:146}}
Jul 03 09:06:13.968845 np0000004397 devstack@g-api.service[99595]: DEBUG glance.sqlite_migration [-] SQLite caching database not located, skipping migration {{(pid=99595) get_db_path /opt/stack/glance/glance/sqlite_migration.py:68}}
Jul 03 09:06:13.968845 np0000004397 devstack@g-api.service[99595]: WARNING glance.common.wsgi_app [-] Import methods are enabled but staging directory /tmp/staging/ does not exist; Imports will fail!
Jul 03 09:06:14.069261 np0000004397 devstack@g-api.service[99594]: DEBUG glance.common.config [None req-e48cab7b-5d1f-47bb-82eb-a6ec8218c828 None None] Loading glance-api-keystone+cachemanagement from /etc/glance/glance-api-paste.ini {{(pid=99594) load_paste_app /opt/stack/glance/glance/common/config.py:765}}
Jul 03 09:06:14.096989 np0000004397 devstack@g-api.service[99595]: DEBUG glance.common.config [None req-b8a955cf-416e-441b-8713-0dd8e5d7dd2e None None] Loading glance-api-keystone+cachemanagement from /etc/glance/glance-api-paste.ini {{(pid=99595) load_paste_app /opt/stack/glance/glance/common/config.py:765}}
Jul 03 09:06:14.099449 np0000004397 devstack@g-api.service[99596]: DEBUG glance.common.config [None req-a224c052-6f27-488f-8d5d-76ecc493bf8e None None] Loading glance-api-keystone+cachemanagement from /etc/glance/glance-api-paste.ini {{(pid=99596) load_paste_app /opt/stack/glance/glance/common/config.py:765}}
Jul 03 09:06:14.679081 np0000004397 devstack@g-api.service[99594]: INFO glance.image_cache [None req-e48cab7b-5d1f-47bb-82eb-a6ec8218c828 None None] Image cache loaded driver 'centralized_db'.
Jul 03 09:06:14.698151 np0000004397 devstack@g-api.service[99596]: INFO glance.image_cache [None req-a224c052-6f27-488f-8d5d-76ecc493bf8e None None] Image cache loaded driver 'centralized_db'.
Jul 03 09:06:14.700309 np0000004397 devstack@g-api.service[99595]: INFO glance.image_cache [None req-b8a955cf-416e-441b-8713-0dd8e5d7dd2e None None] Image cache loaded driver 'centralized_db'.
Jul 03 09:06:14.727366 np0000004397 devstack@g-api.service[99594]: INFO dbcounter [None req-e48cab7b-5d1f-47bb-82eb-a6ec8218c828 None None] Registered counter for database glance
Jul 03 09:06:14.744805 np0000004397 devstack@g-api.service[99596]: INFO dbcounter [None req-a224c052-6f27-488f-8d5d-76ecc493bf8e None None] Registered counter for database glance
Jul 03 09:06:14.744937 np0000004397 devstack@g-api.service[99595]: INFO dbcounter [None req-b8a955cf-416e-441b-8713-0dd8e5d7dd2e None None] Registered counter for database glance
Jul 03 09:06:14.765807 np0000004397 devstack@g-api.service[99594]: DEBUG oslo_db.sqlalchemy.engines [None req-e48cab7b-5d1f-47bb-82eb-a6ec8218c828 None None] MySQL server mode set to STRICT_TRANS_TABLES,STRICT_ALL_TABLES,NO_ZERO_IN_DATE,NO_ZERO_DATE,ERROR_FOR_DIVISION_BY_ZERO,TRADITIONAL,NO_ENGINE_SUBSTITUTION {{(pid=99594) _check_effective_sql_mode /opt/stack/data/venv/lib/python3.12/site-packages/oslo_db/sqlalchemy/engines.py:325}}
Jul 03 09:06:14.785702 np0000004397 devstack@g-api.service[99596]: DEBUG oslo_db.sqlalchemy.engines [None req-a224c052-6f27-488f-8d5d-76ecc493bf8e None None] MySQL server mode set to STRICT_TRANS_TABLES,STRICT_ALL_TABLES,NO_ZERO_IN_DATE,NO_ZERO_DATE,ERROR_FOR_DIVISION_BY_ZERO,TRADITIONAL,NO_ENGINE_SUBSTITUTION {{(pid=99596) _check_effective_sql_mode /opt/stack/data/venv/lib/python3.12/site-packages/oslo_db/sqlalchemy/engines.py:325}}
Jul 03 09:06:14.786650 np0000004397 devstack@g-api.service[99595]: DEBUG oslo_db.sqlalchemy.engines [None req-b8a955cf-416e-441b-8713-0dd8e5d7dd2e None None] MySQL server mode set to STRICT_TRANS_TABLES,STRICT_ALL_TABLES,NO_ZERO_IN_DATE,NO_ZERO_DATE,ERROR_FOR_DIVISION_BY_ZERO,TRADITIONAL,NO_ENGINE_SUBSTITUTION {{(pid=99595) _check_effective_sql_mode /opt/stack/data/venv/lib/python3.12/site-packages/oslo_db/sqlalchemy/engines.py:325}}
Jul 03 09:06:14.787670 np0000004397 devstack@g-api.service[99594]: DEBUG dbcounter [-] [99594] Writer thread running {{(pid=99594) stat_writer /opt/stack/data/venv/lib/python3.12/site-packages/dbcounter.py:102}}
Jul 03 09:06:14.798931 np0000004397 devstack@g-api.service[99594]: INFO glance.image_cache [None req-e48cab7b-5d1f-47bb-82eb-a6ec8218c828 None None] Image cache loaded driver 'centralized_db'.
Jul 03 09:06:14.808866 np0000004397 devstack@g-api.service[99596]: DEBUG dbcounter [-] [99596] Writer thread running {{(pid=99596) stat_writer /opt/stack/data/venv/lib/python3.12/site-packages/dbcounter.py:102}}
Jul 03 09:06:14.810371 np0000004397 devstack@g-api.service[99595]: DEBUG dbcounter [-] [99595] Writer thread running {{(pid=99595) stat_writer /opt/stack/data/venv/lib/python3.12/site-packages/dbcounter.py:102}}
Jul 03 09:06:14.811318 np0000004397 devstack@g-api.service[99596]: DEBUG glance.image_cache.drivers.centralized_db [None req-a224c052-6f27-488f-8d5d-76ecc493bf8e None None] Node reference is already recorded, ignoring it {{(pid=99596) configure /opt/stack/glance/glance/image_cache/drivers/centralized_db.py:71}}
Jul 03 09:06:14.812464 np0000004397 devstack@g-api.service[99595]: DEBUG glance.image_cache.drivers.centralized_db [None req-b8a955cf-416e-441b-8713-0dd8e5d7dd2e None None] Node reference is already recorded, ignoring it {{(pid=99595) configure /opt/stack/glance/glance/image_cache/drivers/centralized_db.py:71}}
Jul 03 09:06:14.815306 np0000004397 devstack@g-api.service[99596]: INFO glance.image_cache [None req-a224c052-6f27-488f-8d5d-76ecc493bf8e None None] Image cache loaded driver 'centralized_db'.
Jul 03 09:06:14.817619 np0000004397 devstack@g-api.service[99595]: INFO glance.image_cache [None req-b8a955cf-416e-441b-8713-0dd8e5d7dd2e None None] Image cache loaded driver 'centralized_db'.
Jul 03 09:06:14.825017 np0000004397 devstack@g-api.service[99596]: DEBUG glance.image_cache.drivers.centralized_db [None req-a224c052-6f27-488f-8d5d-76ecc493bf8e None None] Node reference is already recorded, ignoring it {{(pid=99596) configure /opt/stack/glance/glance/image_cache/drivers/centralized_db.py:71}}
Jul 03 09:06:14.826119 np0000004397 devstack@g-api.service[99595]: DEBUG glance.image_cache.drivers.centralized_db [None req-b8a955cf-416e-441b-8713-0dd8e5d7dd2e None None] Node reference is already recorded, ignoring it {{(pid=99595) configure /opt/stack/glance/glance/image_cache/drivers/centralized_db.py:71}}
Jul 03 09:06:14.920100 np0000004397 devstack@g-api.service[99596]: DEBUG glance.api.v2.cached_images [None req-a224c052-6f27-488f-8d5d-76ecc493bf8e None None] Started cache worker thread {{(pid=99596) __init__ /opt/stack/glance/glance/api/v2/cached_images.py:69}}
Jul 03 09:06:14.920100 np0000004397 devstack@g-api.service[99596]: INFO glance.image_cache [None req-a224c052-6f27-488f-8d5d-76ecc493bf8e None None] Image cache loaded driver 'centralized_db'.
Jul 03 09:06:14.921395 np0000004397 devstack@g-api.service[99594]: DEBUG glance.image_cache.drivers.centralized_db [None req-e48cab7b-5d1f-47bb-82eb-a6ec8218c828 None None] Node reference is already recorded, ignoring it {{(pid=99594) configure /opt/stack/glance/glance/image_cache/drivers/centralized_db.py:71}}
Jul 03 09:06:14.926726 np0000004397 devstack@g-api.service[99596]: DEBUG glance.image_cache.drivers.centralized_db [None req-a224c052-6f27-488f-8d5d-76ecc493bf8e None None] Node reference is already recorded, ignoring it {{(pid=99596) configure /opt/stack/glance/glance/image_cache/drivers/centralized_db.py:71}}
Jul 03 09:06:14.927396 np0000004397 devstack@g-api.service[99594]: DEBUG glance.api.v2.cached_images [None req-e48cab7b-5d1f-47bb-82eb-a6ec8218c828 None None] Started cache worker thread {{(pid=99594) __init__ /opt/stack/glance/glance/api/v2/cached_images.py:69}}
Jul 03 09:06:14.928538 np0000004397 devstack@g-api.service[99594]: INFO glance.image_cache [None req-e48cab7b-5d1f-47bb-82eb-a6ec8218c828 None None] Image cache loaded driver 'centralized_db'.
Jul 03 09:06:14.930833 np0000004397 devstack@g-api.service[99596]: INFO glance.api.middleware.cache_manage [None req-a224c052-6f27-488f-8d5d-76ecc493bf8e None None] Initialized image cache management middleware
Jul 03 09:06:14.931017 np0000004397 devstack@g-api.service[99596]: INFO glance.image_cache [None req-a224c052-6f27-488f-8d5d-76ecc493bf8e None None] Image cache loaded driver 'centralized_db'.
Jul 03 09:06:14.932461 np0000004397 devstack@g-api.service[99595]: DEBUG glance.api.v2.cached_images [None req-b8a955cf-416e-441b-8713-0dd8e5d7dd2e None None] Started cache worker thread {{(pid=99595) __init__ /opt/stack/glance/glance/api/v2/cached_images.py:69}}
Jul 03 09:06:14.933148 np0000004397 devstack@g-api.service[99595]: INFO glance.image_cache [None req-b8a955cf-416e-441b-8713-0dd8e5d7dd2e None None] Image cache loaded driver 'centralized_db'.
Jul 03 09:06:14.935435 np0000004397 devstack@g-api.service[99594]: DEBUG glance.image_cache.drivers.centralized_db [None req-e48cab7b-5d1f-47bb-82eb-a6ec8218c828 None None] Node reference is already recorded, ignoring it {{(pid=99594) configure /opt/stack/glance/glance/image_cache/drivers/centralized_db.py:71}}
Jul 03 09:06:14.937879 np0000004397 devstack@g-api.service[99596]: DEBUG glance.image_cache.drivers.centralized_db [None req-a224c052-6f27-488f-8d5d-76ecc493bf8e None None] Node reference is already recorded, ignoring it {{(pid=99596) configure /opt/stack/glance/glance/image_cache/drivers/centralized_db.py:71}}
Jul 03 09:06:14.940239 np0000004397 devstack@g-api.service[99595]: DEBUG glance.image_cache.drivers.centralized_db [None req-b8a955cf-416e-441b-8713-0dd8e5d7dd2e None None] Node reference is already recorded, ignoring it {{(pid=99595) configure /opt/stack/glance/glance/image_cache/drivers/centralized_db.py:71}}
Jul 03 09:06:14.940563 np0000004397 devstack@g-api.service[99594]: INFO glance.api.middleware.cache_manage [None req-e48cab7b-5d1f-47bb-82eb-a6ec8218c828 None None] Initialized image cache management middleware
Jul 03 09:06:14.940698 np0000004397 devstack@g-api.service[99594]: INFO glance.image_cache [None req-e48cab7b-5d1f-47bb-82eb-a6ec8218c828 None None] Image cache loaded driver 'centralized_db'.
Jul 03 09:06:14.941512 np0000004397 devstack@g-api.service[99596]: INFO glance.api.middleware.cache [None req-a224c052-6f27-488f-8d5d-76ecc493bf8e None None] Initialized image cache middleware
Jul 03 09:06:14.945419 np0000004397 devstack@g-api.service[99595]: INFO glance.api.middleware.cache_manage [None req-b8a955cf-416e-441b-8713-0dd8e5d7dd2e None None] Initialized image cache management middleware
Jul 03 09:06:14.945573 np0000004397 devstack@g-api.service[99595]: INFO glance.image_cache [None req-b8a955cf-416e-441b-8713-0dd8e5d7dd2e None None] Image cache loaded driver 'centralized_db'.
Jul 03 09:06:14.947313 np0000004397 devstack@g-api.service[99594]: DEBUG glance.image_cache.drivers.centralized_db [None req-e48cab7b-5d1f-47bb-82eb-a6ec8218c828 None None] Node reference is already recorded, ignoring it {{(pid=99594) configure /opt/stack/glance/glance/image_cache/drivers/centralized_db.py:71}}
Jul 03 09:06:14.950821 np0000004397 devstack@g-api.service[99594]: INFO glance.api.middleware.cache [None req-e48cab7b-5d1f-47bb-82eb-a6ec8218c828 None None] Initialized image cache middleware
Jul 03 09:06:14.951436 np0000004397 devstack@g-api.service[99595]: DEBUG glance.image_cache.drivers.centralized_db [None req-b8a955cf-416e-441b-8713-0dd8e5d7dd2e None None] Node reference is already recorded, ignoring it {{(pid=99595) configure /opt/stack/glance/glance/image_cache/drivers/centralized_db.py:71}}
Jul 03 09:06:14.951947 np0000004397 devstack@g-api.service[99596]: DEBUG glance.common.config [None req-a224c052-6f27-488f-8d5d-76ecc493bf8e None None] ******************************************************************************** {{(pid=99596) log_opt_values /opt/stack/data/venv/lib/python3.12/site-packages/oslo_config/cfg.py:3226}}
Jul 03 09:06:14.952039 np0000004397 devstack@g-api.service[99596]: DEBUG glance.common.config [None req-a224c052-6f27-488f-8d5d-76ecc493bf8e None None] Configuration options gathered from: {{(pid=99596) log_opt_values /opt/stack/data/venv/lib/python3.12/site-packages/oslo_config/cfg.py:3227}}
Jul 03 09:06:14.952331 np0000004397 devstack@g-api.service[99596]: DEBUG glance.common.config [None req-a224c052-6f27-488f-8d5d-76ecc493bf8e None None] command line args: [] {{(pid=99596) log_opt_values /opt/stack/data/venv/lib/python3.12/site-packages/oslo_config/cfg.py:3228}}
Jul 03 09:06:14.952449 np0000004397 devstack@g-api.service[99596]: DEBUG glance.common.config [None req-a224c052-6f27-488f-8d5d-76ecc493bf8e None None] config files: ['/etc/glance/glance-image-import.conf', '/etc/glance/glance-api.conf'] {{(pid=99596) log_opt_values /opt/stack/data/venv/lib/python3.12/site-packages/oslo_config/cfg.py:3229}}
Jul 03 09:06:14.952549 np0000004397 devstack@g-api.service[99596]: DEBUG glance.common.config [None req-a224c052-6f27-488f-8d5d-76ecc493bf8e None None] ================================================================================ {{(pid=99596) log_opt_values /opt/stack/data/venv/lib/python3.12/site-packages/oslo_config/cfg.py:3234}}
Jul 03 09:06:14.952694 np0000004397 devstack@g-api.service[99596]: DEBUG glance.common.config [None req-a224c052-6f27-488f-8d5d-76ecc493bf8e None None] allow_anonymous_access = False {{(pid=99596) log_opt_values /opt/stack/data/venv/lib/python3.12/site-packages/oslo_config/cfg.py:3242}}
Jul 03 09:06:14.952801 np0000004397 devstack@g-api.service[99596]: DEBUG glance.common.config [None req-a224c052-6f27-488f-8d5d-76ecc493bf8e None None] api_limit_max = 1000 {{(pid=99596) log_opt_values /opt/stack/data/venv/lib/python3.12/site-packages/oslo_config/cfg.py:3242}}
Jul 03 09:06:14.952927 np0000004397 devstack@g-api.service[99596]: DEBUG glance.common.config [None req-a224c052-6f27-488f-8d5d-76ecc493bf8e None None] backlog = 4096 {{(pid=99596) log_opt_values /opt/stack/data/venv/lib/python3.12/site-packages/oslo_config/cfg.py:3242}}
Jul 03 09:06:14.953069 np0000004397 devstack@g-api.service[99596]: DEBUG glance.common.config [None req-a224c052-6f27-488f-8d5d-76ecc493bf8e None None] bind_host = 0.0.0.0 {{(pid=99596) log_opt_values /opt/stack/data/venv/lib/python3.12/site-packages/oslo_config/cfg.py:3242}}
Jul 03 09:06:14.953195 np0000004397 devstack@g-api.service[99596]: DEBUG glance.common.config [None req-a224c052-6f27-488f-8d5d-76ecc493bf8e None None] bind_port = 19292 {{(pid=99596) log_opt_values /opt/stack/data/venv/lib/python3.12/site-packages/oslo_config/cfg.py:3242}}
Jul 03 09:06:14.953318 np0000004397 devstack@g-api.service[99596]: DEBUG glance.common.config [None req-a224c052-6f27-488f-8d5d-76ecc493bf8e None None] client_socket_timeout = 900 {{(pid=99596) log_opt_values /opt/stack/data/venv/lib/python3.12/site-packages/oslo_config/cfg.py:3242}}
Jul 03 09:06:14.953443 np0000004397 devstack@g-api.service[99596]: DEBUG glance.common.config [None req-a224c052-6f27-488f-8d5d-76ecc493bf8e None None] config_dir = [] {{(pid=99596) log_opt_values /opt/stack/data/venv/lib/python3.12/site-packages/oslo_config/cfg.py:3242}}
Jul 03 09:06:14.953526 np0000004397 devstack@g-api.service[99596]: DEBUG glance.common.config [None req-a224c052-6f27-488f-8d5d-76ecc493bf8e None None] config_file = ['/etc/glance/glance-image-import.conf', '/etc/glance/glance-api.conf'] {{(pid=99596) log_opt_values /opt/stack/data/venv/lib/python3.12/site-packages/oslo_config/cfg.py:3242}}
Jul 03 09:06:14.953622 np0000004397 devstack@g-api.service[99596]: DEBUG glance.common.config [None req-a224c052-6f27-488f-8d5d-76ecc493bf8e None None] config_source = [] {{(pid=99596) log_opt_values /opt/stack/data/venv/lib/python3.12/site-packages/oslo_config/cfg.py:3242}}
Jul 03 09:06:14.953739 np0000004397 devstack@g-api.service[99596]: DEBUG glance.common.config [None req-a224c052-6f27-488f-8d5d-76ecc493bf8e None None] control_exchange = glance {{(pid=99596) log_opt_values /opt/stack/data/venv/lib/python3.12/site-packages/oslo_config/cfg.py:3242}}
Jul 03 09:06:14.953810 np0000004397 devstack@g-api.service[99596]: DEBUG glance.common.config [None req-a224c052-6f27-488f-8d5d-76ecc493bf8e None None] debug = True {{(pid=99596) log_opt_values /opt/stack/data/venv/lib/python3.12/site-packages/oslo_config/cfg.py:3242}}
Jul 03 09:06:14.954006 np0000004397 devstack@g-api.service[99596]: DEBUG glance.common.config [None req-a224c052-6f27-488f-8d5d-76ecc493bf8e None None] default_log_levels = ['amqp=WARN', 'boto=WARN', 'sqlalchemy=WARN', 'suds=INFO', 'oslo.messaging=INFO', 'oslo_messaging=INFO', 'iso8601=WARN', 'requests.packages.urllib3.connectionpool=WARN', 'urllib3.connectionpool=WARN', 'websocket=WARN', 'requests.packages.urllib3.util.retry=WARN', 'urllib3.util.retry=WARN', 'keystonemiddleware=WARN', 'routes.middleware=WARN', 'stevedore=WARN', 'taskflow=WARN', 'keystoneauth=WARN', 'oslo.cache=INFO', 'oslo_policy=INFO', 'dogpile.core.dogpile=INFO'] {{(pid=99596) log_opt_values /opt/stack/data/venv/lib/python3.12/site-packages/oslo_config/cfg.py:3242}}
Jul 03 09:06:14.954131 np0000004397 devstack@g-api.service[99596]: DEBUG glance.common.config [None req-a224c052-6f27-488f-8d5d-76ecc493bf8e None None] default_publisher_id = image.localhost {{(pid=99596) log_opt_values /opt/stack/data/venv/lib/python3.12/site-packages/oslo_config/cfg.py:3242}}
Jul 03 09:06:14.954238 np0000004397 devstack@g-api.service[99596]: DEBUG glance.common.config [None req-a224c052-6f27-488f-8d5d-76ecc493bf8e None None] delayed_delete = False {{(pid=99596) log_opt_values /opt/stack/data/venv/lib/python3.12/site-packages/oslo_config/cfg.py:3242}}
Jul 03 09:06:14.954339 np0000004397 devstack@g-api.service[99596]: DEBUG glance.common.config [None req-a224c052-6f27-488f-8d5d-76ecc493bf8e None None] digest_algorithm = sha256 {{(pid=99596) log_opt_values /opt/stack/data/venv/lib/python3.12/site-packages/oslo_config/cfg.py:3242}}
Jul 03 09:06:14.954432 np0000004397 devstack@g-api.service[99596]: DEBUG glance.common.config [None req-a224c052-6f27-488f-8d5d-76ecc493bf8e None None] disabled_notifications = [] {{(pid=99596) log_opt_values /opt/stack/data/venv/lib/python3.12/site-packages/oslo_config/cfg.py:3242}}
Jul 03 09:06:14.954554 np0000004397 devstack@g-api.service[99596]: DEBUG glance.common.config [None req-a224c052-6f27-488f-8d5d-76ecc493bf8e None None] do_secure_hash = True {{(pid=99596) log_opt_values /opt/stack/data/venv/lib/python3.12/site-packages/oslo_config/cfg.py:3242}}
Jul 03 09:06:14.954649 np0000004397 devstack@g-api.service[99596]: DEBUG glance.common.config [None req-a224c052-6f27-488f-8d5d-76ecc493bf8e None None] enabled_backends = None {{(pid=99596) log_opt_values /opt/stack/data/venv/lib/python3.12/site-packages/oslo_config/cfg.py:3242}}
Jul 03 09:06:14.954777 np0000004397 devstack@g-api.service[99596]: DEBUG glance.common.config [None req-a224c052-6f27-488f-8d5d-76ecc493bf8e None None] enabled_import_methods = ['glance-direct', 'web-download', 'copy-image'] {{(pid=99596) log_opt_values /opt/stack/data/venv/lib/python3.12/site-packages/oslo_config/cfg.py:3242}}
Jul 03 09:06:14.954879 np0000004397 devstack@g-api.service[99596]: DEBUG glance.common.config [None req-a224c052-6f27-488f-8d5d-76ecc493bf8e None None] fatal_deprecations = False {{(pid=99596) log_opt_values /opt/stack/data/venv/lib/python3.12/site-packages/oslo_config/cfg.py:3242}}
Jul 03 09:06:14.955002 np0000004397 devstack@g-api.service[99596]: DEBUG glance.common.config [None req-a224c052-6f27-488f-8d5d-76ecc493bf8e None None] hashing_algorithm = sha512 {{(pid=99596) log_opt_values /opt/stack/data/venv/lib/python3.12/site-packages/oslo_config/cfg.py:3242}}
Jul 03 09:06:14.955091 np0000004397 devstack@g-api.service[99596]: DEBUG glance.common.config [None req-a224c052-6f27-488f-8d5d-76ecc493bf8e None None] http_keepalive = True {{(pid=99596) log_opt_values /opt/stack/data/venv/lib/python3.12/site-packages/oslo_config/cfg.py:3242}}
Jul 03 09:06:14.955182 np0000004397 devstack@g-api.service[99596]: DEBUG glance.common.config [None req-a224c052-6f27-488f-8d5d-76ecc493bf8e None None] http_retries = 3 {{(pid=99596) log_opt_values /opt/stack/data/venv/lib/python3.12/site-packages/oslo_config/cfg.py:3242}}
Jul 03 09:06:14.955267 np0000004397 devstack@g-api.service[99595]: INFO glance.api.middleware.cache [None req-b8a955cf-416e-441b-8713-0dd8e5d7dd2e None None] Initialized image cache middleware
Jul 03 09:06:14.955305 np0000004397 devstack@g-api.service[99596]: DEBUG glance.common.config [None req-a224c052-6f27-488f-8d5d-76ecc493bf8e None None] image_cache_dir = /opt/stack/data/glance/cache/ {{(pid=99596) log_opt_values /opt/stack/data/venv/lib/python3.12/site-packages/oslo_config/cfg.py:3242}}
Jul 03 09:06:14.955381 np0000004397 devstack@g-api.service[99596]: DEBUG glance.common.config [None req-a224c052-6f27-488f-8d5d-76ecc493bf8e None None] image_cache_driver = centralized_db {{(pid=99596) log_opt_values /opt/stack/data/venv/lib/python3.12/site-packages/oslo_config/cfg.py:3242}}
Jul 03 09:06:14.955471 np0000004397 devstack@g-api.service[99596]: DEBUG glance.common.config [None req-a224c052-6f27-488f-8d5d-76ecc493bf8e None None] image_cache_max_size = 10737418240 {{(pid=99596) log_opt_values /opt/stack/data/venv/lib/python3.12/site-packages/oslo_config/cfg.py:3242}}
Jul 03 09:06:14.955586 np0000004397 devstack@g-api.service[99596]: DEBUG glance.common.config [None req-a224c052-6f27-488f-8d5d-76ecc493bf8e None None] image_cache_sqlite_db = cache.db {{(pid=99596) log_opt_values /opt/stack/data/venv/lib/python3.12/site-packages/oslo_config/cfg.py:3242}}
Jul 03 09:06:14.955674 np0000004397 devstack@g-api.service[99596]: DEBUG glance.common.config [None req-a224c052-6f27-488f-8d5d-76ecc493bf8e None None] image_cache_stall_time = 86400 {{(pid=99596) log_opt_values /opt/stack/data/venv/lib/python3.12/site-packages/oslo_config/cfg.py:3242}}
Jul 03 09:06:14.955778 np0000004397 devstack@g-api.service[99596]: DEBUG glance.common.config [None req-a224c052-6f27-488f-8d5d-76ecc493bf8e None None] image_location_quota = 10 {{(pid=99596) log_opt_values /opt/stack/data/venv/lib/python3.12/site-packages/oslo_config/cfg.py:3242}}
Jul 03 09:06:14.955874 np0000004397 devstack@g-api.service[99596]: DEBUG glance.common.config [None req-a224c052-6f27-488f-8d5d-76ecc493bf8e None None] image_member_quota = 128 {{(pid=99596) log_opt_values /opt/stack/data/venv/lib/python3.12/site-packages/oslo_config/cfg.py:3242}}
Jul 03 09:06:14.956011 np0000004397 devstack@g-api.service[99596]: DEBUG glance.common.config [None req-a224c052-6f27-488f-8d5d-76ecc493bf8e None None] image_property_quota = 128 {{(pid=99596) log_opt_values /opt/stack/data/venv/lib/python3.12/site-packages/oslo_config/cfg.py:3242}}
Jul 03 09:06:14.956121 np0000004397 devstack@g-api.service[99596]: DEBUG glance.common.config [None req-a224c052-6f27-488f-8d5d-76ecc493bf8e None None] image_size_cap = 1099511627776 {{(pid=99596) log_opt_values /opt/stack/data/venv/lib/python3.12/site-packages/oslo_config/cfg.py:3242}}
Jul 03 09:06:14.956221 np0000004397 devstack@g-api.service[99596]: DEBUG glance.common.config [None req-a224c052-6f27-488f-8d5d-76ecc493bf8e None None] image_tag_quota = 128 {{(pid=99596) log_opt_values /opt/stack/data/venv/lib/python3.12/site-packages/oslo_config/cfg.py:3242}}
Jul 03 09:06:14.956325 np0000004397 devstack@g-api.service[99596]: DEBUG glance.common.config [None req-a224c052-6f27-488f-8d5d-76ecc493bf8e None None] instance_format = [instance: %(uuid)s] {{(pid=99596) log_opt_values /opt/stack/data/venv/lib/python3.12/site-packages/oslo_config/cfg.py:3242}}
Jul 03 09:06:14.956420 np0000004397 devstack@g-api.service[99596]: DEBUG glance.common.config [None req-a224c052-6f27-488f-8d5d-76ecc493bf8e None None] instance_uuid_format = [instance: %(uuid)s] {{(pid=99596) log_opt_values /opt/stack/data/venv/lib/python3.12/site-packages/oslo_config/cfg.py:3242}}
Jul 03 09:06:14.956543 np0000004397 devstack@g-api.service[99596]: DEBUG glance.common.config [None req-a224c052-6f27-488f-8d5d-76ecc493bf8e None None] limit_param_default = 25 {{(pid=99596) log_opt_values /opt/stack/data/venv/lib/python3.12/site-packages/oslo_config/cfg.py:3242}}
Jul 03 09:06:14.956647 np0000004397 devstack@g-api.service[99596]: DEBUG glance.common.config [None req-a224c052-6f27-488f-8d5d-76ecc493bf8e None None] log_color = False {{(pid=99596) log_opt_values /opt/stack/data/venv/lib/python3.12/site-packages/oslo_config/cfg.py:3242}}
Jul 03 09:06:14.956755 np0000004397 devstack@g-api.service[99596]: DEBUG glance.common.config [None req-a224c052-6f27-488f-8d5d-76ecc493bf8e None None] log_config_append = None {{(pid=99596) log_opt_values /opt/stack/data/venv/lib/python3.12/site-packages/oslo_config/cfg.py:3242}}
Jul 03 09:06:14.956854 np0000004397 devstack@g-api.service[99596]: DEBUG glance.common.config [None req-a224c052-6f27-488f-8d5d-76ecc493bf8e None None] log_date_format = %Y-%m-%d %H:%M:%S {{(pid=99596) log_opt_values /opt/stack/data/venv/lib/python3.12/site-packages/oslo_config/cfg.py:3242}}
Jul 03 09:06:14.956978 np0000004397 devstack@g-api.service[99596]: DEBUG glance.common.config [None req-a224c052-6f27-488f-8d5d-76ecc493bf8e None None] log_dir = None {{(pid=99596) log_opt_values /opt/stack/data/venv/lib/python3.12/site-packages/oslo_config/cfg.py:3242}}
Jul 03 09:06:14.957097 np0000004397 devstack@g-api.service[99596]: DEBUG glance.common.config [None req-a224c052-6f27-488f-8d5d-76ecc493bf8e None None] log_file = None {{(pid=99596) log_opt_values /opt/stack/data/venv/lib/python3.12/site-packages/oslo_config/cfg.py:3242}}
Jul 03 09:06:14.957192 np0000004397 devstack@g-api.service[99596]: DEBUG glance.common.config [None req-a224c052-6f27-488f-8d5d-76ecc493bf8e None None] log_rotate_interval = 1 {{(pid=99596) log_opt_values /opt/stack/data/venv/lib/python3.12/site-packages/oslo_config/cfg.py:3242}}
Jul 03 09:06:14.957306 np0000004397 devstack@g-api.service[99596]: DEBUG glance.common.config [None req-a224c052-6f27-488f-8d5d-76ecc493bf8e None None] log_rotate_interval_type = days {{(pid=99596) log_opt_values /opt/stack/data/venv/lib/python3.12/site-packages/oslo_config/cfg.py:3242}}
Jul 03 09:06:14.957408 np0000004397 devstack@g-api.service[99596]: DEBUG glance.common.config [None req-a224c052-6f27-488f-8d5d-76ecc493bf8e None None] log_rotation_type = none {{(pid=99596) log_opt_values /opt/stack/data/venv/lib/python3.12/site-packages/oslo_config/cfg.py:3242}}
Jul 03 09:06:14.957477 np0000004397 devstack@g-api.service[99596]: DEBUG glance.common.config [None req-a224c052-6f27-488f-8d5d-76ecc493bf8e None None] logging_context_format_string = %(color)s%(levelname)s %(name)s [%(global_request_id)s %(request_id)s %(project_name)s %(user_name)s%(color)s] %(instance)s%(color)s%(message)s {{(pid=99596) log_opt_values /opt/stack/data/venv/lib/python3.12/site-packages/oslo_config/cfg.py:3242}}
Jul 03 09:06:14.957557 np0000004397 devstack@g-api.service[99596]: DEBUG glance.common.config [None req-a224c052-6f27-488f-8d5d-76ecc493bf8e None None] logging_debug_format_suffix = {{(pid=%(process)d) %(funcName)s %(pathname)s:%(lineno)d}} {{(pid=99596) log_opt_values /opt/stack/data/venv/lib/python3.12/site-packages/oslo_config/cfg.py:3242}}
Jul 03 09:06:14.957655 np0000004397 devstack@g-api.service[99596]: DEBUG glance.common.config [None req-a224c052-6f27-488f-8d5d-76ecc493bf8e None None] logging_default_format_string = %(color)s%(levelname)s %(name)s [-%(color)s] %(instance)s%(color)s%(message)s {{(pid=99596) log_opt_values /opt/stack/data/venv/lib/python3.12/site-packages/oslo_config/cfg.py:3242}}
Jul 03 09:06:14.957779 np0000004397 devstack@g-api.service[99596]: DEBUG glance.common.config [None req-a224c052-6f27-488f-8d5d-76ecc493bf8e None None] logging_exception_prefix = ERROR %(name)s %(instance)s {{(pid=99596) log_opt_values /opt/stack/data/venv/lib/python3.12/site-packages/oslo_config/cfg.py:3242}}
Jul 03 09:06:14.957851 np0000004397 devstack@g-api.service[99596]: DEBUG glance.common.config [None req-a224c052-6f27-488f-8d5d-76ecc493bf8e None None] logging_user_identity_format = %(user)s %(project)s %(domain)s %(system_scope)s %(user_domain)s %(project_domain)s {{(pid=99596) log_opt_values /opt/stack/data/venv/lib/python3.12/site-packages/oslo_config/cfg.py:3242}}
Jul 03 09:06:14.957969 np0000004397 devstack@g-api.service[99596]: DEBUG glance.common.config [None req-a224c052-6f27-488f-8d5d-76ecc493bf8e None None] max_header_line = 16384 {{(pid=99596) log_opt_values /opt/stack/data/venv/lib/python3.12/site-packages/oslo_config/cfg.py:3242}}
Jul 03 09:06:14.958084 np0000004397 devstack@g-api.service[99596]: DEBUG glance.common.config [None req-a224c052-6f27-488f-8d5d-76ecc493bf8e None None] max_logfile_count = 30 {{(pid=99596) log_opt_values /opt/stack/data/venv/lib/python3.12/site-packages/oslo_config/cfg.py:3242}}
Jul 03 09:06:14.958175 np0000004397 devstack@g-api.service[99596]: DEBUG glance.common.config [None req-a224c052-6f27-488f-8d5d-76ecc493bf8e None None] max_logfile_size_mb = 200 {{(pid=99596) log_opt_values /opt/stack/data/venv/lib/python3.12/site-packages/oslo_config/cfg.py:3242}}
Jul 03 09:06:14.958277 np0000004397 devstack@g-api.service[99596]: DEBUG glance.common.config [None req-a224c052-6f27-488f-8d5d-76ecc493bf8e None None] max_request_id_length = 64 {{(pid=99596) log_opt_values /opt/stack/data/venv/lib/python3.12/site-packages/oslo_config/cfg.py:3242}}
Jul 03 09:06:14.958374 np0000004397 devstack@g-api.service[99596]: DEBUG glance.common.config [None req-a224c052-6f27-488f-8d5d-76ecc493bf8e None None] metadata_encryption_key = **** {{(pid=99596) log_opt_values /opt/stack/data/venv/lib/python3.12/site-packages/oslo_config/cfg.py:3242}}
Jul 03 09:06:14.958469 np0000004397 devstack@g-api.service[99596]: DEBUG glance.common.config [None req-a224c052-6f27-488f-8d5d-76ecc493bf8e None None] node_staging_uri = file:///tmp/staging/ {{(pid=99596) log_opt_values /opt/stack/data/venv/lib/python3.12/site-packages/oslo_config/cfg.py:3242}}
Jul 03 09:06:14.958566 np0000004397 devstack@g-api.service[99596]: DEBUG glance.common.config [None req-a224c052-6f27-488f-8d5d-76ecc493bf8e None None] property_protection_file = None {{(pid=99596) log_opt_values /opt/stack/data/venv/lib/python3.12/site-packages/oslo_config/cfg.py:3242}}
Jul 03 09:06:14.958658 np0000004397 devstack@g-api.service[99596]: DEBUG glance.common.config [None req-a224c052-6f27-488f-8d5d-76ecc493bf8e None None] property_protection_rule_format = roles {{(pid=99596) log_opt_values /opt/stack/data/venv/lib/python3.12/site-packages/oslo_config/cfg.py:3242}}
Jul 03 09:06:14.958753 np0000004397 devstack@g-api.service[99596]: DEBUG glance.common.config [None req-a224c052-6f27-488f-8d5d-76ecc493bf8e None None] public_endpoint = https://10.4.3.86/image {{(pid=99596) log_opt_values /opt/stack/data/venv/lib/python3.12/site-packages/oslo_config/cfg.py:3242}}
Jul 03 09:06:14.958855 np0000004397 devstack@g-api.service[99596]: DEBUG glance.common.config [None req-a224c052-6f27-488f-8d5d-76ecc493bf8e None None] publish_errors = False {{(pid=99596) log_opt_values /opt/stack/data/venv/lib/python3.12/site-packages/oslo_config/cfg.py:3242}}
Jul 03 09:06:14.958972 np0000004397 devstack@g-api.service[99596]: DEBUG glance.common.config [None req-a224c052-6f27-488f-8d5d-76ecc493bf8e None None] pydev_worker_debug_host = None {{(pid=99596) log_opt_values /opt/stack/data/venv/lib/python3.12/site-packages/oslo_config/cfg.py:3242}}
Jul 03 09:06:14.959092 np0000004397 devstack@g-api.service[99596]: DEBUG glance.common.config [None req-a224c052-6f27-488f-8d5d-76ecc493bf8e None None] pydev_worker_debug_port = 5678 {{(pid=99596) log_opt_values /opt/stack/data/venv/lib/python3.12/site-packages/oslo_config/cfg.py:3242}}
Jul 03 09:06:14.959184 np0000004397 devstack@g-api.service[99596]: DEBUG glance.common.config [None req-a224c052-6f27-488f-8d5d-76ecc493bf8e None None] rate_limit_burst = 0 {{(pid=99596) log_opt_values /opt/stack/data/venv/lib/python3.12/site-packages/oslo_config/cfg.py:3242}}
Jul 03 09:06:14.959292 np0000004397 devstack@g-api.service[99596]: DEBUG glance.common.config [None req-a224c052-6f27-488f-8d5d-76ecc493bf8e None None] rate_limit_except_level = CRITICAL {{(pid=99596) log_opt_values /opt/stack/data/venv/lib/python3.12/site-packages/oslo_config/cfg.py:3242}}
Jul 03 09:06:14.959382 np0000004397 devstack@g-api.service[99596]: DEBUG glance.common.config [None req-a224c052-6f27-488f-8d5d-76ecc493bf8e None None] rate_limit_interval = 0 {{(pid=99596) log_opt_values /opt/stack/data/venv/lib/python3.12/site-packages/oslo_config/cfg.py:3242}}
Jul 03 09:06:14.959468 np0000004397 devstack@g-api.service[99596]: DEBUG glance.common.config [None req-a224c052-6f27-488f-8d5d-76ecc493bf8e None None] scrub_pool_size = 1 {{(pid=99596) log_opt_values /opt/stack/data/venv/lib/python3.12/site-packages/oslo_config/cfg.py:3242}}
Jul 03 09:06:14.959573 np0000004397 devstack@g-api.service[99596]: DEBUG glance.common.config [None req-a224c052-6f27-488f-8d5d-76ecc493bf8e None None] scrub_time = 0 {{(pid=99596) log_opt_values /opt/stack/data/venv/lib/python3.12/site-packages/oslo_config/cfg.py:3242}}
Jul 03 09:06:14.959653 np0000004397 devstack@g-api.service[99596]: DEBUG glance.common.config [None req-a224c052-6f27-488f-8d5d-76ecc493bf8e None None] shell_completion = None {{(pid=99596) log_opt_values /opt/stack/data/venv/lib/python3.12/site-packages/oslo_config/cfg.py:3242}}
Jul 03 09:06:14.959745 np0000004397 devstack@g-api.service[99596]: DEBUG glance.common.config [None req-a224c052-6f27-488f-8d5d-76ecc493bf8e None None] show_image_direct_url = False {{(pid=99596) log_opt_values /opt/stack/data/venv/lib/python3.12/site-packages/oslo_config/cfg.py:3242}}
Jul 03 09:06:14.959998 np0000004397 devstack@g-api.service[99596]: WARNING oslo_config.cfg [None req-a224c052-6f27-488f-8d5d-76ecc493bf8e None None] Deprecated: Option "show_multiple_locations" from group "DEFAULT" is deprecated for removal (Use of this option, deprecated since Newton, is a security risk and will be removed once we figure out a way to satisfy those use cases that currently require it. An earlier announcement that the same functionality can be achieved with greater granularity by using policies is incorrect. You cannot work around this option via policy configuration at the present time, though that is the direction we believe the fix will take. Please keep an eye on the Glance release notes to stay up to date on progress in addressing this issue.). Its value may be silently ignored in the future.
Jul 03 09:06:14.960134 np0000004397 devstack@g-api.service[99596]: DEBUG glance.common.config [None req-a224c052-6f27-488f-8d5d-76ecc493bf8e None None] show_multiple_locations = False {{(pid=99596) log_opt_values /opt/stack/data/venv/lib/python3.12/site-packages/oslo_config/cfg.py:3242}}
Jul 03 09:06:14.960230 np0000004397 devstack@g-api.service[99596]: DEBUG glance.common.config [None req-a224c052-6f27-488f-8d5d-76ecc493bf8e None None] syslog_log_facility = LOG_USER {{(pid=99596) log_opt_values /opt/stack/data/venv/lib/python3.12/site-packages/oslo_config/cfg.py:3242}}
Jul 03 09:06:14.960337 np0000004397 devstack@g-api.service[99596]: DEBUG glance.common.config [None req-a224c052-6f27-488f-8d5d-76ecc493bf8e None None] tcp_keepidle = 600 {{(pid=99596) log_opt_values /opt/stack/data/venv/lib/python3.12/site-packages/oslo_config/cfg.py:3242}}
Jul 03 09:06:14.960434 np0000004397 devstack@g-api.service[99596]: DEBUG glance.common.config [None req-a224c052-6f27-488f-8d5d-76ecc493bf8e None None] transport_url = **** {{(pid=99596) log_opt_values /opt/stack/data/venv/lib/python3.12/site-packages/oslo_config/cfg.py:3242}}
Jul 03 09:06:14.960538 np0000004397 devstack@g-api.service[99596]: DEBUG glance.common.config [None req-a224c052-6f27-488f-8d5d-76ecc493bf8e None None] use_journal = False {{(pid=99596) log_opt_values /opt/stack/data/venv/lib/python3.12/site-packages/oslo_config/cfg.py:3242}}
Jul 03 09:06:14.960628 np0000004397 devstack@g-api.service[99596]: DEBUG glance.common.config [None req-a224c052-6f27-488f-8d5d-76ecc493bf8e None None] use_json = False {{(pid=99596) log_opt_values /opt/stack/data/venv/lib/python3.12/site-packages/oslo_config/cfg.py:3242}}
Jul 03 09:06:14.960717 np0000004397 devstack@g-api.service[99596]: DEBUG glance.common.config [None req-a224c052-6f27-488f-8d5d-76ecc493bf8e None None] use_keystone_limits = True {{(pid=99596) log_opt_values /opt/stack/data/venv/lib/python3.12/site-packages/oslo_config/cfg.py:3242}}
Jul 03 09:06:14.960814 np0000004397 devstack@g-api.service[99596]: DEBUG glance.common.config [None req-a224c052-6f27-488f-8d5d-76ecc493bf8e None None] use_stderr = False {{(pid=99596) log_opt_values /opt/stack/data/venv/lib/python3.12/site-packages/oslo_config/cfg.py:3242}}
Jul 03 09:06:14.960928 np0000004397 devstack@g-api.service[99596]: DEBUG glance.common.config [None req-a224c052-6f27-488f-8d5d-76ecc493bf8e None None] use_syslog = False {{(pid=99596) log_opt_values /opt/stack/data/venv/lib/python3.12/site-packages/oslo_config/cfg.py:3242}}
Jul 03 09:06:14.961052 np0000004397 devstack@g-api.service[99596]: DEBUG glance.common.config [None req-a224c052-6f27-488f-8d5d-76ecc493bf8e None None] user_storage_quota = 0 {{(pid=99596) log_opt_values /opt/stack/data/venv/lib/python3.12/site-packages/oslo_config/cfg.py:3242}}
Jul 03 09:06:14.961160 np0000004397 devstack@g-api.service[99596]: DEBUG glance.common.config [None req-a224c052-6f27-488f-8d5d-76ecc493bf8e None None] worker_self_reference_url = http://127.0.0.1:60999 {{(pid=99596) log_opt_values /opt/stack/data/venv/lib/python3.12/site-packages/oslo_config/cfg.py:3242}}
Jul 03 09:06:14.961247 np0000004397 devstack@g-api.service[99596]: DEBUG glance.common.config [None req-a224c052-6f27-488f-8d5d-76ecc493bf8e None None] workers = None {{(pid=99596) log_opt_values /opt/stack/data/venv/lib/python3.12/site-packages/oslo_config/cfg.py:3242}}
Jul 03 09:06:14.961368 np0000004397 devstack@g-api.service[99596]: DEBUG glance.common.config [None req-a224c052-6f27-488f-8d5d-76ecc493bf8e None None] oslo_concurrency.disable_process_locking = False {{(pid=99596) log_opt_values /opt/stack/data/venv/lib/python3.12/site-packages/oslo_config/cfg.py:3253}}
Jul 03 09:06:14.961469 np0000004397 devstack@g-api.service[99596]: DEBUG glance.common.config [None req-a224c052-6f27-488f-8d5d-76ecc493bf8e None None] oslo_concurrency.lock_path = /opt/stack/data/glance/locks {{(pid=99596) log_opt_values /opt/stack/data/venv/lib/python3.12/site-packages/oslo_config/cfg.py:3253}}
Jul 03 09:06:14.961581 np0000004397 devstack@g-api.service[99596]: DEBUG glance.common.config [None req-a224c052-6f27-488f-8d5d-76ecc493bf8e None None] oslo_middleware.enable_proxy_headers_parsing = False {{(pid=99596) log_opt_values /opt/stack/data/venv/lib/python3.12/site-packages/oslo_config/cfg.py:3253}}
Jul 03 09:06:14.961675 np0000004397 devstack@g-api.service[99596]: DEBUG glance.common.config [None req-a224c052-6f27-488f-8d5d-76ecc493bf8e None None] oslo_middleware.http_basic_auth_user_file = /etc/htpasswd {{(pid=99596) log_opt_values /opt/stack/data/venv/lib/python3.12/site-packages/oslo_config/cfg.py:3253}}
Jul 03 09:06:14.961708 np0000004397 devstack@g-api.service[99594]: DEBUG glance.common.config [None req-e48cab7b-5d1f-47bb-82eb-a6ec8218c828 None None] ******************************************************************************** {{(pid=99594) log_opt_values /opt/stack/data/venv/lib/python3.12/site-packages/oslo_config/cfg.py:3226}}
Jul 03 09:06:14.961782 np0000004397 devstack@g-api.service[99594]: DEBUG glance.common.config [None req-e48cab7b-5d1f-47bb-82eb-a6ec8218c828 None None] Configuration options gathered from: {{(pid=99594) log_opt_values /opt/stack/data/venv/lib/python3.12/site-packages/oslo_config/cfg.py:3227}}
Jul 03 09:06:14.961811 np0000004397 devstack@g-api.service[99596]: DEBUG glance.common.config [None req-a224c052-6f27-488f-8d5d-76ecc493bf8e None None] paste_deploy.config_file = None {{(pid=99596) log_opt_values /opt/stack/data/venv/lib/python3.12/site-packages/oslo_config/cfg.py:3253}}
Jul 03 09:06:14.961924 np0000004397 devstack@g-api.service[99596]: DEBUG glance.common.config [None req-a224c052-6f27-488f-8d5d-76ecc493bf8e None None] paste_deploy.flavor = keystone+cachemanagement {{(pid=99596) log_opt_values /opt/stack/data/venv/lib/python3.12/site-packages/oslo_config/cfg.py:3253}}
Jul 03 09:06:14.962060 np0000004397 devstack@g-api.service[99594]: DEBUG glance.common.config [None req-e48cab7b-5d1f-47bb-82eb-a6ec8218c828 None None] command line args: [] {{(pid=99594) log_opt_values /opt/stack/data/venv/lib/python3.12/site-packages/oslo_config/cfg.py:3228}}
Jul 03 09:06:14.962095 np0000004397 devstack@g-api.service[99596]: DEBUG glance.common.config [None req-a224c052-6f27-488f-8d5d-76ecc493bf8e None None] image_format.container_formats = ['ami', 'ari', 'aki', 'bare', 'ovf', 'ova', 'docker', 'compressed'] {{(pid=99596) log_opt_values /opt/stack/data/venv/lib/python3.12/site-packages/oslo_config/cfg.py:3253}}
Jul 03 09:06:14.962237 np0000004397 devstack@g-api.service[99596]: DEBUG glance.common.config [None req-a224c052-6f27-488f-8d5d-76ecc493bf8e None None] image_format.disk_formats = ['ami', 'ari', 'aki', 'vhd', 'vhdx', 'vmdk', 'raw', 'qcow2', 'vdi', 'iso', 'ploop'] {{(pid=99596) log_opt_values /opt/stack/data/venv/lib/python3.12/site-packages/oslo_config/cfg.py:3253}}
Jul 03 09:06:14.962271 np0000004397 devstack@g-api.service[99594]: DEBUG glance.common.config [None req-e48cab7b-5d1f-47bb-82eb-a6ec8218c828 None None] config files: ['/etc/glance/glance-image-import.conf', '/etc/glance/glance-api.conf'] {{(pid=99594) log_opt_values /opt/stack/data/venv/lib/python3.12/site-packages/oslo_config/cfg.py:3229}}
Jul 03 09:06:14.962337 np0000004397 devstack@g-api.service[99594]: DEBUG glance.common.config [None req-e48cab7b-5d1f-47bb-82eb-a6ec8218c828 None None] ================================================================================ {{(pid=99594) log_opt_values /opt/stack/data/venv/lib/python3.12/site-packages/oslo_config/cfg.py:3234}}
Jul 03 09:06:14.962367 np0000004397 devstack@g-api.service[99596]: DEBUG glance.common.config [None req-a224c052-6f27-488f-8d5d-76ecc493bf8e None None] image_format.gpt_safety_checks_nonfatal = [] {{(pid=99596) log_opt_values /opt/stack/data/venv/lib/python3.12/site-packages/oslo_config/cfg.py:3253}}
