Jul 03 09:05:28.112803 np0000004397 devstack@neutron-api.service[87413]: DEBUG neutron.plugins.ml2.drivers.ovn.mech_driver.ovsdb.ovsdb_monitor [None req-545bb12f-89d8-4b48-9b38-8025f69ab9b5 None None] Hash Ring: Node afcfac673ac95cdb867dbb543c715a42 (host: np0000004397) handling event "create" for row 8db5db32-1f60-49e2-8a68-3fe7a758e813 (table: Chassis_Private) {{(pid=87413) notify /opt/stack/neutron/neutron/plugins/ml2/drivers/ovn/mech_driver/ovsdb/ovsdb_monitor.py:1015}}
Jul 03 09:05:28.114220 np0000004397 devstack@neutron-api.service[87411]: DEBUG ovsdbapp.backend.ovs_idl [None req-8313a8df-ad2d-4251-98a0-c16d2695cf1a None None] Created lookup_table index Chassis.name {{(pid=87411) autocreate_indices /opt/stack/data/venv/lib/python3.12/site-packages/ovsdbapp/backend/ovs_idl/__init__.py:87}}
Jul 03 09:05:28.114312 np0000004397 devstack@neutron-api.service[87413]: INFO neutron.plugins.ml2.drivers.ovn.mech_driver.mech_driver [None req-545bb12f-89d8-4b48-9b38-8025f69ab9b5 None None] WorkerService process has finished the post initialization
Jul 03 09:05:28.114343 np0000004397 devstack@neutron-api.service[87411]: DEBUG ovsdbapp.backend.ovs_idl [None req-8313a8df-ad2d-4251-98a0-c16d2695cf1a None None] Created lookup_table index Port_Binding.logical_port {{(pid=87411) autocreate_indices /opt/stack/data/venv/lib/python3.12/site-packages/ovsdbapp/backend/ovs_idl/__init__.py:87}}
Jul 03 09:05:28.114533 np0000004397 devstack@neutron-api.service[87411]: DEBUG ovsdbapp.backend.ovs_idl [None req-8313a8df-ad2d-4251-98a0-c16d2695cf1a None None] Created schema index Chassis_Private.name {{(pid=87411) autocreate_indices /opt/stack/data/venv/lib/python3.12/site-packages/ovsdbapp/backend/ovs_idl/__init__.py:106}}
Jul 03 09:05:28.114533 np0000004397 devstack@neutron-api.service[87411]: DEBUG ovsdbapp.backend.ovs_idl [None req-8313a8df-ad2d-4251-98a0-c16d2695cf1a None None] Created schema index Datapath_Binding.tunnel_key {{(pid=87411) autocreate_indices /opt/stack/data/venv/lib/python3.12/site-packages/ovsdbapp/backend/ovs_idl/__init__.py:106}}
Jul 03 09:05:28.114743 np0000004397 devstack@neutron-api.service[87413]: DEBUG oslo_concurrency.processutils [None req-545bb12f-89d8-4b48-9b38-8025f69ab9b5 None None] Running cmd (subprocess): ovsdb-client transact ssl:10.4.3.86:6641 --timeout 180 -p /opt/stack/data/CA/int-ca/private/devstack-cert.key -c /opt/stack/data/CA/int-ca/devstack-cert.crt -C /opt/stack/data/CA/int-ca/ca-chain.pem ["OVN_Northbound", {"op": "wait", "timeout": 0, "table": "Port_Group", "where": [["name", "==", "pvlan_pg_drop"]], "until": "==", "rows": []}, {"op": "insert", "table": "ACL", "row": {"action": "drop", "direction": "to-lport", "match": "outport == @pvlan_pg_drop && ip", "priority": 1010}, "uuid-name": "pvlandroptoport"}, {"op": "insert", "table": "ACL", "row": {"action": "drop", "direction": "from-lport", "match": "inport == @pvlan_pg_drop && ip", "priority": 1010}, "uuid-name": "pvlandropfromport"}, {"op": "insert", "table": "Port_Group", "row": {"name": "pvlan_pg_drop", "acls": ["set", [["named-uuid", "pvlandroptoport"], ["named-uuid", "pvlandropfromport"]]]}}] {{(pid=87413) execute /opt/stack/data/venv/lib/python3.12/site-packages/oslo_concurrency/processutils.py:440}}
Jul 03 09:05:28.116637 np0000004397 devstack@neutron-api.service[87411]: INFO ovsdbapp.backend.ovs_idl.vlog [None req-8313a8df-ad2d-4251-98a0-c16d2695cf1a None None] ssl:10.4.3.86:6642: connecting...
Jul 03 09:05:28.120419 np0000004397 devstack@neutron-api.service[87411]: INFO ovsdbapp.backend.ovs_idl.vlog [None req-8313a8df-ad2d-4251-98a0-c16d2695cf1a None None] ssl:10.4.3.86:6642: connected
Jul 03 09:05:28.140917 np0000004397 devstack@neutron-api.service[87413]: DEBUG oslo_concurrency.processutils [None req-545bb12f-89d8-4b48-9b38-8025f69ab9b5 None None] CMD "ovsdb-client transact ssl:10.4.3.86:6641 --timeout 180 -p /opt/stack/data/CA/int-ca/private/devstack-cert.key -c /opt/stack/data/CA/int-ca/devstack-cert.crt -C /opt/stack/data/CA/int-ca/ca-chain.pem ["OVN_Northbound", {"op": "wait", "timeout": 0, "table": "Port_Group", "where": [["name", "==", "pvlan_pg_drop"]], "until": "==", "rows": []}, {"op": "insert", "table": "ACL", "row": {"action": "drop", "direction": "to-lport", "match": "outport == @pvlan_pg_drop && ip", "priority": 1010}, "uuid-name": "pvlandroptoport"}, {"op": "insert", "table": "ACL", "row": {"action": "drop", "direction": "from-lport", "match": "inport == @pvlan_pg_drop && ip", "priority": 1010}, "uuid-name": "pvlandropfromport"}, {"op": "insert", "table": "Port_Group", "row": {"name": "pvlan_pg_drop", "acls": ["set", [["named-uuid", "pvlandroptoport"], ["named-uuid", "pvlandropfromport"]]]}}]" returned: 0 in 0.025s {{(pid=87413) execute /opt/stack/data/venv/lib/python3.12/site-packages/oslo_concurrency/processutils.py:468}}
Jul 03 09:05:28.142001 np0000004397 devstack@neutron-api.service[87411]: DEBUG neutron.common.ovn.hash_ring_manager [None req-8313a8df-ad2d-4251-98a0-c16d2695cf1a None None] Allow caching, nodes 3>=3 {{(pid=87411) _wait_startup_before_caching /opt/stack/neutron/neutron/common/ovn/hash_ring_manager.py:71}}
Jul 03 09:05:28.142228 np0000004397 devstack@neutron-api.service[87413]: WSGI app 0 (mountpoint='') ready in 7 seconds on interpreter 0x739a5faa3668 pid: 87413 (default app)
Jul 03 09:05:28.145941 np0000004397 devstack@neutron-api.service[87411]: DEBUG neutron.common.ovn.hash_ring_manager [None req-8313a8df-ad2d-4251-98a0-c16d2695cf1a None None] Hash Ring loaded. 3 active nodes. 0 offline nodes {{(pid=87411) _load_hash_ring /opt/stack/neutron/neutron/common/ovn/hash_ring_manager.py:110}}
Jul 03 09:05:28.146100 np0000004397 devstack@neutron-api.service[87411]: DEBUG neutron.plugins.ml2.drivers.ovn.mech_driver.ovsdb.ovsdb_monitor [None req-8313a8df-ad2d-4251-98a0-c16d2695cf1a None None] Hash Ring: Node 5ea85a1e859c58d2a0522352bc41807b (host: np0000004397) handling event "create" for row 5c693213-2081-4c20-bfea-aac60605f269 (table: Chassis) {{(pid=87411) notify /opt/stack/neutron/neutron/plugins/ml2/drivers/ovn/mech_driver/ovsdb/ovsdb_monitor.py:1015}}
Jul 03 09:05:28.146792 np0000004397 devstack@neutron-api.service[87411]: DEBUG ovsdbapp.backend.ovs_idl.event [None req-8313a8df-ad2d-4251-98a0-c16d2695cf1a None None] Matched CREATE: ChassisBandwidthConfigEvent(events=('create', 'update'), table='Chassis', conditions=None, old_conditions=None), priority=20 to row=Chassis(uuid=5c693213-2081-4c20-bfea-aac60605f269, encaps=[333cd7eb-35b2-4b53-bb14-d4f1eaca8f40], external_ids={}, hostname='np0000004397', name='9b5a5389-a383-49af-923d-5a4d04583f16', nb_cfg=0, other_config={'ct-commit-nat-v2': 'true', 'ct-commit-to-zone': 'true', 'ct-next-zone': 'true', 'ct-no-masked-label': 'true', 'ct-state-save': 'true', 'datapath-type': 'system', 'fdb-timestamp': 'true', 'iface-types': 'afxdp,afxdp-nonpmd,bareudp,erspan,geneve,gre,gtpu,internal,ip6erspan,ip6gre,lisp,patch,srv6,stt,system,tap,vxlan', 'is-interconn': 'false', 'ls-dpg-column': 'true', 'mac-binding-timestamp': 'true', 'ovn-bridge-mappings': 'public:br-ex', 'ovn-chassis-mac-mappings': '', 'ovn-cms-options': 'enable-chassis-as-gw', 'ovn-ct-lb-related': 'true', 'ovn-enable-lflow-cache': 'true', 'ovn-limit-lflow-cache': '', 'ovn-memlimit-lflow-cache-kb': '', 'ovn-monitor-all': 'false', 'ovn-trim-limit-lflow-cache': '', 'ovn-trim-timeout-ms': '', 'ovn-trim-wmark-perc-lflow-cache': '', 'port-up-notif': 'true'}, transport_zones=[], vtep_logical_switches=[]) old= {{(pid=87411) matches /opt/stack/data/venv/lib/python3.12/site-packages/ovsdbapp/backend/ovs_idl/event.py:55}}
Jul 03 09:05:28.147229 np0000004397 devstack@neutron-api.service[87411]: DEBUG neutron.plugins.ml2.drivers.ovn.mech_driver.ovsdb.ovsdb_monitor [None req-8313a8df-ad2d-4251-98a0-c16d2695cf1a None None] ChassisAgentWriteEvent : Matched Chassis_Private, create, None None {{(pid=87411) matches /opt/stack/neutron/neutron/plugins/ml2/drivers/ovn/mech_driver/ovsdb/ovsdb_monitor.py:64}}
Jul 03 09:05:28.147475 np0000004397 devstack@neutron-api.service[87411]: DEBUG neutron.plugins.ml2.drivers.ovn.mech_driver.ovsdb.ovsdb_monitor [None req-8313a8df-ad2d-4251-98a0-c16d2695cf1a None None] ChassisOVNAgentWriteEvent : Matched Chassis_Private, create, None None {{(pid=87411) matches /opt/stack/neutron/neutron/plugins/ml2/drivers/ovn/mech_driver/ovsdb/ovsdb_monitor.py:64}}
Jul 03 09:05:28.147816 np0000004397 devstack@neutron-api.service[87411]: DEBUG neutron.plugins.ml2.drivers.ovn.mech_driver.ovsdb.ovsdb_monitor [None req-8313a8df-ad2d-4251-98a0-c16d2695cf1a None None] Hash Ring: Node 5ea85a1e859c58d2a0522352bc41807b (host: np0000004397) handling event "create" for row 333cd7eb-35b2-4b53-bb14-d4f1eaca8f40 (table: Encap) {{(pid=87411) notify /opt/stack/neutron/neutron/plugins/ml2/drivers/ovn/mech_driver/ovsdb/ovsdb_monitor.py:1015}}
Jul 03 09:05:28.148982 np0000004397 devstack@neutron-api.service[87411]: INFO neutron.plugins.ml2.drivers.ovn.mech_driver.mech_driver [None req-8313a8df-ad2d-4251-98a0-c16d2695cf1a None None] WorkerService process has finished the post initialization
Jul 03 09:05:28.149303 np0000004397 devstack@neutron-api.service[87411]: DEBUG oslo_concurrency.processutils [None req-8313a8df-ad2d-4251-98a0-c16d2695cf1a None None] Running cmd (subprocess): ovsdb-client transact ssl:10.4.3.86:6641 --timeout 180 -p /opt/stack/data/CA/int-ca/private/devstack-cert.key -c /opt/stack/data/CA/int-ca/devstack-cert.crt -C /opt/stack/data/CA/int-ca/ca-chain.pem ["OVN_Northbound", {"op": "wait", "timeout": 0, "table": "Port_Group", "where": [["name", "==", "pvlan_pg_drop"]], "until": "==", "rows": []}, {"op": "insert", "table": "ACL", "row": {"action": "drop", "direction": "to-lport", "match": "outport == @pvlan_pg_drop && ip", "priority": 1010}, "uuid-name": "pvlandroptoport"}, {"op": "insert", "table": "ACL", "row": {"action": "drop", "direction": "from-lport", "match": "inport == @pvlan_pg_drop && ip", "priority": 1010}, "uuid-name": "pvlandropfromport"}, {"op": "insert", "table": "Port_Group", "row": {"name": "pvlan_pg_drop", "acls": ["set", [["named-uuid", "pvlandroptoport"], ["named-uuid", "pvlandropfromport"]]]}}] {{(pid=87411) execute /opt/stack/data/venv/lib/python3.12/site-packages/oslo_concurrency/processutils.py:440}}
Jul 03 09:05:28.150266 np0000004397 devstack@neutron-api.service[87411]: INFO neutron.plugins.ml2.drivers.ovn.mech_driver.ovsdb.extensions.qos [-] Starting OVNClientQosExtension
Jul 03 09:05:28.150266 np0000004397 devstack@neutron-api.service[87411]: INFO neutron.plugins.ml2.drivers.ovn.mech_driver.ovsdb.extensions.placement [-] Starting OVNClientPlacementExtension
Jul 03 09:05:28.175734 np0000004397 devstack@neutron-api.service[87411]: DEBUG oslo_concurrency.processutils [None req-8313a8df-ad2d-4251-98a0-c16d2695cf1a None None] CMD "ovsdb-client transact ssl:10.4.3.86:6641 --timeout 180 -p /opt/stack/data/CA/int-ca/private/devstack-cert.key -c /opt/stack/data/CA/int-ca/devstack-cert.crt -C /opt/stack/data/CA/int-ca/ca-chain.pem ["OVN_Northbound", {"op": "wait", "timeout": 0, "table": "Port_Group", "where": [["name", "==", "pvlan_pg_drop"]], "until": "==", "rows": []}, {"op": "insert", "table": "ACL", "row": {"action": "drop", "direction": "to-lport", "match": "outport == @pvlan_pg_drop && ip", "priority": 1010}, "uuid-name": "pvlandroptoport"}, {"op": "insert", "table": "ACL", "row": {"action": "drop", "direction": "from-lport", "match": "inport == @pvlan_pg_drop && ip", "priority": 1010}, "uuid-name": "pvlandropfromport"}, {"op": "insert", "table": "Port_Group", "row": {"name": "pvlan_pg_drop", "acls": ["set", [["named-uuid", "pvlandroptoport"], ["named-uuid", "pvlandropfromport"]]]}}]" returned: 0 in 0.026s {{(pid=87411) execute /opt/stack/data/venv/lib/python3.12/site-packages/oslo_concurrency/processutils.py:468}}
Jul 03 09:05:28.177652 np0000004397 devstack@neutron-api.service[87411]: WSGI app 0 (mountpoint='') ready in 7 seconds on interpreter 0x739a5faa3668 pid: 87411 (default app)
Jul 03 09:05:28.644517 np0000004397 devstack@neutron-api.service[87413]: DEBUG neutron.plugins.ml2.drivers.ovn.mech_driver.ovsdb.ovsdb_monitor [-] Hash Ring: Node afcfac673ac95cdb867dbb543c715a42 (host: np0000004397) handling event "update" for row 303a6537-3c0a-4e9a-88e5-c6a64cb3ff94 (table: Connection) {{(pid=87413) notify /opt/stack/neutron/neutron/plugins/ml2/drivers/ovn/mech_driver/ovsdb/ovsdb_monitor.py:1015}}
Jul 03 09:05:28.649373 np0000004397 devstack@neutron-api.service[87412]: DEBUG neutron.common.ovn.hash_ring_manager [-] Allow caching, nodes 3>=3 {{(pid=87412) _wait_startup_before_caching /opt/stack/neutron/neutron/common/ovn/hash_ring_manager.py:71}}
Jul 03 09:05:28.649373 np0000004397 devstack@neutron-api.service[87412]: DEBUG neutron.plugins.ml2.drivers.ovn.mech_driver.ovsdb.ovsdb_monitor [-] Hash Ring: Node 9b06389b4bf2562fb32e7252e8dcd63d (host: np0000004397) handling event "update" for row 303a6537-3c0a-4e9a-88e5-c6a64cb3ff94 (table: Connection) {{(pid=87412) notify /opt/stack/neutron/neutron/plugins/ml2/drivers/ovn/mech_driver/ovsdb/ovsdb_monitor.py:1015}}
Jul 03 09:05:31.144960 np0000004397 devstack@neutron-api.service[87413]: DEBUG neutron.plugins.ml2.drivers.ovn.mech_driver.ovsdb.ovsdb_monitor [-] Hash Ring: Node afcfac673ac95cdb867dbb543c715a42 (host: np0000004397) handling event "update" for row 303a6537-3c0a-4e9a-88e5-c6a64cb3ff94 (table: Connection) {{(pid=87413) notify /opt/stack/neutron/neutron/plugins/ml2/drivers/ovn/mech_driver/ovsdb/ovsdb_monitor.py:1015}}
Jul 03 09:05:31.145796 np0000004397 devstack@neutron-api.service[87412]: DEBUG neutron.plugins.ml2.drivers.ovn.mech_driver.ovsdb.ovsdb_monitor [-] Hash Ring: Node 9b06389b4bf2562fb32e7252e8dcd63d (host: np0000004397) handling event "update" for row 303a6537-3c0a-4e9a-88e5-c6a64cb3ff94 (table: Connection) {{(pid=87412) notify /opt/stack/neutron/neutron/plugins/ml2/drivers/ovn/mech_driver/ovsdb/ovsdb_monitor.py:1015}}
Jul 03 09:05:32.010407 np0000004397 devstack@neutron-api.service[87412]: DEBUG neutron.api.wsgi [None req-50b3a62e-2e07-43f5-9344-fb121df76ec0 admin admin] Missing Content-Type {{(pid=87412) get_content_type /opt/stack/neutron/neutron/api/wsgi.py:80}}
Jul 03 09:05:32.010718 np0000004397 devstack@neutron-api.service[87412]: DEBUG neutron.api.wsgi [None req-50b3a62e-2e07-43f5-9344-fb121df76ec0 admin admin] https://10.4.3.86/networking/v2.0/extensions returned with HTTP 200 {{(pid=87412) __call__ /opt/stack/neutron/neutron/api/wsgi.py:540}}
Jul 03 09:05:32.011082 np0000004397 devstack@neutron-api.service[87412]: [pid: 87412|app: 0|req: 2/2] 10.4.3.86 () {64 vars in 1285 bytes} [Fri Jul 3 09:05:31 2026] GET /networking/v2.0/extensions => generated 16171 bytes in 523 msecs (HTTP/1.1 200) 4 headers in 159 bytes (1 switches on core 0)
Jul 03 09:05:32.361884 np0000004397 devstack@neutron-api.service[87413]: DEBUG neutron.api.v2.base [None req-a9fec9e0-3837-4f55-8f15-611367fe237a admin admin] Request body: {'subnetpool': {'default_prefixlen': 26, 'name': 'shared-default-subnetpool-v4', 'shared': True, 'prefixes': ['10.1.0.0/20'], 'is_default': True}} {{(pid=87413) prepare_request_body /opt/stack/neutron/neutron/api/v2/base.py:727}}
Jul 03 09:05:32.567315 np0000004397 devstack@neutron-api.service[87413]: DEBUG neutron.policy [None req-a9fec9e0-3837-4f55-8f15-611367fe237a admin admin] Loaded default policies from ['neutron'] under neutron.policies entry points {{(pid=87413) register_rules /opt/stack/neutron/neutron/policy.py:65}}
Jul 03 09:05:32.691517 np0000004397 devstack@neutron-api.service[87413]: DEBUG neutron_lib.callbacks.manager [None req-a9fec9e0-3837-4f55-8f15-611367fe237a admin admin] Publish callbacks ['neutron.objects.securitygroup.RbacNeutronDbObjectMixin.validate_rbac_policy_change-3245890550910', 'neutron.objects.address_group.RbacNeutronDbObjectMixin.validate_rbac_policy_change-3245890130826', 'neutron.objects.network.RbacNeutronDbObjectMixin.validate_rbac_policy_change-3245890249112', 'neutron.objects.qos.policy.RbacNeutronDbObjectMixin.validate_rbac_policy_change-3245890253975', 'neutron.objects.subnetpool.RbacNeutronDbObjectMixin.validate_rbac_policy_change-3245890226014', 'neutron.objects.address_scope.RbacNeutronDbObjectMixin.validate_rbac_policy_change-3245890219380', 'neutron.plugins.ml2.plugin.External_net_db_mixin._process_ext_policy_create-2899559', 'neutron.plugins.ml2.plugin.NeutronDbPluginV2.validate_network_rbac_policy_change-2894095'] for rbac-policy (None), before_create {{(pid=87413) _notify_loop /opt/stack/data/venv/lib/python3.12/site-packages/neutron_lib/callbacks/manager.py:184}}
Jul 03 09:05:32.730034 np0000004397 devstack@neutron-api.service[87413]: DEBUG neutron_lib.callbacks.manager [None req-a9fec9e0-3837-4f55-8f15-611367fe237a admin admin] Publish callbacks [] for subnetpool (None), before_response {{(pid=87413) _notify_loop /opt/stack/data/venv/lib/python3.12/site-packages/neutron_lib/callbacks/manager.py:184}}
Jul 03 09:05:32.730504 np0000004397 devstack@neutron-api.service[87413]: [pid: 87413|app: 0|req: 1/3] 10.4.3.86 () {68 vars in 1329 bytes} [Fri Jul 3 09:05:32 2026] POST /networking/v2.0/subnetpools => generated 533 bytes in 460 msecs (HTTP/1.1 201) 4 headers in 162 bytes (1 switches on core 0)
Jul 03 09:05:33.023312 np0000004397 devstack@neutron-api.service[87411]: DEBUG neutron.api.v2.base [None req-c35f033d-1994-4fa5-a576-707da69b28d8 admin admin] Request body: {'subnetpool': {'default_prefixlen': 64, 'name': 'shared-default-subnetpool-v6', 'shared': True, 'prefixes': ['fd00:3018:6125::/56'], 'is_default': True}} {{(pid=87411) prepare_request_body /opt/stack/neutron/neutron/api/v2/base.py:727}}
Jul 03 09:05:33.192982 np0000004397 devstack@neutron-api.service[87411]: DEBUG neutron.policy [None req-c35f033d-1994-4fa5-a576-707da69b28d8 admin admin] Loaded default policies from ['neutron'] under neutron.policies entry points {{(pid=87411) register_rules /opt/stack/neutron/neutron/policy.py:65}}
Jul 03 09:05:33.319035 np0000004397 devstack@neutron-api.service[87411]: DEBUG neutron_lib.callbacks.manager [None req-c35f033d-1994-4fa5-a576-707da69b28d8 admin admin] Publish callbacks ['neutron.objects.securitygroup.RbacNeutronDbObjectMixin.validate_rbac_policy_change-3245890146908', 'neutron.objects.address_group.RbacNeutronDbObjectMixin.validate_rbac_policy_change-3245890138566', 'neutron.objects.network.RbacNeutronDbObjectMixin.validate_rbac_policy_change-3245890243118', 'neutron.objects.qos.policy.RbacNeutronDbObjectMixin.validate_rbac_policy_change-3245890226043', 'neutron.objects.subnetpool.RbacNeutronDbObjectMixin.validate_rbac_policy_change-3245890250811', 'neutron.objects.address_scope.RbacNeutronDbObjectMixin.validate_rbac_policy_change-3245890210235', 'neutron.plugins.ml2.plugin.External_net_db_mixin._process_ext_policy_create-381742', 'neutron.plugins.ml2.plugin.NeutronDbPluginV2.validate_network_rbac_policy_change-403206'] for rbac-policy (None), before_create {{(pid=87411) _notify_loop /opt/stack/data/venv/lib/python3.12/site-packages/neutron_lib/callbacks/manager.py:184}}
Jul 03 09:05:33.357958 np0000004397 devstack@neutron-api.service[87411]: DEBUG neutron_lib.callbacks.manager [None req-c35f033d-1994-4fa5-a576-707da69b28d8 admin admin] Publish callbacks [] for subnetpool (None), before_response {{(pid=87411) _notify_loop /opt/stack/data/venv/lib/python3.12/site-packages/neutron_lib/callbacks/manager.py:184}}
Jul 03 09:05:33.358734 np0000004397 devstack@neutron-api.service[87411]: [pid: 87411|app: 0|req: 1/4] 10.4.3.86 () {68 vars in 1329 bytes} [Fri Jul 3 09:05:32 2026] POST /networking/v2.0/subnetpools => generated 543 bytes in 422 msecs (HTTP/1.1 201) 4 headers in 162 bytes (1 switches on core 0)
Jul 03 09:05:33.579053 np0000004397 devstack@neutron-api.service[87412]: DEBUG neutron.api.v2.base [None req-b69723a0-f690-485b-a597-d912f4abd312 admin admin] Request body: {'network': {'name': 'private', 'admin_state_up': True}} {{(pid=87412) prepare_request_body /opt/stack/neutron/neutron/api/v2/base.py:727}}
Jul 03 09:05:33.613459 np0000004397 devstack@neutron-api.service[87412]: DEBUG neutron.pecan_wsgi.hooks.quota_enforcement [None req-b69723a0-f690-485b-a597-d912f4abd312 admin admin] Made reservation on behalf of 205d76e153a246fb8c4df0ff19120dac for: {'network': 1} {{(pid=87412) before /opt/stack/neutron/neutron/pecan_wsgi/hooks/quota_enforcement.py:66}}
Jul 03 09:05:33.780784 np0000004397 devstack@neutron-api.service[87412]: DEBUG neutron.policy [None req-b69723a0-f690-485b-a597-d912f4abd312 admin admin] Loaded default policies from ['neutron'] under neutron.policies entry points {{(pid=87412) register_rules /opt/stack/neutron/neutron/policy.py:65}}
Jul 03 09:05:33.868524 np0000004397 devstack@neutron-api.service[87412]: DEBUG neutron_lib.callbacks.manager [None req-b69723a0-f690-485b-a597-d912f4abd312 admin admin] Publish callbacks ['neutron.plugins.ml2.plugin.SecurityGroupDbMixin._ensure_default_security_group_handler-1912412'] for network (None), before_create {{(pid=87412) _notify_loop /opt/stack/data/venv/lib/python3.12/site-packages/neutron_lib/callbacks/manager.py:184}}
Jul 03 09:05:33.885201 np0000004397 devstack@neutron-api.service[87412]: DEBUG neutron_lib.callbacks.manager [None req-b69723a0-f690-485b-a597-d912f4abd312 admin admin] Publish callbacks [] for security_group (None), before_create {{(pid=87412) _notify_loop /opt/stack/data/venv/lib/python3.12/site-packages/neutron_lib/callbacks/manager.py:184}}
Jul 03 09:05:33.973066 np0000004397 devstack@neutron-api.service[87412]: DEBUG neutron_lib.callbacks.manager [None req-b69723a0-f690-485b-a597-d912f4abd312 admin admin] Publish callbacks ['neutron.plugins.ml2.drivers.ovn.mech_driver.mech_driver.OVNMechanismDriver._create_security_group_precommit-854633'] for security_group (9ed45eb4-708a-49da-849b-12f7d781facc), precommit_create {{(pid=87412) _notify_loop /opt/stack/data/venv/lib/python3.12/site-packages/neutron_lib/callbacks/manager.py:184}}
Jul 03 09:05:33.973275 np0000004397 devstack@neutron-api.service[87412]: DEBUG neutron.db.ovn_revision_numbers_db [None req-b69723a0-f690-485b-a597-d912f4abd312 admin admin] create_initial_revision uuid=9ed45eb4-708a-49da-849b-12f7d781facc, type=security_groups, rev=-1 {{(pid=87412) create_initial_revision /opt/stack/neutron/neutron/db/ovn_revision_numbers_db.py:98}}
Jul 03 09:05:33.975622 np0000004397 devstack@neutron-api.service[87412]: DEBUG neutron.db.ovn_revision_numbers_db [None req-b69723a0-f690-485b-a597-d912f4abd312 admin admin] create_initial_revision uuid=470956fe-09e1-4a53-beb3-32735a580493, type=security_group_rules, rev=-1 {{(pid=87412) create_initial_revision /opt/stack/neutron/neutron/db/ovn_revision_numbers_db.py:98}}
Jul 03 09:05:33.976860 np0000004397 devstack@neutron-api.service[87412]: DEBUG neutron.db.ovn_revision_numbers_db [None req-b69723a0-f690-485b-a597-d912f4abd312 admin admin] create_initial_revision uuid=4fa34e08-d16d-472c-9392-3aecea2ba74d, type=security_group_rules, rev=-1 {{(pid=87412) create_initial_revision /opt/stack/neutron/neutron/db/ovn_revision_numbers_db.py:98}}
Jul 03 09:05:33.978687 np0000004397 devstack@neutron-api.service[87412]: DEBUG neutron.db.ovn_revision_numbers_db [None req-b69723a0-f690-485b-a597-d912f4abd312 admin admin] create_initial_revision uuid=a4a52ecb-2943-43c4-976d-dfb68b11684a, type=security_group_rules, rev=-1 {{(pid=87412) create_initial_revision /opt/stack/neutron/neutron/db/ovn_revision_numbers_db.py:98}}
Jul 03 09:05:33.979678 np0000004397 devstack@neutron-api.service[87412]: DEBUG neutron.db.ovn_revision_numbers_db [None req-b69723a0-f690-485b-a597-d912f4abd312 admin admin] create_initial_revision uuid=e30a359d-b3c1-45fb-81f1-427cf8a2cd40, type=security_group_rules, rev=-1 {{(pid=87412) create_initial_revision /opt/stack/neutron/neutron/db/ovn_revision_numbers_db.py:98}}
Jul 03 09:05:33.983685 np0000004397 devstack@neutron-api.service[87412]: DEBUG neutron_lib.callbacks.manager [None req-b69723a0-f690-485b-a597-d912f4abd312 admin admin] Publish callbacks ['neutron.plugins.ml2.drivers.ovn.mech_driver.mech_driver.OVNMechanismDriver._create_security_group-854631', 'neutron.plugins.ml2.ovo_rpc._ObjectChangeHandler.handle_event-16318728'] for security_group (9ed45eb4-708a-49da-849b-12f7d781facc), after_create {{(pid=87412) _notify_loop /opt/stack/data/venv/lib/python3.12/site-packages/neutron_lib/callbacks/manager.py:184}}
Jul 03 09:05:33.984598 np0000004397 devstack@neutron-api.service[87412]: DEBUG ovsdbapp.backend.ovs_idl.transaction [-] Running txn n=1 command(idx=0): PgAddCommand(_result=None, name=pg_9ed45eb4_708a_49da_849b_12f7d781facc, may_exist=False, columns={'acls': [], 'external_ids': {'neutron:security_group_id': '9ed45eb4-708a-49da-849b-12f7d781facc'}}) {{(pid=87412) do_commit /opt/stack/data/venv/lib/python3.12/site-packages/ovsdbapp/backend/ovs_idl/transaction.py:89}}
Jul 03 09:05:33.985726 np0000004397 devstack@neutron-api.service[87412]: DEBUG ovsdbapp.backend.ovs_idl.transaction [-] Running txn n=1 command(idx=1): PgAclAddCommand(_result=None, entity=pg_9ed45eb4_708a_49da_849b_12f7d781facc, direction=from-lport, priority=1002, match=inport == @pg_9ed45eb4_708a_49da_849b_12f7d781facc && ip4, action=allow-related, log=False, may_exist=True, severity=[], name=[], meter=[], external_ids={'neutron:security_group_rule_id': '470956fe-09e1-4a53-beb3-32735a580493'}) {{(pid=87412) do_commit /opt/stack/data/venv/lib/python3.12/site-packages/ovsdbapp/backend/ovs_idl/transaction.py:89}}
Jul 03 09:05:33.986139 np0000004397 devstack@neutron-api.service[87412]: DEBUG ovsdbapp.backend.ovs_idl.transaction [-] Running txn n=1 command(idx=2): PgAclAddCommand(_result=None, entity=pg_9ed45eb4_708a_49da_849b_12f7d781facc, direction=to-lport, priority=1002, match=outport == @pg_9ed45eb4_708a_49da_849b_12f7d781facc && ip6 && ip6.src == $pg_9ed45eb4_708a_49da_849b_12f7d781facc_ip6, action=allow-related, log=False, may_exist=True, severity=[], name=[], meter=[], external_ids={'neutron:security_group_rule_id': '4fa34e08-d16d-472c-9392-3aecea2ba74d'}) {{(pid=87412) do_commit /opt/stack/data/venv/lib/python3.12/site-packages/ovsdbapp/backend/ovs_idl/transaction.py:89}}
Jul 03 09:05:33.986471 np0000004397 devstack@neutron-api.service[87412]: DEBUG ovsdbapp.backend.ovs_idl.transaction [-] Running txn n=1 command(idx=3): PgAclAddCommand(_result=None, entity=pg_9ed45eb4_708a_49da_849b_12f7d781facc, direction=to-lport, priority=1002, match=outport == @pg_9ed45eb4_708a_49da_849b_12f7d781facc && ip4 && ip4.src == $pg_9ed45eb4_708a_49da_849b_12f7d781facc_ip4, action=allow-related, log=False, may_exist=True, severity=[], name=[], meter=[], external_ids={'neutron:security_group_rule_id': 'a4a52ecb-2943-43c4-976d-dfb68b11684a'}) {{(pid=87412) do_commit /opt/stack/data/venv/lib/python3.12/site-packages/ovsdbapp/backend/ovs_idl/transaction.py:89}}
Jul 03 09:05:33.986919 np0000004397 devstack@neutron-api.service[87412]: DEBUG ovsdbapp.backend.ovs_idl.transaction [-] Running txn n=1 command(idx=4): PgAclAddCommand(_result=None, entity=pg_9ed45eb4_708a_49da_849b_12f7d781facc, direction=from-lport, priority=1002, match=inport == @pg_9ed45eb4_708a_49da_849b_12f7d781facc && ip6, action=allow-related, log=False, may_exist=True, severity=[], name=[], meter=[], external_ids={'neutron:security_group_rule_id': 'e30a359d-b3c1-45fb-81f1-427cf8a2cd40'}) {{(pid=87412) do_commit /opt/stack/data/venv/lib/python3.12/site-packages/ovsdbapp/backend/ovs_idl/transaction.py:89}}
Jul 03 09:05:33.992428 np0000004397 devstack@neutron-api.service[87411]: DEBUG neutron.plugins.ml2.drivers.ovn.mech_driver.ovsdb.ovsdb_monitor [-] Hash Ring: Node 5ea85a1e859c58d2a0522352bc41807b (host: np0000004397) handling event "create" for row 7fdbc911-5a4a-460b-88b9-0bc182b4a6be (table: ACL) {{(pid=87411) notify /opt/stack/neutron/neutron/plugins/ml2/drivers/ovn/mech_driver/ovsdb/ovsdb_monitor.py:1015}}
Jul 03 09:05:33.992831 np0000004397 devstack@neutron-api.service[87413]: DEBUG neutron.plugins.ml2.drivers.ovn.mech_driver.ovsdb.ovsdb_monitor [-] Hash Ring: Node afcfac673ac95cdb867dbb543c715a42 (host: np0000004397) handling event "create" for row 50b00c19-d90e-4b32-b513-01727b20c2c0 (table: ACL) {{(pid=87413) notify /opt/stack/neutron/neutron/plugins/ml2/drivers/ovn/mech_driver/ovsdb/ovsdb_monitor.py:1015}}
Jul 03 09:05:33.992831 np0000004397 devstack@neutron-api.service[87413]: DEBUG neutron.plugins.ml2.drivers.ovn.mech_driver.ovsdb.ovsdb_monitor [-] Hash Ring: Node afcfac673ac95cdb867dbb543c715a42 (host: np0000004397) handling event "create" for row 8f8578d9-c263-42db-99af-7de09424531b (table: ACL) {{(pid=87413) notify /opt/stack/neutron/neutron/plugins/ml2/drivers/ovn/mech_driver/ovsdb/ovsdb_monitor.py:1015}}
Jul 03 09:05:33.996640 np0000004397 devstack@neutron-api.service[87412]: DEBUG neutron.plugins.ml2.drivers.ovn.mech_driver.ovsdb.ovsdb_monitor [-] Hash Ring: Node 9b06389b4bf2562fb32e7252e8dcd63d (host: np0000004397) handling event "create" for row 50b00c19-d90e-4b32-b513-01727b20c2c0 (table: ACL) {{(pid=87412) notify /opt/stack/neutron/neutron/plugins/ml2/drivers/ovn/mech_driver/ovsdb/ovsdb_monitor.py:1015}}
Jul 03 09:05:33.996640 np0000004397 devstack@neutron-api.service[87412]: DEBUG neutron.plugins.ml2.drivers.ovn.mech_driver.ovsdb.ovsdb_monitor [-] Hash Ring: Node 9b06389b4bf2562fb32e7252e8dcd63d (host: np0000004397) handling event "create" for row 78fc9eb8-9e87-4564-b972-6201622aed6f (table: ACL) {{(pid=87412) notify /opt/stack/neutron/neutron/plugins/ml2/drivers/ovn/mech_driver/ovsdb/ovsdb_monitor.py:1015}}
Jul 03 09:05:33.996640 np0000004397 devstack@neutron-api.service[87412]: DEBUG neutron.plugins.ml2.drivers.ovn.mech_driver.ovsdb.ovsdb_monitor [-] Hash Ring: Node 9b06389b4bf2562fb32e7252e8dcd63d (host: np0000004397) handling event "create" for row 7fdbc911-5a4a-460b-88b9-0bc182b4a6be (table: ACL) {{(pid=87412) notify /opt/stack/neutron/neutron/plugins/ml2/drivers/ovn/mech_driver/ovsdb/ovsdb_monitor.py:1015}}
Jul 03 09:05:33.996640 np0000004397 devstack@neutron-api.service[87412]: DEBUG neutron.plugins.ml2.drivers.ovn.mech_driver.ovsdb.ovsdb_monitor [-] Hash Ring: Node 9b06389b4bf2562fb32e7252e8dcd63d (host: np0000004397) handling event "create" for row 8f8578d9-c263-42db-99af-7de09424531b (table: ACL) {{(pid=87412) notify /opt/stack/neutron/neutron/plugins/ml2/drivers/ovn/mech_driver/ovsdb/ovsdb_monitor.py:1015}}
Jul 03 09:05:33.996640 np0000004397 devstack@neutron-api.service[87412]: DEBUG neutron.plugins.ml2.drivers.ovn.mech_driver.ovsdb.ovsdb_monitor [-] Hash Ring: Node 9b06389b4bf2562fb32e7252e8dcd63d (host: np0000004397) handling event "create" for row 6298e243-6e1a-4a89-8747-3918423cae18 (table: Port_Group) {{(pid=87412) notify /opt/stack/neutron/neutron/plugins/ml2/drivers/ovn/mech_driver/ovsdb/ovsdb_monitor.py:1015}}
Jul 03 09:05:34.019437 np0000004397 devstack@neutron-api.service[87412]: INFO neutron.db.ovn_revision_numbers_db [None req-b69723a0-f690-485b-a597-d912f4abd312 admin admin] Successfully bumped revision number for resource 9ed45eb4-708a-49da-849b-12f7d781facc (type: security_groups) to 1
Jul 03 09:05:34.032337 np0000004397 devstack@neutron-api.service[87412]: INFO neutron.db.ovn_revision_numbers_db [None req-b69723a0-f690-485b-a597-d912f4abd312 admin admin] Successfully bumped revision number for resource 470956fe-09e1-4a53-beb3-32735a580493 (type: security_group_rules) to 0
Jul 03 09:05:34.041083 np0000004397 devstack@neutron-api.service[87412]: INFO neutron.db.ovn_revision_numbers_db [None req-b69723a0-f690-485b-a597-d912f4abd312 admin admin] Successfully bumped revision number for resource 4fa34e08-d16d-472c-9392-3aecea2ba74d (type: security_group_rules) to 0
Jul 03 09:05:34.050116 np0000004397 devstack@neutron-api.service[87412]: INFO neutron.db.ovn_revision_numbers_db [None req-b69723a0-f690-485b-a597-d912f4abd312 admin admin] Successfully bumped revision number for resource a4a52ecb-2943-43c4-976d-dfb68b11684a (type: security_group_rules) to 0
Jul 03 09:05:34.061502 np0000004397 devstack@neutron-api.service[87412]: INFO neutron.db.ovn_revision_numbers_db [None req-b69723a0-f690-485b-a597-d912f4abd312 admin admin] Successfully bumped revision number for resource e30a359d-b3c1-45fb-81f1-427cf8a2cd40 (type: security_group_rules) to 0
Jul 03 09:05:34.084579 np0000004397 devstack@neutron-api.service[87412]: DEBUG neutron.api.rpc.handlers.resources_rpc [None req-b69723a0-f690-485b-a597-d912f4abd312 admin admin] Pushing event updated for resources: {'SecurityGroup': ['ID=9ed45eb4-708a-49da-849b-12f7d781facc,revision_number=1']} {{(pid=87412) push /opt/stack/neutron/neutron/api/rpc/handlers/resources_rpc.py:237}}
Jul 03 09:05:34.092557 np0000004397 devstack@neutron-api.service[87412]: DEBUG ovsdbapp.backend.ovs_idl.transaction [-] Running txn n=1 command(idx=0): CheckLivenessCommand(_result=None) {{(pid=87412) do_commit /opt/stack/data/venv/lib/python3.12/site-packages/ovsdbapp/backend/ovs_idl/transaction.py:89}}
Jul 03 09:05:34.094159 np0000004397 devstack@neutron-api.service[87412]: DEBUG neutron.plugins.ml2.drivers.ovn.mech_driver.ovsdb.ovsdb_monitor [-] Hash Ring: Node 9b06389b4bf2562fb32e7252e8dcd63d (host: np0000004397) handling event "update" for row 7c2d0b90-ccc6-41bf-adbc-9616eaeddfe6 (table: NB_Global) {{(pid=87412) notify /opt/stack/neutron/neutron/plugins/ml2/drivers/ovn/mech_driver/ovsdb/ovsdb_monitor.py:1015}}
Jul 03 09:05:34.096784 np0000004397 devstack@neutron-api.service[87412]: DEBUG neutron.plugins.ml2.drivers.ovn.mech_driver.ovsdb.ovsdb_monitor [-] Hash Ring: Node 9b06389b4bf2562fb32e7252e8dcd63d (host: np0000004397) handling event "update" for row 7c2d0b90-ccc6-41bf-adbc-9616eaeddfe6 (table: NB_Global) {{(pid=87412) notify /opt/stack/neutron/neutron/plugins/ml2/drivers/ovn/mech_driver/ovsdb/ovsdb_monitor.py:1015}}
Jul 03 09:05:34.096784 np0000004397 devstack@neutron-api.service[87412]: DEBUG neutron.plugins.ml2.drivers.ovn.mech_driver.ovsdb.ovsdb_monitor [-] Hash Ring: Node 9b06389b4bf2562fb32e7252e8dcd63d (host: np0000004397) handling event "update" for row 7c2d0b90-ccc6-41bf-adbc-9616eaeddfe6 (table: NB_Global) {{(pid=87412) notify /opt/stack/neutron/neutron/plugins/ml2/drivers/ovn/mech_driver/ovsdb/ovsdb_monitor.py:1015}}
Jul 03 09:05:34.098191 np0000004397 devstack@neutron-api.service[87412]: DEBUG neutron.api.rpc.callbacks.version_manager [None req-b69723a0-f690-485b-a597-d912f4abd312 admin admin] Tracked resource versions report:
Jul 03 09:05:34.098191 np0000004397 devstack@neutron-api.service[87412]: pushed versions:
Jul 03 09:05:34.098191 np0000004397 devstack@neutron-api.service[87412]: { 'AddressGroup': {'1.2'},
Jul 03 09:05:34.098191 np0000004397 devstack@neutron-api.service[87412]: 'Agent': {'1.1'},
Jul 03 09:05:34.098191 np0000004397 devstack@neutron-api.service[87412]: 'ConntrackHelper': {'1.0'},
Jul 03 09:05:34.098191 np0000004397 devstack@neutron-api.service[87412]: 'LocalIPAssociation': {'1.0'},
Jul 03 09:05:34.098191 np0000004397 devstack@neutron-api.service[87412]: 'Log': {'1.0'},
Jul 03 09:05:34.098191 np0000004397 devstack@neutron-api.service[87412]: 'NDPProxy': {'1.0'},
Jul 03 09:05:34.098191 np0000004397 devstack@neutron-api.service[87412]: 'Network': {'1.3'},
Jul 03 09:05:34.098191 np0000004397 devstack@neutron-api.service[87412]: 'Port': {'1.11'},
Jul 03 09:05:34.098191 np0000004397 devstack@neutron-api.service[87412]: 'PortForwarding': {'1.3'},
Jul 03 09:05:34.098191 np0000004397 devstack@neutron-api.service[87412]: 'QosPolicy': {'1.10'},
Jul 03 09:05:34.098191 np0000004397 devstack@neutron-api.service[87412]: 'SecurityGroup': {'1.6'},
Jul 03 09:05:34.098191 np0000004397 devstack@neutron-api.service[87412]: 'SecurityGroupRule': {'1.3'},
Jul 03 09:05:34.098191 np0000004397 devstack@neutron-api.service[87412]: 'SubPort': {'1.0'},
Jul 03 09:05:34.098191 np0000004397 devstack@neutron-api.service[87412]: 'Subnet': {'1.2'},
Jul 03 09:05:34.098191 np0000004397 devstack@neutron-api.service[87412]: 'Trunk': {'1.1'}}
Jul 03 09:05:34.098191 np0000004397 devstack@neutron-api.service[87412]: consumer versions:
Jul 03 09:05:34.098191 np0000004397 devstack@neutron-api.service[87412]: {}
Jul 03 09:05:34.098191 np0000004397 devstack@neutron-api.service[87412]: {{(pid=87412) report /opt/stack/neutron/neutron/api/rpc/callbacks/version_manager.py:183}}
Jul 03 09:05:34.103953 np0000004397 devstack@neutron-api.service[87413]: DEBUG neutron.plugins.ml2.drivers.ovn.mech_driver.ovsdb.ovsdb_monitor [-] ChassisAgentWriteEvent : Matched Chassis_Private, update, None None {{(pid=87413) matches /opt/stack/neutron/neutron/plugins/ml2/drivers/ovn/mech_driver/ovsdb/ovsdb_monitor.py:64}}
Jul 03 09:05:34.104150 np0000004397 devstack@neutron-api.service[87412]: DEBUG neutron.plugins.ml2.drivers.ovn.mech_driver.ovsdb.ovsdb_monitor [-] Hash Ring: Node 9b06389b4bf2562fb32e7252e8dcd63d (host: np0000004397) handling event "update" for row 7c2d0b90-ccc6-41bf-adbc-9616eaeddfe6 (table: NB_Global) {{(pid=87412) notify /opt/stack/neutron/neutron/plugins/ml2/drivers/ovn/mech_driver/ovsdb/ovsdb_monitor.py:1015}}
Jul 03 09:05:34.104305 np0000004397 devstack@neutron-api.service[87411]: DEBUG neutron.plugins.ml2.drivers.ovn.mech_driver.ovsdb.ovsdb_monitor [-] ChassisAgentWriteEvent : Matched Chassis_Private, update, None None {{(pid=87411) matches /opt/stack/neutron/neutron/plugins/ml2/drivers/ovn/mech_driver/ovsdb/ovsdb_monitor.py:64}}
Jul 03 09:05:34.104834 np0000004397 devstack@neutron-api.service[87413]: DEBUG neutron.plugins.ml2.drivers.ovn.mech_driver.ovsdb.ovsdb_monitor [-] Hash Ring: Node afcfac673ac95cdb867dbb543c715a42 (host: np0000004397) handling event "update" for row 8db5db32-1f60-49e2-8a68-3fe7a758e813 (table: Chassis_Private) {{(pid=87413) notify /opt/stack/neutron/neutron/plugins/ml2/drivers/ovn/mech_driver/ovsdb/ovsdb_monitor.py:1015}}
Jul 03 09:05:34.104834 np0000004397 devstack@neutron-api.service[87413]: DEBUG neutron.plugins.ml2.drivers.ovn.mech_driver.ovsdb.ovsdb_monitor [-] ChassisOVNAgentWriteEvent : Matched Chassis_Private, update, None None {{(pid=87413) matches /opt/stack/neutron/neutron/plugins/ml2/drivers/ovn/mech_driver/ovsdb/ovsdb_monitor.py:64}}
Jul 03 09:05:34.104834 np0000004397 devstack@neutron-api.service[87413]: DEBUG neutron.plugins.ml2.drivers.ovn.mech_driver.ovsdb.ovsdb_monitor [-] Hash Ring: Node afcfac673ac95cdb867dbb543c715a42 (host: np0000004397) handling event "update" for row 8db5db32-1f60-49e2-8a68-3fe7a758e813 (table: Chassis_Private) {{(pid=87413) notify /opt/stack/neutron/neutron/plugins/ml2/drivers/ovn/mech_driver/ovsdb/ovsdb_monitor.py:1015}}
Jul 03 09:05:34.105575 np0000004397 devstack@neutron-api.service[87411]: DEBUG neutron.plugins.ml2.drivers.ovn.mech_driver.ovsdb.ovsdb_monitor [-] ChassisOVNAgentWriteEvent : Matched Chassis_Private, update, None None {{(pid=87411) matches /opt/stack/neutron/neutron/plugins/ml2/drivers/ovn/mech_driver/ovsdb/ovsdb_monitor.py:64}}
Jul 03 09:05:34.107600 np0000004397 devstack@neutron-api.service[87412]: DEBUG neutron.plugins.ml2.drivers.ovn.mech_driver.ovsdb.ovsdb_monitor [-] ChassisAgentWriteEvent : Matched Chassis_Private, update, None None {{(pid=87412) matches /opt/stack/neutron/neutron/plugins/ml2/drivers/ovn/mech_driver/ovsdb/ovsdb_monitor.py:64}}
Jul 03 09:05:34.111290 np0000004397 devstack@neutron-api.service[87412]: DEBUG neutron.common.ovn.hash_ring_manager [-] Allow caching, nodes 3>=3 {{(pid=87412) _wait_startup_before_caching /opt/stack/neutron/neutron/common/ovn/hash_ring_manager.py:71}}
Jul 03 09:05:34.111290 np0000004397 devstack@neutron-api.service[87412]: DEBUG neutron.plugins.ml2.drivers.ovn.mech_driver.ovsdb.ovsdb_monitor [-] Hash Ring: Node 9b06389b4bf2562fb32e7252e8dcd63d (host: np0000004397) handling event "update" for row 8db5db32-1f60-49e2-8a68-3fe7a758e813 (table: Chassis_Private) {{(pid=87412) notify /opt/stack/neutron/neutron/plugins/ml2/drivers/ovn/mech_driver/ovsdb/ovsdb_monitor.py:1015}}
Jul 03 09:05:34.112507 np0000004397 devstack@neutron-api.service[87412]: DEBUG neutron.plugins.ml2.drivers.ovn.mech_driver.ovsdb.ovsdb_monitor [-] ChassisOVNAgentWriteEvent : Matched Chassis_Private, update, None None {{(pid=87412) matches /opt/stack/neutron/neutron/plugins/ml2/drivers/ovn/mech_driver/ovsdb/ovsdb_monitor.py:64}}
Jul 03 09:05:34.112617 np0000004397 devstack@neutron-api.service[87412]: DEBUG neutron.plugins.ml2.drivers.ovn.mech_driver.ovsdb.ovsdb_monitor [-] Hash Ring: Node 9b06389b4bf2562fb32e7252e8dcd63d (host: np0000004397) handling event "update" for row 8db5db32-1f60-49e2-8a68-3fe7a758e813 (table: Chassis_Private) {{(pid=87412) notify /opt/stack/neutron/neutron/plugins/ml2/drivers/ovn/mech_driver/ovsdb/ovsdb_monitor.py:1015}}
Jul 03 09:05:34.142700 np0000004397 devstack@neutron-api.service[87412]: DEBUG neutron.plugins.ml2.drivers.helpers [None req-b69723a0-f690-485b-a597-d912f4abd312 admin admin] geneve segment allocate from pool success with {'geneve_vni': 39894} {{(pid=87412) allocate_partially_specified_segment /opt/stack/neutron/neutron/plugins/ml2/drivers/helpers.py:142}}
Jul 03 09:05:34.153044 np0000004397 devstack@neutron-api.service[87412]: DEBUG neutron_lib.callbacks.manager [None req-b69723a0-f690-485b-a597-d912f4abd312 admin admin] Publish callbacks ['neutron.services.segments.db._add_segment_host_mapping_for_segment-7944172077820', 'neutron.plugins.ml2.plugin.Ml2Plugin._handle_segment_change-1634944'] for segment (45e6743c-d0e1-4eec-adf1-4062188f7c90), precommit_create {{(pid=87412) _notify_loop /opt/stack/data/venv/lib/python3.12/site-packages/neutron_lib/callbacks/manager.py:184}}
Jul 03 09:05:34.153198 np0000004397 devstack@neutron-api.service[87412]: INFO neutron.db.segments_db [None req-b69723a0-f690-485b-a597-d912f4abd312 admin admin] Added segment 45e6743c-d0e1-4eec-adf1-4062188f7c90 of type geneve for network 6c7a7ff6-2b82-46fd-89ba-a665230a0e88
Jul 03 09:05:34.193122 np0000004397 devstack@neutron-api.service[87412]: DEBUG neutron_lib.callbacks.manager [None req-b69723a0-f690-485b-a597-d912f4abd312 admin admin] Publish callbacks ['neutron.services.auto_allocate.db._ensure_external_network_default_value_callback-7944170411022'] for network (6c7a7ff6-2b82-46fd-89ba-a665230a0e88), precommit_create {{(pid=87412) _notify_loop /opt/stack/data/venv/lib/python3.12/site-packages/neutron_lib/callbacks/manager.py:184}}
Jul 03 09:05:34.209862 np0000004397 devstack@neutron-api.service[87412]: DEBUG neutron.plugins.ml2.drivers.ovn.mech_driver.mech_driver [None req-b69723a0-f690-485b-a597-d912f4abd312 admin admin] Validating network segment with type geneve, segmentation ID 39894, physical network None {{(pid=87412) _validate_network_segments /opt/stack/neutron/neutron/plugins/ml2/drivers/ovn/mech_driver/mech_driver.py:646}}
Jul 03 09:05:34.210027 np0000004397 devstack@neutron-api.service[87412]: DEBUG neutron.db.ovn_revision_numbers_db [None req-b69723a0-f690-485b-a597-d912f4abd312 admin admin] create_initial_revision uuid=6c7a7ff6-2b82-46fd-89ba-a665230a0e88, type=networks, rev=-1 {{(pid=87412) create_initial_revision /opt/stack/neutron/neutron/db/ovn_revision_numbers_db.py:98}}
Jul 03 09:05:34.224266 np0000004397 devstack@neutron-api.service[87412]: DEBUG neutron_lib.callbacks.manager [None req-b69723a0-f690-485b-a597-d912f4abd312 admin admin] Publish callbacks ['neutron.plugins.ml2.ovo_rpc._ObjectChangeHandler.handle_event-16318733'] for network (6c7a7ff6-2b82-46fd-89ba-a665230a0e88), after_create {{(pid=87412) _notify_loop /opt/stack/data/venv/lib/python3.12/site-packages/neutron_lib/callbacks/manager.py:184}}
Jul 03 09:05:34.265652 np0000004397 devstack@neutron-api.service[87412]: DEBUG neutron.api.rpc.handlers.resources_rpc [None req-b69723a0-f690-485b-a597-d912f4abd312 admin admin] Pushing event updated for resources: {'Network': ['ID=6c7a7ff6-2b82-46fd-89ba-a665230a0e88,revision_number=1']} {{(pid=87412) push /opt/stack/neutron/neutron/api/rpc/handlers/resources_rpc.py:237}}
Jul 03 09:05:34.273249 np0000004397 devstack@neutron-api.service[87412]: DEBUG ovsdbapp.backend.ovs_idl.transaction [-] Running txn n=1 command(idx=0): AddNetworkCommand(_result=None, network_uuid=6c7a7ff6-2b82-46fd-89ba-a665230a0e88, may_exist=True, columns={'external_ids': {'neutron:network_name': 'private', 'neutron:mtu': '1372', 'neutron:revision_number': '1', 'neutron:availability_zone_hints': '', 'neutron:provnet-network-type': 'geneve'}, 'other_config': {'mcast_snoop': 'false', 'mcast_flood_unregistered': 'false', 'vlan-passthru': 'false'}}) {{(pid=87412) do_commit /opt/stack/data/venv/lib/python3.12/site-packages/ovsdbapp/backend/ovs_idl/transaction.py:89}}
Jul 03 09:05:34.273404 np0000004397 devstack@neutron-api.service[87412]: DEBUG neutron.common.ovn.utils [-] OVS persist_uuid supported=True {{(pid=87412) ovs_persist_uuid_supported /opt/stack/neutron/neutron/common/ovn/utils.py:1562}}
Jul 03 09:05:34.275417 np0000004397 devstack@neutron-api.service[87412]: DEBUG neutron.plugins.ml2.drivers.ovn.mech_driver.ovsdb.ovsdb_monitor [-] Hash Ring: Node 9b06389b4bf2562fb32e7252e8dcd63d (host: np0000004397) handling event "create" for row 6c7a7ff6-2b82-46fd-89ba-a665230a0e88 (table: Logical_Switch) {{(pid=87412) notify /opt/stack/neutron/neutron/plugins/ml2/drivers/ovn/mech_driver/ovsdb/ovsdb_monitor.py:1015}}
Jul 03 09:05:34.276921 np0000004397 devstack@neutron-api.service[87413]: DEBUG neutron.plugins.ml2.drivers.ovn.mech_driver.ovsdb.ovsdb_monitor [-] Hash Ring: Node afcfac673ac95cdb867dbb543c715a42 (host: np0000004397) handling event "create" for row 6c7a7ff6-2b82-46fd-89ba-a665230a0e88 (table: Logical_Switch) {{(pid=87413) notify /opt/stack/neutron/neutron/plugins/ml2/drivers/ovn/mech_driver/ovsdb/ovsdb_monitor.py:1015}}
Jul 03 09:05:34.286754 np0000004397 devstack@neutron-api.service[87412]: DEBUG neutron.plugins.ml2.drivers.ovn.mech_driver.ovsdb.ovsdb_monitor [-] Hash Ring: Node 9b06389b4bf2562fb32e7252e8dcd63d (host: np0000004397) handling event "create" for row f8ba1f20-2a9e-467d-854a-4f3019336437 (table: Datapath_Binding) {{(pid=87412) notify /opt/stack/neutron/neutron/plugins/ml2/drivers/ovn/mech_driver/ovsdb/ovsdb_monitor.py:1015}}
Jul 03 09:05:34.305862 np0000004397 devstack@neutron-api.service[87412]: INFO neutron.db.ovn_revision_numbers_db [None req-b69723a0-f690-485b-a597-d912f4abd312 admin admin] Successfully bumped revision number for resource 6c7a7ff6-2b82-46fd-89ba-a665230a0e88 (type: networks) to 1
Jul 03 09:05:34.357168 np0000004397 devstack@neutron-api.service[87412]: DEBUG neutron_lib.callbacks.manager [None req-b69723a0-f690-485b-a597-d912f4abd312 admin admin] Publish callbacks ['neutron.plugins.ml2.plugin.SecurityGroupDbMixin._ensure_default_security_group_handler-1912412'] for port (None), before_create {{(pid=87412) _notify_loop /opt/stack/data/venv/lib/python3.12/site-packages/neutron_lib/callbacks/manager.py:184}}
Jul 03 09:05:34.451669 np0000004397 devstack@neutron-api.service[87412]: DEBUG neutron_lib.callbacks.manager [None req-b69723a0-f690-485b-a597-d912f4abd312 admin admin] Publish callbacks ['neutron.plugins.ml2.drivers.ovn.mech_driver.mech_driver.OVNMechanismDriver._validate_allowed_address_pairs-854769'] for allowed_address_pair (2a7a4c90-8750-4ed5-ad04-4935ccd58e45), before_create {{(pid=87412) _notify_loop /opt/stack/data/venv/lib/python3.12/site-packages/neutron_lib/callbacks/manager.py:184}}
Jul 03 09:05:34.452378 np0000004397 devstack@neutron-api.service[87412]: DEBUG neutron_lib.callbacks.manager [None req-b69723a0-f690-485b-a597-d912f4abd312 admin admin] Publish callbacks [] for port (2a7a4c90-8750-4ed5-ad04-4935ccd58e45), precommit_create {{(pid=87412) _notify_loop /opt/stack/data/venv/lib/python3.12/site-packages/neutron_lib/callbacks/manager.py:184}}
Jul 03 09:05:34.452652 np0000004397 devstack@neutron-api.service[87412]: DEBUG neutron.plugins.ml2.drivers.ovn.mech_driver.mech_driver [None req-b69723a0-f690-485b-a597-d912f4abd312 admin admin] No provisioning block for port 2a7a4c90-8750-4ed5-ad04-4935ccd58e45 since it does not have a host {{(pid=87412) _is_port_provisioning_required /opt/stack/neutron/neutron/plugins/ml2/drivers/ovn/mech_driver/mech_driver.py:899}}
Jul 03 09:05:34.452781 np0000004397 devstack@neutron-api.service[87412]: DEBUG neutron.db.ovn_revision_numbers_db [None req-b69723a0-f690-485b-a597-d912f4abd312 admin admin] create_initial_revision uuid=2a7a4c90-8750-4ed5-ad04-4935ccd58e45, type=ports, rev=-1 {{(pid=87412) create_initial_revision /opt/stack/neutron/neutron/db/ovn_revision_numbers_db.py:98}}
Jul 03 09:05:34.514621 np0000004397 devstack@neutron-api.service[87412]: DEBUG neutron_lib.callbacks.manager [None req-b69723a0-f690-485b-a597-d912f4abd312 admin admin] Publish callbacks ['neutron.plugins.ml2.ovo_rpc._ObjectChangeHandler.handle_event-16318738'] for port (2a7a4c90-8750-4ed5-ad04-4935ccd58e45), after_create {{(pid=87412) _notify_loop /opt/stack/data/venv/lib/python3.12/site-packages/neutron_lib/callbacks/manager.py:184}}
Jul 03 09:05:34.566781 np0000004397 devstack@neutron-api.service[87412]: DEBUG neutron.api.rpc.handlers.resources_rpc [None req-b69723a0-f690-485b-a597-d912f4abd312 admin admin] Pushing event updated for resources: {'Port': ['ID=2a7a4c90-8750-4ed5-ad04-4935ccd58e45,revision_number=1']} {{(pid=87412) push /opt/stack/neutron/neutron/api/rpc/handlers/resources_rpc.py:237}}
Jul 03 09:05:34.608637 np0000004397 devstack@neutron-api.service[87412]: DEBUG neutron.plugins.ml2.drivers.ovn.mech_driver.ovsdb.commands [None req-b69723a0-f690-485b-a597-d912f4abd312 admin admin] Converting tag [] to a tag_request {{(pid=87412) _tag_column_to_tag_request /opt/stack/neutron/neutron/plugins/ml2/drivers/ovn/mech_driver/ovsdb/commands.py:205}}
