Jun 18 21:00:34.146096 np0000003188 nova-scheduler[95733]: DEBUG cotyledon.oslo_config_glue [-] oslo_limit.certfile = None {{(pid=95733) log_opt_values /opt/stack/data/venv/lib/python3.12/site-packages/oslo_config/cfg.py:3253}}
Jun 18 21:00:34.146096 np0000003188 nova-scheduler[95733]: DEBUG cotyledon.oslo_config_glue [-] oslo_limit.collect_timing = False {{(pid=95733) log_opt_values /opt/stack/data/venv/lib/python3.12/site-packages/oslo_config/cfg.py:3253}}
Jun 18 21:00:34.146096 np0000003188 nova-scheduler[95733]: DEBUG cotyledon.oslo_config_glue [-] oslo_limit.connect_retries = None {{(pid=95733) log_opt_values /opt/stack/data/venv/lib/python3.12/site-packages/oslo_config/cfg.py:3253}}
Jun 18 21:00:34.146096 np0000003188 nova-scheduler[95733]: DEBUG cotyledon.oslo_config_glue [-] oslo_limit.connect_retry_delay = None {{(pid=95733) log_opt_values /opt/stack/data/venv/lib/python3.12/site-packages/oslo_config/cfg.py:3253}}
Jun 18 21:00:34.146278 np0000003188 nova-scheduler[95733]: DEBUG cotyledon.oslo_config_glue [-] oslo_limit.endpoint_id = None {{(pid=95733) log_opt_values /opt/stack/data/venv/lib/python3.12/site-packages/oslo_config/cfg.py:3253}}
Jun 18 21:00:34.146278 np0000003188 nova-scheduler[95733]: DEBUG cotyledon.oslo_config_glue [-] oslo_limit.endpoint_interface = public {{(pid=95733) log_opt_values /opt/stack/data/venv/lib/python3.12/site-packages/oslo_config/cfg.py:3253}}
Jun 18 21:00:34.146278 np0000003188 nova-scheduler[95733]: DEBUG cotyledon.oslo_config_glue [-] oslo_limit.endpoint_override = None {{(pid=95733) log_opt_values /opt/stack/data/venv/lib/python3.12/site-packages/oslo_config/cfg.py:3253}}
Jun 18 21:00:34.146278 np0000003188 nova-scheduler[95733]: DEBUG cotyledon.oslo_config_glue [-] oslo_limit.endpoint_region_name = None {{(pid=95733) log_opt_values /opt/stack/data/venv/lib/python3.12/site-packages/oslo_config/cfg.py:3253}}
Jun 18 21:00:34.146278 np0000003188 nova-scheduler[95733]: DEBUG cotyledon.oslo_config_glue [-] oslo_limit.endpoint_service_name = None {{(pid=95733) log_opt_values /opt/stack/data/venv/lib/python3.12/site-packages/oslo_config/cfg.py:3253}}
Jun 18 21:00:34.146278 np0000003188 nova-scheduler[95733]: DEBUG cotyledon.oslo_config_glue [-] oslo_limit.endpoint_service_type = None {{(pid=95733) log_opt_values /opt/stack/data/venv/lib/python3.12/site-packages/oslo_config/cfg.py:3253}}
Jun 18 21:00:34.146278 np0000003188 nova-scheduler[95733]: DEBUG cotyledon.oslo_config_glue [-] oslo_limit.insecure = False {{(pid=95733) log_opt_values /opt/stack/data/venv/lib/python3.12/site-packages/oslo_config/cfg.py:3253}}
Jun 18 21:00:34.146278 np0000003188 nova-scheduler[95733]: DEBUG cotyledon.oslo_config_glue [-] oslo_limit.keyfile = None {{(pid=95733) log_opt_values /opt/stack/data/venv/lib/python3.12/site-packages/oslo_config/cfg.py:3253}}
Jun 18 21:00:34.146278 np0000003188 nova-scheduler[95733]: DEBUG cotyledon.oslo_config_glue [-] oslo_limit.max_version = None {{(pid=95733) log_opt_values /opt/stack/data/venv/lib/python3.12/site-packages/oslo_config/cfg.py:3253}}
Jun 18 21:00:34.146501 np0000003188 nova-scheduler[95733]: DEBUG cotyledon.oslo_config_glue [-] oslo_limit.min_version = None {{(pid=95733) log_opt_values /opt/stack/data/venv/lib/python3.12/site-packages/oslo_config/cfg.py:3253}}
Jun 18 21:00:34.146501 np0000003188 nova-scheduler[95733]: DEBUG cotyledon.oslo_config_glue [-] oslo_limit.region_name = None {{(pid=95733) log_opt_values /opt/stack/data/venv/lib/python3.12/site-packages/oslo_config/cfg.py:3253}}
Jun 18 21:00:34.146501 np0000003188 nova-scheduler[95733]: DEBUG cotyledon.oslo_config_glue [-] oslo_limit.retriable_status_codes = None {{(pid=95733) log_opt_values /opt/stack/data/venv/lib/python3.12/site-packages/oslo_config/cfg.py:3253}}
Jun 18 21:00:34.146501 np0000003188 nova-scheduler[95733]: DEBUG cotyledon.oslo_config_glue [-] oslo_limit.service_name = None {{(pid=95733) log_opt_values /opt/stack/data/venv/lib/python3.12/site-packages/oslo_config/cfg.py:3253}}
Jun 18 21:00:34.146501 np0000003188 nova-scheduler[95733]: DEBUG cotyledon.oslo_config_glue [-] oslo_limit.service_type = None {{(pid=95733) log_opt_values /opt/stack/data/venv/lib/python3.12/site-packages/oslo_config/cfg.py:3253}}
Jun 18 21:00:34.146501 np0000003188 nova-scheduler[95733]: DEBUG cotyledon.oslo_config_glue [-] oslo_limit.split_loggers = False {{(pid=95733) log_opt_values /opt/stack/data/venv/lib/python3.12/site-packages/oslo_config/cfg.py:3253}}
Jun 18 21:00:34.146501 np0000003188 nova-scheduler[95733]: DEBUG cotyledon.oslo_config_glue [-] oslo_limit.status_code_retries = None {{(pid=95733) log_opt_values /opt/stack/data/venv/lib/python3.12/site-packages/oslo_config/cfg.py:3253}}
Jun 18 21:00:34.146501 np0000003188 nova-scheduler[95733]: DEBUG cotyledon.oslo_config_glue [-] oslo_limit.status_code_retry_delay = None {{(pid=95733) log_opt_values /opt/stack/data/venv/lib/python3.12/site-packages/oslo_config/cfg.py:3253}}
Jun 18 21:00:34.146501 np0000003188 nova-scheduler[95733]: DEBUG cotyledon.oslo_config_glue [-] oslo_limit.timeout = None {{(pid=95733) log_opt_values /opt/stack/data/venv/lib/python3.12/site-packages/oslo_config/cfg.py:3253}}
Jun 18 21:00:34.146713 np0000003188 nova-scheduler[95733]: DEBUG cotyledon.oslo_config_glue [-] oslo_limit.valid_interfaces = None {{(pid=95733) log_opt_values /opt/stack/data/venv/lib/python3.12/site-packages/oslo_config/cfg.py:3253}}
Jun 18 21:00:34.146713 np0000003188 nova-scheduler[95733]: DEBUG cotyledon.oslo_config_glue [-] oslo_limit.version = None {{(pid=95733) log_opt_values /opt/stack/data/venv/lib/python3.12/site-packages/oslo_config/cfg.py:3253}}
Jun 18 21:00:34.146713 np0000003188 nova-scheduler[95733]: DEBUG cotyledon.oslo_config_glue [-] oslo_reports.file_event_handler = None {{(pid=95733) log_opt_values /opt/stack/data/venv/lib/python3.12/site-packages/oslo_config/cfg.py:3253}}
Jun 18 21:00:34.146713 np0000003188 nova-scheduler[95733]: DEBUG cotyledon.oslo_config_glue [-] oslo_reports.file_event_handler_interval = 1 {{(pid=95733) log_opt_values /opt/stack/data/venv/lib/python3.12/site-packages/oslo_config/cfg.py:3253}}
Jun 18 21:00:34.146713 np0000003188 nova-scheduler[95733]: DEBUG cotyledon.oslo_config_glue [-] oslo_reports.log_dir = None {{(pid=95733) log_opt_values /opt/stack/data/venv/lib/python3.12/site-packages/oslo_config/cfg.py:3253}}
Jun 18 21:00:34.146713 np0000003188 nova-scheduler[95733]: DEBUG cotyledon.oslo_config_glue [-] ******************************************************************************** {{(pid=95733) log_opt_values /opt/stack/data/venv/lib/python3.12/site-packages/oslo_config/cfg.py:3260}}
Jun 18 21:00:34.146713 np0000003188 nova-scheduler[95733]: DEBUG cotyledon._service_worker [-] Run service ServiceWrapper(2) [95733] {{(pid=95733) wait_forever /opt/stack/data/venv/lib/python3.12/site-packages/cotyledon/_service_worker.py:218}}
Jun 18 21:00:34.146713 np0000003188 nova-scheduler[95733]: INFO nova.service [-] Starting scheduler node (version 33.1.0)
Jun 18 21:00:34.146713 np0000003188 nova-scheduler[95733]: INFO dbcounter [None req-b7c3bde8-258a-4671-8350-a7b00c8cdb9c None None] Registered counter for database nova_cell0
Jun 18 21:00:34.146927 np0000003188 nova-scheduler[95729]: DEBUG oslo_db.sqlalchemy.engines [None req-7cc99f30-4c34-4538-b847-1694733b470e None None] MySQL server mode set to STRICT_TRANS_TABLES,STRICT_ALL_TABLES,NO_ZERO_IN_DATE,NO_ZERO_DATE,ERROR_FOR_DIVISION_BY_ZERO,TRADITIONAL,NO_ENGINE_SUBSTITUTION {{(pid=95729) _check_effective_sql_mode /opt/stack/data/venv/lib/python3.12/site-packages/oslo_db/sqlalchemy/engines.py:325}}
Jun 18 21:00:34.148146 np0000003188 nova-scheduler[95729]: DEBUG dbcounter [-] [95729] Writer thread running {{(pid=95729) stat_writer /opt/stack/data/venv/lib/python3.12/site-packages/dbcounter.py:102}}
Jun 18 21:00:34.159618 np0000003188 nova-scheduler[95731]: DEBUG oslo_db.sqlalchemy.engines [None req-ed782ba1-cf88-41c0-8933-e62ba7be4758 None None] MySQL server mode set to STRICT_TRANS_TABLES,STRICT_ALL_TABLES,NO_ZERO_IN_DATE,NO_ZERO_DATE,ERROR_FOR_DIVISION_BY_ZERO,TRADITIONAL,NO_ENGINE_SUBSTITUTION {{(pid=95731) _check_effective_sql_mode /opt/stack/data/venv/lib/python3.12/site-packages/oslo_db/sqlalchemy/engines.py:325}}
Jun 18 21:00:34.164446 np0000003188 nova-scheduler[95729]: DEBUG nova.service [None req-7cc99f30-4c34-4538-b847-1694733b470e None None] Creating RPC server for service: nova-scheduler on topic: scheduler {{(pid=95729) start /opt/stack/nova/nova/service.py:196}}
Jun 18 21:00:34.172676 np0000003188 nova-scheduler[95731]: DEBUG dbcounter [-] [95731] Writer thread running {{(pid=95731) stat_writer /opt/stack/data/venv/lib/python3.12/site-packages/dbcounter.py:102}}
Jun 18 21:00:34.175060 np0000003188 nova-scheduler[95731]: DEBUG nova.service [None req-ed782ba1-cf88-41c0-8933-e62ba7be4758 None None] Creating RPC server for service: nova-scheduler on topic: scheduler {{(pid=95731) start /opt/stack/nova/nova/service.py:196}}
Jun 18 21:00:34.177068 np0000003188 nova-scheduler[95733]: DEBUG oslo_db.sqlalchemy.engines [None req-b7c3bde8-258a-4671-8350-a7b00c8cdb9c None None] MySQL server mode set to STRICT_TRANS_TABLES,STRICT_ALL_TABLES,NO_ZERO_IN_DATE,NO_ZERO_DATE,ERROR_FOR_DIVISION_BY_ZERO,TRADITIONAL,NO_ENGINE_SUBSTITUTION {{(pid=95733) _check_effective_sql_mode /opt/stack/data/venv/lib/python3.12/site-packages/oslo_db/sqlalchemy/engines.py:325}}
Jun 18 21:00:34.186317 np0000003188 nova-scheduler[95733]: DEBUG dbcounter [-] [95733] Writer thread running {{(pid=95733) stat_writer /opt/stack/data/venv/lib/python3.12/site-packages/dbcounter.py:102}}
Jun 18 21:00:34.189085 np0000003188 nova-scheduler[95733]: DEBUG nova.service [None req-b7c3bde8-258a-4671-8350-a7b00c8cdb9c None None] Creating RPC server for service: nova-scheduler on topic: scheduler {{(pid=95733) start /opt/stack/nova/nova/service.py:196}}
Jun 18 21:00:34.194721 np0000003188 nova-scheduler[95729]: DEBUG nova.service [None req-7cc99f30-4c34-4538-b847-1694733b470e None None] Join ServiceGroup membership for this service scheduler {{(pid=95729) start /opt/stack/nova/nova/service.py:222}}
Jun 18 21:00:34.194721 np0000003188 nova-scheduler[95729]: DEBUG nova.servicegroup.drivers.db [None req-7cc99f30-4c34-4538-b847-1694733b470e None None] DB_Driver: join new ServiceGroup member np0000003188 to the scheduler group, service = {{(pid=95729) join /opt/stack/nova/nova/servicegroup/drivers/db.py:44}}
Jun 18 21:00:34.195374 np0000003188 nova-scheduler[95731]: DEBUG nova.service [None req-ed782ba1-cf88-41c0-8933-e62ba7be4758 None None] Join ServiceGroup membership for this service scheduler {{(pid=95731) start /opt/stack/nova/nova/service.py:222}}
Jun 18 21:00:34.195699 np0000003188 nova-scheduler[95731]: DEBUG nova.servicegroup.drivers.db [None req-ed782ba1-cf88-41c0-8933-e62ba7be4758 None None] DB_Driver: join new ServiceGroup member np0000003188 to the scheduler group, service = {{(pid=95731) join /opt/stack/nova/nova/servicegroup/drivers/db.py:44}}
Jun 18 21:00:34.206023 np0000003188 nova-scheduler[95733]: DEBUG nova.service [None req-b7c3bde8-258a-4671-8350-a7b00c8cdb9c None None] Join ServiceGroup membership for this service scheduler {{(pid=95733) start /opt/stack/nova/nova/service.py:222}}
Jun 18 21:00:34.206442 np0000003188 nova-scheduler[95733]: DEBUG nova.servicegroup.drivers.db [None req-b7c3bde8-258a-4671-8350-a7b00c8cdb9c None None] DB_Driver: join new ServiceGroup member np0000003188 to the scheduler group, service = {{(pid=95733) join /opt/stack/nova/nova/servicegroup/drivers/db.py:44}}
Jun 18 21:00:39.206061 np0000003188 nova-scheduler[95729]: DEBUG oslo.service.backend._threading.loopingcall [-] Fixed interval looping call 'nova.servicegroup.drivers.db.DbDriver._report_state' sleeping for 119.99 seconds {{(pid=95729) _run_loop /opt/stack/data/venv/lib/python3.12/site-packages/oslo_service/backend/_threading/loopingcall.py:125}}
Jun 18 21:00:39.208557 np0000003188 nova-scheduler[95731]: DEBUG oslo.service.backend._threading.loopingcall [-] Fixed interval looping call 'nova.servicegroup.drivers.db.DbDriver._report_state' sleeping for 119.99 seconds {{(pid=95731) _run_loop /opt/stack/data/venv/lib/python3.12/site-packages/oslo_service/backend/_threading/loopingcall.py:125}}
Jun 18 21:00:39.216829 np0000003188 nova-scheduler[95733]: DEBUG oslo.service.backend._threading.loopingcall [-] Fixed interval looping call 'nova.servicegroup.drivers.db.DbDriver._report_state' sleeping for 119.99 seconds {{(pid=95733) _run_loop /opt/stack/data/venv/lib/python3.12/site-packages/oslo_service/backend/_threading/loopingcall.py:125}}
Jun 18 21:00:42.797691 np0000003188 nova-scheduler[94533]: DEBUG dbcounter [-] [94533] Writing DB stats nova_api:SELECT=3 {{(pid=94533) stat_writer /opt/stack/data/venv/lib/python3.12/site-packages/dbcounter.py:115}}
Jun 18 21:00:42.926771 np0000003188 nova-scheduler[94533]: DEBUG dbcounter [-] [94533] Writing DB stats nova_cell0:SELECT=1 {{(pid=94533) stat_writer /opt/stack/data/venv/lib/python3.12/site-packages/dbcounter.py:115}}
Jun 18 21:00:42.930504 np0000003188 nova-scheduler[94533]: DEBUG dbcounter [-] [94533] Writing DB stats nova_cell1:SELECT=1 {{(pid=94533) stat_writer /opt/stack/data/venv/lib/python3.12/site-packages/dbcounter.py:115}}
Jun 18 21:00:49.203212 np0000003188 nova-scheduler[95729]: DEBUG dbcounter [-] [95729] Writing DB stats nova_cell0:SELECT=4,nova_cell0:INSERT=1,nova_cell0:UPDATE=1 {{(pid=95729) stat_writer /opt/stack/data/venv/lib/python3.12/site-packages/dbcounter.py:115}}
Jun 18 21:00:49.206931 np0000003188 nova-scheduler[95731]: DEBUG dbcounter [-] [95731] Writing DB stats nova_cell0:SELECT=3,nova_cell0:UPDATE=1 {{(pid=95731) stat_writer /opt/stack/data/venv/lib/python3.12/site-packages/dbcounter.py:115}}
Jun 18 21:00:49.216520 np0000003188 nova-scheduler[95733]: DEBUG dbcounter [-] [95733] Writing DB stats nova_cell0:SELECT=3 {{(pid=95733) stat_writer /opt/stack/data/venv/lib/python3.12/site-packages/dbcounter.py:115}}
Jun 18 21:00:59.198292 np0000003188 nova-scheduler[95731]: DEBUG oslo.service.backend._threading.loopingcall [None req-a8d4051a-4b7a-41f2-8bb2-3cbe9f95ef92 None None] Dynamic interval looping call 'nova.service.Service.periodic_tasks' sleeping for 60.00 seconds {{(pid=95731) _run_loop /opt/stack/data/venv/lib/python3.12/site-packages/oslo_service/backend/_threading/loopingcall.py:125}}
Jun 18 21:01:12.197441 np0000003188 nova-scheduler[95729]: DEBUG oslo.service.backend._threading.loopingcall [None req-8119e44b-1979-4c1c-bdc5-19c1ed362e0a None None] Dynamic interval looping call 'nova.service.Service.periodic_tasks' sleeping for 60.00 seconds {{(pid=95729) _run_loop /opt/stack/data/venv/lib/python3.12/site-packages/oslo_service/backend/_threading/loopingcall.py:125}}
Jun 18 21:01:22.208875 np0000003188 nova-scheduler[95733]: DEBUG oslo.service.backend._threading.loopingcall [None req-3a22e8bd-5ae8-410c-b0dd-f08a47c170e4 None None] Dynamic interval looping call 'nova.service.Service.periodic_tasks' sleeping for 60.00 seconds {{(pid=95733) _run_loop /opt/stack/data/venv/lib/python3.12/site-packages/oslo_service/backend/_threading/loopingcall.py:125}}
Jun 18 21:01:59.198799 np0000003188 nova-scheduler[95731]: DEBUG oslo.service.backend._threading.loopingcall [None req-a8d4051a-4b7a-41f2-8bb2-3cbe9f95ef92 None None] Dynamic interval looping call 'nova.service.Service.periodic_tasks' sleeping for 60.00 seconds {{(pid=95731) _run_loop /opt/stack/data/venv/lib/python3.12/site-packages/oslo_service/backend/_threading/loopingcall.py:125}}
Jun 18 21:02:12.197879 np0000003188 nova-scheduler[95729]: DEBUG oslo.service.backend._threading.loopingcall [None req-8119e44b-1979-4c1c-bdc5-19c1ed362e0a None None] Dynamic interval looping call 'nova.service.Service.periodic_tasks' sleeping for 60.00 seconds {{(pid=95729) _run_loop /opt/stack/data/venv/lib/python3.12/site-packages/oslo_service/backend/_threading/loopingcall.py:125}}
Jun 18 21:02:22.209370 np0000003188 nova-scheduler[95733]: DEBUG oslo.service.backend._threading.loopingcall [None req-3a22e8bd-5ae8-410c-b0dd-f08a47c170e4 None None] Dynamic interval looping call 'nova.service.Service.periodic_tasks' sleeping for 60.00 seconds {{(pid=95733) _run_loop /opt/stack/data/venv/lib/python3.12/site-packages/oslo_service/backend/_threading/loopingcall.py:125}}
Jun 18 21:02:39.204705 np0000003188 nova-scheduler[95731]: DEBUG oslo.service.backend._threading.loopingcall [-] Fixed interval looping call 'nova.servicegroup.drivers.db.DbDriver._report_state' sleeping for 119.99 seconds {{(pid=95731) _run_loop /opt/stack/data/venv/lib/python3.12/site-packages/oslo_service/backend/_threading/loopingcall.py:125}}
Jun 18 21:02:39.205825 np0000003188 nova-scheduler[95729]: DEBUG oslo.service.backend._threading.loopingcall [-] Fixed interval looping call 'nova.servicegroup.drivers.db.DbDriver._report_state' sleeping for 119.99 seconds {{(pid=95729) _run_loop /opt/stack/data/venv/lib/python3.12/site-packages/oslo_service/backend/_threading/loopingcall.py:125}}
Jun 18 21:02:39.210677 np0000003188 nova-scheduler[95733]: DEBUG oslo.service.backend._threading.loopingcall [-] Fixed interval looping call 'nova.servicegroup.drivers.db.DbDriver._report_state' sleeping for 120.00 seconds {{(pid=95733) _run_loop /opt/stack/data/venv/lib/python3.12/site-packages/oslo_service/backend/_threading/loopingcall.py:125}}
Jun 18 21:02:49.202334 np0000003188 nova-scheduler[95731]: DEBUG dbcounter [-] [95731] Writing DB stats nova_cell0:SELECT=1,nova_cell0:UPDATE=1 {{(pid=95731) stat_writer /opt/stack/data/venv/lib/python3.12/site-packages/dbcounter.py:115}}
Jun 18 21:02:49.202813 np0000003188 nova-scheduler[95729]: DEBUG dbcounter [-] [95729] Writing DB stats nova_cell0:SELECT=1,nova_cell0:UPDATE=1 {{(pid=95729) stat_writer /opt/stack/data/venv/lib/python3.12/site-packages/dbcounter.py:115}}
Jun 18 21:02:49.208986 np0000003188 nova-scheduler[95733]: DEBUG dbcounter [-] [95733] Writing DB stats nova_cell0:SELECT=1 {{(pid=95733) stat_writer /opt/stack/data/venv/lib/python3.12/site-packages/dbcounter.py:115}}
Jun 18 21:02:59.199958 np0000003188 nova-scheduler[95731]: DEBUG oslo.service.backend._threading.loopingcall [None req-a8d4051a-4b7a-41f2-8bb2-3cbe9f95ef92 None None] Dynamic interval looping call 'nova.service.Service.periodic_tasks' sleeping for 60.00 seconds {{(pid=95731) _run_loop /opt/stack/data/venv/lib/python3.12/site-packages/oslo_service/backend/_threading/loopingcall.py:125}}
Jun 18 21:03:12.198446 np0000003188 nova-scheduler[95729]: DEBUG oslo.service.backend._threading.loopingcall [None req-8119e44b-1979-4c1c-bdc5-19c1ed362e0a None None] Dynamic interval looping call 'nova.service.Service.periodic_tasks' sleeping for 60.00 seconds {{(pid=95729) _run_loop /opt/stack/data/venv/lib/python3.12/site-packages/oslo_service/backend/_threading/loopingcall.py:125}}
Jun 18 21:03:22.210021 np0000003188 nova-scheduler[95733]: DEBUG oslo.service.backend._threading.loopingcall [None req-3a22e8bd-5ae8-410c-b0dd-f08a47c170e4 None None] Dynamic interval looping call 'nova.service.Service.periodic_tasks' sleeping for 60.00 seconds {{(pid=95733) _run_loop /opt/stack/data/venv/lib/python3.12/site-packages/oslo_service/backend/_threading/loopingcall.py:125}}
Jun 18 21:03:22.412425 np0000003188 nova-scheduler[95729]: DEBUG nova.scheduler.manager [None req-950717b7-9836-4d4f-8d5d-cbeb6f524f6f tempest-ServerStableDeviceRescueTest-334381930 tempest-ServerStableDeviceRescueTest-334381930-project-member] Starting to schedule for instances: ['bd5d8d8c-7941-4896-8702-cfb00b20e6bf'] {{(pid=95729) select_destinations /opt/stack/nova/nova/scheduler/manager.py:210}}
Jun 18 21:03:22.414317 np0000003188 nova-scheduler[95729]: DEBUG nova.scheduler.request_filter [None req-950717b7-9836-4d4f-8d5d-cbeb6f524f6f tempest-ServerStableDeviceRescueTest-334381930 tempest-ServerStableDeviceRescueTest-334381930-project-member] compute_status_filter request filter added forbidden trait COMPUTE_STATUS_DISABLED {{(pid=95729) compute_status_filter /opt/stack/nova/nova/scheduler/request_filter.py:253}}
Jun 18 21:03:22.414317 np0000003188 nova-scheduler[95729]: DEBUG nova.scheduler.request_filter [None req-950717b7-9836-4d4f-8d5d-cbeb6f524f6f tempest-ServerStableDeviceRescueTest-334381930 tempest-ServerStableDeviceRescueTest-334381930-project-member] Request filter 'compute_status_filter' took 0.0 seconds {{(pid=95729) wrapper /opt/stack/nova/nova/scheduler/request_filter.py:46}}
Jun 18 21:03:22.414317 np0000003188 nova-scheduler[95729]: DEBUG nova.scheduler.request_filter [None req-950717b7-9836-4d4f-8d5d-cbeb6f524f6f tempest-ServerStableDeviceRescueTest-334381930 tempest-ServerStableDeviceRescueTest-334381930-project-member] Request filter 'accelerators_filter' took 0.0 seconds {{(pid=95729) wrapper /opt/stack/nova/nova/scheduler/request_filter.py:46}}
Jun 18 21:03:22.414317 np0000003188 nova-scheduler[95729]: DEBUG nova.scheduler.request_filter [None req-950717b7-9836-4d4f-8d5d-cbeb6f524f6f tempest-ServerStableDeviceRescueTest-334381930 tempest-ServerStableDeviceRescueTest-334381930-project-member] Request filter 'packed_virtqueue_filter' took 0.0 seconds {{(pid=95729) wrapper /opt/stack/nova/nova/scheduler/request_filter.py:46}}
Jun 18 21:03:22.414317 np0000003188 nova-scheduler[95729]: DEBUG nova.scheduler.request_filter [None req-950717b7-9836-4d4f-8d5d-cbeb6f524f6f tempest-ServerStableDeviceRescueTest-334381930 tempest-ServerStableDeviceRescueTest-334381930-project-member] Request filter 'remote_managed_ports_filter' took 0.0 seconds {{(pid=95729) wrapper /opt/stack/nova/nova/scheduler/request_filter.py:46}}
Jun 18 21:03:22.414537 np0000003188 nova-scheduler[95729]: DEBUG nova.scheduler.request_filter [None req-950717b7-9836-4d4f-8d5d-cbeb6f524f6f tempest-ServerStableDeviceRescueTest-334381930 tempest-ServerStableDeviceRescueTest-334381930-project-member] ephemeral_encryption_filter skipped {{(pid=95729) ephemeral_encryption_filter /opt/stack/nova/nova/scheduler/request_filter.py:426}}
Jun 18 21:03:22.414713 np0000003188 nova-scheduler[95729]: DEBUG nova.scheduler.request_filter [None req-950717b7-9836-4d4f-8d5d-cbeb6f524f6f tempest-ServerStableDeviceRescueTest-334381930 tempest-ServerStableDeviceRescueTest-334381930-project-member] virtio_sound_filter skipped {{(pid=95729) virtio_sound_filter /opt/stack/nova/nova/scheduler/request_filter.py:460}}
Jun 18 21:03:22.414912 np0000003188 nova-scheduler[95729]: DEBUG nova.scheduler.request_filter [None req-950717b7-9836-4d4f-8d5d-cbeb6f524f6f tempest-ServerStableDeviceRescueTest-334381930 tempest-ServerStableDeviceRescueTest-334381930-project-member] tpm_secret_security_filter skipped {{(pid=95729) tpm_secret_security_filter /opt/stack/nova/nova/scheduler/request_filter.py:477}}
Jun 18 21:03:22.563434 np0000003188 nova-scheduler[95731]: DEBUG nova.scheduler.manager [None req-96592b21-c1b6-442c-aad1-f64aac6594eb tempest-ServerActionsTestOtherB-1750318220 tempest-ServerActionsTestOtherB-1750318220-project-member] Starting to schedule for instances: ['2a7d3c07-544f-4e7f-a909-a112cc4f0e5c'] {{(pid=95731) select_destinations /opt/stack/nova/nova/scheduler/manager.py:210}}
Jun 18 21:03:22.564003 np0000003188 nova-scheduler[95731]: DEBUG nova.scheduler.request_filter [None req-96592b21-c1b6-442c-aad1-f64aac6594eb tempest-ServerActionsTestOtherB-1750318220 tempest-ServerActionsTestOtherB-1750318220-project-member] compute_status_filter request filter added forbidden trait COMPUTE_STATUS_DISABLED {{(pid=95731) compute_status_filter /opt/stack/nova/nova/scheduler/request_filter.py:253}}
Jun 18 21:03:22.564132 np0000003188 nova-scheduler[95731]: DEBUG nova.scheduler.request_filter [None req-96592b21-c1b6-442c-aad1-f64aac6594eb tempest-ServerActionsTestOtherB-1750318220 tempest-ServerActionsTestOtherB-1750318220-project-member] Request filter 'compute_status_filter' took 0.0 seconds {{(pid=95731) wrapper /opt/stack/nova/nova/scheduler/request_filter.py:46}}
Jun 18 21:03:22.564384 np0000003188 nova-scheduler[95731]: DEBUG nova.scheduler.request_filter [None req-96592b21-c1b6-442c-aad1-f64aac6594eb tempest-ServerActionsTestOtherB-1750318220 tempest-ServerActionsTestOtherB-1750318220-project-member] Request filter 'accelerators_filter' took 0.0 seconds {{(pid=95731) wrapper /opt/stack/nova/nova/scheduler/request_filter.py:46}}
Jun 18 21:03:22.564831 np0000003188 nova-scheduler[95731]: DEBUG nova.scheduler.request_filter [None req-96592b21-c1b6-442c-aad1-f64aac6594eb tempest-ServerActionsTestOtherB-1750318220 tempest-ServerActionsTestOtherB-1750318220-project-member] Request filter 'packed_virtqueue_filter' took 0.0 seconds {{(pid=95731) wrapper /opt/stack/nova/nova/scheduler/request_filter.py:46}}
Jun 18 21:03:22.564865 np0000003188 nova-scheduler[95731]: DEBUG nova.scheduler.request_filter [None req-96592b21-c1b6-442c-aad1-f64aac6594eb tempest-ServerActionsTestOtherB-1750318220 tempest-ServerActionsTestOtherB-1750318220-project-member] Request filter 'remote_managed_ports_filter' took 0.0 seconds {{(pid=95731) wrapper /opt/stack/nova/nova/scheduler/request_filter.py:46}}
Jun 18 21:03:22.565022 np0000003188 nova-scheduler[95731]: DEBUG nova.scheduler.request_filter [None req-96592b21-c1b6-442c-aad1-f64aac6594eb tempest-ServerActionsTestOtherB-1750318220 tempest-ServerActionsTestOtherB-1750318220-project-member] ephemeral_encryption_filter skipped {{(pid=95731) ephemeral_encryption_filter /opt/stack/nova/nova/scheduler/request_filter.py:426}}
Jun 18 21:03:22.565184 np0000003188 nova-scheduler[95731]: DEBUG nova.scheduler.request_filter [None req-96592b21-c1b6-442c-aad1-f64aac6594eb tempest-ServerActionsTestOtherB-1750318220 tempest-ServerActionsTestOtherB-1750318220-project-member] virtio_sound_filter skipped {{(pid=95731) virtio_sound_filter /opt/stack/nova/nova/scheduler/request_filter.py:460}}
Jun 18 21:03:22.565369 np0000003188 nova-scheduler[95731]: DEBUG nova.scheduler.request_filter [None req-96592b21-c1b6-442c-aad1-f64aac6594eb tempest-ServerActionsTestOtherB-1750318220 tempest-ServerActionsTestOtherB-1750318220-project-member] tpm_secret_security_filter skipped {{(pid=95731) tpm_secret_security_filter /opt/stack/nova/nova/scheduler/request_filter.py:477}}
Jun 18 21:03:22.931793 np0000003188 nova-scheduler[95729]: INFO nova.utils [None req-950717b7-9836-4d4f-8d5d-cbeb6f524f6f tempest-ServerStableDeviceRescueTest-334381930 tempest-ServerStableDeviceRescueTest-334381930-project-member] The cell worker thread pool ForkProcess-1.cell_worker is initialized
Jun 18 21:03:22.932099 np0000003188 nova-scheduler[95729]: DEBUG oslo_concurrency.lockutils [None req-950717b7-9836-4d4f-8d5d-cbeb6f524f6f tempest-ServerStableDeviceRescueTest-334381930 tempest-ServerStableDeviceRescueTest-334381930-project-member] Acquiring lock "e51827f2-fec3-439c-a36a-3ff79d38f88d" by "nova.context.set_target_cell..get_or_set_cached_cell_and_set_connections" {{(pid=95729) inner /opt/stack/data/venv/lib/python3.12/site-packages/oslo_concurrency/lockutils.py:511}}
Jun 18 21:03:22.932099 np0000003188 nova-scheduler[95729]: DEBUG oslo_concurrency.lockutils [None req-950717b7-9836-4d4f-8d5d-cbeb6f524f6f tempest-ServerStableDeviceRescueTest-334381930 tempest-ServerStableDeviceRescueTest-334381930-project-member] Lock "e51827f2-fec3-439c-a36a-3ff79d38f88d" acquired by "nova.context.set_target_cell..get_or_set_cached_cell_and_set_connections" :: waited 0.000s {{(pid=95729) inner /opt/stack/data/venv/lib/python3.12/site-packages/oslo_concurrency/lockutils.py:524}}
Jun 18 21:03:22.934128 np0000003188 nova-scheduler[95729]: DEBUG oslo_concurrency.lockutils [None req-950717b7-9836-4d4f-8d5d-cbeb6f524f6f tempest-ServerStableDeviceRescueTest-334381930 tempest-ServerStableDeviceRescueTest-334381930-project-member] Lock "e51827f2-fec3-439c-a36a-3ff79d38f88d" "released" by "nova.context.set_target_cell..get_or_set_cached_cell_and_set_connections" :: held 0.002s {{(pid=95729) inner /opt/stack/data/venv/lib/python3.12/site-packages/oslo_concurrency/lockutils.py:543}}
Jun 18 21:03:22.936713 np0000003188 nova-scheduler[95729]: INFO dbcounter [None req-950717b7-9836-4d4f-8d5d-cbeb6f524f6f tempest-ServerStableDeviceRescueTest-334381930 tempest-ServerStableDeviceRescueTest-334381930-project-member] Registered counter for database nova_cell1
Jun 18 21:03:22.979565 np0000003188 nova-scheduler[95729]: DEBUG oslo_db.sqlalchemy.engines [None req-950717b7-9836-4d4f-8d5d-cbeb6f524f6f tempest-ServerStableDeviceRescueTest-334381930 tempest-ServerStableDeviceRescueTest-334381930-project-member] MySQL server mode set to STRICT_TRANS_TABLES,STRICT_ALL_TABLES,NO_ZERO_IN_DATE,NO_ZERO_DATE,ERROR_FOR_DIVISION_BY_ZERO,TRADITIONAL,NO_ENGINE_SUBSTITUTION {{(pid=95729) _check_effective_sql_mode /opt/stack/data/venv/lib/python3.12/site-packages/oslo_db/sqlalchemy/engines.py:325}}
Jun 18 21:03:22.984469 np0000003188 nova-scheduler[95729]: DEBUG dbcounter [-] [95729] Writer thread running {{(pid=95729) stat_writer /opt/stack/data/venv/lib/python3.12/site-packages/dbcounter.py:102}}
Jun 18 21:03:23.003710 np0000003188 nova-scheduler[95729]: DEBUG oslo_db.sqlalchemy.engines [None req-950717b7-9836-4d4f-8d5d-cbeb6f524f6f tempest-ServerStableDeviceRescueTest-334381930 tempest-ServerStableDeviceRescueTest-334381930-project-member] Parent process 94533 forked (95729) with an open database connection, which is being discarded and recreated. {{(pid=95729) checkout /opt/stack/data/venv/lib/python3.12/site-packages/oslo_db/sqlalchemy/engines.py:402}}
Jun 18 21:03:23.027093 np0000003188 nova-scheduler[95731]: INFO nova.utils [None req-96592b21-c1b6-442c-aad1-f64aac6594eb tempest-ServerActionsTestOtherB-1750318220 tempest-ServerActionsTestOtherB-1750318220-project-member] The cell worker thread pool ForkProcess-2.cell_worker is initialized
Jun 18 21:03:23.027441 np0000003188 nova-scheduler[95731]: DEBUG oslo_concurrency.lockutils [None req-96592b21-c1b6-442c-aad1-f64aac6594eb tempest-ServerActionsTestOtherB-1750318220 tempest-ServerActionsTestOtherB-1750318220-project-member] Acquiring lock "e51827f2-fec3-439c-a36a-3ff79d38f88d" by "nova.context.set_target_cell..get_or_set_cached_cell_and_set_connections" {{(pid=95731) inner /opt/stack/data/venv/lib/python3.12/site-packages/oslo_concurrency/lockutils.py:511}}
Jun 18 21:03:23.027654 np0000003188 nova-scheduler[95731]: DEBUG oslo_concurrency.lockutils [None req-96592b21-c1b6-442c-aad1-f64aac6594eb tempest-ServerActionsTestOtherB-1750318220 tempest-ServerActionsTestOtherB-1750318220-project-member] Lock "e51827f2-fec3-439c-a36a-3ff79d38f88d" acquired by "nova.context.set_target_cell..get_or_set_cached_cell_and_set_connections" :: waited 0.000s {{(pid=95731) inner /opt/stack/data/venv/lib/python3.12/site-packages/oslo_concurrency/lockutils.py:524}}
Jun 18 21:03:23.029108 np0000003188 nova-scheduler[95731]: DEBUG oslo_concurrency.lockutils [None req-96592b21-c1b6-442c-aad1-f64aac6594eb tempest-ServerActionsTestOtherB-1750318220 tempest-ServerActionsTestOtherB-1750318220-project-member] Lock "e51827f2-fec3-439c-a36a-3ff79d38f88d" "released" by "nova.context.set_target_cell..get_or_set_cached_cell_and_set_connections" :: held 0.001s {{(pid=95731) inner /opt/stack/data/venv/lib/python3.12/site-packages/oslo_concurrency/lockutils.py:543}}
Jun 18 21:03:23.031841 np0000003188 nova-scheduler[95731]: INFO dbcounter [None req-96592b21-c1b6-442c-aad1-f64aac6594eb tempest-ServerActionsTestOtherB-1750318220 tempest-ServerActionsTestOtherB-1750318220-project-member] Registered counter for database nova_cell1
Jun 18 21:03:23.063301 np0000003188 nova-scheduler[95729]: DEBUG dbcounter [-] [95729] Writer thread running {{(pid=95729) stat_writer /opt/stack/data/venv/lib/python3.12/site-packages/dbcounter.py:102}}
Jun 18 21:03:23.065934 np0000003188 nova-scheduler[95729]: DEBUG oslo_concurrency.lockutils [None req-950717b7-9836-4d4f-8d5d-cbeb6f524f6f tempest-ServerStableDeviceRescueTest-334381930 tempest-ServerStableDeviceRescueTest-334381930-project-member] Acquiring lock "e51827f2-fec3-439c-a36a-3ff79d38f88d" by "nova.context.set_target_cell..get_or_set_cached_cell_and_set_connections" {{(pid=95729) inner /opt/stack/data/venv/lib/python3.12/site-packages/oslo_concurrency/lockutils.py:511}}
Jun 18 21:03:23.066409 np0000003188 nova-scheduler[95729]: DEBUG oslo_concurrency.lockutils [None req-950717b7-9836-4d4f-8d5d-cbeb6f524f6f tempest-ServerStableDeviceRescueTest-334381930 tempest-ServerStableDeviceRescueTest-334381930-project-member] Lock "e51827f2-fec3-439c-a36a-3ff79d38f88d" acquired by "nova.context.set_target_cell..get_or_set_cached_cell_and_set_connections" :: waited 0.000s {{(pid=95729) inner /opt/stack/data/venv/lib/python3.12/site-packages/oslo_concurrency/lockutils.py:524}}
Jun 18 21:03:23.066409 np0000003188 nova-scheduler[95729]: DEBUG oslo_concurrency.lockutils [None req-950717b7-9836-4d4f-8d5d-cbeb6f524f6f tempest-ServerStableDeviceRescueTest-334381930 tempest-ServerStableDeviceRescueTest-334381930-project-member] Lock "e51827f2-fec3-439c-a36a-3ff79d38f88d" "released" by "nova.context.set_target_cell..get_or_set_cached_cell_and_set_connections" :: held 0.000s {{(pid=95729) inner /opt/stack/data/venv/lib/python3.12/site-packages/oslo_concurrency/lockutils.py:543}}
Jun 18 21:03:23.072797 np0000003188 nova-scheduler[95729]: DEBUG oslo_concurrency.lockutils [None req-950717b7-9836-4d4f-8d5d-cbeb6f524f6f tempest-ServerStableDeviceRescueTest-334381930 tempest-ServerStableDeviceRescueTest-334381930-project-member] Acquiring lock "('np0000003188', 'np0000003188')" by "nova.scheduler.host_manager.HostState.update.._locked_update" {{(pid=95729) inner /opt/stack/data/venv/lib/python3.12/site-packages/oslo_concurrency/lockutils.py:511}}
Jun 18 21:03:23.072797 np0000003188 nova-scheduler[95729]: DEBUG oslo_concurrency.lockutils [None req-950717b7-9836-4d4f-8d5d-cbeb6f524f6f tempest-ServerStableDeviceRescueTest-334381930 tempest-ServerStableDeviceRescueTest-334381930-project-member] Lock "('np0000003188', 'np0000003188')" acquired by "nova.scheduler.host_manager.HostState.update.._locked_update" :: waited 0.001s {{(pid=95729) inner /opt/stack/data/venv/lib/python3.12/site-packages/oslo_concurrency/lockutils.py:524}}
Jun 18 21:03:23.077768 np0000003188 nova-scheduler[95729]: DEBUG nova.scheduler.host_manager [None req-950717b7-9836-4d4f-8d5d-cbeb6f524f6f tempest-ServerStableDeviceRescueTest-334381930 tempest-ServerStableDeviceRescueTest-334381930-project-member] Update host state from compute node: ComputeNode(cpu_allocation_ratio=4.0,cpu_info='{"arch": "x86_64", "model": "EPYC-Milan", "vendor": "AMD", "topology": {"cells": 1, "sockets": 12, "cores": 1, "threads": 1}, "maxphysaddr": {"mode": "emulate", "bits": 40}, "features": ["xsaveopt", "movbe", "avx2", "ssse3", "cr8legacy", "mce", "msr", "smep", "f16c", "fsgsbase", "ibpb", "fxsr", "mds-no", "topoext", "x2apic", "xsavec", "sse4a", "vaes", "lahf_lm", "pse36", "v-vmsave-vmload", "xgetbv1", "pge", "pku", "pause-filter", "vme", "pae", "pdpe1gb", "de", "clflush", "umip", "arch-capabilities", "skip-l1dfl-vmentry", "no-nested-data-bp", "tsc_adjust", "invpcid", "xsaves", "popcnt", "npt", "ibrs", "perfctr_core", "xsaveerptr", "svm", "fma", "xsave", "sse4.1", "sse4.2", "sse", "clflushopt", "lfence-always-serializing", "vmcb-clean", "tsc-deadline", "fxsr_opt", "amd-stibp", "cmp_legacy", "3dnowprefetch", "abm", "bmi2", "mmx", "wbnoinvd", "cx16", "cmov", "pcid", "rdtscp", "erms", "arat", "sse2", "sep", "apic", "stibp-always-on", "tsc", "amd-psfd", "avx", "flushbyasid", "pschange-mc-no", "syscall", "lm", "mmxext", "amd-ssbd", "tsc-scale", "svme-addr-chk", "aes", "rdctl-no", "pclmuldq", "pni", "pat", "misalignsse", "osvw", "bmi1", "cx8", "fsrm", "mtrr", "fpu", "nx", "virt-ssbd", "clwb", "pfthreshold", "nrip-save", "clzero", "rdpid", "ssbd", "lbrv", "pse", "spec-ctrl", "null-sel-clr-base", "sha-ni", "adx", "rdseed", "vgif", "stibp", "mca", "rdrand", "gds-no", "smap", "vpclmulqdq", "hypervisor"]}',created_at=2026-06-18T21:00:59Z,current_workload=0,deleted=False,deleted_at=None,disk_allocation_ratio=1.0,disk_available_least=74,free_disk_gb=95,free_ram_mb=23518,host='np0000003188',host_ip=10.4.3.253,hypervisor_hostname='np0000003188',hypervisor_type='QEMU',hypervisor_version=8002002,id=1,local_gb=95,local_gb_used=0,mapped=1,memory_mb=24030,memory_mb_used=512,metrics='[]',numa_topology='{"nova_object.name": "NUMATopology", "nova_object.namespace": "nova", "nova_object.version": "1.2", "nova_object.data": {"cells": [{"nova_object.name": "NUMACell", "nova_object.namespace": "nova", "nova_object.version": "1.5", "nova_object.data": {"id": 0, "cpuset": [0, 1, 2, 3, 4, 5, 6, 7, 8, 9, 10, 11], "pcpuset": [0, 1, 2, 3, 4, 5, 6, 7, 8, 9, 10, 11], "memory": 24030, "cpu_usage": 0, "memory_usage": 0, "pinned_cpus": [], "siblings": [[6], [2], [5], [11], [8], [4], [1], [7], [10], [0], [3], [9]], "mempages": [{"nova_object.name": "NUMAPagesTopology", "nova_object.namespace": "nova", "nova_object.version": "1.1", "nova_object.data": {"size_kb": 4, "total": 6151797, "used": 0, "reserved": 0}, "nova_object.changes": ["size_kb", "total", "reserved", "used"]}, {"nova_object.name": "NUMAPagesTopology", "nova_object.namespace": "nova", "nova_object.version": "1.1", "nova_object.data": {"size_kb": 2048, "total": 0, "used": 0, "reserved": 0}, "nova_object.changes": ["size_kb", "total", "reserved", "used"]}, {"nova_object.name": "NUMAPagesTopology", "nova_object.namespace": "nova", "nova_object.version": "1.1", "nova_object.data": {"size_kb": 1048576, "total": 0, "used": 0, "reserved": 0}, "nova_object.changes": ["size_kb", "total", "reserved", "used"]}], "network_metadata": {"nova_object.name": "NetworkMetadata", "nova_object.namespace": "nova", "nova_object.version": "1.0", "nova_object.data": {"physnets": [], "tunneled": false}, "nova_object.changes": ["tunneled", "physnets"]}, "socket": null}, "nova_object.changes": ["siblings", "socket", "pinned_cpus", "pcpuset", "mempages", "network_metadata", "memory", "id", "cpu_usage", "cpuset", "memory_usage"]}]}, "nova_object.changes": ["cells"]}',pci_device_pools=PciDevicePoolList,ram_allocation_ratio=1.0,running_vms=0,service_id=2,stats={failed_builds='0',uptime=' 21:02:45 up 25 min, 2 users, load average: 1.30, 1.50, 0.89
Jun 18 21:03:23.077768 np0000003188 nova-scheduler[95729]: '},supported_hv_specs=[HVSpec,HVSpec,HVSpec,HVSpec,HVSpec,HVSpec,HVSpec,HVSpec,HVSpec,HVSpec,HVSpec,HVSpec,HVSpec,HVSpec,HVSpec,HVSpec,HVSpec,HVSpec,HVSpec,HVSpec,HVSpec,HVSpec,HVSpec,HVSpec,HVSpec],updated_at=2026-06-18T21:02:47Z,uuid=4b17c519-3f53-4d7d-b6aa-4a6d0b3df9c1,vcpus=12,vcpus_used=0) {{(pid=95729) _locked_update /opt/stack/nova/nova/scheduler/host_manager.py:168}}
Jun 18 21:03:23.079711 np0000003188 nova-scheduler[95729]: DEBUG nova.scheduler.host_manager [None req-950717b7-9836-4d4f-8d5d-cbeb6f524f6f tempest-ServerStableDeviceRescueTest-334381930 tempest-ServerStableDeviceRescueTest-334381930-project-member] Update host state with aggregates: [] {{(pid=95729) _locked_update /opt/stack/nova/nova/scheduler/host_manager.py:171}}
Jun 18 21:03:23.079711 np0000003188 nova-scheduler[95729]: DEBUG nova.scheduler.host_manager [None req-950717b7-9836-4d4f-8d5d-cbeb6f524f6f tempest-ServerStableDeviceRescueTest-334381930 tempest-ServerStableDeviceRescueTest-334381930-project-member] Update host state with service dict: {'id': 2, 'uuid': '23e9bdc3-2f04-42ee-b0eb-c28cf8da24f2', 'host': 'np0000003188', 'binary': 'nova-compute', 'topic': 'compute', 'report_count': 2, 'disabled': False, 'disabled_reason': None, 'last_seen_up': datetime.datetime(2026, 6, 18, 21, 3, 8, tzinfo=datetime.timezone.utc), 'forced_down': False, 'version': 72, 'created_at': datetime.datetime(2026, 6, 18, 21, 0, 57, tzinfo=datetime.timezone.utc), 'updated_at': datetime.datetime(2026, 6, 18, 21, 3, 8, tzinfo=datetime.timezone.utc), 'deleted_at': None, 'deleted': False} {{(pid=95729) _locked_update /opt/stack/nova/nova/scheduler/host_manager.py:174}}
Jun 18 21:03:23.079711 np0000003188 nova-scheduler[95729]: DEBUG nova.scheduler.host_manager [None req-950717b7-9836-4d4f-8d5d-cbeb6f524f6f tempest-ServerStableDeviceRescueTest-334381930 tempest-ServerStableDeviceRescueTest-334381930-project-member] Update host state with instances: [] {{(pid=95729) _locked_update /opt/stack/nova/nova/scheduler/host_manager.py:177}}
Jun 18 21:03:23.079711 np0000003188 nova-scheduler[95729]: DEBUG oslo_concurrency.lockutils [None req-950717b7-9836-4d4f-8d5d-cbeb6f524f6f tempest-ServerStableDeviceRescueTest-334381930 tempest-ServerStableDeviceRescueTest-334381930-project-member] Lock "('np0000003188', 'np0000003188')" "released" by "nova.scheduler.host_manager.HostState.update.._locked_update" :: held 0.006s {{(pid=95729) inner /opt/stack/data/venv/lib/python3.12/site-packages/oslo_concurrency/lockutils.py:543}}
Jun 18 21:03:23.079711 np0000003188 nova-scheduler[95729]: DEBUG nova.filters [None req-950717b7-9836-4d4f-8d5d-cbeb6f524f6f tempest-ServerStableDeviceRescueTest-334381930 tempest-ServerStableDeviceRescueTest-334381930-project-member] Starting with 1 host(s) {{(pid=95729) get_filtered_objects /opt/stack/nova/nova/filters.py:70}}
Jun 18 21:03:23.079711 np0000003188 nova-scheduler[95729]: DEBUG nova.filters [None req-950717b7-9836-4d4f-8d5d-cbeb6f524f6f tempest-ServerStableDeviceRescueTest-334381930 tempest-ServerStableDeviceRescueTest-334381930-project-member] Filter ComputeFilter returned 1 host(s) {{(pid=95729) get_filtered_objects /opt/stack/nova/nova/filters.py:102}}
Jun 18 21:03:23.079711 np0000003188 nova-scheduler[95729]: DEBUG nova.filters [None req-950717b7-9836-4d4f-8d5d-cbeb6f524f6f tempest-ServerStableDeviceRescueTest-334381930 tempest-ServerStableDeviceRescueTest-334381930-project-member] Filter ComputeCapabilitiesFilter returned 1 host(s) {{(pid=95729) get_filtered_objects /opt/stack/nova/nova/filters.py:102}}
Jun 18 21:03:23.081853 np0000003188 nova-scheduler[95729]: DEBUG nova.filters [None req-950717b7-9836-4d4f-8d5d-cbeb6f524f6f tempest-ServerStableDeviceRescueTest-334381930 tempest-ServerStableDeviceRescueTest-334381930-project-member] Filter ImagePropertiesFilter returned 1 host(s) {{(pid=95729) get_filtered_objects /opt/stack/nova/nova/filters.py:102}}
Jun 18 21:03:23.081853 np0000003188 nova-scheduler[95729]: DEBUG nova.filters [None req-950717b7-9836-4d4f-8d5d-cbeb6f524f6f tempest-ServerStableDeviceRescueTest-334381930 tempest-ServerStableDeviceRescueTest-334381930-project-member] Filter ServerGroupAntiAffinityFilter returned 1 host(s) {{(pid=95729) get_filtered_objects /opt/stack/nova/nova/filters.py:102}}
Jun 18 21:03:23.081853 np0000003188 nova-scheduler[95729]: DEBUG nova.filters [None req-950717b7-9836-4d4f-8d5d-cbeb6f524f6f tempest-ServerStableDeviceRescueTest-334381930 tempest-ServerStableDeviceRescueTest-334381930-project-member] Filter ServerGroupAffinityFilter returned 1 host(s) {{(pid=95729) get_filtered_objects /opt/stack/nova/nova/filters.py:102}}
Jun 18 21:03:23.081853 np0000003188 nova-scheduler[95729]: DEBUG nova.filters [None req-950717b7-9836-4d4f-8d5d-cbeb6f524f6f tempest-ServerStableDeviceRescueTest-334381930 tempest-ServerStableDeviceRescueTest-334381930-project-member] Filter SameHostFilter returned 1 host(s) {{(pid=95729) get_filtered_objects /opt/stack/nova/nova/filters.py:102}}
Jun 18 21:03:23.081853 np0000003188 nova-scheduler[95729]: DEBUG nova.filters [None req-950717b7-9836-4d4f-8d5d-cbeb6f524f6f tempest-ServerStableDeviceRescueTest-334381930 tempest-ServerStableDeviceRescueTest-334381930-project-member] Filter DifferentHostFilter returned 1 host(s) {{(pid=95729) get_filtered_objects /opt/stack/nova/nova/filters.py:102}}
Jun 18 21:03:23.081853 np0000003188 nova-scheduler[95729]: DEBUG nova.scheduler.manager [None req-950717b7-9836-4d4f-8d5d-cbeb6f524f6f tempest-ServerStableDeviceRescueTest-334381930 tempest-ServerStableDeviceRescueTest-334381930-project-member] Filtered [(np0000003188, np0000003188) ram: 23518MB disk: 75776MB io_ops: 0 instances: 0, allocation_candidates: 1] {{(pid=95729) _get_sorted_hosts /opt/stack/nova/nova/scheduler/manager.py:743}}
Jun 18 21:03:23.081853 np0000003188 nova-scheduler[95729]: DEBUG nova.scheduler.manager [None req-950717b7-9836-4d4f-8d5d-cbeb6f524f6f tempest-ServerStableDeviceRescueTest-334381930 tempest-ServerStableDeviceRescueTest-334381930-project-member] Weighed [WeighedHost [host: (np0000003188, np0000003188) ram: 23518MB disk: 75776MB io_ops: 0 instances: 0, allocation_candidates: 1, weight: 0.0]] {{(pid=95729) _get_sorted_hosts /opt/stack/nova/nova/scheduler/manager.py:765}}
Jun 18 21:03:23.081853 np0000003188 nova-scheduler[95729]: DEBUG nova.scheduler.utils [None req-950717b7-9836-4d4f-8d5d-cbeb6f524f6f tempest-ServerStableDeviceRescueTest-334381930 tempest-ServerStableDeviceRescueTest-334381930-project-member] Attempting to claim resources in the placement API for instance bd5d8d8c-7941-4896-8702-cfb00b20e6bf {{(pid=95729) claim_resources /opt/stack/nova/nova/scheduler/utils.py:1345}}
Jun 18 21:03:23.096684 np0000003188 nova-scheduler[95731]: DEBUG oslo_db.sqlalchemy.engines [None req-96592b21-c1b6-442c-aad1-f64aac6594eb tempest-ServerActionsTestOtherB-1750318220 tempest-ServerActionsTestOtherB-1750318220-project-member] MySQL server mode set to STRICT_TRANS_TABLES,STRICT_ALL_TABLES,NO_ZERO_IN_DATE,NO_ZERO_DATE,ERROR_FOR_DIVISION_BY_ZERO,TRADITIONAL,NO_ENGINE_SUBSTITUTION {{(pid=95731) _check_effective_sql_mode /opt/stack/data/venv/lib/python3.12/site-packages/oslo_db/sqlalchemy/engines.py:325}}
Jun 18 21:03:23.104107 np0000003188 nova-scheduler[95731]: DEBUG dbcounter [-] [95731] Writer thread running {{(pid=95731) stat_writer /opt/stack/data/venv/lib/python3.12/site-packages/dbcounter.py:102}}
Jun 18 21:03:23.172844 np0000003188 nova-scheduler[95731]: DEBUG dbcounter [-] [95731] Writer thread running {{(pid=95731) stat_writer /opt/stack/data/venv/lib/python3.12/site-packages/dbcounter.py:102}}
Jun 18 21:03:23.176338 np0000003188 nova-scheduler[95731]: DEBUG oslo_concurrency.lockutils [None req-96592b21-c1b6-442c-aad1-f64aac6594eb tempest-ServerActionsTestOtherB-1750318220 tempest-ServerActionsTestOtherB-1750318220-project-member] Acquiring lock "e51827f2-fec3-439c-a36a-3ff79d38f88d" by "nova.context.set_target_cell..get_or_set_cached_cell_and_set_connections" {{(pid=95731) inner /opt/stack/data/venv/lib/python3.12/site-packages/oslo_concurrency/lockutils.py:511}}
Jun 18 21:03:23.176571 np0000003188 nova-scheduler[95731]: DEBUG oslo_concurrency.lockutils [None req-96592b21-c1b6-442c-aad1-f64aac6594eb tempest-ServerActionsTestOtherB-1750318220 tempest-ServerActionsTestOtherB-1750318220-project-member] Lock "e51827f2-fec3-439c-a36a-3ff79d38f88d" acquired by "nova.context.set_target_cell..get_or_set_cached_cell_and_set_connections" :: waited 0.000s {{(pid=95731) inner /opt/stack/data/venv/lib/python3.12/site-packages/oslo_concurrency/lockutils.py:524}}
Jun 18 21:03:23.176787 np0000003188 nova-scheduler[95731]: DEBUG oslo_concurrency.lockutils [None req-96592b21-c1b6-442c-aad1-f64aac6594eb tempest-ServerActionsTestOtherB-1750318220 tempest-ServerActionsTestOtherB-1750318220-project-member] Lock "e51827f2-fec3-439c-a36a-3ff79d38f88d" "released" by "nova.context.set_target_cell..get_or_set_cached_cell_and_set_connections" :: held 0.000s {{(pid=95731) inner /opt/stack/data/venv/lib/python3.12/site-packages/oslo_concurrency/lockutils.py:543}}
Jun 18 21:03:23.180561 np0000003188 nova-scheduler[95731]: DEBUG oslo_concurrency.lockutils [None req-96592b21-c1b6-442c-aad1-f64aac6594eb tempest-ServerActionsTestOtherB-1750318220 tempest-ServerActionsTestOtherB-1750318220-project-member] Acquiring lock "('np0000003188', 'np0000003188')" by "nova.scheduler.host_manager.HostState.update.._locked_update" {{(pid=95731) inner /opt/stack/data/venv/lib/python3.12/site-packages/oslo_concurrency/lockutils.py:511}}
Jun 18 21:03:23.180717 np0000003188 nova-scheduler[95731]: DEBUG oslo_concurrency.lockutils [None req-96592b21-c1b6-442c-aad1-f64aac6594eb tempest-ServerActionsTestOtherB-1750318220 tempest-ServerActionsTestOtherB-1750318220-project-member] Lock "('np0000003188', 'np0000003188')" acquired by "nova.scheduler.host_manager.HostState.update.._locked_update" :: waited 0.000s {{(pid=95731) inner /opt/stack/data/venv/lib/python3.12/site-packages/oslo_concurrency/lockutils.py:524}}
