Jun 30 14:24:51.267382 np0000003992 systemd[1]: Starting devstack@n-api-meta.service - Devstack devstack@n-api-meta.service...
Jun 30 14:24:51.273351 np0000003992 devstack@n-api-meta.service[96205]: [uWSGI] getting INI configuration from /etc/nova/nova-metadata-uwsgi.ini
Jun 30 14:24:51.275650 np0000003992 devstack@n-api-meta.service[96205]: *** Starting uWSGI 2.0.24-debian (64bit) on [Tue Jun 30 14:24:51 2026] ***
Jun 30 14:24:51.275650 np0000003992 devstack@n-api-meta.service[96205]: compiled with version: 13.2.0 on 17 April 2024 16:23:48
Jun 30 14:24:51.275650 np0000003992 devstack@n-api-meta.service[96205]: os: Linux-6.8.0-100-generic #100-Ubuntu SMP PREEMPT_DYNAMIC Tue Jan 13 16:40:06 UTC 2026
Jun 30 14:24:51.275650 np0000003992 devstack@n-api-meta.service[96205]: nodename: np0000003992
Jun 30 14:24:51.275650 np0000003992 devstack@n-api-meta.service[96205]: machine: x86_64
Jun 30 14:24:51.275650 np0000003992 devstack@n-api-meta.service[96205]: clock source: unix
Jun 30 14:24:51.275650 np0000003992 devstack@n-api-meta.service[96205]: pcre jit disabled
Jun 30 14:24:51.275650 np0000003992 devstack@n-api-meta.service[96205]: detected number of CPU cores: 16
Jun 30 14:24:51.275650 np0000003992 devstack@n-api-meta.service[96205]: current working directory: /
Jun 30 14:24:51.275650 np0000003992 devstack@n-api-meta.service[96205]: detected binary path: /usr/bin/uwsgi-core
Jun 30 14:24:51.275650 np0000003992 devstack@n-api-meta.service[96205]: your processes number limit is 257052
Jun 30 14:24:51.275650 np0000003992 devstack@n-api-meta.service[96205]: your memory page size is 4096 bytes
Jun 30 14:24:51.275650 np0000003992 devstack@n-api-meta.service[96205]: detected max file descriptor number: 2048
Jun 30 14:24:51.275650 np0000003992 devstack@n-api-meta.service[96205]: lock engine: pthread robust mutexes
Jun 30 14:24:51.276053 np0000003992 devstack@n-api-meta.service[96205]: thunder lock: enabled
Jun 30 14:24:51.276086 np0000003992 devstack@n-api-meta.service[96205]: uWSGI http bound on 0.0.0.0:8775 fd 5
Jun 30 14:24:51.276116 np0000003992 devstack@n-api-meta.service[96205]: uwsgi socket 0 bound to TCP address 127.0.0.1:45729 (port auto-assigned) fd 4
Jun 30 14:24:51.276149 np0000003992 devstack@n-api-meta.service[96205]: Python version: 3.12.3 (main, Mar 23 2026, 19:04:32) [GCC 13.3.0]
Jun 30 14:24:51.276149 np0000003992 devstack@n-api-meta.service[96205]: PEP 405 virtualenv detected: /opt/stack/data/venv
Jun 30 14:24:51.276149 np0000003992 devstack@n-api-meta.service[96205]: Set PythonHome to /opt/stack/data/venv
Jun 30 14:24:51.315405 np0000003992 devstack@n-api-meta.service[96205]: Python main interpreter initialized at 0x7050920a3668
Jun 30 14:24:51.315405 np0000003992 devstack@n-api-meta.service[96205]: python threads support enabled
Jun 30 14:24:51.315405 np0000003992 devstack@n-api-meta.service[96205]: your server socket listen backlog is limited to 100 connections
Jun 30 14:24:51.315405 np0000003992 devstack@n-api-meta.service[96205]: your mercy for graceful operations on workers is 80 seconds
Jun 30 14:24:51.315981 np0000003992 devstack@n-api-meta.service[96205]: mapped 671795 bytes (656 KB) for 4 cores
Jun 30 14:24:51.316129 np0000003992 devstack@n-api-meta.service[96205]: *** Operational MODE: preforking ***
Jun 30 14:24:51.316307 np0000003992 devstack@n-api-meta.service[96205]: *** uWSGI is running in multiple interpreter mode ***
Jun 30 14:24:51.316307 np0000003992 devstack@n-api-meta.service[96205]: spawned uWSGI master process (pid: 96205)
Jun 30 14:24:51.316499 np0000003992 systemd[1]: Started devstack@n-api-meta.service - Devstack devstack@n-api-meta.service.
Jun 30 14:24:51.316839 np0000003992 devstack@n-api-meta.service[96205]: spawned uWSGI worker 1 (pid: 96206, cores: 1)
Jun 30 14:24:51.317352 np0000003992 devstack@n-api-meta.service[96205]: spawned uWSGI worker 2 (pid: 96207, cores: 1)
Jun 30 14:24:51.317849 np0000003992 devstack@n-api-meta.service[96205]: spawned uWSGI worker 3 (pid: 96208, cores: 1)
Jun 30 14:24:51.318355 np0000003992 devstack@n-api-meta.service[96205]: spawned uWSGI worker 4 (pid: 96209, cores: 1)
Jun 30 14:24:51.318918 np0000003992 devstack@n-api-meta.service[96205]: spawned uWSGI http 1 (pid: 96210)
Jun 30 14:24:51.318918 np0000003992 devstack@n-api-meta.service[96205]: running "unix_signal:15 gracefully_kill_them_all" (master-start)...
Jun 30 14:24:53.021585 np0000003992 devstack@n-api-meta.service[96206]: INFO dbcounter [None req-5edd7a50-0c66-411e-a14b-390781a367b5 None None] Registered counter for database nova_api
Jun 30 14:24:53.034992 np0000003992 devstack@n-api-meta.service[96208]: INFO dbcounter [None req-d0f52bc8-b583-4d77-8144-d6773eb3a0ac None None] Registered counter for database nova_api
Jun 30 14:24:53.074726 np0000003992 devstack@n-api-meta.service[96206]: DEBUG oslo_db.sqlalchemy.engines [None req-5edd7a50-0c66-411e-a14b-390781a367b5 None None] MySQL server mode set to STRICT_TRANS_TABLES,STRICT_ALL_TABLES,NO_ZERO_IN_DATE,NO_ZERO_DATE,ERROR_FOR_DIVISION_BY_ZERO,TRADITIONAL,NO_ENGINE_SUBSTITUTION {{(pid=96206) _check_effective_sql_mode /opt/stack/data/venv/lib/python3.12/site-packages/oslo_db/sqlalchemy/engines.py:325}}
Jun 30 14:24:53.084132 np0000003992 devstack@n-api-meta.service[96208]: DEBUG oslo_db.sqlalchemy.engines [None req-d0f52bc8-b583-4d77-8144-d6773eb3a0ac None None] MySQL server mode set to STRICT_TRANS_TABLES,STRICT_ALL_TABLES,NO_ZERO_IN_DATE,NO_ZERO_DATE,ERROR_FOR_DIVISION_BY_ZERO,TRADITIONAL,NO_ENGINE_SUBSTITUTION {{(pid=96208) _check_effective_sql_mode /opt/stack/data/venv/lib/python3.12/site-packages/oslo_db/sqlalchemy/engines.py:325}}
Jun 30 14:24:53.090052 np0000003992 devstack@n-api-meta.service[96209]: INFO dbcounter [None req-0103d110-2b89-4679-833c-d73fbacdbb12 None None] Registered counter for database nova_api
Jun 30 14:24:53.101661 np0000003992 devstack@n-api-meta.service[96206]: DEBUG dbcounter [-] [96206] Writer thread running {{(pid=96206) stat_writer /opt/stack/data/venv/lib/python3.12/site-packages/dbcounter.py:102}}
Jun 30 14:24:53.104119 np0000003992 devstack@n-api-meta.service[96206]: DEBUG nova.context [None req-5edd7a50-0c66-411e-a14b-390781a367b5 None None] Found 2 cells: 00000000-0000-0000-0000-000000000000(cell0),bdd49a68-d473-44ef-afee-3e34425d3bd4(cell1) {{(pid=96206) load_cells /opt/stack/nova/nova/context.py:509}}
Jun 30 14:24:53.104368 np0000003992 devstack@n-api-meta.service[96206]: INFO nova.utils [None req-5edd7a50-0c66-411e-a14b-390781a367b5 None None] The cell worker thread pool MainProcess.cell_worker is initialized
Jun 30 14:24:53.106105 np0000003992 devstack@n-api-meta.service[96206]: DEBUG oslo_concurrency.lockutils [None req-5edd7a50-0c66-411e-a14b-390781a367b5 None None] Acquiring lock "00000000-0000-0000-0000-000000000000" by "nova.context.set_target_cell..get_or_set_cached_cell_and_set_connections" {{(pid=96206) inner /opt/stack/data/venv/lib/python3.12/site-packages/oslo_concurrency/lockutils.py:511}}
Jun 30 14:24:53.106246 np0000003992 devstack@n-api-meta.service[96206]: DEBUG oslo_concurrency.lockutils [None req-5edd7a50-0c66-411e-a14b-390781a367b5 None None] Lock "00000000-0000-0000-0000-000000000000" acquired by "nova.context.set_target_cell..get_or_set_cached_cell_and_set_connections" :: waited 0.000s {{(pid=96206) inner /opt/stack/data/venv/lib/python3.12/site-packages/oslo_concurrency/lockutils.py:524}}
Jun 30 14:24:53.106603 np0000003992 devstack@n-api-meta.service[96206]: DEBUG oslo_concurrency.lockutils [None req-5edd7a50-0c66-411e-a14b-390781a367b5 None None] Lock "00000000-0000-0000-0000-000000000000" "released" by "nova.context.set_target_cell..get_or_set_cached_cell_and_set_connections" :: held 0.000s {{(pid=96206) inner /opt/stack/data/venv/lib/python3.12/site-packages/oslo_concurrency/lockutils.py:543}}
Jun 30 14:24:53.107338 np0000003992 devstack@n-api-meta.service[96206]: DEBUG oslo_concurrency.lockutils [None req-5edd7a50-0c66-411e-a14b-390781a367b5 None None] Acquiring lock "bdd49a68-d473-44ef-afee-3e34425d3bd4" by "nova.context.set_target_cell..get_or_set_cached_cell_and_set_connections" {{(pid=96206) inner /opt/stack/data/venv/lib/python3.12/site-packages/oslo_concurrency/lockutils.py:511}}
Jun 30 14:24:53.107488 np0000003992 devstack@n-api-meta.service[96206]: DEBUG oslo_concurrency.lockutils [None req-5edd7a50-0c66-411e-a14b-390781a367b5 None None] Lock "bdd49a68-d473-44ef-afee-3e34425d3bd4" acquired by "nova.context.set_target_cell..get_or_set_cached_cell_and_set_connections" :: waited 0.000s {{(pid=96206) inner /opt/stack/data/venv/lib/python3.12/site-packages/oslo_concurrency/lockutils.py:524}}
Jun 30 14:24:53.108332 np0000003992 devstack@n-api-meta.service[96206]: DEBUG oslo_concurrency.lockutils [None req-5edd7a50-0c66-411e-a14b-390781a367b5 None None] Lock "bdd49a68-d473-44ef-afee-3e34425d3bd4" "released" by "nova.context.set_target_cell..get_or_set_cached_cell_and_set_connections" :: held 0.001s {{(pid=96206) inner /opt/stack/data/venv/lib/python3.12/site-packages/oslo_concurrency/lockutils.py:543}}
Jun 30 14:24:53.110590 np0000003992 devstack@n-api-meta.service[96206]: INFO dbcounter [None req-5edd7a50-0c66-411e-a14b-390781a367b5 None None] Registered counter for database nova_cell0
Jun 30 14:24:53.113904 np0000003992 devstack@n-api-meta.service[96206]: INFO dbcounter [None req-5edd7a50-0c66-411e-a14b-390781a367b5 None None] Registered counter for database nova_cell1
Jun 30 14:24:53.116269 np0000003992 devstack@n-api-meta.service[96208]: DEBUG dbcounter [-] [96208] Writer thread running {{(pid=96208) stat_writer /opt/stack/data/venv/lib/python3.12/site-packages/dbcounter.py:102}}
Jun 30 14:24:53.119546 np0000003992 devstack@n-api-meta.service[96208]: DEBUG nova.context [None req-d0f52bc8-b583-4d77-8144-d6773eb3a0ac None None] Found 2 cells: 00000000-0000-0000-0000-000000000000(cell0),bdd49a68-d473-44ef-afee-3e34425d3bd4(cell1) {{(pid=96208) load_cells /opt/stack/nova/nova/context.py:509}}
Jun 30 14:24:53.119917 np0000003992 devstack@n-api-meta.service[96208]: INFO nova.utils [None req-d0f52bc8-b583-4d77-8144-d6773eb3a0ac None None] The cell worker thread pool MainProcess.cell_worker is initialized
Jun 30 14:24:53.122270 np0000003992 devstack@n-api-meta.service[96208]: DEBUG oslo_concurrency.lockutils [None req-d0f52bc8-b583-4d77-8144-d6773eb3a0ac None None] Acquiring lock "00000000-0000-0000-0000-000000000000" by "nova.context.set_target_cell..get_or_set_cached_cell_and_set_connections" {{(pid=96208) inner /opt/stack/data/venv/lib/python3.12/site-packages/oslo_concurrency/lockutils.py:511}}
Jun 30 14:24:53.122498 np0000003992 devstack@n-api-meta.service[96208]: DEBUG oslo_concurrency.lockutils [None req-d0f52bc8-b583-4d77-8144-d6773eb3a0ac None None] Lock "00000000-0000-0000-0000-000000000000" acquired by "nova.context.set_target_cell..get_or_set_cached_cell_and_set_connections" :: waited 0.000s {{(pid=96208) inner /opt/stack/data/venv/lib/python3.12/site-packages/oslo_concurrency/lockutils.py:524}}
Jun 30 14:24:53.123015 np0000003992 devstack@n-api-meta.service[96208]: DEBUG oslo_concurrency.lockutils [None req-d0f52bc8-b583-4d77-8144-d6773eb3a0ac None None] Lock "00000000-0000-0000-0000-000000000000" "released" by "nova.context.set_target_cell..get_or_set_cached_cell_and_set_connections" :: held 0.001s {{(pid=96208) inner /opt/stack/data/venv/lib/python3.12/site-packages/oslo_concurrency/lockutils.py:543}}
Jun 30 14:24:53.123913 np0000003992 devstack@n-api-meta.service[96208]: DEBUG oslo_concurrency.lockutils [None req-d0f52bc8-b583-4d77-8144-d6773eb3a0ac None None] Acquiring lock "bdd49a68-d473-44ef-afee-3e34425d3bd4" by "nova.context.set_target_cell..get_or_set_cached_cell_and_set_connections" {{(pid=96208) inner /opt/stack/data/venv/lib/python3.12/site-packages/oslo_concurrency/lockutils.py:511}}
Jun 30 14:24:53.124123 np0000003992 devstack@n-api-meta.service[96208]: DEBUG oslo_concurrency.lockutils [None req-d0f52bc8-b583-4d77-8144-d6773eb3a0ac None None] Lock "bdd49a68-d473-44ef-afee-3e34425d3bd4" acquired by "nova.context.set_target_cell..get_or_set_cached_cell_and_set_connections" :: waited 0.000s {{(pid=96208) inner /opt/stack/data/venv/lib/python3.12/site-packages/oslo_concurrency/lockutils.py:524}}
Jun 30 14:24:53.125257 np0000003992 devstack@n-api-meta.service[96208]: DEBUG oslo_concurrency.lockutils [None req-d0f52bc8-b583-4d77-8144-d6773eb3a0ac None None] Lock "bdd49a68-d473-44ef-afee-3e34425d3bd4" "released" by "nova.context.set_target_cell..get_or_set_cached_cell_and_set_connections" :: held 0.001s {{(pid=96208) inner /opt/stack/data/venv/lib/python3.12/site-packages/oslo_concurrency/lockutils.py:543}}
Jun 30 14:24:53.127113 np0000003992 devstack@n-api-meta.service[96208]: INFO dbcounter [None req-d0f52bc8-b583-4d77-8144-d6773eb3a0ac None None] Registered counter for database nova_cell0
Jun 30 14:24:53.131400 np0000003992 devstack@n-api-meta.service[96208]: INFO dbcounter [None req-d0f52bc8-b583-4d77-8144-d6773eb3a0ac None None] Registered counter for database nova_cell1
Jun 30 14:24:53.136074 np0000003992 devstack@n-api-meta.service[96209]: DEBUG oslo_db.sqlalchemy.engines [None req-0103d110-2b89-4679-833c-d73fbacdbb12 None None] MySQL server mode set to STRICT_TRANS_TABLES,STRICT_ALL_TABLES,NO_ZERO_IN_DATE,NO_ZERO_DATE,ERROR_FOR_DIVISION_BY_ZERO,TRADITIONAL,NO_ENGINE_SUBSTITUTION {{(pid=96209) _check_effective_sql_mode /opt/stack/data/venv/lib/python3.12/site-packages/oslo_db/sqlalchemy/engines.py:325}}
Jun 30 14:24:53.143773 np0000003992 devstack@n-api-meta.service[96207]: INFO dbcounter [None req-d14f2c99-9d55-431f-8c29-14bf107f9db0 None None] Registered counter for database nova_api
Jun 30 14:24:53.164936 np0000003992 devstack@n-api-meta.service[96206]: DEBUG oslo_db.sqlalchemy.engines [None req-5edd7a50-0c66-411e-a14b-390781a367b5 None None] MySQL server mode set to STRICT_TRANS_TABLES,STRICT_ALL_TABLES,NO_ZERO_IN_DATE,NO_ZERO_DATE,ERROR_FOR_DIVISION_BY_ZERO,TRADITIONAL,NO_ENGINE_SUBSTITUTION {{(pid=96206) _check_effective_sql_mode /opt/stack/data/venv/lib/python3.12/site-packages/oslo_db/sqlalchemy/engines.py:325}}
Jun 30 14:24:53.170133 np0000003992 devstack@n-api-meta.service[96209]: DEBUG dbcounter [-] [96209] Writer thread running {{(pid=96209) stat_writer /opt/stack/data/venv/lib/python3.12/site-packages/dbcounter.py:102}}
Jun 30 14:24:53.172720 np0000003992 devstack@n-api-meta.service[96209]: DEBUG nova.context [None req-0103d110-2b89-4679-833c-d73fbacdbb12 None None] Found 2 cells: 00000000-0000-0000-0000-000000000000(cell0),bdd49a68-d473-44ef-afee-3e34425d3bd4(cell1) {{(pid=96209) load_cells /opt/stack/nova/nova/context.py:509}}
Jun 30 14:24:53.173062 np0000003992 devstack@n-api-meta.service[96209]: INFO nova.utils [None req-0103d110-2b89-4679-833c-d73fbacdbb12 None None] The cell worker thread pool MainProcess.cell_worker is initialized
Jun 30 14:24:53.174861 np0000003992 devstack@n-api-meta.service[96209]: DEBUG oslo_concurrency.lockutils [None req-0103d110-2b89-4679-833c-d73fbacdbb12 None None] Acquiring lock "00000000-0000-0000-0000-000000000000" by "nova.context.set_target_cell..get_or_set_cached_cell_and_set_connections" {{(pid=96209) inner /opt/stack/data/venv/lib/python3.12/site-packages/oslo_concurrency/lockutils.py:511}}
Jun 30 14:24:53.175090 np0000003992 devstack@n-api-meta.service[96209]: DEBUG oslo_concurrency.lockutils [None req-0103d110-2b89-4679-833c-d73fbacdbb12 None None] Lock "00000000-0000-0000-0000-000000000000" acquired by "nova.context.set_target_cell..get_or_set_cached_cell_and_set_connections" :: waited 0.000s {{(pid=96209) inner /opt/stack/data/venv/lib/python3.12/site-packages/oslo_concurrency/lockutils.py:524}}
Jun 30 14:24:53.177610 np0000003992 devstack@n-api-meta.service[96209]: DEBUG oslo_concurrency.lockutils [None req-0103d110-2b89-4679-833c-d73fbacdbb12 None None] Lock "00000000-0000-0000-0000-000000000000" "released" by "nova.context.set_target_cell..get_or_set_cached_cell_and_set_connections" :: held 0.000s {{(pid=96209) inner /opt/stack/data/venv/lib/python3.12/site-packages/oslo_concurrency/lockutils.py:543}}
Jun 30 14:24:53.177610 np0000003992 devstack@n-api-meta.service[96209]: DEBUG oslo_concurrency.lockutils [None req-0103d110-2b89-4679-833c-d73fbacdbb12 None None] Acquiring lock "bdd49a68-d473-44ef-afee-3e34425d3bd4" by "nova.context.set_target_cell..get_or_set_cached_cell_and_set_connections" {{(pid=96209) inner /opt/stack/data/venv/lib/python3.12/site-packages/oslo_concurrency/lockutils.py:511}}
Jun 30 14:24:53.177610 np0000003992 devstack@n-api-meta.service[96209]: DEBUG oslo_concurrency.lockutils [None req-0103d110-2b89-4679-833c-d73fbacdbb12 None None] Lock "bdd49a68-d473-44ef-afee-3e34425d3bd4" acquired by "nova.context.set_target_cell..get_or_set_cached_cell_and_set_connections" :: waited 0.000s {{(pid=96209) inner /opt/stack/data/venv/lib/python3.12/site-packages/oslo_concurrency/lockutils.py:524}}
Jun 30 14:24:53.178398 np0000003992 devstack@n-api-meta.service[96209]: INFO dbcounter [None req-0103d110-2b89-4679-833c-d73fbacdbb12 None None] Registered counter for database nova_cell0
Jun 30 14:24:53.181919 np0000003992 devstack@n-api-meta.service[96209]: DEBUG oslo_concurrency.lockutils [None req-0103d110-2b89-4679-833c-d73fbacdbb12 None None] Lock "bdd49a68-d473-44ef-afee-3e34425d3bd4" "released" by "nova.context.set_target_cell..get_or_set_cached_cell_and_set_connections" :: held 0.002s {{(pid=96209) inner /opt/stack/data/venv/lib/python3.12/site-packages/oslo_concurrency/lockutils.py:543}}
Jun 30 14:24:53.182851 np0000003992 devstack@n-api-meta.service[96209]: INFO dbcounter [None req-0103d110-2b89-4679-833c-d73fbacdbb12 None None] Registered counter for database nova_cell1
Jun 30 14:24:53.185741 np0000003992 devstack@n-api-meta.service[96208]: DEBUG oslo_db.sqlalchemy.engines [None req-d0f52bc8-b583-4d77-8144-d6773eb3a0ac None None] MySQL server mode set to STRICT_TRANS_TABLES,STRICT_ALL_TABLES,NO_ZERO_IN_DATE,NO_ZERO_DATE,ERROR_FOR_DIVISION_BY_ZERO,TRADITIONAL,NO_ENGINE_SUBSTITUTION {{(pid=96208) _check_effective_sql_mode /opt/stack/data/venv/lib/python3.12/site-packages/oslo_db/sqlalchemy/engines.py:325}}
Jun 30 14:24:53.203178 np0000003992 devstack@n-api-meta.service[96208]: DEBUG oslo_db.sqlalchemy.engines [None req-d0f52bc8-b583-4d77-8144-d6773eb3a0ac None None] MySQL server mode set to STRICT_TRANS_TABLES,STRICT_ALL_TABLES,NO_ZERO_IN_DATE,NO_ZERO_DATE,ERROR_FOR_DIVISION_BY_ZERO,TRADITIONAL,NO_ENGINE_SUBSTITUTION {{(pid=96208) _check_effective_sql_mode /opt/stack/data/venv/lib/python3.12/site-packages/oslo_db/sqlalchemy/engines.py:325}}
Jun 30 14:24:53.209057 np0000003992 devstack@n-api-meta.service[96207]: DEBUG oslo_db.sqlalchemy.engines [None req-d14f2c99-9d55-431f-8c29-14bf107f9db0 None None] MySQL server mode set to STRICT_TRANS_TABLES,STRICT_ALL_TABLES,NO_ZERO_IN_DATE,NO_ZERO_DATE,ERROR_FOR_DIVISION_BY_ZERO,TRADITIONAL,NO_ENGINE_SUBSTITUTION {{(pid=96207) _check_effective_sql_mode /opt/stack/data/venv/lib/python3.12/site-packages/oslo_db/sqlalchemy/engines.py:325}}
Jun 30 14:24:53.225120 np0000003992 devstack@n-api-meta.service[96209]: DEBUG oslo_db.sqlalchemy.engines [None req-0103d110-2b89-4679-833c-d73fbacdbb12 None None] MySQL server mode set to STRICT_TRANS_TABLES,STRICT_ALL_TABLES,NO_ZERO_IN_DATE,NO_ZERO_DATE,ERROR_FOR_DIVISION_BY_ZERO,TRADITIONAL,NO_ENGINE_SUBSTITUTION {{(pid=96209) _check_effective_sql_mode /opt/stack/data/venv/lib/python3.12/site-packages/oslo_db/sqlalchemy/engines.py:325}}
Jun 30 14:24:53.244776 np0000003992 devstack@n-api-meta.service[96209]: DEBUG oslo_db.sqlalchemy.engines [None req-0103d110-2b89-4679-833c-d73fbacdbb12 None None] MySQL server mode set to STRICT_TRANS_TABLES,STRICT_ALL_TABLES,NO_ZERO_IN_DATE,NO_ZERO_DATE,ERROR_FOR_DIVISION_BY_ZERO,TRADITIONAL,NO_ENGINE_SUBSTITUTION {{(pid=96209) _check_effective_sql_mode /opt/stack/data/venv/lib/python3.12/site-packages/oslo_db/sqlalchemy/engines.py:325}}
Jun 30 14:24:53.248134 np0000003992 devstack@n-api-meta.service[96207]: DEBUG dbcounter [-] [96207] Writer thread running {{(pid=96207) stat_writer /opt/stack/data/venv/lib/python3.12/site-packages/dbcounter.py:102}}
Jun 30 14:24:53.250683 np0000003992 devstack@n-api-meta.service[96206]: DEBUG oslo_db.sqlalchemy.engines [None req-5edd7a50-0c66-411e-a14b-390781a367b5 None None] MySQL server mode set to STRICT_TRANS_TABLES,STRICT_ALL_TABLES,NO_ZERO_IN_DATE,NO_ZERO_DATE,ERROR_FOR_DIVISION_BY_ZERO,TRADITIONAL,NO_ENGINE_SUBSTITUTION {{(pid=96206) _check_effective_sql_mode /opt/stack/data/venv/lib/python3.12/site-packages/oslo_db/sqlalchemy/engines.py:325}}
Jun 30 14:24:53.251678 np0000003992 devstack@n-api-meta.service[96207]: DEBUG nova.context [None req-d14f2c99-9d55-431f-8c29-14bf107f9db0 None None] Found 2 cells: 00000000-0000-0000-0000-000000000000(cell0),bdd49a68-d473-44ef-afee-3e34425d3bd4(cell1) {{(pid=96207) load_cells /opt/stack/nova/nova/context.py:509}}
Jun 30 14:24:53.251893 np0000003992 devstack@n-api-meta.service[96207]: INFO nova.utils [None req-d14f2c99-9d55-431f-8c29-14bf107f9db0 None None] The cell worker thread pool MainProcess.cell_worker is initialized
Jun 30 14:24:53.255010 np0000003992 devstack@n-api-meta.service[96207]: DEBUG oslo_concurrency.lockutils [None req-d14f2c99-9d55-431f-8c29-14bf107f9db0 None None] Acquiring lock "00000000-0000-0000-0000-000000000000" by "nova.context.set_target_cell..get_or_set_cached_cell_and_set_connections" {{(pid=96207) inner /opt/stack/data/venv/lib/python3.12/site-packages/oslo_concurrency/lockutils.py:511}}
Jun 30 14:24:53.255010 np0000003992 devstack@n-api-meta.service[96207]: DEBUG oslo_concurrency.lockutils [None req-d14f2c99-9d55-431f-8c29-14bf107f9db0 None None] Lock "00000000-0000-0000-0000-000000000000" acquired by "nova.context.set_target_cell..get_or_set_cached_cell_and_set_connections" :: waited 0.000s {{(pid=96207) inner /opt/stack/data/venv/lib/python3.12/site-packages/oslo_concurrency/lockutils.py:524}}
Jun 30 14:24:53.255269 np0000003992 devstack@n-api-meta.service[96207]: DEBUG oslo_concurrency.lockutils [None req-d14f2c99-9d55-431f-8c29-14bf107f9db0 None None] Lock "00000000-0000-0000-0000-000000000000" "released" by "nova.context.set_target_cell..get_or_set_cached_cell_and_set_connections" :: held 0.001s {{(pid=96207) inner /opt/stack/data/venv/lib/python3.12/site-packages/oslo_concurrency/lockutils.py:543}}
Jun 30 14:24:53.256496 np0000003992 devstack@n-api-meta.service[96207]: DEBUG oslo_concurrency.lockutils [None req-d14f2c99-9d55-431f-8c29-14bf107f9db0 None None] Acquiring lock "bdd49a68-d473-44ef-afee-3e34425d3bd4" by "nova.context.set_target_cell..get_or_set_cached_cell_and_set_connections" {{(pid=96207) inner /opt/stack/data/venv/lib/python3.12/site-packages/oslo_concurrency/lockutils.py:511}}
Jun 30 14:24:53.256496 np0000003992 devstack@n-api-meta.service[96207]: DEBUG oslo_concurrency.lockutils [None req-d14f2c99-9d55-431f-8c29-14bf107f9db0 None None] Lock "bdd49a68-d473-44ef-afee-3e34425d3bd4" acquired by "nova.context.set_target_cell..get_or_set_cached_cell_and_set_connections" :: waited 0.000s {{(pid=96207) inner /opt/stack/data/venv/lib/python3.12/site-packages/oslo_concurrency/lockutils.py:524}}
Jun 30 14:24:53.257622 np0000003992 devstack@n-api-meta.service[96207]: DEBUG oslo_concurrency.lockutils [None req-d14f2c99-9d55-431f-8c29-14bf107f9db0 None None] Lock "bdd49a68-d473-44ef-afee-3e34425d3bd4" "released" by "nova.context.set_target_cell..get_or_set_cached_cell_and_set_connections" :: held 0.001s {{(pid=96207) inner /opt/stack/data/venv/lib/python3.12/site-packages/oslo_concurrency/lockutils.py:543}}
Jun 30 14:24:53.260536 np0000003992 devstack@n-api-meta.service[96207]: INFO dbcounter [None req-d14f2c99-9d55-431f-8c29-14bf107f9db0 None None] Registered counter for database nova_cell0
Jun 30 14:24:53.264024 np0000003992 devstack@n-api-meta.service[96207]: INFO dbcounter [None req-d14f2c99-9d55-431f-8c29-14bf107f9db0 None None] Registered counter for database nova_cell1
Jun 30 14:24:53.270287 np0000003992 devstack@n-api-meta.service[96208]: DEBUG dbcounter [-] [96208] Writer thread running {{(pid=96208) stat_writer /opt/stack/data/venv/lib/python3.12/site-packages/dbcounter.py:102}}
Jun 30 14:24:53.274835 np0000003992 devstack@n-api-meta.service[96208]: DEBUG dbcounter [-] [96208] Writer thread running {{(pid=96208) stat_writer /opt/stack/data/venv/lib/python3.12/site-packages/dbcounter.py:102}}
Jun 30 14:24:53.277679 np0000003992 devstack@n-api-meta.service[96208]: INFO dbcounter [None req-d0f52bc8-b583-4d77-8144-d6773eb3a0ac None None] Registered counter for database nova_cell0
Jun 30 14:24:53.296896 np0000003992 devstack@n-api-meta.service[96206]: DEBUG dbcounter [-] [96206] Writer thread running {{(pid=96206) stat_writer /opt/stack/data/venv/lib/python3.12/site-packages/dbcounter.py:102}}
Jun 30 14:24:53.302675 np0000003992 devstack@n-api-meta.service[96206]: DEBUG dbcounter [-] [96206] Writer thread running {{(pid=96206) stat_writer /opt/stack/data/venv/lib/python3.12/site-packages/dbcounter.py:102}}
Jun 30 14:24:53.306787 np0000003992 devstack@n-api-meta.service[96206]: INFO dbcounter [None req-5edd7a50-0c66-411e-a14b-390781a367b5 None None] Registered counter for database nova_cell0
Jun 30 14:24:53.306987 np0000003992 devstack@n-api-meta.service[96207]: DEBUG oslo_db.sqlalchemy.engines [None req-d14f2c99-9d55-431f-8c29-14bf107f9db0 None None] MySQL server mode set to STRICT_TRANS_TABLES,STRICT_ALL_TABLES,NO_ZERO_IN_DATE,NO_ZERO_DATE,ERROR_FOR_DIVISION_BY_ZERO,TRADITIONAL,NO_ENGINE_SUBSTITUTION {{(pid=96207) _check_effective_sql_mode /opt/stack/data/venv/lib/python3.12/site-packages/oslo_db/sqlalchemy/engines.py:325}}
Jun 30 14:24:53.310571 np0000003992 devstack@n-api-meta.service[96209]: DEBUG dbcounter [-] [96209] Writer thread running {{(pid=96209) stat_writer /opt/stack/data/venv/lib/python3.12/site-packages/dbcounter.py:102}}
Jun 30 14:24:53.311996 np0000003992 devstack@n-api-meta.service[96208]: DEBUG oslo_db.sqlalchemy.engines [None req-d0f52bc8-b583-4d77-8144-d6773eb3a0ac None None] MySQL server mode set to STRICT_TRANS_TABLES,STRICT_ALL_TABLES,NO_ZERO_IN_DATE,NO_ZERO_DATE,ERROR_FOR_DIVISION_BY_ZERO,TRADITIONAL,NO_ENGINE_SUBSTITUTION {{(pid=96208) _check_effective_sql_mode /opt/stack/data/venv/lib/python3.12/site-packages/oslo_db/sqlalchemy/engines.py:325}}
Jun 30 14:24:53.315618 np0000003992 devstack@n-api-meta.service[96209]: DEBUG dbcounter [-] [96209] Writer thread running {{(pid=96209) stat_writer /opt/stack/data/venv/lib/python3.12/site-packages/dbcounter.py:102}}
Jun 30 14:24:53.317810 np0000003992 devstack@n-api-meta.service[96208]: DEBUG dbcounter [-] [96208] Writer thread running {{(pid=96208) stat_writer /opt/stack/data/venv/lib/python3.12/site-packages/dbcounter.py:102}}
Jun 30 14:24:53.319582 np0000003992 devstack@n-api-meta.service[96209]: INFO dbcounter [None req-0103d110-2b89-4679-833c-d73fbacdbb12 None None] Registered counter for database nova_cell0
Jun 30 14:24:53.339151 np0000003992 devstack@n-api-meta.service[96206]: DEBUG oslo_db.sqlalchemy.engines [None req-5edd7a50-0c66-411e-a14b-390781a367b5 None None] MySQL server mode set to STRICT_TRANS_TABLES,STRICT_ALL_TABLES,NO_ZERO_IN_DATE,NO_ZERO_DATE,ERROR_FOR_DIVISION_BY_ZERO,TRADITIONAL,NO_ENGINE_SUBSTITUTION {{(pid=96206) _check_effective_sql_mode /opt/stack/data/venv/lib/python3.12/site-packages/oslo_db/sqlalchemy/engines.py:325}}
Jun 30 14:24:53.345363 np0000003992 devstack@n-api-meta.service[96206]: DEBUG dbcounter [-] [96206] Writer thread running {{(pid=96206) stat_writer /opt/stack/data/venv/lib/python3.12/site-packages/dbcounter.py:102}}
Jun 30 14:24:53.358410 np0000003992 devstack@n-api-meta.service[96209]: DEBUG oslo_db.sqlalchemy.engines [None req-0103d110-2b89-4679-833c-d73fbacdbb12 None None] MySQL server mode set to STRICT_TRANS_TABLES,STRICT_ALL_TABLES,NO_ZERO_IN_DATE,NO_ZERO_DATE,ERROR_FOR_DIVISION_BY_ZERO,TRADITIONAL,NO_ENGINE_SUBSTITUTION {{(pid=96209) _check_effective_sql_mode /opt/stack/data/venv/lib/python3.12/site-packages/oslo_db/sqlalchemy/engines.py:325}}
Jun 30 14:24:53.364101 np0000003992 devstack@n-api-meta.service[96208]: WARNING nova.api.metadata.handler [None req-d0f52bc8-b583-4d77-8144-d6773eb3a0ac None None] metadata_proxy_shared_secret is not configured, the metadata information returned by the proxy cannot be trusted
Jun 30 14:24:53.364414 np0000003992 devstack@n-api-meta.service[96209]: DEBUG dbcounter [-] [96209] Writer thread running {{(pid=96209) stat_writer /opt/stack/data/venv/lib/python3.12/site-packages/dbcounter.py:102}}
Jun 30 14:24:53.366728 np0000003992 devstack@n-api-meta.service[96208]: DEBUG nova.api.openstack.wsgi_app [None req-d0f52bc8-b583-4d77-8144-d6773eb3a0ac None None] ******************************************************************************** {{(pid=96208) log_opt_values /opt/stack/data/venv/lib/python3.12/site-packages/oslo_config/cfg.py:3226}}
Jun 30 14:24:53.366951 np0000003992 devstack@n-api-meta.service[96208]: DEBUG nova.api.openstack.wsgi_app [None req-d0f52bc8-b583-4d77-8144-d6773eb3a0ac None None] Configuration options gathered from: {{(pid=96208) log_opt_values /opt/stack/data/venv/lib/python3.12/site-packages/oslo_config/cfg.py:3227}}
Jun 30 14:24:53.367121 np0000003992 devstack@n-api-meta.service[96208]: DEBUG nova.api.openstack.wsgi_app [None req-d0f52bc8-b583-4d77-8144-d6773eb3a0ac None None] command line args: [] {{(pid=96208) log_opt_values /opt/stack/data/venv/lib/python3.12/site-packages/oslo_config/cfg.py:3228}}
Jun 30 14:24:53.367282 np0000003992 devstack@n-api-meta.service[96208]: DEBUG nova.api.openstack.wsgi_app [None req-d0f52bc8-b583-4d77-8144-d6773eb3a0ac None None] config files: ['/etc/nova/api-paste.ini', '/etc/nova/nova.conf'] {{(pid=96208) log_opt_values /opt/stack/data/venv/lib/python3.12/site-packages/oslo_config/cfg.py:3229}}
Jun 30 14:24:53.367375 np0000003992 devstack@n-api-meta.service[96208]: DEBUG nova.api.openstack.wsgi_app [None req-d0f52bc8-b583-4d77-8144-d6773eb3a0ac None None] ================================================================================ {{(pid=96208) log_opt_values /opt/stack/data/venv/lib/python3.12/site-packages/oslo_config/cfg.py:3234}}
Jun 30 14:24:53.367557 np0000003992 devstack@n-api-meta.service[96208]: DEBUG nova.api.openstack.wsgi_app [None req-d0f52bc8-b583-4d77-8144-d6773eb3a0ac None None] allow_resize_to_same_host = True {{(pid=96208) log_opt_values /opt/stack/data/venv/lib/python3.12/site-packages/oslo_config/cfg.py:3242}}
Jun 30 14:24:53.367791 np0000003992 devstack@n-api-meta.service[96208]: DEBUG nova.api.openstack.wsgi_app [None req-d0f52bc8-b583-4d77-8144-d6773eb3a0ac None None] arq_binding_timeout = 300 {{(pid=96208) log_opt_values /opt/stack/data/venv/lib/python3.12/site-packages/oslo_config/cfg.py:3242}}
Jun 30 14:24:53.367924 np0000003992 devstack@n-api-meta.service[96208]: DEBUG nova.api.openstack.wsgi_app [None req-d0f52bc8-b583-4d77-8144-d6773eb3a0ac None None] block_device_allocate_retries = 60 {{(pid=96208) log_opt_values /opt/stack/data/venv/lib/python3.12/site-packages/oslo_config/cfg.py:3242}}
Jun 30 14:24:53.368077 np0000003992 devstack@n-api-meta.service[96208]: DEBUG nova.api.openstack.wsgi_app [None req-d0f52bc8-b583-4d77-8144-d6773eb3a0ac None None] block_device_allocate_retries_interval = 3 {{(pid=96208) log_opt_values /opt/stack/data/venv/lib/python3.12/site-packages/oslo_config/cfg.py:3242}}
Jun 30 14:24:53.368199 np0000003992 devstack@n-api-meta.service[96208]: DEBUG nova.api.openstack.wsgi_app [None req-d0f52bc8-b583-4d77-8144-d6773eb3a0ac None None] cell_worker_thread_pool_size = 5 {{(pid=96208) log_opt_values /opt/stack/data/venv/lib/python3.12/site-packages/oslo_config/cfg.py:3242}}
Jun 30 14:24:53.368324 np0000003992 devstack@n-api-meta.service[96208]: DEBUG nova.api.openstack.wsgi_app [None req-d0f52bc8-b583-4d77-8144-d6773eb3a0ac None None] cert = self.pem {{(pid=96208) log_opt_values /opt/stack/data/venv/lib/python3.12/site-packages/oslo_config/cfg.py:3242}}
Jun 30 14:24:53.368483 np0000003992 devstack@n-api-meta.service[96208]: DEBUG nova.api.openstack.wsgi_app [None req-d0f52bc8-b583-4d77-8144-d6773eb3a0ac None None] compute_driver = libvirt.LibvirtDriver {{(pid=96208) log_opt_values /opt/stack/data/venv/lib/python3.12/site-packages/oslo_config/cfg.py:3242}}
Jun 30 14:24:53.368608 np0000003992 devstack@n-api-meta.service[96208]: DEBUG nova.api.openstack.wsgi_app [None req-d0f52bc8-b583-4d77-8144-d6773eb3a0ac None None] compute_monitors = [] {{(pid=96208) log_opt_values /opt/stack/data/venv/lib/python3.12/site-packages/oslo_config/cfg.py:3242}}
Jun 30 14:24:53.368743 np0000003992 devstack@n-api-meta.service[96208]: DEBUG nova.api.openstack.wsgi_app [None req-d0f52bc8-b583-4d77-8144-d6773eb3a0ac None None] config_dir = [] {{(pid=96208) log_opt_values /opt/stack/data/venv/lib/python3.12/site-packages/oslo_config/cfg.py:3242}}
Jun 30 14:24:53.368869 np0000003992 devstack@n-api-meta.service[96208]: DEBUG nova.api.openstack.wsgi_app [None req-d0f52bc8-b583-4d77-8144-d6773eb3a0ac None None] config_drive_format = iso9660 {{(pid=96208) log_opt_values /opt/stack/data/venv/lib/python3.12/site-packages/oslo_config/cfg.py:3242}}
Jun 30 14:24:53.368960 np0000003992 devstack@n-api-meta.service[96208]: DEBUG nova.api.openstack.wsgi_app [None req-d0f52bc8-b583-4d77-8144-d6773eb3a0ac None None] config_file = ['/etc/nova/api-paste.ini', '/etc/nova/nova.conf'] {{(pid=96208) log_opt_values /opt/stack/data/venv/lib/python3.12/site-packages/oslo_config/cfg.py:3242}}
Jun 30 14:24:53.369591 np0000003992 devstack@n-api-meta.service[96208]: DEBUG nova.api.openstack.wsgi_app [None req-d0f52bc8-b583-4d77-8144-d6773eb3a0ac None None] config_source = [] {{(pid=96208) log_opt_values /opt/stack/data/venv/lib/python3.12/site-packages/oslo_config/cfg.py:3242}}
Jun 30 14:24:53.369591 np0000003992 devstack@n-api-meta.service[96208]: DEBUG nova.api.openstack.wsgi_app [None req-d0f52bc8-b583-4d77-8144-d6773eb3a0ac None None] console_host = np0000003992 {{(pid=96208) log_opt_values /opt/stack/data/venv/lib/python3.12/site-packages/oslo_config/cfg.py:3242}}
Jun 30 14:24:53.369591 np0000003992 devstack@n-api-meta.service[96208]: DEBUG nova.api.openstack.wsgi_app [None req-d0f52bc8-b583-4d77-8144-d6773eb3a0ac None None] control_exchange = nova {{(pid=96208) log_opt_values /opt/stack/data/venv/lib/python3.12/site-packages/oslo_config/cfg.py:3242}}
Jun 30 14:24:53.369591 np0000003992 devstack@n-api-meta.service[96208]: DEBUG nova.api.openstack.wsgi_app [None req-d0f52bc8-b583-4d77-8144-d6773eb3a0ac None None] cpu_allocation_ratio = None {{(pid=96208) log_opt_values /opt/stack/data/venv/lib/python3.12/site-packages/oslo_config/cfg.py:3242}}
Jun 30 14:24:53.369591 np0000003992 devstack@n-api-meta.service[96208]: DEBUG nova.api.openstack.wsgi_app [None req-d0f52bc8-b583-4d77-8144-d6773eb3a0ac None None] daemon = False {{(pid=96208) log_opt_values /opt/stack/data/venv/lib/python3.12/site-packages/oslo_config/cfg.py:3242}}
Jun 30 14:24:53.369737 np0000003992 devstack@n-api-meta.service[96208]: DEBUG nova.api.openstack.wsgi_app [None req-d0f52bc8-b583-4d77-8144-d6773eb3a0ac None None] debug = True {{(pid=96208) log_opt_values /opt/stack/data/venv/lib/python3.12/site-packages/oslo_config/cfg.py:3242}}
Jun 30 14:24:53.369853 np0000003992 devstack@n-api-meta.service[96208]: DEBUG nova.api.openstack.wsgi_app [None req-d0f52bc8-b583-4d77-8144-d6773eb3a0ac None None] default_access_ip_network_name = None {{(pid=96208) log_opt_values /opt/stack/data/venv/lib/python3.12/site-packages/oslo_config/cfg.py:3242}}
Jun 30 14:24:53.369911 np0000003992 devstack@n-api-meta.service[96208]: DEBUG nova.api.openstack.wsgi_app [None req-d0f52bc8-b583-4d77-8144-d6773eb3a0ac None None] default_availability_zone = nova {{(pid=96208) log_opt_values /opt/stack/data/venv/lib/python3.12/site-packages/oslo_config/cfg.py:3242}}
Jun 30 14:24:53.370050 np0000003992 devstack@n-api-meta.service[96208]: DEBUG nova.api.openstack.wsgi_app [None req-d0f52bc8-b583-4d77-8144-d6773eb3a0ac None None] default_ephemeral_format = ext4 {{(pid=96208) log_opt_values /opt/stack/data/venv/lib/python3.12/site-packages/oslo_config/cfg.py:3242}}
Jun 30 14:24:53.370170 np0000003992 devstack@n-api-meta.service[96208]: DEBUG nova.api.openstack.wsgi_app [None req-d0f52bc8-b583-4d77-8144-d6773eb3a0ac None None] default_green_pool_size = 1000 {{(pid=96208) log_opt_values /opt/stack/data/venv/lib/python3.12/site-packages/oslo_config/cfg.py:3242}}
Jun 30 14:24:53.370355 np0000003992 devstack@n-api-meta.service[96208]: DEBUG nova.api.openstack.wsgi_app [None req-d0f52bc8-b583-4d77-8144-d6773eb3a0ac None None] default_log_levels = ['amqp=WARN', 'boto=WARN', 'sqlalchemy=WARN', 'suds=INFO', 'oslo.messaging=INFO', 'oslo_messaging=INFO', 'iso8601=WARN', 'requests.packages.urllib3.connectionpool=WARN', 'urllib3.connectionpool=WARN', 'websocket=WARN', 'requests.packages.urllib3.util.retry=WARN', 'urllib3.util.retry=WARN', 'keystonemiddleware=WARN', 'routes.middleware=WARN', 'stevedore=WARN', 'taskflow=WARN', 'keystoneauth=WARN', 'oslo.cache=INFO', 'oslo_policy=INFO', 'dogpile.core.dogpile=INFO', 'glanceclient=WARN', 'oslo.privsep.daemon=INFO'] {{(pid=96208) log_opt_values /opt/stack/data/venv/lib/python3.12/site-packages/oslo_config/cfg.py:3242}}
Jun 30 14:24:53.370469 np0000003992 devstack@n-api-meta.service[96208]: DEBUG nova.api.openstack.wsgi_app [None req-d0f52bc8-b583-4d77-8144-d6773eb3a0ac None None] default_schedule_zone = None {{(pid=96208) log_opt_values /opt/stack/data/venv/lib/python3.12/site-packages/oslo_config/cfg.py:3242}}
Jun 30 14:24:53.370579 np0000003992 devstack@n-api-meta.service[96208]: DEBUG nova.api.openstack.wsgi_app [None req-d0f52bc8-b583-4d77-8144-d6773eb3a0ac None None] default_thread_pool_size = 10 {{(pid=96208) log_opt_values /opt/stack/data/venv/lib/python3.12/site-packages/oslo_config/cfg.py:3242}}
Jun 30 14:24:53.370691 np0000003992 devstack@n-api-meta.service[96208]: DEBUG nova.api.openstack.wsgi_app [None req-d0f52bc8-b583-4d77-8144-d6773eb3a0ac None None] disk_allocation_ratio = None {{(pid=96208) log_opt_values /opt/stack/data/venv/lib/python3.12/site-packages/oslo_config/cfg.py:3242}}
Jun 30 14:24:53.370815 np0000003992 devstack@n-api-meta.service[96208]: DEBUG nova.api.openstack.wsgi_app [None req-d0f52bc8-b583-4d77-8144-d6773eb3a0ac None None] enable_new_services = True {{(pid=96208) log_opt_values /opt/stack/data/venv/lib/python3.12/site-packages/oslo_config/cfg.py:3242}}
Jun 30 14:24:53.370919 np0000003992 devstack@n-api-meta.service[96208]: DEBUG nova.api.openstack.wsgi_app [None req-d0f52bc8-b583-4d77-8144-d6773eb3a0ac None None] flat_injected = False {{(pid=96208) log_opt_values /opt/stack/data/venv/lib/python3.12/site-packages/oslo_config/cfg.py:3242}}
Jun 30 14:24:53.371070 np0000003992 devstack@n-api-meta.service[96208]: DEBUG nova.api.openstack.wsgi_app [None req-d0f52bc8-b583-4d77-8144-d6773eb3a0ac None None] force_config_drive = True {{(pid=96208) log_opt_values /opt/stack/data/venv/lib/python3.12/site-packages/oslo_config/cfg.py:3242}}
Jun 30 14:24:53.371185 np0000003992 devstack@n-api-meta.service[96208]: DEBUG nova.api.openstack.wsgi_app [None req-d0f52bc8-b583-4d77-8144-d6773eb3a0ac None None] force_raw_images = True {{(pid=96208) log_opt_values /opt/stack/data/venv/lib/python3.12/site-packages/oslo_config/cfg.py:3242}}
Jun 30 14:24:53.371308 np0000003992 devstack@n-api-meta.service[96208]: DEBUG nova.api.openstack.wsgi_app [None req-d0f52bc8-b583-4d77-8144-d6773eb3a0ac None None] graceful_shutdown_timeout = 5 {{(pid=96208) log_opt_values /opt/stack/data/venv/lib/python3.12/site-packages/oslo_config/cfg.py:3242}}
Jun 30 14:24:53.371419 np0000003992 devstack@n-api-meta.service[96208]: DEBUG nova.api.openstack.wsgi_app [None req-d0f52bc8-b583-4d77-8144-d6773eb3a0ac None None] heal_instance_info_cache_interval = -1 {{(pid=96208) log_opt_values /opt/stack/data/venv/lib/python3.12/site-packages/oslo_config/cfg.py:3242}}
Jun 30 14:24:53.371596 np0000003992 devstack@n-api-meta.service[96208]: DEBUG nova.api.openstack.wsgi_app [None req-d0f52bc8-b583-4d77-8144-d6773eb3a0ac None None] host = np0000003992 {{(pid=96208) log_opt_values /opt/stack/data/venv/lib/python3.12/site-packages/oslo_config/cfg.py:3242}}
Jun 30 14:24:53.371744 np0000003992 devstack@n-api-meta.service[96208]: DEBUG nova.api.openstack.wsgi_app [None req-d0f52bc8-b583-4d77-8144-d6773eb3a0ac None None] initial_cpu_allocation_ratio = 4.0 {{(pid=96208) log_opt_values /opt/stack/data/venv/lib/python3.12/site-packages/oslo_config/cfg.py:3242}}
Jun 30 14:24:53.371889 np0000003992 devstack@n-api-meta.service[96208]: DEBUG nova.api.openstack.wsgi_app [None req-d0f52bc8-b583-4d77-8144-d6773eb3a0ac None None] initial_disk_allocation_ratio = 1.0 {{(pid=96208) log_opt_values /opt/stack/data/venv/lib/python3.12/site-packages/oslo_config/cfg.py:3242}}
Jun 30 14:24:53.372067 np0000003992 devstack@n-api-meta.service[96208]: DEBUG nova.api.openstack.wsgi_app [None req-d0f52bc8-b583-4d77-8144-d6773eb3a0ac None None] initial_ram_allocation_ratio = 1.0 {{(pid=96208) log_opt_values /opt/stack/data/venv/lib/python3.12/site-packages/oslo_config/cfg.py:3242}}
Jun 30 14:24:53.372244 np0000003992 devstack@n-api-meta.service[96208]: DEBUG nova.api.openstack.wsgi_app [None req-d0f52bc8-b583-4d77-8144-d6773eb3a0ac None None] injected_network_template = /opt/stack/nova/nova/virt/interfaces.template {{(pid=96208) log_opt_values /opt/stack/data/venv/lib/python3.12/site-packages/oslo_config/cfg.py:3242}}
Jun 30 14:24:53.372751 np0000003992 devstack@n-api-meta.service[96208]: DEBUG nova.api.openstack.wsgi_app [None req-d0f52bc8-b583-4d77-8144-d6773eb3a0ac None None] instance_build_timeout = 0 {{(pid=96208) log_opt_values /opt/stack/data/venv/lib/python3.12/site-packages/oslo_config/cfg.py:3242}}
Jun 30 14:24:53.372751 np0000003992 devstack@n-api-meta.service[96208]: DEBUG nova.api.openstack.wsgi_app [None req-d0f52bc8-b583-4d77-8144-d6773eb3a0ac None None] instance_delete_interval = 300 {{(pid=96208) log_opt_values /opt/stack/data/venv/lib/python3.12/site-packages/oslo_config/cfg.py:3242}}
Jun 30 14:24:53.372751 np0000003992 devstack@n-api-meta.service[96208]: DEBUG nova.api.openstack.wsgi_app [None req-d0f52bc8-b583-4d77-8144-d6773eb3a0ac None None] instance_format = [instance: %(uuid)s] {{(pid=96208) log_opt_values /opt/stack/data/venv/lib/python3.12/site-packages/oslo_config/cfg.py:3242}}
Jun 30 14:24:53.372751 np0000003992 devstack@n-api-meta.service[96208]: DEBUG nova.api.openstack.wsgi_app [None req-d0f52bc8-b583-4d77-8144-d6773eb3a0ac None None] instance_name_template = instance-%08x {{(pid=96208) log_opt_values /opt/stack/data/venv/lib/python3.12/site-packages/oslo_config/cfg.py:3242}}
Jun 30 14:24:53.372856 np0000003992 devstack@n-api-meta.service[96208]: DEBUG nova.api.openstack.wsgi_app [None req-d0f52bc8-b583-4d77-8144-d6773eb3a0ac None None] instance_usage_audit = False {{(pid=96208) log_opt_values /opt/stack/data/venv/lib/python3.12/site-packages/oslo_config/cfg.py:3242}}
Jun 30 14:24:53.373005 np0000003992 devstack@n-api-meta.service[96208]: DEBUG nova.api.openstack.wsgi_app [None req-d0f52bc8-b583-4d77-8144-d6773eb3a0ac None None] instance_usage_audit_period = month {{(pid=96208) log_opt_values /opt/stack/data/venv/lib/python3.12/site-packages/oslo_config/cfg.py:3242}}
Jun 30 14:24:53.373132 np0000003992 devstack@n-api-meta.service[96208]: DEBUG nova.api.openstack.wsgi_app [None req-d0f52bc8-b583-4d77-8144-d6773eb3a0ac None None] instance_uuid_format = [instance: %(uuid)s] {{(pid=96208) log_opt_values /opt/stack/data/venv/lib/python3.12/site-packages/oslo_config/cfg.py:3242}}
Jun 30 14:24:53.373251 np0000003992 devstack@n-api-meta.service[96208]: DEBUG nova.api.openstack.wsgi_app [None req-d0f52bc8-b583-4d77-8144-d6773eb3a0ac None None] instances_path = /opt/stack/data/nova/instances {{(pid=96208) log_opt_values /opt/stack/data/venv/lib/python3.12/site-packages/oslo_config/cfg.py:3242}}
Jun 30 14:24:53.373369 np0000003992 devstack@n-api-meta.service[96208]: DEBUG nova.api.openstack.wsgi_app [None req-d0f52bc8-b583-4d77-8144-d6773eb3a0ac None None] internal_service_availability_zone = internal {{(pid=96208) log_opt_values /opt/stack/data/venv/lib/python3.12/site-packages/oslo_config/cfg.py:3242}}
Jun 30 14:24:53.373480 np0000003992 devstack@n-api-meta.service[96208]: DEBUG nova.api.openstack.wsgi_app [None req-d0f52bc8-b583-4d77-8144-d6773eb3a0ac None None] key = None {{(pid=96208) log_opt_values /opt/stack/data/venv/lib/python3.12/site-packages/oslo_config/cfg.py:3242}}
Jun 30 14:24:53.373610 np0000003992 devstack@n-api-meta.service[96208]: DEBUG nova.api.openstack.wsgi_app [None req-d0f52bc8-b583-4d77-8144-d6773eb3a0ac None None] live_migration_retry_count = 30 {{(pid=96208) log_opt_values /opt/stack/data/venv/lib/python3.12/site-packages/oslo_config/cfg.py:3242}}
Jun 30 14:24:53.373754 np0000003992 devstack@n-api-meta.service[96208]: DEBUG nova.api.openstack.wsgi_app [None req-d0f52bc8-b583-4d77-8144-d6773eb3a0ac None None] log_color = False {{(pid=96208) log_opt_values /opt/stack/data/venv/lib/python3.12/site-packages/oslo_config/cfg.py:3242}}
Jun 30 14:24:53.373874 np0000003992 devstack@n-api-meta.service[96208]: DEBUG nova.api.openstack.wsgi_app [None req-d0f52bc8-b583-4d77-8144-d6773eb3a0ac None None] log_config_append = None {{(pid=96208) log_opt_values /opt/stack/data/venv/lib/python3.12/site-packages/oslo_config/cfg.py:3242}}
Jun 30 14:24:53.374028 np0000003992 devstack@n-api-meta.service[96208]: DEBUG nova.api.openstack.wsgi_app [None req-d0f52bc8-b583-4d77-8144-d6773eb3a0ac None None] log_date_format = %Y-%m-%d %H:%M:%S {{(pid=96208) log_opt_values /opt/stack/data/venv/lib/python3.12/site-packages/oslo_config/cfg.py:3242}}
Jun 30 14:24:53.374145 np0000003992 devstack@n-api-meta.service[96208]: DEBUG nova.api.openstack.wsgi_app [None req-d0f52bc8-b583-4d77-8144-d6773eb3a0ac None None] log_dir = None {{(pid=96208) log_opt_values /opt/stack/data/venv/lib/python3.12/site-packages/oslo_config/cfg.py:3242}}
Jun 30 14:24:53.374254 np0000003992 devstack@n-api-meta.service[96208]: DEBUG nova.api.openstack.wsgi_app [None req-d0f52bc8-b583-4d77-8144-d6773eb3a0ac None None] log_file = None {{(pid=96208) log_opt_values /opt/stack/data/venv/lib/python3.12/site-packages/oslo_config/cfg.py:3242}}
Jun 30 14:24:53.374344 np0000003992 devstack@n-api-meta.service[96208]: DEBUG nova.api.openstack.wsgi_app [None req-d0f52bc8-b583-4d77-8144-d6773eb3a0ac None None] log_options = True {{(pid=96208) log_opt_values /opt/stack/data/venv/lib/python3.12/site-packages/oslo_config/cfg.py:3242}}
Jun 30 14:24:53.374456 np0000003992 devstack@n-api-meta.service[96208]: DEBUG nova.api.openstack.wsgi_app [None req-d0f52bc8-b583-4d77-8144-d6773eb3a0ac None None] log_rotate_interval = 1 {{(pid=96208) log_opt_values /opt/stack/data/venv/lib/python3.12/site-packages/oslo_config/cfg.py:3242}}
Jun 30 14:24:53.374574 np0000003992 devstack@n-api-meta.service[96208]: DEBUG nova.api.openstack.wsgi_app [None req-d0f52bc8-b583-4d77-8144-d6773eb3a0ac None None] log_rotate_interval_type = days {{(pid=96208) log_opt_values /opt/stack/data/venv/lib/python3.12/site-packages/oslo_config/cfg.py:3242}}
Jun 30 14:24:53.374690 np0000003992 devstack@n-api-meta.service[96208]: DEBUG nova.api.openstack.wsgi_app [None req-d0f52bc8-b583-4d77-8144-d6773eb3a0ac None None] log_rotation_type = none {{(pid=96208) log_opt_values /opt/stack/data/venv/lib/python3.12/site-packages/oslo_config/cfg.py:3242}}
Jun 30 14:24:53.374883 np0000003992 devstack@n-api-meta.service[96208]: DEBUG nova.api.openstack.wsgi_app [None req-d0f52bc8-b583-4d77-8144-d6773eb3a0ac None None] logging_context_format_string = %(color)s%(levelname)s %(name)s [%(global_request_id)s %(request_id)s %(project_name)s %(user_name)s%(color)s] %(instance)s%(color)s%(message)s {{(pid=96208) log_opt_values /opt/stack/data/venv/lib/python3.12/site-packages/oslo_config/cfg.py:3242}}
Jun 30 14:24:53.375029 np0000003992 devstack@n-api-meta.service[96208]: DEBUG nova.api.openstack.wsgi_app [None req-d0f52bc8-b583-4d77-8144-d6773eb3a0ac None None] logging_debug_format_suffix = {{(pid=%(process)d) %(funcName)s %(pathname)s:%(lineno)d}} {{(pid=96208) log_opt_values /opt/stack/data/venv/lib/python3.12/site-packages/oslo_config/cfg.py:3242}}
Jun 30 14:24:53.375211 np0000003992 devstack@n-api-meta.service[96208]: DEBUG nova.api.openstack.wsgi_app [None req-d0f52bc8-b583-4d77-8144-d6773eb3a0ac None None] logging_default_format_string = %(color)s%(levelname)s %(name)s [-%(color)s] %(instance)s%(color)s%(message)s {{(pid=96208) log_opt_values /opt/stack/data/venv/lib/python3.12/site-packages/oslo_config/cfg.py:3242}}
Jun 30 14:24:53.375391 np0000003992 devstack@n-api-meta.service[96208]: DEBUG nova.api.openstack.wsgi_app [None req-d0f52bc8-b583-4d77-8144-d6773eb3a0ac None None] logging_exception_prefix = ERROR %(name)s %(instance)s {{(pid=96208) log_opt_values /opt/stack/data/venv/lib/python3.12/site-packages/oslo_config/cfg.py:3242}}
Jun 30 14:24:53.375529 np0000003992 devstack@n-api-meta.service[96208]: DEBUG nova.api.openstack.wsgi_app [None req-d0f52bc8-b583-4d77-8144-d6773eb3a0ac None None] logging_user_identity_format = %(user)s %(project)s %(domain)s %(system_scope)s %(user_domain)s %(project_domain)s {{(pid=96208) log_opt_values /opt/stack/data/venv/lib/python3.12/site-packages/oslo_config/cfg.py:3242}}
Jun 30 14:24:53.375678 np0000003992 devstack@n-api-meta.service[96208]: DEBUG nova.api.openstack.wsgi_app [None req-d0f52bc8-b583-4d77-8144-d6773eb3a0ac None None] long_rpc_timeout = 1800 {{(pid=96208) log_opt_values /opt/stack/data/venv/lib/python3.12/site-packages/oslo_config/cfg.py:3242}}
Jun 30 14:24:53.375945 np0000003992 devstack@n-api-meta.service[96208]: DEBUG nova.api.openstack.wsgi_app [None req-d0f52bc8-b583-4d77-8144-d6773eb3a0ac None None] manager_shutdown_timeout = 160 {{(pid=96208) log_opt_values /opt/stack/data/venv/lib/python3.12/site-packages/oslo_config/cfg.py:3242}}
