Jun 30 14:24:52.801381 np0000003992 nova-scheduler[96789]: DEBUG cotyledon.oslo_config_glue [-] profiler.connection_string = messaging:// {{(pid=96789) log_opt_values /opt/stack/data/venv/lib/python3.12/site-packages/oslo_config/cfg.py:3253}}
Jun 30 14:24:52.801381 np0000003992 nova-scheduler[96789]: DEBUG cotyledon.oslo_config_glue [-] profiler.enabled = False {{(pid=96789) log_opt_values /opt/stack/data/venv/lib/python3.12/site-packages/oslo_config/cfg.py:3253}}
Jun 30 14:24:52.801381 np0000003992 nova-scheduler[96789]: DEBUG cotyledon.oslo_config_glue [-] profiler.es_doc_type = notification {{(pid=96789) log_opt_values /opt/stack/data/venv/lib/python3.12/site-packages/oslo_config/cfg.py:3253}}
Jun 30 14:24:52.801381 np0000003992 nova-scheduler[96789]: DEBUG cotyledon.oslo_config_glue [-] profiler.es_scroll_size = 10000 {{(pid=96789) log_opt_values /opt/stack/data/venv/lib/python3.12/site-packages/oslo_config/cfg.py:3253}}
Jun 30 14:24:52.801381 np0000003992 nova-scheduler[96789]: DEBUG cotyledon.oslo_config_glue [-] profiler.es_scroll_time = 2m {{(pid=96789) log_opt_values /opt/stack/data/venv/lib/python3.12/site-packages/oslo_config/cfg.py:3253}}
Jun 30 14:24:52.801381 np0000003992 nova-scheduler[96789]: DEBUG cotyledon.oslo_config_glue [-] profiler.filter_error_trace = False {{(pid=96789) log_opt_values /opt/stack/data/venv/lib/python3.12/site-packages/oslo_config/cfg.py:3253}}
Jun 30 14:24:52.801381 np0000003992 nova-scheduler[96789]: DEBUG cotyledon.oslo_config_glue [-] profiler.hmac_keys = **** {{(pid=96789) log_opt_values /opt/stack/data/venv/lib/python3.12/site-packages/oslo_config/cfg.py:3253}}
Jun 30 14:24:52.801639 np0000003992 nova-scheduler[96789]: DEBUG cotyledon.oslo_config_glue [-] profiler.sentinel_service_name = mymaster {{(pid=96789) log_opt_values /opt/stack/data/venv/lib/python3.12/site-packages/oslo_config/cfg.py:3253}}
Jun 30 14:24:52.801639 np0000003992 nova-scheduler[96789]: DEBUG cotyledon.oslo_config_glue [-] profiler.socket_timeout = 0.1 {{(pid=96789) log_opt_values /opt/stack/data/venv/lib/python3.12/site-packages/oslo_config/cfg.py:3253}}
Jun 30 14:24:52.801639 np0000003992 nova-scheduler[96789]: DEBUG cotyledon.oslo_config_glue [-] profiler.trace_requests = False {{(pid=96789) log_opt_values /opt/stack/data/venv/lib/python3.12/site-packages/oslo_config/cfg.py:3253}}
Jun 30 14:24:52.801639 np0000003992 nova-scheduler[96789]: DEBUG cotyledon.oslo_config_glue [-] profiler.trace_sqlalchemy = False {{(pid=96789) log_opt_values /opt/stack/data/venv/lib/python3.12/site-packages/oslo_config/cfg.py:3253}}
Jun 30 14:24:52.801639 np0000003992 nova-scheduler[96789]: DEBUG cotyledon.oslo_config_glue [-] profiler_jaeger.process_tags = {} {{(pid=96789) log_opt_values /opt/stack/data/venv/lib/python3.12/site-packages/oslo_config/cfg.py:3253}}
Jun 30 14:24:52.801639 np0000003992 nova-scheduler[96789]: DEBUG cotyledon.oslo_config_glue [-] profiler_jaeger.service_name_prefix = None {{(pid=96789) log_opt_values /opt/stack/data/venv/lib/python3.12/site-packages/oslo_config/cfg.py:3253}}
Jun 30 14:24:52.801639 np0000003992 nova-scheduler[96789]: DEBUG cotyledon.oslo_config_glue [-] profiler_otlp.service_name_prefix = None {{(pid=96789) log_opt_values /opt/stack/data/venv/lib/python3.12/site-packages/oslo_config/cfg.py:3253}}
Jun 30 14:24:52.801639 np0000003992 nova-scheduler[96789]: DEBUG cotyledon.oslo_config_glue [-] oslo_messaging_rabbit.amqp_auto_delete = False {{(pid=96789) log_opt_values /opt/stack/data/venv/lib/python3.12/site-packages/oslo_config/cfg.py:3253}}
Jun 30 14:24:52.801639 np0000003992 nova-scheduler[96789]: DEBUG cotyledon.oslo_config_glue [-] oslo_messaging_rabbit.amqp_durable_queues = False {{(pid=96789) log_opt_values /opt/stack/data/venv/lib/python3.12/site-packages/oslo_config/cfg.py:3253}}
Jun 30 14:24:52.801918 np0000003992 nova-scheduler[96789]: DEBUG cotyledon.oslo_config_glue [-] oslo_messaging_rabbit.conn_pool_min_size = 2 {{(pid=96789) log_opt_values /opt/stack/data/venv/lib/python3.12/site-packages/oslo_config/cfg.py:3253}}
Jun 30 14:24:52.801918 np0000003992 nova-scheduler[96789]: DEBUG cotyledon.oslo_config_glue [-] oslo_messaging_rabbit.conn_pool_ttl = 1200 {{(pid=96789) log_opt_values /opt/stack/data/venv/lib/python3.12/site-packages/oslo_config/cfg.py:3253}}
Jun 30 14:24:52.801918 np0000003992 nova-scheduler[96789]: DEBUG cotyledon.oslo_config_glue [-] oslo_messaging_rabbit.direct_mandatory_flag = True {{(pid=96789) log_opt_values /opt/stack/data/venv/lib/python3.12/site-packages/oslo_config/cfg.py:3253}}
Jun 30 14:24:52.801918 np0000003992 nova-scheduler[96789]: DEBUG cotyledon.oslo_config_glue [-] oslo_messaging_rabbit.enable_cancel_on_failover = False {{(pid=96789) log_opt_values /opt/stack/data/venv/lib/python3.12/site-packages/oslo_config/cfg.py:3253}}
Jun 30 14:24:52.801918 np0000003992 nova-scheduler[96789]: DEBUG cotyledon.oslo_config_glue [-] oslo_messaging_rabbit.heartbeat_rate = 3 {{(pid=96789) log_opt_values /opt/stack/data/venv/lib/python3.12/site-packages/oslo_config/cfg.py:3253}}
Jun 30 14:24:52.801918 np0000003992 nova-scheduler[96789]: DEBUG cotyledon.oslo_config_glue [-] oslo_messaging_rabbit.heartbeat_timeout_threshold = 60 {{(pid=96789) log_opt_values /opt/stack/data/venv/lib/python3.12/site-packages/oslo_config/cfg.py:3253}}
Jun 30 14:24:52.801918 np0000003992 nova-scheduler[96789]: DEBUG cotyledon.oslo_config_glue [-] oslo_messaging_rabbit.hostname = np0000003992 {{(pid=96789) log_opt_values /opt/stack/data/venv/lib/python3.12/site-packages/oslo_config/cfg.py:3253}}
Jun 30 14:24:52.801918 np0000003992 nova-scheduler[96789]: DEBUG cotyledon.oslo_config_glue [-] oslo_messaging_rabbit.kombu_compression = None {{(pid=96789) log_opt_values /opt/stack/data/venv/lib/python3.12/site-packages/oslo_config/cfg.py:3253}}
Jun 30 14:24:52.801918 np0000003992 nova-scheduler[96789]: DEBUG cotyledon.oslo_config_glue [-] oslo_messaging_rabbit.kombu_failover_strategy = round-robin {{(pid=96789) log_opt_values /opt/stack/data/venv/lib/python3.12/site-packages/oslo_config/cfg.py:3253}}
Jun 30 14:24:52.802519 np0000003992 nova-scheduler[96789]: DEBUG cotyledon.oslo_config_glue [-] oslo_messaging_rabbit.kombu_missing_consumer_retry_timeout = 60 {{(pid=96789) log_opt_values /opt/stack/data/venv/lib/python3.12/site-packages/oslo_config/cfg.py:3253}}
Jun 30 14:24:52.802519 np0000003992 nova-scheduler[96789]: DEBUG cotyledon.oslo_config_glue [-] oslo_messaging_rabbit.kombu_reconnect_delay = 1.0 {{(pid=96789) log_opt_values /opt/stack/data/venv/lib/python3.12/site-packages/oslo_config/cfg.py:3253}}
Jun 30 14:24:52.802519 np0000003992 nova-scheduler[96789]: DEBUG cotyledon.oslo_config_glue [-] oslo_messaging_rabbit.kombu_reconnect_splay = 0.0 {{(pid=96789) log_opt_values /opt/stack/data/venv/lib/python3.12/site-packages/oslo_config/cfg.py:3253}}
Jun 30 14:24:52.802519 np0000003992 nova-scheduler[96789]: DEBUG cotyledon.oslo_config_glue [-] oslo_messaging_rabbit.processname = nova-scheduler {{(pid=96789) log_opt_values /opt/stack/data/venv/lib/python3.12/site-packages/oslo_config/cfg.py:3253}}
Jun 30 14:24:52.802519 np0000003992 nova-scheduler[96789]: DEBUG cotyledon.oslo_config_glue [-] oslo_messaging_rabbit.rabbit_ha_queues = False {{(pid=96789) log_opt_values /opt/stack/data/venv/lib/python3.12/site-packages/oslo_config/cfg.py:3253}}
Jun 30 14:24:52.802519 np0000003992 nova-scheduler[96789]: DEBUG cotyledon.oslo_config_glue [-] oslo_messaging_rabbit.rabbit_interval_max = 30 {{(pid=96789) log_opt_values /opt/stack/data/venv/lib/python3.12/site-packages/oslo_config/cfg.py:3253}}
Jun 30 14:24:52.802519 np0000003992 nova-scheduler[96789]: DEBUG cotyledon.oslo_config_glue [-] oslo_messaging_rabbit.rabbit_login_method = AMQPLAIN {{(pid=96789) log_opt_values /opt/stack/data/venv/lib/python3.12/site-packages/oslo_config/cfg.py:3253}}
Jun 30 14:24:52.802519 np0000003992 nova-scheduler[96789]: DEBUG cotyledon.oslo_config_glue [-] oslo_messaging_rabbit.rabbit_qos_prefetch_count = 0 {{(pid=96789) log_opt_values /opt/stack/data/venv/lib/python3.12/site-packages/oslo_config/cfg.py:3253}}
Jun 30 14:24:52.802519 np0000003992 nova-scheduler[96789]: DEBUG cotyledon.oslo_config_glue [-] oslo_messaging_rabbit.rabbit_quorum_delivery_limit = 0 {{(pid=96789) log_opt_values /opt/stack/data/venv/lib/python3.12/site-packages/oslo_config/cfg.py:3253}}
Jun 30 14:24:52.803148 np0000003992 nova-scheduler[96789]: DEBUG cotyledon.oslo_config_glue [-] oslo_messaging_rabbit.rabbit_quorum_max_memory_bytes = 0 {{(pid=96789) log_opt_values /opt/stack/data/venv/lib/python3.12/site-packages/oslo_config/cfg.py:3253}}
Jun 30 14:24:52.803148 np0000003992 nova-scheduler[96789]: DEBUG cotyledon.oslo_config_glue [-] oslo_messaging_rabbit.rabbit_quorum_max_memory_length = 0 {{(pid=96789) log_opt_values /opt/stack/data/venv/lib/python3.12/site-packages/oslo_config/cfg.py:3253}}
Jun 30 14:24:52.803148 np0000003992 nova-scheduler[96789]: DEBUG cotyledon.oslo_config_glue [-] oslo_messaging_rabbit.rabbit_quorum_queue = False {{(pid=96789) log_opt_values /opt/stack/data/venv/lib/python3.12/site-packages/oslo_config/cfg.py:3253}}
Jun 30 14:24:52.803148 np0000003992 nova-scheduler[96789]: DEBUG cotyledon.oslo_config_glue [-] oslo_messaging_rabbit.rabbit_retry_backoff = 2 {{(pid=96789) log_opt_values /opt/stack/data/venv/lib/python3.12/site-packages/oslo_config/cfg.py:3253}}
Jun 30 14:24:52.803148 np0000003992 nova-scheduler[96789]: DEBUG cotyledon.oslo_config_glue [-] oslo_messaging_rabbit.rabbit_retry_interval = 1 {{(pid=96789) log_opt_values /opt/stack/data/venv/lib/python3.12/site-packages/oslo_config/cfg.py:3253}}
Jun 30 14:24:52.803148 np0000003992 nova-scheduler[96789]: DEBUG cotyledon.oslo_config_glue [-] oslo_messaging_rabbit.rabbit_stream_fanout = False {{(pid=96789) log_opt_values /opt/stack/data/venv/lib/python3.12/site-packages/oslo_config/cfg.py:3253}}
Jun 30 14:24:52.803335 np0000003992 nova-scheduler[96782]: DEBUG nova.service [None req-32a035eb-c000-4f79-a58a-ac1073ac4e3e None None] Creating RPC server for service: nova-scheduler on topic: scheduler {{(pid=96782) start /opt/stack/nova/nova/service.py:196}}
Jun 30 14:24:52.803385 np0000003992 nova-scheduler[96789]: DEBUG cotyledon.oslo_config_glue [-] oslo_messaging_rabbit.rabbit_transient_queues_ttl = 1800 {{(pid=96789) log_opt_values /opt/stack/data/venv/lib/python3.12/site-packages/oslo_config/cfg.py:3253}}
Jun 30 14:24:52.803385 np0000003992 nova-scheduler[96789]: DEBUG cotyledon.oslo_config_glue [-] oslo_messaging_rabbit.rabbit_transient_quorum_queue = False {{(pid=96789) log_opt_values /opt/stack/data/venv/lib/python3.12/site-packages/oslo_config/cfg.py:3253}}
Jun 30 14:24:52.803385 np0000003992 nova-scheduler[96789]: DEBUG cotyledon.oslo_config_glue [-] oslo_messaging_rabbit.rpc_conn_pool_size = 30 {{(pid=96789) log_opt_values /opt/stack/data/venv/lib/python3.12/site-packages/oslo_config/cfg.py:3253}}
Jun 30 14:24:52.803385 np0000003992 nova-scheduler[96789]: DEBUG cotyledon.oslo_config_glue [-] oslo_messaging_rabbit.ssl = False {{(pid=96789) log_opt_values /opt/stack/data/venv/lib/python3.12/site-packages/oslo_config/cfg.py:3253}}
Jun 30 14:24:52.803385 np0000003992 nova-scheduler[96789]: DEBUG cotyledon.oslo_config_glue [-] oslo_messaging_rabbit.ssl_ca_file = {{(pid=96789) log_opt_values /opt/stack/data/venv/lib/python3.12/site-packages/oslo_config/cfg.py:3253}}
Jun 30 14:24:52.803385 np0000003992 nova-scheduler[96789]: DEBUG cotyledon.oslo_config_glue [-] oslo_messaging_rabbit.ssl_cert_file = {{(pid=96789) log_opt_values /opt/stack/data/venv/lib/python3.12/site-packages/oslo_config/cfg.py:3253}}
Jun 30 14:24:52.803385 np0000003992 nova-scheduler[96789]: DEBUG cotyledon.oslo_config_glue [-] oslo_messaging_rabbit.ssl_enforce_fips_mode = False {{(pid=96789) log_opt_values /opt/stack/data/venv/lib/python3.12/site-packages/oslo_config/cfg.py:3253}}
Jun 30 14:24:52.803385 np0000003992 nova-scheduler[96789]: DEBUG cotyledon.oslo_config_glue [-] oslo_messaging_rabbit.ssl_enforce_hostname_verification = True {{(pid=96789) log_opt_values /opt/stack/data/venv/lib/python3.12/site-packages/oslo_config/cfg.py:3253}}
Jun 30 14:24:52.803385 np0000003992 nova-scheduler[96789]: DEBUG cotyledon.oslo_config_glue [-] oslo_messaging_rabbit.ssl_key_file = {{(pid=96789) log_opt_values /opt/stack/data/venv/lib/python3.12/site-packages/oslo_config/cfg.py:3253}}
Jun 30 14:24:52.803643 np0000003992 nova-scheduler[96789]: DEBUG cotyledon.oslo_config_glue [-] oslo_messaging_rabbit.ssl_version = {{(pid=96789) log_opt_values /opt/stack/data/venv/lib/python3.12/site-packages/oslo_config/cfg.py:3253}}
Jun 30 14:24:52.803643 np0000003992 nova-scheduler[96789]: DEBUG cotyledon.oslo_config_glue [-] oslo_messaging_rabbit.use_queue_manager = False {{(pid=96789) log_opt_values /opt/stack/data/venv/lib/python3.12/site-packages/oslo_config/cfg.py:3253}}
Jun 30 14:24:52.803643 np0000003992 nova-scheduler[96789]: DEBUG cotyledon.oslo_config_glue [-] oslo_messaging_notifications.driver = ['messagingv2'] {{(pid=96789) log_opt_values /opt/stack/data/venv/lib/python3.12/site-packages/oslo_config/cfg.py:3253}}
Jun 30 14:24:52.803643 np0000003992 nova-scheduler[96789]: DEBUG cotyledon.oslo_config_glue [-] oslo_messaging_notifications.retry = -1 {{(pid=96789) log_opt_values /opt/stack/data/venv/lib/python3.12/site-packages/oslo_config/cfg.py:3253}}
Jun 30 14:24:52.803643 np0000003992 nova-scheduler[96789]: DEBUG cotyledon.oslo_config_glue [-] oslo_messaging_notifications.topics = ['notifications'] {{(pid=96789) log_opt_values /opt/stack/data/venv/lib/python3.12/site-packages/oslo_config/cfg.py:3253}}
Jun 30 14:24:52.803643 np0000003992 nova-scheduler[96789]: DEBUG cotyledon.oslo_config_glue [-] oslo_messaging_notifications.transport_url = **** {{(pid=96789) log_opt_values /opt/stack/data/venv/lib/python3.12/site-packages/oslo_config/cfg.py:3253}}
Jun 30 14:24:52.803643 np0000003992 nova-scheduler[96789]: DEBUG cotyledon.oslo_config_glue [-] oslo_limit.auth_section = None {{(pid=96789) log_opt_values /opt/stack/data/venv/lib/python3.12/site-packages/oslo_config/cfg.py:3253}}
Jun 30 14:24:52.803643 np0000003992 nova-scheduler[96789]: DEBUG cotyledon.oslo_config_glue [-] oslo_limit.auth_type = None {{(pid=96789) log_opt_values /opt/stack/data/venv/lib/python3.12/site-packages/oslo_config/cfg.py:3253}}
Jun 30 14:24:52.803643 np0000003992 nova-scheduler[96789]: DEBUG cotyledon.oslo_config_glue [-] oslo_limit.cafile = None {{(pid=96789) log_opt_values /opt/stack/data/venv/lib/python3.12/site-packages/oslo_config/cfg.py:3253}}
Jun 30 14:24:52.803939 np0000003992 nova-scheduler[96789]: DEBUG cotyledon.oslo_config_glue [-] oslo_limit.certfile = None {{(pid=96789) log_opt_values /opt/stack/data/venv/lib/python3.12/site-packages/oslo_config/cfg.py:3253}}
Jun 30 14:24:52.803939 np0000003992 nova-scheduler[96789]: DEBUG cotyledon.oslo_config_glue [-] oslo_limit.collect_timing = False {{(pid=96789) log_opt_values /opt/stack/data/venv/lib/python3.12/site-packages/oslo_config/cfg.py:3253}}
Jun 30 14:24:52.803939 np0000003992 nova-scheduler[96789]: DEBUG cotyledon.oslo_config_glue [-] oslo_limit.connect_retries = None {{(pid=96789) log_opt_values /opt/stack/data/venv/lib/python3.12/site-packages/oslo_config/cfg.py:3253}}
Jun 30 14:24:52.803939 np0000003992 nova-scheduler[96789]: DEBUG cotyledon.oslo_config_glue [-] oslo_limit.connect_retry_delay = None {{(pid=96789) log_opt_values /opt/stack/data/venv/lib/python3.12/site-packages/oslo_config/cfg.py:3253}}
Jun 30 14:24:52.803939 np0000003992 nova-scheduler[96789]: DEBUG cotyledon.oslo_config_glue [-] oslo_limit.endpoint_id = None {{(pid=96789) log_opt_values /opt/stack/data/venv/lib/python3.12/site-packages/oslo_config/cfg.py:3253}}
Jun 30 14:24:52.803939 np0000003992 nova-scheduler[96789]: DEBUG cotyledon.oslo_config_glue [-] oslo_limit.endpoint_interface = public {{(pid=96789) log_opt_values /opt/stack/data/venv/lib/python3.12/site-packages/oslo_config/cfg.py:3253}}
Jun 30 14:24:52.803939 np0000003992 nova-scheduler[96789]: DEBUG cotyledon.oslo_config_glue [-] oslo_limit.endpoint_override = None {{(pid=96789) log_opt_values /opt/stack/data/venv/lib/python3.12/site-packages/oslo_config/cfg.py:3253}}
Jun 30 14:24:52.803939 np0000003992 nova-scheduler[96789]: DEBUG cotyledon.oslo_config_glue [-] oslo_limit.endpoint_region_name = None {{(pid=96789) log_opt_values /opt/stack/data/venv/lib/python3.12/site-packages/oslo_config/cfg.py:3253}}
Jun 30 14:24:52.803939 np0000003992 nova-scheduler[96789]: DEBUG cotyledon.oslo_config_glue [-] oslo_limit.endpoint_service_name = None {{(pid=96789) log_opt_values /opt/stack/data/venv/lib/python3.12/site-packages/oslo_config/cfg.py:3253}}
Jun 30 14:24:52.804234 np0000003992 nova-scheduler[96789]: DEBUG cotyledon.oslo_config_glue [-] oslo_limit.endpoint_service_type = None {{(pid=96789) log_opt_values /opt/stack/data/venv/lib/python3.12/site-packages/oslo_config/cfg.py:3253}}
Jun 30 14:24:52.804234 np0000003992 nova-scheduler[96789]: DEBUG cotyledon.oslo_config_glue [-] oslo_limit.insecure = False {{(pid=96789) log_opt_values /opt/stack/data/venv/lib/python3.12/site-packages/oslo_config/cfg.py:3253}}
Jun 30 14:24:52.804234 np0000003992 nova-scheduler[96789]: DEBUG cotyledon.oslo_config_glue [-] oslo_limit.keyfile = None {{(pid=96789) log_opt_values /opt/stack/data/venv/lib/python3.12/site-packages/oslo_config/cfg.py:3253}}
Jun 30 14:24:52.804234 np0000003992 nova-scheduler[96789]: DEBUG cotyledon.oslo_config_glue [-] oslo_limit.max_version = None {{(pid=96789) log_opt_values /opt/stack/data/venv/lib/python3.12/site-packages/oslo_config/cfg.py:3253}}
Jun 30 14:24:52.804234 np0000003992 nova-scheduler[96789]: DEBUG cotyledon.oslo_config_glue [-] oslo_limit.min_version = None {{(pid=96789) log_opt_values /opt/stack/data/venv/lib/python3.12/site-packages/oslo_config/cfg.py:3253}}
Jun 30 14:24:52.804234 np0000003992 nova-scheduler[96789]: DEBUG cotyledon.oslo_config_glue [-] oslo_limit.region_name = None {{(pid=96789) log_opt_values /opt/stack/data/venv/lib/python3.12/site-packages/oslo_config/cfg.py:3253}}
Jun 30 14:24:52.804234 np0000003992 nova-scheduler[96789]: DEBUG cotyledon.oslo_config_glue [-] oslo_limit.retriable_status_codes = None {{(pid=96789) log_opt_values /opt/stack/data/venv/lib/python3.12/site-packages/oslo_config/cfg.py:3253}}
Jun 30 14:24:52.804234 np0000003992 nova-scheduler[96789]: DEBUG cotyledon.oslo_config_glue [-] oslo_limit.service_name = None {{(pid=96789) log_opt_values /opt/stack/data/venv/lib/python3.12/site-packages/oslo_config/cfg.py:3253}}
Jun 30 14:24:52.804234 np0000003992 nova-scheduler[96789]: DEBUG cotyledon.oslo_config_glue [-] oslo_limit.service_type = None {{(pid=96789) log_opt_values /opt/stack/data/venv/lib/python3.12/site-packages/oslo_config/cfg.py:3253}}
Jun 30 14:24:52.804494 np0000003992 nova-scheduler[96789]: DEBUG cotyledon.oslo_config_glue [-] oslo_limit.split_loggers = False {{(pid=96789) log_opt_values /opt/stack/data/venv/lib/python3.12/site-packages/oslo_config/cfg.py:3253}}
Jun 30 14:24:52.804494 np0000003992 nova-scheduler[96789]: DEBUG cotyledon.oslo_config_glue [-] oslo_limit.status_code_retries = None {{(pid=96789) log_opt_values /opt/stack/data/venv/lib/python3.12/site-packages/oslo_config/cfg.py:3253}}
Jun 30 14:24:52.804494 np0000003992 nova-scheduler[96789]: DEBUG cotyledon.oslo_config_glue [-] oslo_limit.status_code_retry_delay = None {{(pid=96789) log_opt_values /opt/stack/data/venv/lib/python3.12/site-packages/oslo_config/cfg.py:3253}}
Jun 30 14:24:52.804494 np0000003992 nova-scheduler[96789]: DEBUG cotyledon.oslo_config_glue [-] oslo_limit.timeout = None {{(pid=96789) log_opt_values /opt/stack/data/venv/lib/python3.12/site-packages/oslo_config/cfg.py:3253}}
Jun 30 14:24:52.804494 np0000003992 nova-scheduler[96789]: DEBUG cotyledon.oslo_config_glue [-] oslo_limit.valid_interfaces = None {{(pid=96789) log_opt_values /opt/stack/data/venv/lib/python3.12/site-packages/oslo_config/cfg.py:3253}}
Jun 30 14:24:52.804494 np0000003992 nova-scheduler[96789]: DEBUG cotyledon.oslo_config_glue [-] oslo_limit.version = None {{(pid=96789) log_opt_values /opt/stack/data/venv/lib/python3.12/site-packages/oslo_config/cfg.py:3253}}
Jun 30 14:24:52.804494 np0000003992 nova-scheduler[96789]: DEBUG cotyledon.oslo_config_glue [-] oslo_reports.file_event_handler = None {{(pid=96789) log_opt_values /opt/stack/data/venv/lib/python3.12/site-packages/oslo_config/cfg.py:3253}}
Jun 30 14:24:52.804494 np0000003992 nova-scheduler[96789]: DEBUG cotyledon.oslo_config_glue [-] oslo_reports.file_event_handler_interval = 1 {{(pid=96789) log_opt_values /opt/stack/data/venv/lib/python3.12/site-packages/oslo_config/cfg.py:3253}}
Jun 30 14:24:52.804494 np0000003992 nova-scheduler[96789]: DEBUG cotyledon.oslo_config_glue [-] oslo_reports.log_dir = None {{(pid=96789) log_opt_values /opt/stack/data/venv/lib/python3.12/site-packages/oslo_config/cfg.py:3253}}
Jun 30 14:24:52.804765 np0000003992 nova-scheduler[96789]: DEBUG cotyledon.oslo_config_glue [-] ******************************************************************************** {{(pid=96789) log_opt_values /opt/stack/data/venv/lib/python3.12/site-packages/oslo_config/cfg.py:3260}}
Jun 30 14:24:52.804765 np0000003992 nova-scheduler[96789]: DEBUG cotyledon._service_worker [-] Run service ServiceWrapper(3) [96789] {{(pid=96789) wait_forever /opt/stack/data/venv/lib/python3.12/site-packages/cotyledon/_service_worker.py:218}}
Jun 30 14:24:52.804765 np0000003992 nova-scheduler[96789]: INFO nova.service [-] Starting scheduler node (version 33.1.0)
Jun 30 14:24:52.806210 np0000003992 nova-scheduler[96789]: INFO dbcounter [None req-cfa8f994-e8fb-4e57-ad73-96513c385195 None None] Registered counter for database nova_cell0
Jun 30 14:24:52.808133 np0000003992 nova-scheduler[96785]: DEBUG nova.service [None req-e71c352e-5f56-4c88-a870-954304d29cb3 None None] Creating RPC server for service: nova-scheduler on topic: scheduler {{(pid=96785) start /opt/stack/nova/nova/service.py:196}}
Jun 30 14:24:52.815859 np0000003992 nova-scheduler[96787]: DEBUG oslo_db.sqlalchemy.engines [None req-ed0d5c46-ec19-4d3f-8cc8-cf6ce620f5ab None None] MySQL server mode set to STRICT_TRANS_TABLES,STRICT_ALL_TABLES,NO_ZERO_IN_DATE,NO_ZERO_DATE,ERROR_FOR_DIVISION_BY_ZERO,TRADITIONAL,NO_ENGINE_SUBSTITUTION {{(pid=96787) _check_effective_sql_mode /opt/stack/data/venv/lib/python3.12/site-packages/oslo_db/sqlalchemy/engines.py:325}}
Jun 30 14:24:52.823317 np0000003992 nova-scheduler[96782]: DEBUG nova.service [None req-32a035eb-c000-4f79-a58a-ac1073ac4e3e None None] Join ServiceGroup membership for this service scheduler {{(pid=96782) start /opt/stack/nova/nova/service.py:222}}
Jun 30 14:24:52.823584 np0000003992 nova-scheduler[96782]: DEBUG nova.servicegroup.drivers.db [None req-32a035eb-c000-4f79-a58a-ac1073ac4e3e None None] DB_Driver: join new ServiceGroup member np0000003992 to the scheduler group, service = {{(pid=96782) join /opt/stack/nova/nova/servicegroup/drivers/db.py:44}}
Jun 30 14:24:52.827270 np0000003992 nova-scheduler[96787]: DEBUG dbcounter [-] [96787] Writer thread running {{(pid=96787) stat_writer /opt/stack/data/venv/lib/python3.12/site-packages/dbcounter.py:102}}
Jun 30 14:24:52.830696 np0000003992 nova-scheduler[96787]: DEBUG nova.service [None req-ed0d5c46-ec19-4d3f-8cc8-cf6ce620f5ab None None] Creating RPC server for service: nova-scheduler on topic: scheduler {{(pid=96787) start /opt/stack/nova/nova/service.py:196}}
Jun 30 14:24:52.831514 np0000003992 nova-scheduler[96785]: DEBUG nova.service [None req-e71c352e-5f56-4c88-a870-954304d29cb3 None None] Join ServiceGroup membership for this service scheduler {{(pid=96785) start /opt/stack/nova/nova/service.py:222}}
Jun 30 14:24:52.831850 np0000003992 nova-scheduler[96785]: DEBUG nova.servicegroup.drivers.db [None req-e71c352e-5f56-4c88-a870-954304d29cb3 None None] DB_Driver: join new ServiceGroup member np0000003992 to the scheduler group, service = {{(pid=96785) join /opt/stack/nova/nova/servicegroup/drivers/db.py:44}}
Jun 30 14:24:52.850451 np0000003992 nova-scheduler[96787]: DEBUG nova.service [None req-ed0d5c46-ec19-4d3f-8cc8-cf6ce620f5ab None None] Join ServiceGroup membership for this service scheduler {{(pid=96787) start /opt/stack/nova/nova/service.py:222}}
Jun 30 14:24:52.850571 np0000003992 nova-scheduler[96787]: DEBUG nova.servicegroup.drivers.db [None req-ed0d5c46-ec19-4d3f-8cc8-cf6ce620f5ab None None] DB_Driver: join new ServiceGroup member np0000003992 to the scheduler group, service = {{(pid=96787) join /opt/stack/nova/nova/servicegroup/drivers/db.py:44}}
Jun 30 14:24:52.852435 np0000003992 nova-scheduler[96787]: DEBUG oslo.service.backend._threading.loopingcall [None req-1d93d6bd-3a95-4190-8d9b-0f634341b1b8 None None] Dynamic interval looping call 'nova.service.Service.periodic_tasks' sleeping for 60.00 seconds {{(pid=96787) _run_loop /opt/stack/data/venv/lib/python3.12/site-packages/oslo_service/backend/_threading/loopingcall.py:125}}
Jun 30 14:24:52.857985 np0000003992 nova-scheduler[96789]: DEBUG oslo_db.sqlalchemy.engines [None req-cfa8f994-e8fb-4e57-ad73-96513c385195 None None] MySQL server mode set to STRICT_TRANS_TABLES,STRICT_ALL_TABLES,NO_ZERO_IN_DATE,NO_ZERO_DATE,ERROR_FOR_DIVISION_BY_ZERO,TRADITIONAL,NO_ENGINE_SUBSTITUTION {{(pid=96789) _check_effective_sql_mode /opt/stack/data/venv/lib/python3.12/site-packages/oslo_db/sqlalchemy/engines.py:325}}
Jun 30 14:24:52.866269 np0000003992 nova-scheduler[96789]: DEBUG dbcounter [-] [96789] Writer thread running {{(pid=96789) stat_writer /opt/stack/data/venv/lib/python3.12/site-packages/dbcounter.py:102}}
Jun 30 14:24:52.869072 np0000003992 nova-scheduler[96789]: DEBUG nova.service [None req-cfa8f994-e8fb-4e57-ad73-96513c385195 None None] Creating RPC server for service: nova-scheduler on topic: scheduler {{(pid=96789) start /opt/stack/nova/nova/service.py:196}}
Jun 30 14:24:52.885393 np0000003992 nova-scheduler[96789]: DEBUG nova.service [None req-cfa8f994-e8fb-4e57-ad73-96513c385195 None None] Join ServiceGroup membership for this service scheduler {{(pid=96789) start /opt/stack/nova/nova/service.py:222}}
Jun 30 14:24:52.885561 np0000003992 nova-scheduler[96789]: DEBUG nova.servicegroup.drivers.db [None req-cfa8f994-e8fb-4e57-ad73-96513c385195 None None] DB_Driver: join new ServiceGroup member np0000003992 to the scheduler group, service = {{(pid=96789) join /opt/stack/nova/nova/servicegroup/drivers/db.py:44}}
Jun 30 14:24:52.887278 np0000003992 nova-scheduler[96789]: DEBUG oslo.service.backend._threading.loopingcall [None req-2aa7cd15-af3f-4e56-a678-ebf62ebdd328 None None] Dynamic interval looping call 'nova.service.Service.periodic_tasks' sleeping for 60.00 seconds {{(pid=96789) _run_loop /opt/stack/data/venv/lib/python3.12/site-packages/oslo_service/backend/_threading/loopingcall.py:125}}
Jun 30 14:24:53.834472 np0000003992 nova-scheduler[96785]: DEBUG oslo.service.backend._threading.loopingcall [None req-b6d0d2a5-9717-4c95-b8b5-d0ea65fee69a None None] Dynamic interval looping call 'nova.service.Service.periodic_tasks' sleeping for 60.00 seconds {{(pid=96785) _run_loop /opt/stack/data/venv/lib/python3.12/site-packages/oslo_service/backend/_threading/loopingcall.py:125}}
Jun 30 14:24:57.841121 np0000003992 nova-scheduler[96782]: DEBUG oslo.service.backend._threading.loopingcall [-] Fixed interval looping call 'nova.servicegroup.drivers.db.DbDriver._report_state' sleeping for 119.98 seconds {{(pid=96782) _run_loop /opt/stack/data/venv/lib/python3.12/site-packages/oslo_service/backend/_threading/loopingcall.py:125}}
Jun 30 14:24:57.843003 np0000003992 nova-scheduler[96785]: DEBUG oslo.service.backend._threading.loopingcall [-] Fixed interval looping call 'nova.servicegroup.drivers.db.DbDriver._report_state' sleeping for 119.99 seconds {{(pid=96785) _run_loop /opt/stack/data/venv/lib/python3.12/site-packages/oslo_service/backend/_threading/loopingcall.py:125}}
Jun 30 14:24:57.862238 np0000003992 nova-scheduler[96787]: DEBUG oslo.service.backend._threading.loopingcall [-] Fixed interval looping call 'nova.servicegroup.drivers.db.DbDriver._report_state' sleeping for 119.99 seconds {{(pid=96787) _run_loop /opt/stack/data/venv/lib/python3.12/site-packages/oslo_service/backend/_threading/loopingcall.py:125}}
Jun 30 14:24:57.897351 np0000003992 nova-scheduler[96789]: DEBUG oslo.service.backend._threading.loopingcall [-] Fixed interval looping call 'nova.servicegroup.drivers.db.DbDriver._report_state' sleeping for 119.99 seconds {{(pid=96789) _run_loop /opt/stack/data/venv/lib/python3.12/site-packages/oslo_service/backend/_threading/loopingcall.py:125}}
Jun 30 14:24:59.826247 np0000003992 nova-scheduler[96782]: DEBUG oslo.service.backend._threading.loopingcall [None req-ac8fda4f-0e66-40cf-b508-02a3defd6780 None None] Dynamic interval looping call 'nova.service.Service.periodic_tasks' sleeping for 60.00 seconds {{(pid=96782) _run_loop /opt/stack/data/venv/lib/python3.12/site-packages/oslo_service/backend/_threading/loopingcall.py:125}}
Jun 30 14:25:01.346242 np0000003992 nova-scheduler[95583]: DEBUG dbcounter [-] [95583] Writing DB stats nova_api:SELECT=3 {{(pid=95583) stat_writer /opt/stack/data/venv/lib/python3.12/site-packages/dbcounter.py:115}}
Jun 30 14:25:01.493391 np0000003992 nova-scheduler[95583]: DEBUG dbcounter [-] [95583] Writing DB stats nova_cell1:SELECT=1 {{(pid=95583) stat_writer /opt/stack/data/venv/lib/python3.12/site-packages/dbcounter.py:115}}
Jun 30 14:25:01.497703 np0000003992 nova-scheduler[95583]: DEBUG dbcounter [-] [95583] Writing DB stats nova_cell0:SELECT=1 {{(pid=95583) stat_writer /opt/stack/data/venv/lib/python3.12/site-packages/dbcounter.py:115}}
Jun 30 14:25:07.834024 np0000003992 nova-scheduler[96782]: DEBUG dbcounter [-] [96782] Writing DB stats nova_cell0:SELECT=4,nova_cell0:INSERT=1,nova_cell0:UPDATE=1 {{(pid=96782) stat_writer /opt/stack/data/venv/lib/python3.12/site-packages/dbcounter.py:115}}
Jun 30 14:25:07.843201 np0000003992 nova-scheduler[96785]: DEBUG dbcounter [-] [96785] Writing DB stats nova_cell0:SELECT=4,nova_cell0:INSERT=1,nova_cell0:UPDATE=1 {{(pid=96785) stat_writer /opt/stack/data/venv/lib/python3.12/site-packages/dbcounter.py:115}}
Jun 30 14:25:07.859088 np0000003992 nova-scheduler[96787]: DEBUG dbcounter [-] [96787] Writing DB stats nova_cell0:SELECT=3 {{(pid=96787) stat_writer /opt/stack/data/venv/lib/python3.12/site-packages/dbcounter.py:115}}
Jun 30 14:25:07.894640 np0000003992 nova-scheduler[96789]: DEBUG dbcounter [-] [96789] Writing DB stats nova_cell0:SELECT=3 {{(pid=96789) stat_writer /opt/stack/data/venv/lib/python3.12/site-packages/dbcounter.py:115}}
Jun 30 14:25:52.853268 np0000003992 nova-scheduler[96787]: DEBUG oslo.service.backend._threading.loopingcall [None req-1d93d6bd-3a95-4190-8d9b-0f634341b1b8 None None] Dynamic interval looping call 'nova.service.Service.periodic_tasks' sleeping for 60.00 seconds {{(pid=96787) _run_loop /opt/stack/data/venv/lib/python3.12/site-packages/oslo_service/backend/_threading/loopingcall.py:125}}
Jun 30 14:25:52.888416 np0000003992 nova-scheduler[96789]: DEBUG oslo.service.backend._threading.loopingcall [None req-2aa7cd15-af3f-4e56-a678-ebf62ebdd328 None None] Dynamic interval looping call 'nova.service.Service.periodic_tasks' sleeping for 60.00 seconds {{(pid=96789) _run_loop /opt/stack/data/venv/lib/python3.12/site-packages/oslo_service/backend/_threading/loopingcall.py:125}}
Jun 30 14:25:53.835140 np0000003992 nova-scheduler[96785]: DEBUG oslo.service.backend._threading.loopingcall [None req-b6d0d2a5-9717-4c95-b8b5-d0ea65fee69a None None] Dynamic interval looping call 'nova.service.Service.periodic_tasks' sleeping for 60.00 seconds {{(pid=96785) _run_loop /opt/stack/data/venv/lib/python3.12/site-packages/oslo_service/backend/_threading/loopingcall.py:125}}
Jun 30 14:25:59.826679 np0000003992 nova-scheduler[96782]: DEBUG oslo.service.backend._threading.loopingcall [None req-ac8fda4f-0e66-40cf-b508-02a3defd6780 None None] Dynamic interval looping call 'nova.service.Service.periodic_tasks' sleeping for 60.00 seconds {{(pid=96782) _run_loop /opt/stack/data/venv/lib/python3.12/site-packages/oslo_service/backend/_threading/loopingcall.py:125}}
Jun 30 14:26:52.853648 np0000003992 nova-scheduler[96787]: DEBUG oslo.service.backend._threading.loopingcall [None req-1d93d6bd-3a95-4190-8d9b-0f634341b1b8 None None] Dynamic interval looping call 'nova.service.Service.periodic_tasks' sleeping for 60.00 seconds {{(pid=96787) _run_loop /opt/stack/data/venv/lib/python3.12/site-packages/oslo_service/backend/_threading/loopingcall.py:125}}
Jun 30 14:26:52.888988 np0000003992 nova-scheduler[96789]: DEBUG oslo.service.backend._threading.loopingcall [None req-2aa7cd15-af3f-4e56-a678-ebf62ebdd328 None None] Dynamic interval looping call 'nova.service.Service.periodic_tasks' sleeping for 60.00 seconds {{(pid=96789) _run_loop /opt/stack/data/venv/lib/python3.12/site-packages/oslo_service/backend/_threading/loopingcall.py:125}}
Jun 30 14:26:53.835561 np0000003992 nova-scheduler[96785]: DEBUG oslo.service.backend._threading.loopingcall [None req-b6d0d2a5-9717-4c95-b8b5-d0ea65fee69a None None] Dynamic interval looping call 'nova.service.Service.periodic_tasks' sleeping for 60.00 seconds {{(pid=96785) _run_loop /opt/stack/data/venv/lib/python3.12/site-packages/oslo_service/backend/_threading/loopingcall.py:125}}
Jun 30 14:26:57.828434 np0000003992 nova-scheduler[96782]: DEBUG oslo.service.backend._threading.loopingcall [-] Fixed interval looping call 'nova.servicegroup.drivers.db.DbDriver._report_state' sleeping for 119.99 seconds {{(pid=96782) _run_loop /opt/stack/data/venv/lib/python3.12/site-packages/oslo_service/backend/_threading/loopingcall.py:125}}
Jun 30 14:26:57.836861 np0000003992 nova-scheduler[96785]: DEBUG oslo.service.backend._threading.loopingcall [-] Fixed interval looping call 'nova.servicegroup.drivers.db.DbDriver._report_state' sleeping for 120.00 seconds {{(pid=96785) _run_loop /opt/stack/data/venv/lib/python3.12/site-packages/oslo_service/backend/_threading/loopingcall.py:125}}
Jun 30 14:26:57.855982 np0000003992 nova-scheduler[96787]: DEBUG oslo.service.backend._threading.loopingcall [-] Fixed interval looping call 'nova.servicegroup.drivers.db.DbDriver._report_state' sleeping for 120.00 seconds {{(pid=96787) _run_loop /opt/stack/data/venv/lib/python3.12/site-packages/oslo_service/backend/_threading/loopingcall.py:125}}
Jun 30 14:26:57.891271 np0000003992 nova-scheduler[96789]: DEBUG oslo.service.backend._threading.loopingcall [-] Fixed interval looping call 'nova.servicegroup.drivers.db.DbDriver._report_state' sleeping for 120.00 seconds {{(pid=96789) _run_loop /opt/stack/data/venv/lib/python3.12/site-packages/oslo_service/backend/_threading/loopingcall.py:125}}
Jun 30 14:26:59.827155 np0000003992 nova-scheduler[96782]: DEBUG oslo.service.backend._threading.loopingcall [None req-ac8fda4f-0e66-40cf-b508-02a3defd6780 None None] Dynamic interval looping call 'nova.service.Service.periodic_tasks' sleeping for 60.00 seconds {{(pid=96782) _run_loop /opt/stack/data/venv/lib/python3.12/site-packages/oslo_service/backend/_threading/loopingcall.py:125}}
Jun 30 14:27:08.210127 np0000003992 nova-scheduler[96782]: DEBUG dbcounter [-] [96782] Writing DB stats nova_cell0:SELECT=1,nova_cell0:UPDATE=1 {{(pid=96782) stat_writer /opt/stack/data/venv/lib/python3.12/site-packages/dbcounter.py:115}}
Jun 30 14:27:08.210693 np0000003992 nova-scheduler[96785]: DEBUG dbcounter [-] [96785] Writing DB stats nova_cell0:SELECT=1 {{(pid=96785) stat_writer /opt/stack/data/venv/lib/python3.12/site-packages/dbcounter.py:115}}
Jun 30 14:27:08.211165 np0000003992 nova-scheduler[96787]: DEBUG dbcounter [-] [96787] Writing DB stats nova_cell0:SELECT=1 {{(pid=96787) stat_writer /opt/stack/data/venv/lib/python3.12/site-packages/dbcounter.py:115}}
Jun 30 14:27:08.211472 np0000003992 nova-scheduler[96789]: DEBUG dbcounter [-] [96789] Writing DB stats nova_cell0:SELECT=1 {{(pid=96789) stat_writer /opt/stack/data/venv/lib/python3.12/site-packages/dbcounter.py:115}}
Jun 30 14:27:14.320257 np0000003992 nova-scheduler[96782]: DEBUG nova.scheduler.manager [None req-1062b201-4c6c-4a45-939f-64440cf7b703 tempest-ServerRescueNegativeTestJSON-1534063797 tempest-ServerRescueNegativeTestJSON-1534063797-project-member] Starting to schedule for instances: ['cd954d99-2483-456e-a6e1-d64f4519959e'] {{(pid=96782) select_destinations /opt/stack/nova/nova/scheduler/manager.py:209}}
Jun 30 14:27:14.321066 np0000003992 nova-scheduler[96782]: DEBUG nova.scheduler.request_filter [None req-1062b201-4c6c-4a45-939f-64440cf7b703 tempest-ServerRescueNegativeTestJSON-1534063797 tempest-ServerRescueNegativeTestJSON-1534063797-project-member] compute_status_filter request filter added forbidden trait COMPUTE_STATUS_DISABLED {{(pid=96782) compute_status_filter /opt/stack/nova/nova/scheduler/request_filter.py:253}}
Jun 30 14:27:14.321260 np0000003992 nova-scheduler[96782]: DEBUG nova.scheduler.request_filter [None req-1062b201-4c6c-4a45-939f-64440cf7b703 tempest-ServerRescueNegativeTestJSON-1534063797 tempest-ServerRescueNegativeTestJSON-1534063797-project-member] Request filter 'compute_status_filter' took 0.0 seconds {{(pid=96782) wrapper /opt/stack/nova/nova/scheduler/request_filter.py:46}}
Jun 30 14:27:14.321567 np0000003992 nova-scheduler[96782]: DEBUG nova.scheduler.request_filter [None req-1062b201-4c6c-4a45-939f-64440cf7b703 tempest-ServerRescueNegativeTestJSON-1534063797 tempest-ServerRescueNegativeTestJSON-1534063797-project-member] Request filter 'accelerators_filter' took 0.0 seconds {{(pid=96782) wrapper /opt/stack/nova/nova/scheduler/request_filter.py:46}}
Jun 30 14:27:14.321814 np0000003992 nova-scheduler[96782]: DEBUG nova.scheduler.request_filter [None req-1062b201-4c6c-4a45-939f-64440cf7b703 tempest-ServerRescueNegativeTestJSON-1534063797 tempest-ServerRescueNegativeTestJSON-1534063797-project-member] Request filter 'packed_virtqueue_filter' took 0.0 seconds {{(pid=96782) wrapper /opt/stack/nova/nova/scheduler/request_filter.py:46}}
Jun 30 14:27:14.322147 np0000003992 nova-scheduler[96782]: DEBUG nova.scheduler.request_filter [None req-1062b201-4c6c-4a45-939f-64440cf7b703 tempest-ServerRescueNegativeTestJSON-1534063797 tempest-ServerRescueNegativeTestJSON-1534063797-project-member] Request filter 'remote_managed_ports_filter' took 0.0 seconds {{(pid=96782) wrapper /opt/stack/nova/nova/scheduler/request_filter.py:46}}
Jun 30 14:27:14.322365 np0000003992 nova-scheduler[96782]: DEBUG nova.scheduler.request_filter [None req-1062b201-4c6c-4a45-939f-64440cf7b703 tempest-ServerRescueNegativeTestJSON-1534063797 tempest-ServerRescueNegativeTestJSON-1534063797-project-member] ephemeral_encryption_filter skipped {{(pid=96782) ephemeral_encryption_filter /opt/stack/nova/nova/scheduler/request_filter.py:426}}
Jun 30 14:27:14.322556 np0000003992 nova-scheduler[96782]: DEBUG nova.scheduler.request_filter [None req-1062b201-4c6c-4a45-939f-64440cf7b703 tempest-ServerRescueNegativeTestJSON-1534063797 tempest-ServerRescueNegativeTestJSON-1534063797-project-member] virtio_sound_filter skipped {{(pid=96782) virtio_sound_filter /opt/stack/nova/nova/scheduler/request_filter.py:460}}
Jun 30 14:27:14.322738 np0000003992 nova-scheduler[96782]: DEBUG nova.scheduler.request_filter [None req-1062b201-4c6c-4a45-939f-64440cf7b703 tempest-ServerRescueNegativeTestJSON-1534063797 tempest-ServerRescueNegativeTestJSON-1534063797-project-member] tpm_secret_security_filter skipped {{(pid=96782) tpm_secret_security_filter /opt/stack/nova/nova/scheduler/request_filter.py:477}}
Jun 30 14:27:14.972592 np0000003992 nova-scheduler[96782]: INFO nova.utils [None req-1062b201-4c6c-4a45-939f-64440cf7b703 tempest-ServerRescueNegativeTestJSON-1534063797 tempest-ServerRescueNegativeTestJSON-1534063797-project-member] The cell worker thread pool ForkProcess-1.cell_worker is initialized
Jun 30 14:27:14.973073 np0000003992 nova-scheduler[96782]: DEBUG oslo_concurrency.lockutils [None req-1062b201-4c6c-4a45-939f-64440cf7b703 tempest-ServerRescueNegativeTestJSON-1534063797 tempest-ServerRescueNegativeTestJSON-1534063797-project-member] Acquiring lock "bdd49a68-d473-44ef-afee-3e34425d3bd4" by "nova.context.set_target_cell..get_or_set_cached_cell_and_set_connections" {{(pid=96782) inner /opt/stack/data/venv/lib/python3.12/site-packages/oslo_concurrency/lockutils.py:511}}
Jun 30 14:27:14.973782 np0000003992 nova-scheduler[96782]: DEBUG oslo_concurrency.lockutils [None req-1062b201-4c6c-4a45-939f-64440cf7b703 tempest-ServerRescueNegativeTestJSON-1534063797 tempest-ServerRescueNegativeTestJSON-1534063797-project-member] Lock "bdd49a68-d473-44ef-afee-3e34425d3bd4" acquired by "nova.context.set_target_cell..get_or_set_cached_cell_and_set_connections" :: waited 0.000s {{(pid=96782) inner /opt/stack/data/venv/lib/python3.12/site-packages/oslo_concurrency/lockutils.py:524}}
Jun 30 14:27:14.974551 np0000003992 nova-scheduler[96782]: DEBUG oslo_concurrency.lockutils [None req-1062b201-4c6c-4a45-939f-64440cf7b703 tempest-ServerRescueNegativeTestJSON-1534063797 tempest-ServerRescueNegativeTestJSON-1534063797-project-member] Lock "bdd49a68-d473-44ef-afee-3e34425d3bd4" "released" by "nova.context.set_target_cell..get_or_set_cached_cell_and_set_connections" :: held 0.001s {{(pid=96782) inner /opt/stack/data/venv/lib/python3.12/site-packages/oslo_concurrency/lockutils.py:543}}
Jun 30 14:27:14.976704 np0000003992 nova-scheduler[96782]: INFO dbcounter [None req-1062b201-4c6c-4a45-939f-64440cf7b703 tempest-ServerRescueNegativeTestJSON-1534063797 tempest-ServerRescueNegativeTestJSON-1534063797-project-member] Registered counter for database nova_cell1
Jun 30 14:27:15.017600 np0000003992 nova-scheduler[96782]: DEBUG oslo_db.sqlalchemy.engines [None req-1062b201-4c6c-4a45-939f-64440cf7b703 tempest-ServerRescueNegativeTestJSON-1534063797 tempest-ServerRescueNegativeTestJSON-1534063797-project-member] MySQL server mode set to STRICT_TRANS_TABLES,STRICT_ALL_TABLES,NO_ZERO_IN_DATE,NO_ZERO_DATE,ERROR_FOR_DIVISION_BY_ZERO,TRADITIONAL,NO_ENGINE_SUBSTITUTION {{(pid=96782) _check_effective_sql_mode /opt/stack/data/venv/lib/python3.12/site-packages/oslo_db/sqlalchemy/engines.py:325}}
Jun 30 14:27:15.024798 np0000003992 nova-scheduler[96782]: DEBUG dbcounter [-] [96782] Writer thread running {{(pid=96782) stat_writer /opt/stack/data/venv/lib/python3.12/site-packages/dbcounter.py:102}}
Jun 30 14:27:15.037947 np0000003992 nova-scheduler[96782]: DEBUG oslo_db.sqlalchemy.engines [None req-1062b201-4c6c-4a45-939f-64440cf7b703 tempest-ServerRescueNegativeTestJSON-1534063797 tempest-ServerRescueNegativeTestJSON-1534063797-project-member] Parent process 95583 forked (96782) with an open database connection, which is being discarded and recreated. {{(pid=96782) checkout /opt/stack/data/venv/lib/python3.12/site-packages/oslo_db/sqlalchemy/engines.py:402}}
Jun 30 14:27:15.077037 np0000003992 nova-scheduler[96782]: DEBUG dbcounter [-] [96782] Writer thread running {{(pid=96782) stat_writer /opt/stack/data/venv/lib/python3.12/site-packages/dbcounter.py:102}}
Jun 30 14:27:15.080260 np0000003992 nova-scheduler[96782]: DEBUG oslo_concurrency.lockutils [None req-1062b201-4c6c-4a45-939f-64440cf7b703 tempest-ServerRescueNegativeTestJSON-1534063797 tempest-ServerRescueNegativeTestJSON-1534063797-project-member] Acquiring lock "bdd49a68-d473-44ef-afee-3e34425d3bd4" by "nova.context.set_target_cell..get_or_set_cached_cell_and_set_connections" {{(pid=96782) inner /opt/stack/data/venv/lib/python3.12/site-packages/oslo_concurrency/lockutils.py:511}}
Jun 30 14:27:15.080431 np0000003992 nova-scheduler[96782]: DEBUG oslo_concurrency.lockutils [None req-1062b201-4c6c-4a45-939f-64440cf7b703 tempest-ServerRescueNegativeTestJSON-1534063797 tempest-ServerRescueNegativeTestJSON-1534063797-project-member] Lock "bdd49a68-d473-44ef-afee-3e34425d3bd4" acquired by "nova.context.set_target_cell..get_or_set_cached_cell_and_set_connections" :: waited 0.000s {{(pid=96782) inner /opt/stack/data/venv/lib/python3.12/site-packages/oslo_concurrency/lockutils.py:524}}
Jun 30 14:27:15.080587 np0000003992 nova-scheduler[96782]: DEBUG oslo_concurrency.lockutils [None req-1062b201-4c6c-4a45-939f-64440cf7b703 tempest-ServerRescueNegativeTestJSON-1534063797 tempest-ServerRescueNegativeTestJSON-1534063797-project-member] Lock "bdd49a68-d473-44ef-afee-3e34425d3bd4" "released" by "nova.context.set_target_cell..get_or_set_cached_cell_and_set_connections" :: held 0.000s {{(pid=96782) inner /opt/stack/data/venv/lib/python3.12/site-packages/oslo_concurrency/lockutils.py:543}}
Jun 30 14:27:15.084262 np0000003992 nova-scheduler[96782]: DEBUG oslo_concurrency.lockutils [None req-1062b201-4c6c-4a45-939f-64440cf7b703 tempest-ServerRescueNegativeTestJSON-1534063797 tempest-ServerRescueNegativeTestJSON-1534063797-project-member] Acquiring lock "np0000003992-np0000003992" by "nova.scheduler.host_manager.HostState.update.._locked_update" {{(pid=96782) inner /opt/stack/data/venv/lib/python3.12/site-packages/oslo_concurrency/lockutils.py:511}}
Jun 30 14:27:15.084451 np0000003992 nova-scheduler[96782]: DEBUG oslo_concurrency.lockutils [None req-1062b201-4c6c-4a45-939f-64440cf7b703 tempest-ServerRescueNegativeTestJSON-1534063797 tempest-ServerRescueNegativeTestJSON-1534063797-project-member] Lock "np0000003992-np0000003992" acquired by "nova.scheduler.host_manager.HostState.update.._locked_update" :: waited 0.000s {{(pid=96782) inner /opt/stack/data/venv/lib/python3.12/site-packages/oslo_concurrency/lockutils.py:524}}
Jun 30 14:27:15.085915 np0000003992 nova-scheduler[96782]: DEBUG nova.scheduler.host_manager [None req-1062b201-4c6c-4a45-939f-64440cf7b703 tempest-ServerRescueNegativeTestJSON-1534063797 tempest-ServerRescueNegativeTestJSON-1534063797-project-member] Update host state from compute node: ComputeNode(cpu_allocation_ratio=4.0,cpu_info='{"arch": "x86_64", "model": "EPYC-Milan", "vendor": "AMD", "topology": {"cells": 1, "sockets": 16, "cores": 1, "threads": 1}, "maxphysaddr": {"mode": "emulate", "bits": 40}, "features": ["arat", "pdpe1gb", "wbnoinvd", "ssse3", "fsgsbase", "pku", "xsaveerptr", "null-sel-clr-base", "osvw", "invpcid", "nx", "cx16", "bmi1", "pause-filter", "gds-no", "mmxext", "clwb", "vgif", "fpu", "sse2", "pfthreshold", "clflush", "movbe", "sha-ni", "mca", "mds-no", "mtrr", "ssbd", "umip", "vaes", "amd-psfd", "topoext", "stibp-always-on", "tsc", "xgetbv1", "rdrand", "spec-ctrl", "rdseed", "msr", "xsaveopt", "popcnt", "svm", "pni", "no-nested-data-bp", "pschange-mc-no", "hypervisor", "sep", "3dnowprefetch", "clzero", "smap", "pae", "tsc-deadline", "mmx", "sse", "misalignsse", "pcid", "fma", "fxsr_opt", "svme-addr-chk", "amd-stibp", "cx8", "sse4a", "xsavec", "cr8legacy", "stibp", "nrip-save", "pge", "rdctl-no", "vpclmulqdq", "rdtscp", "adx", "avx2", "cmp_legacy", "syscall", "lahf_lm", "pse36", "apic", "tsc_adjust", "lm", "avx", "virt-ssbd", "vmcb-clean", "lfence-always-serializing", "fxsr", "npt", "clflushopt", "mce", "pclmuldq", "v-vmsave-vmload", "ibpb", "x2apic", "vme", "erms", "skip-l1dfl-vmentry", "rdpid", "ibrs", "amd-ssbd", "arch-capabilities", "abm", "xsaves", "sse4.1", "tsc-scale", "de", "lbrv", "cmov", "fsrm", "xsave", "flushbyasid", "pse", "pat", "f16c", "bmi2", "smep", "perfctr_core", "sse4.2", "aes"]}',created_at=2026-06-30T14:25:17Z,current_workload=0,deleted=False,deleted_at=None,disk_allocation_ratio=1.0,disk_available_least=75,free_disk_gb=95,free_ram_mb=63789,host='np0000003992',host_ip=10.4.3.128,hypervisor_hostname='np0000003992',hypervisor_type='QEMU',hypervisor_version=8002002,id=1,local_gb=95,local_gb_used=0,mapped=1,memory_mb=64301,memory_mb_used=512,metrics='[]',numa_topology='{"nova_object.name": "NUMATopology", "nova_object.namespace": "nova", "nova_object.version": "1.2", "nova_object.data": {"cells": [{"nova_object.name": "NUMACell", "nova_object.namespace": "nova", "nova_object.version": "1.5", "nova_object.data": {"id": 0, "cpuset": [0, 1, 2, 3, 4, 5, 6, 7, 8, 9, 10, 11, 12, 13, 14, 15], "pcpuset": [0, 1, 2, 3, 4, 5, 6, 7, 8, 9, 10, 11, 12, 13, 14, 15], "memory": 64301, "cpu_usage": 0, "memory_usage": 0, "pinned_cpus": [], "siblings": [[6], [12], [2], [15], [5], [11], [8], [14], [4], [1], [7], [10], [0], [13], [3], [9]], "mempages": [{"nova_object.name": "NUMAPagesTopology", "nova_object.namespace": "nova", "nova_object.version": "1.1", "nova_object.data": {"size_kb": 4, "total": 16461067, "used": 0, "reserved": 0}, "nova_object.changes": ["used", "size_kb", "total", "reserved"]}, {"nova_object.name": "NUMAPagesTopology", "nova_object.namespace": "nova", "nova_object.version": "1.1", "nova_object.data": {"size_kb": 2048, "total": 0, "used": 0, "reserved": 0}, "nova_object.changes": ["used", "size_kb", "total", "reserved"]}, {"nova_object.name": "NUMAPagesTopology", "nova_object.namespace": "nova", "nova_object.version": "1.1", "nova_object.data": {"size_kb": 1048576, "total": 0, "used": 0, "reserved": 0}, "nova_object.changes": ["used", "size_kb", "total", "reserved"]}], "network_metadata": {"nova_object.name": "NetworkMetadata", "nova_object.namespace": "nova", "nova_object.version": "1.0", "nova_object.data": {"physnets": [], "tunneled": false}, "nova_object.changes": ["tunneled", "physnets"]}, "socket": null}, "nova_object.changes": ["pinned_cpus", "socket", "memory_usage", "memory", "id", "cpu_usage", "pcpuset", "siblings", "network_metadata", "mempages", "cpuset"]}]}, "nova_object.changes": ["cells"]}',pci_device_pools=PciDevicePoolList,ram_allocation_ratio=1.0,running_vms=0,service_id=2,stats={failed_builds='0',uptime=' 14:27:04 up 25 min, 2 users, load average: 1.57, 1.47, 0.85
Jun 30 14:27:15.085915 np0000003992 nova-scheduler[96782]: '},supported_hv_specs=[HVSpec,HVSpec,HVSpec,HVSpec,HVSpec,HVSpec,HVSpec,HVSpec,HVSpec,HVSpec,HVSpec,HVSpec,HVSpec,HVSpec,HVSpec,HVSpec,HVSpec,HVSpec,HVSpec,HVSpec,HVSpec,HVSpec,HVSpec,HVSpec,HVSpec],updated_at=2026-06-30T14:27:06Z,uuid=ec5464e2-67d7-4756-a16c-9e51c1b2fd33,vcpus=16,vcpus_used=0) {{(pid=96782) _locked_update /opt/stack/nova/nova/scheduler/host_manager.py:168}}
