Aug 10 05:24:23.103647 np0000006857 devstack@n-api.service[87465]: [pid: 87465|app: 0|req: 19/65] 10.4.3.242 () {68 vars in 1395 bytes} [Mon Aug 10 05:24:22 2026] GET /compute/v2.1/servers/10e9cbf8-dad4-4392-9692-897d15258cd4 => generated 1498 bytes in 332 msecs (HTTP/1.1 200) 9 headers in 360 bytes (1 switches on core 0)
Aug 10 05:24:23.103756 np0000006857 devstack@n-api.service[87463]: DEBUG oslo_concurrency.lockutils [None req-a4460c70-122f-44d2-b5ee-851e670bda17 tempest-AttachVolumeShelveTestJSON-1348942805 tempest-AttachVolumeShelveTestJSON-1348942805-project-member] Lock "a46ffc5f-1f08-4996-a90e-f35a7fd58673" acquired by "nova.context.set_target_cell..get_or_set_cached_cell_and_set_connections" :: waited 0.000s {{(pid=87463) inner /opt/stack/data/venv/lib/python3.12/site-packages/oslo_concurrency/lockutils.py:525}}
Aug 10 05:24:23.103756 np0000006857 devstack@n-api.service[87463]: DEBUG oslo_concurrency.lockutils [None req-a4460c70-122f-44d2-b5ee-851e670bda17 tempest-AttachVolumeShelveTestJSON-1348942805 tempest-AttachVolumeShelveTestJSON-1348942805-project-member] Lock "a46ffc5f-1f08-4996-a90e-f35a7fd58673" "released" by "nova.context.set_target_cell..get_or_set_cached_cell_and_set_connections" :: held 0.000s {{(pid=87463) inner /opt/stack/data/venv/lib/python3.12/site-packages/oslo_concurrency/lockutils.py:544}}
Aug 10 05:24:23.103756 np0000006857 devstack@n-api.service[87463]: DEBUG dbcounter [-] [87463] Writing DB stats nova_cell0:SELECT=3 {{(pid=87463) stat_writer /opt/stack/data/venv/lib/python3.12/site-packages/dbcounter.py:115}}
Aug 10 05:24:23.121014 np0000006857 devstack@n-api.service[87463]: WARNING neutronclient.v2_0.client [None req-a4460c70-122f-44d2-b5ee-851e670bda17 tempest-AttachVolumeShelveTestJSON-1348942805 tempest-AttachVolumeShelveTestJSON-1348942805-project-member] The python binding code in neutronclient is deprecated in favor of OpenstackSDK, please use that as this will be removed in a future release.
Aug 10 05:24:23.144370 np0000006857 devstack@n-api.service[87462]: DEBUG nova.policy [None req-5d79ca90-49a7-487b-a086-a4bd88c55d14 tempest-DeleteServersTestJSON-331732802 tempest-DeleteServersTestJSON-331732802-project-member] Policy check for os_compute_api:os-extended-server-attributes failed with credentials {'is_admin': False, 'user_id': 'ebdf6c490b7844d891d4ad2b888e7cb6', 'user_domain_id': 'default', 'system_scope': None, 'domain_id': None, 'project_id': '53bec33ad9254dfabada17a18719b5a8', 'project_domain_id': 'default', 'roles': ['member', 'reader'], 'is_admin_project': True, 'service_user_id': None, 'service_user_domain_id': None, 'service_project_id': None, 'service_project_domain_id': None, 'service_roles': []} {{(pid=87462) authorize /opt/stack/nova/nova/policy.py:202}}
Aug 10 05:24:23.157700 np0000006857 devstack@n-api.service[87462]: INFO nova.api.openstack.requestlog [None req-5d79ca90-49a7-487b-a086-a4bd88c55d14 tempest-DeleteServersTestJSON-331732802 tempest-DeleteServersTestJSON-331732802-project-member] 10.4.3.242 "GET /compute/v2.1/servers/7b11bfa2-9afb-4370-a790-fa32528b92d7" status: 200 len: 1313 microversion: 2.1 time: 0.494567
Aug 10 05:24:23.157700 np0000006857 devstack@n-api.service[87462]: [pid: 87462|app: 0|req: 16/66] 10.4.3.242 () {66 vars in 1354 bytes} [Mon Aug 10 05:24:22 2026] GET /compute/v2.1/servers/7b11bfa2-9afb-4370-a790-fa32528b92d7 => generated 1313 bytes in 496 msecs (HTTP/1.1 200) 9 headers in 358 bytes (1 switches on core 0)
Aug 10 05:24:23.217784 np0000006857 devstack@n-api.service[87465]: DEBUG nova.api.openstack.wsgi [req-5191bde7-27e1-4181-a67e-cc3603133b30 req-547a522a-b750-42cb-8684-e1e771a8bb42 service nova] Action: 'create', calling method: >, body: {"events": [{"server_uuid": "7b11bfa2-9afb-4370-a790-fa32528b92d7", "name": "network-vif-plugged", "status": "completed", "tag": "2b0c38ba-ba26-4748-9a04-d7de9237b093"}, {"server_uuid": "7b11bfa2-9afb-4370-a790-fa32528b92d7", "name": "network-vif-plugged", "status": "completed", "tag": "2b0c38ba-ba26-4748-9a04-d7de9237b093"}, {"server_uuid": "1c044440-b53a-4165-baab-b32c61f4623e", "name": "network-vif-plugged", "status": "completed", "tag": "05544f19-76f5-489a-abd0-70a57e656a25"}, {"server_uuid": "1c044440-b53a-4165-baab-b32c61f4623e", "name": "network-vif-plugged", "status": "completed", "tag": "05544f19-76f5-489a-abd0-70a57e656a25"}]} {{(pid=87465) _process_stack /opt/stack/nova/nova/api/openstack/wsgi.py:549}}
Aug 10 05:24:23.228550 np0000006857 devstack@n-api.service[87465]: DEBUG oslo_concurrency.lockutils [req-5191bde7-27e1-4181-a67e-cc3603133b30 req-547a522a-b750-42cb-8684-e1e771a8bb42 service nova] Acquiring lock "a46ffc5f-1f08-4996-a90e-f35a7fd58673" by "nova.context.set_target_cell..get_or_set_cached_cell_and_set_connections" {{(pid=87465) inner /opt/stack/data/venv/lib/python3.12/site-packages/oslo_concurrency/lockutils.py:512}}
Aug 10 05:24:23.228761 np0000006857 devstack@n-api.service[87465]: DEBUG oslo_concurrency.lockutils [req-5191bde7-27e1-4181-a67e-cc3603133b30 req-547a522a-b750-42cb-8684-e1e771a8bb42 service nova] Lock "a46ffc5f-1f08-4996-a90e-f35a7fd58673" acquired by "nova.context.set_target_cell..get_or_set_cached_cell_and_set_connections" :: waited 0.000s {{(pid=87465) inner /opt/stack/data/venv/lib/python3.12/site-packages/oslo_concurrency/lockutils.py:525}}
Aug 10 05:24:23.228887 np0000006857 devstack@n-api.service[87465]: DEBUG oslo_concurrency.lockutils [req-5191bde7-27e1-4181-a67e-cc3603133b30 req-547a522a-b750-42cb-8684-e1e771a8bb42 service nova] Lock "a46ffc5f-1f08-4996-a90e-f35a7fd58673" "released" by "nova.context.set_target_cell..get_or_set_cached_cell_and_set_connections" :: held 0.000s {{(pid=87465) inner /opt/stack/data/venv/lib/python3.12/site-packages/oslo_concurrency/lockutils.py:544}}
Aug 10 05:24:23.245642 np0000006857 devstack@n-api.service[87465]: INFO nova.api.openstack.compute.server_external_events [req-5191bde7-27e1-4181-a67e-cc3603133b30 req-547a522a-b750-42cb-8684-e1e771a8bb42 service nova] Creating event network-vif-plugged:2b0c38ba-ba26-4748-9a04-d7de9237b093 for instance 7b11bfa2-9afb-4370-a790-fa32528b92d7 on np0000006857
Aug 10 05:24:23.246239 np0000006857 devstack@n-api.service[87465]: INFO nova.api.openstack.compute.server_external_events [req-5191bde7-27e1-4181-a67e-cc3603133b30 req-547a522a-b750-42cb-8684-e1e771a8bb42 service nova] Creating event network-vif-plugged:2b0c38ba-ba26-4748-9a04-d7de9237b093 for instance 7b11bfa2-9afb-4370-a790-fa32528b92d7 on np0000006857
Aug 10 05:24:23.246441 np0000006857 devstack@n-api.service[87465]: INFO nova.api.openstack.compute.server_external_events [req-5191bde7-27e1-4181-a67e-cc3603133b30 req-547a522a-b750-42cb-8684-e1e771a8bb42 service nova] Creating event network-vif-plugged:05544f19-76f5-489a-abd0-70a57e656a25 for instance 1c044440-b53a-4165-baab-b32c61f4623e on np0000006857
Aug 10 05:24:23.246633 np0000006857 devstack@n-api.service[87465]: INFO nova.api.openstack.compute.server_external_events [req-5191bde7-27e1-4181-a67e-cc3603133b30 req-547a522a-b750-42cb-8684-e1e771a8bb42 service nova] Creating event network-vif-plugged:05544f19-76f5-489a-abd0-70a57e656a25 for instance 1c044440-b53a-4165-baab-b32c61f4623e on np0000006857
Aug 10 05:24:23.247112 np0000006857 devstack@n-api.service[87465]: DEBUG nova.compute.rpcapi [req-5191bde7-27e1-4181-a67e-cc3603133b30 req-547a522a-b750-42cb-8684-e1e771a8bb42 service nova] RPC: Sending the message to topic: compute-alt {{(pid=87465) prepare_for_alt_rpcserver /opt/stack/nova/nova/compute/rpcapi.py:595}}
Aug 10 05:24:23.254372 np0000006857 devstack@n-api.service[87465]: INFO nova.api.openstack.requestlog [req-5191bde7-27e1-4181-a67e-cc3603133b30 req-547a522a-b750-42cb-8684-e1e771a8bb42 service nova] 10.4.3.242 "POST /compute/v2.1/os-server-external-events" status: 200 len: 696 microversion: 2.1 time: 0.038611
Aug 10 05:24:23.254479 np0000006857 devstack@n-api.service[87465]: [pid: 87465|app: 0|req: 20/67] 10.4.3.242 () {72 vars in 1432 bytes} [Mon Aug 10 05:24:23 2026] POST /compute/v2.1/os-server-external-events => generated 696 bytes in 39 msecs (HTTP/1.1 200) 9 headers in 357 bytes (1 switches on core 0)
Aug 10 05:24:23.276082 np0000006857 devstack@n-api.service[87464]: DEBUG nova.api.openstack.wsgi [None req-e7b2279d-75c4-48b1-904d-0d6d58791420 tempest-VolumesAssistedSnapshotsTest-1561115134 tempest-VolumesAssistedSnapshotsTest-1561115134-project-member] Action: 'create', calling method: >, body: {"keypair": {"name": "tempest-keypair-1732525417", "public_key": "ecdsa-sha2-nistp384 AAAAE2VjZHNhLXNoYTItbmlzdHAzODQAAAAIbmlzdHAzODQAAABhBI0RhPnfxUR+HdFuzTP3YKHkg1eMazUX2c+7AMSgpRIoXL5iiZuU5CUiH2PzFs9mu91/XH9jT2AYITlg0zqUCBYR1tpbBsF1e27VWOIMWZ6YQW9rjzPqN4XrguhgnD+5Uw=="}} {{(pid=87464) _process_stack /opt/stack/nova/nova/api/openstack/wsgi.py:549}}
Aug 10 05:24:23.293603 np0000006857 devstack@n-api.service[87464]: DEBUG nova.quota [None req-e7b2279d-75c4-48b1-904d-0d6d58791420 tempest-VolumesAssistedSnapshotsTest-1561115134 tempest-VolumesAssistedSnapshotsTest-1561115134-project-member] Getting quotas for project 61297a026b91446cae8c8c3578add79e. Resources: {'key_pairs'} {{(pid=87464) _get_quotas /opt/stack/nova/nova/quota.py:389}}
Aug 10 05:24:23.297133 np0000006857 devstack@n-api.service[87464]: DEBUG nova.quota [None req-e7b2279d-75c4-48b1-904d-0d6d58791420 tempest-VolumesAssistedSnapshotsTest-1561115134 tempest-VolumesAssistedSnapshotsTest-1561115134-project-member] Getting quotas for user b5df0b93e06d4b34a6155906b27bf491 and project 61297a026b91446cae8c8c3578add79e. Resources: {'key_pairs'} {{(pid=87464) _get_quotas /opt/stack/nova/nova/quota.py:379}}
Aug 10 05:24:23.333741 np0000006857 devstack@n-api.service[87464]: INFO nova.api.openstack.requestlog [None req-e7b2279d-75c4-48b1-904d-0d6d58791420 tempest-VolumesAssistedSnapshotsTest-1561115134 tempest-VolumesAssistedSnapshotsTest-1561115134-project-member] 10.4.3.242 "POST /compute/v2.1/os-keypairs" status: 200 len: 386 microversion: 2.1 time: 0.384555
Aug 10 05:24:23.334396 np0000006857 devstack@n-api.service[87464]: [pid: 87464|app: 0|req: 16/68] 10.4.3.242 () {68 vars in 1277 bytes} [Mon Aug 10 05:24:22 2026] POST /compute/v2.1/os-keypairs => generated 386 bytes in 386 msecs (HTTP/1.1 200) 9 headers in 357 bytes (1 switches on core 0)
Aug 10 05:24:23.414955 np0000006857 devstack@n-api.service[87463]: DEBUG nova.policy [None req-a4460c70-122f-44d2-b5ee-851e670bda17 tempest-AttachVolumeShelveTestJSON-1348942805 tempest-AttachVolumeShelveTestJSON-1348942805-project-member] Policy check for os_compute_api:os-extended-server-attributes failed with credentials {'is_admin': False, 'user_id': '20295549a11e4d34bc6991cb38b4e5a4', 'user_domain_id': 'default', 'system_scope': None, 'domain_id': None, 'project_id': '1ba8c02f2d8448e0878525a8db1368de', 'project_domain_id': 'default', 'roles': ['member', 'reader'], 'is_admin_project': True, 'service_user_id': None, 'service_user_domain_id': None, 'service_project_id': None, 'service_project_domain_id': None, 'service_roles': []} {{(pid=87463) authorize /opt/stack/nova/nova/policy.py:202}}
Aug 10 05:24:23.423457 np0000006857 devstack@n-api.service[87463]: DEBUG nova.policy [None req-a4460c70-122f-44d2-b5ee-851e670bda17 tempest-AttachVolumeShelveTestJSON-1348942805 tempest-AttachVolumeShelveTestJSON-1348942805-project-member] Policy check for os_compute_api:servers:show:host_status failed with credentials {'is_admin': False, 'user_id': '20295549a11e4d34bc6991cb38b4e5a4', 'user_domain_id': 'default', 'system_scope': None, 'domain_id': None, 'project_id': '1ba8c02f2d8448e0878525a8db1368de', 'project_domain_id': 'default', 'roles': ['member', 'reader'], 'is_admin_project': True, 'service_user_id': None, 'service_user_domain_id': None, 'service_project_id': None, 'service_project_domain_id': None, 'service_roles': []} {{(pid=87463) authorize /opt/stack/nova/nova/policy.py:202}}
Aug 10 05:24:23.424605 np0000006857 devstack@n-api.service[87463]: DEBUG nova.policy [None req-a4460c70-122f-44d2-b5ee-851e670bda17 tempest-AttachVolumeShelveTestJSON-1348942805 tempest-AttachVolumeShelveTestJSON-1348942805-project-member] Policy check for os_compute_api:servers:show:host_status:unknown-only failed with credentials {'is_admin': False, 'user_id': '20295549a11e4d34bc6991cb38b4e5a4', 'user_domain_id': 'default', 'system_scope': None, 'domain_id': None, 'project_id': '1ba8c02f2d8448e0878525a8db1368de', 'project_domain_id': 'default', 'roles': ['member', 'reader'], 'is_admin_project': True, 'service_user_id': None, 'service_user_domain_id': None, 'service_project_id': None, 'service_project_domain_id': None, 'service_roles': []} {{(pid=87463) authorize /opt/stack/nova/nova/policy.py:202}}
Aug 10 05:24:23.428053 np0000006857 devstack@n-api.service[87463]: INFO nova.api.openstack.requestlog [None req-a4460c70-122f-44d2-b5ee-851e670bda17 tempest-AttachVolumeShelveTestJSON-1348942805 tempest-AttachVolumeShelveTestJSON-1348942805-project-member] 10.4.3.242 "GET /compute/v2.1/servers/804e8165-a45b-4b0e-b715-c3b58bacf172" status: 200 len: 1403 microversion: 2.20 time: 0.341209
Aug 10 05:24:23.428053 np0000006857 devstack@n-api.service[87463]: [pid: 87463|app: 0|req: 17/69] 10.4.3.242 () {68 vars in 1395 bytes} [Mon Aug 10 05:24:23 2026] GET /compute/v2.1/servers/804e8165-a45b-4b0e-b715-c3b58bacf172 => generated 1403 bytes in 342 msecs (HTTP/1.1 200) 9 headers in 360 bytes (1 switches on core 0)
Aug 10 05:24:23.824641 np0000006857 devstack@n-api.service[87462]: DEBUG nova.api.openstack.wsgi [None req-9a065aa4-5396-4ec2-9a25-45f390417626 tempest-AttachSCSIVolumeTestJSON-967622173 tempest-AttachSCSIVolumeTestJSON-967622173-project-member] Action: 'create', calling method: >, body: {"server": {"name": "tempest-AttachSCSIVolumeTestJSON-server-48686328", "imageRef": "1319cad4-3886-4e8b-b7ff-7daff4b59e38", "flavorRef": "42", "config_drive": true, "networks": [{"uuid": "406c61ad-2866-4cc9-8e09-28b0a880b7e1"}], "security_groups": [{"name": "tempest-securitygroup--1482062314"}], "key_name": "tempest-keypair-372696910", "user_data": "IyEvYmluL3NoCmVjaG8gIlByaW50aW5nIGNpcnJvcyB1c2VyIGF1dGhvcml6ZWQga2V5cyIKY2F0IH5jaXJyb3MvLnNzaC9hdXRob3JpemVkX2tleXMgfHwgdHJ1ZQo="}} {{(pid=87462) _process_stack /opt/stack/nova/nova/api/openstack/wsgi.py:549}}
Aug 10 05:24:23.957216 np0000006857 devstack@n-api.service[87462]: DEBUG oslo_concurrency.lockutils [None req-9a065aa4-5396-4ec2-9a25-45f390417626 tempest-AttachSCSIVolumeTestJSON-967622173 tempest-AttachSCSIVolumeTestJSON-967622173-project-member] Acquiring lock "00000000-0000-0000-0000-000000000000" by "nova.context.set_target_cell..get_or_set_cached_cell_and_set_connections" {{(pid=87462) inner /opt/stack/data/venv/lib/python3.12/site-packages/oslo_concurrency/lockutils.py:512}}
Aug 10 05:24:23.957927 np0000006857 devstack@n-api.service[87462]: DEBUG oslo_concurrency.lockutils [None req-9a065aa4-5396-4ec2-9a25-45f390417626 tempest-AttachSCSIVolumeTestJSON-967622173 tempest-AttachSCSIVolumeTestJSON-967622173-project-member] Lock "00000000-0000-0000-0000-000000000000" acquired by "nova.context.set_target_cell..get_or_set_cached_cell_and_set_connections" :: waited 0.001s {{(pid=87462) inner /opt/stack/data/venv/lib/python3.12/site-packages/oslo_concurrency/lockutils.py:525}}
Aug 10 05:24:23.959286 np0000006857 devstack@n-api.service[87462]: DEBUG oslo_concurrency.lockutils [None req-9a065aa4-5396-4ec2-9a25-45f390417626 tempest-AttachSCSIVolumeTestJSON-967622173 tempest-AttachSCSIVolumeTestJSON-967622173-project-member] Lock "00000000-0000-0000-0000-000000000000" "released" by "nova.context.set_target_cell..get_or_set_cached_cell_and_set_connections" :: held 0.001s {{(pid=87462) inner /opt/stack/data/venv/lib/python3.12/site-packages/oslo_concurrency/lockutils.py:544}}
Aug 10 05:24:23.959378 np0000006857 devstack@n-api.service[87462]: DEBUG oslo_concurrency.lockutils [None req-9a065aa4-5396-4ec2-9a25-45f390417626 tempest-AttachSCSIVolumeTestJSON-967622173 tempest-AttachSCSIVolumeTestJSON-967622173-project-member] Acquiring lock "a46ffc5f-1f08-4996-a90e-f35a7fd58673" by "nova.context.set_target_cell..get_or_set_cached_cell_and_set_connections" {{(pid=87462) inner /opt/stack/data/venv/lib/python3.12/site-packages/oslo_concurrency/lockutils.py:512}}
Aug 10 05:24:23.959980 np0000006857 devstack@n-api.service[87462]: DEBUG oslo_concurrency.lockutils [None req-9a065aa4-5396-4ec2-9a25-45f390417626 tempest-AttachSCSIVolumeTestJSON-967622173 tempest-AttachSCSIVolumeTestJSON-967622173-project-member] Lock "a46ffc5f-1f08-4996-a90e-f35a7fd58673" acquired by "nova.context.set_target_cell..get_or_set_cached_cell_and_set_connections" :: waited 0.001s {{(pid=87462) inner /opt/stack/data/venv/lib/python3.12/site-packages/oslo_concurrency/lockutils.py:525}}
Aug 10 05:24:23.960749 np0000006857 devstack@n-api.service[87462]: DEBUG oslo_concurrency.lockutils [None req-9a065aa4-5396-4ec2-9a25-45f390417626 tempest-AttachSCSIVolumeTestJSON-967622173 tempest-AttachSCSIVolumeTestJSON-967622173-project-member] Lock "a46ffc5f-1f08-4996-a90e-f35a7fd58673" "released" by "nova.context.set_target_cell..get_or_set_cached_cell_and_set_connections" :: held 0.001s {{(pid=87462) inner /opt/stack/data/venv/lib/python3.12/site-packages/oslo_concurrency/lockutils.py:544}}
Aug 10 05:24:23.970018 np0000006857 devstack@n-api.service[87462]: WARNING neutronclient.v2_0.client [None req-9a065aa4-5396-4ec2-9a25-45f390417626 tempest-AttachSCSIVolumeTestJSON-967622173 tempest-AttachSCSIVolumeTestJSON-967622173-project-member] The python binding code in neutronclient is deprecated in favor of OpenstackSDK, please use that as this will be removed in a future release.
Aug 10 05:24:23.970097 np0000006857 devstack@n-api.service[87465]: DEBUG nova.api.openstack.wsgi [None req-9ef85259-3d6e-483d-b917-d4f5d3fd0bbf tempest-ServerActionsTestOtherB-1365530482 tempest-ServerActionsTestOtherB-1365530482-project-member] Calling method '>' {{(pid=87465) _process_stack /opt/stack/nova/nova/api/openstack/wsgi.py:551}}
Aug 10 05:24:23.972053 np0000006857 devstack@n-api.service[87465]: DEBUG nova.compute.api [None req-9ef85259-3d6e-483d-b917-d4f5d3fd0bbf tempest-ServerActionsTestOtherB-1365530482 tempest-ServerActionsTestOtherB-1365530482-project-member] [instance: 1c044440-b53a-4165-baab-b32c61f4623e] Fetching instance by UUID {{(pid=87465) get /opt/stack/nova/nova/compute/api.py:3068}}
Aug 10 05:24:23.978303 np0000006857 devstack@n-api.service[87465]: DEBUG oslo_concurrency.lockutils [None req-9ef85259-3d6e-483d-b917-d4f5d3fd0bbf tempest-ServerActionsTestOtherB-1365530482 tempest-ServerActionsTestOtherB-1365530482-project-member] Acquiring lock "a46ffc5f-1f08-4996-a90e-f35a7fd58673" by "nova.context.set_target_cell..get_or_set_cached_cell_and_set_connections" {{(pid=87465) inner /opt/stack/data/venv/lib/python3.12/site-packages/oslo_concurrency/lockutils.py:512}}
Aug 10 05:24:23.978580 np0000006857 devstack@n-api.service[87465]: DEBUG oslo_concurrency.lockutils [None req-9ef85259-3d6e-483d-b917-d4f5d3fd0bbf tempest-ServerActionsTestOtherB-1365530482 tempest-ServerActionsTestOtherB-1365530482-project-member] Lock "a46ffc5f-1f08-4996-a90e-f35a7fd58673" acquired by "nova.context.set_target_cell..get_or_set_cached_cell_and_set_connections" :: waited 0.001s {{(pid=87465) inner /opt/stack/data/venv/lib/python3.12/site-packages/oslo_concurrency/lockutils.py:525}}
Aug 10 05:24:23.978846 np0000006857 devstack@n-api.service[87465]: DEBUG oslo_concurrency.lockutils [None req-9ef85259-3d6e-483d-b917-d4f5d3fd0bbf tempest-ServerActionsTestOtherB-1365530482 tempest-ServerActionsTestOtherB-1365530482-project-member] Lock "a46ffc5f-1f08-4996-a90e-f35a7fd58673" "released" by "nova.context.set_target_cell..get_or_set_cached_cell_and_set_connections" :: held 0.000s {{(pid=87465) inner /opt/stack/data/venv/lib/python3.12/site-packages/oslo_concurrency/lockutils.py:544}}
Aug 10 05:24:23.979384 np0000006857 devstack@n-api.service[87465]: DEBUG oslo_concurrency.lockutils [None req-9ef85259-3d6e-483d-b917-d4f5d3fd0bbf tempest-ServerActionsTestOtherB-1365530482 tempest-ServerActionsTestOtherB-1365530482-project-member] Acquiring lock "a46ffc5f-1f08-4996-a90e-f35a7fd58673" by "nova.context.set_target_cell..get_or_set_cached_cell_and_set_connections" {{(pid=87465) inner /opt/stack/data/venv/lib/python3.12/site-packages/oslo_concurrency/lockutils.py:512}}
Aug 10 05:24:23.979767 np0000006857 devstack@n-api.service[87465]: DEBUG oslo_concurrency.lockutils [None req-9ef85259-3d6e-483d-b917-d4f5d3fd0bbf tempest-ServerActionsTestOtherB-1365530482 tempest-ServerActionsTestOtherB-1365530482-project-member] Lock "a46ffc5f-1f08-4996-a90e-f35a7fd58673" acquired by "nova.context.set_target_cell..get_or_set_cached_cell_and_set_connections" :: waited 0.000s {{(pid=87465) inner /opt/stack/data/venv/lib/python3.12/site-packages/oslo_concurrency/lockutils.py:525}}
Aug 10 05:24:23.981839 np0000006857 devstack@n-api.service[87465]: DEBUG oslo_concurrency.lockutils [None req-9ef85259-3d6e-483d-b917-d4f5d3fd0bbf tempest-ServerActionsTestOtherB-1365530482 tempest-ServerActionsTestOtherB-1365530482-project-member] Lock "a46ffc5f-1f08-4996-a90e-f35a7fd58673" "released" by "nova.context.set_target_cell..get_or_set_cached_cell_and_set_connections" :: held 0.000s {{(pid=87465) inner /opt/stack/data/venv/lib/python3.12/site-packages/oslo_concurrency/lockutils.py:544}}
Aug 10 05:24:24.004412 np0000006857 devstack@n-api.service[87465]: WARNING neutronclient.v2_0.client [None req-9ef85259-3d6e-483d-b917-d4f5d3fd0bbf tempest-ServerActionsTestOtherB-1365530482 tempest-ServerActionsTestOtherB-1365530482-project-member] The python binding code in neutronclient is deprecated in favor of OpenstackSDK, please use that as this will be removed in a future release.
Aug 10 05:24:24.125619 np0000006857 devstack@n-api.service[87464]: DEBUG nova.api.openstack.wsgi [None req-d50148cf-1460-4c1b-8ff1-03e374b236f8 tempest-ServerBootFromVolumeStableRescueTest-2072988196 tempest-ServerBootFromVolumeStableRescueTest-2072988196-project-member] Calling method '>' {{(pid=87464) _process_stack /opt/stack/nova/nova/api/openstack/wsgi.py:551}}
Aug 10 05:24:24.125619 np0000006857 devstack@n-api.service[87464]: DEBUG nova.compute.api [None req-d50148cf-1460-4c1b-8ff1-03e374b236f8 tempest-ServerBootFromVolumeStableRescueTest-2072988196 tempest-ServerBootFromVolumeStableRescueTest-2072988196-project-member] [instance: 10e9cbf8-dad4-4392-9692-897d15258cd4] Fetching instance by UUID {{(pid=87464) get /opt/stack/nova/nova/compute/api.py:3068}}
Aug 10 05:24:24.131741 np0000006857 devstack@n-api.service[87464]: DEBUG oslo_concurrency.lockutils [None req-d50148cf-1460-4c1b-8ff1-03e374b236f8 tempest-ServerBootFromVolumeStableRescueTest-2072988196 tempest-ServerBootFromVolumeStableRescueTest-2072988196-project-member] Acquiring lock "a46ffc5f-1f08-4996-a90e-f35a7fd58673" by "nova.context.set_target_cell..get_or_set_cached_cell_and_set_connections" {{(pid=87464) inner /opt/stack/data/venv/lib/python3.12/site-packages/oslo_concurrency/lockutils.py:512}}
Aug 10 05:24:24.131984 np0000006857 devstack@n-api.service[87464]: DEBUG oslo_concurrency.lockutils [None req-d50148cf-1460-4c1b-8ff1-03e374b236f8 tempest-ServerBootFromVolumeStableRescueTest-2072988196 tempest-ServerBootFromVolumeStableRescueTest-2072988196-project-member] Lock "a46ffc5f-1f08-4996-a90e-f35a7fd58673" acquired by "nova.context.set_target_cell..get_or_set_cached_cell_and_set_connections" :: waited 0.000s {{(pid=87464) inner /opt/stack/data/venv/lib/python3.12/site-packages/oslo_concurrency/lockutils.py:525}}
Aug 10 05:24:24.132239 np0000006857 devstack@n-api.service[87464]: DEBUG oslo_concurrency.lockutils [None req-d50148cf-1460-4c1b-8ff1-03e374b236f8 tempest-ServerBootFromVolumeStableRescueTest-2072988196 tempest-ServerBootFromVolumeStableRescueTest-2072988196-project-member] Lock "a46ffc5f-1f08-4996-a90e-f35a7fd58673" "released" by "nova.context.set_target_cell..get_or_set_cached_cell_and_set_connections" :: held 0.000s {{(pid=87464) inner /opt/stack/data/venv/lib/python3.12/site-packages/oslo_concurrency/lockutils.py:544}}
Aug 10 05:24:24.135618 np0000006857 devstack@n-api.service[87464]: DEBUG oslo_concurrency.lockutils [None req-d50148cf-1460-4c1b-8ff1-03e374b236f8 tempest-ServerBootFromVolumeStableRescueTest-2072988196 tempest-ServerBootFromVolumeStableRescueTest-2072988196-project-member] Acquiring lock "a46ffc5f-1f08-4996-a90e-f35a7fd58673" by "nova.context.set_target_cell..get_or_set_cached_cell_and_set_connections" {{(pid=87464) inner /opt/stack/data/venv/lib/python3.12/site-packages/oslo_concurrency/lockutils.py:512}}
Aug 10 05:24:24.135618 np0000006857 devstack@n-api.service[87464]: DEBUG oslo_concurrency.lockutils [None req-d50148cf-1460-4c1b-8ff1-03e374b236f8 tempest-ServerBootFromVolumeStableRescueTest-2072988196 tempest-ServerBootFromVolumeStableRescueTest-2072988196-project-member] Lock "a46ffc5f-1f08-4996-a90e-f35a7fd58673" acquired by "nova.context.set_target_cell..get_or_set_cached_cell_and_set_connections" :: waited 0.000s {{(pid=87464) inner /opt/stack/data/venv/lib/python3.12/site-packages/oslo_concurrency/lockutils.py:525}}
Aug 10 05:24:24.135618 np0000006857 devstack@n-api.service[87464]: DEBUG oslo_concurrency.lockutils [None req-d50148cf-1460-4c1b-8ff1-03e374b236f8 tempest-ServerBootFromVolumeStableRescueTest-2072988196 tempest-ServerBootFromVolumeStableRescueTest-2072988196-project-member] Lock "a46ffc5f-1f08-4996-a90e-f35a7fd58673" "released" by "nova.context.set_target_cell..get_or_set_cached_cell_and_set_connections" :: held 0.000s {{(pid=87464) inner /opt/stack/data/venv/lib/python3.12/site-packages/oslo_concurrency/lockutils.py:544}}
Aug 10 05:24:24.161775 np0000006857 devstack@n-api.service[87464]: WARNING neutronclient.v2_0.client [None req-d50148cf-1460-4c1b-8ff1-03e374b236f8 tempest-ServerBootFromVolumeStableRescueTest-2072988196 tempest-ServerBootFromVolumeStableRescueTest-2072988196-project-member] The python binding code in neutronclient is deprecated in favor of OpenstackSDK, please use that as this will be removed in a future release.
Aug 10 05:24:24.179102 np0000006857 devstack@n-api.service[87463]: DEBUG nova.api.openstack.wsgi [None req-2fa638b1-c755-46c8-ba0b-6abe2dfccc5e tempest-DeleteServersTestJSON-331732802 tempest-DeleteServersTestJSON-331732802-project-member] Calling method '>' {{(pid=87463) _process_stack /opt/stack/nova/nova/api/openstack/wsgi.py:551}}
Aug 10 05:24:24.183250 np0000006857 devstack@n-api.service[87463]: DEBUG nova.compute.api [None req-2fa638b1-c755-46c8-ba0b-6abe2dfccc5e tempest-DeleteServersTestJSON-331732802 tempest-DeleteServersTestJSON-331732802-project-member] [instance: 7b11bfa2-9afb-4370-a790-fa32528b92d7] Fetching instance by UUID {{(pid=87463) get /opt/stack/nova/nova/compute/api.py:3068}}
Aug 10 05:24:24.194083 np0000006857 devstack@n-api.service[87463]: DEBUG oslo_concurrency.lockutils [None req-2fa638b1-c755-46c8-ba0b-6abe2dfccc5e tempest-DeleteServersTestJSON-331732802 tempest-DeleteServersTestJSON-331732802-project-member] Acquiring lock "a46ffc5f-1f08-4996-a90e-f35a7fd58673" by "nova.context.set_target_cell..get_or_set_cached_cell_and_set_connections" {{(pid=87463) inner /opt/stack/data/venv/lib/python3.12/site-packages/oslo_concurrency/lockutils.py:512}}
Aug 10 05:24:24.194644 np0000006857 devstack@n-api.service[87463]: DEBUG oslo_concurrency.lockutils [None req-2fa638b1-c755-46c8-ba0b-6abe2dfccc5e tempest-DeleteServersTestJSON-331732802 tempest-DeleteServersTestJSON-331732802-project-member] Lock "a46ffc5f-1f08-4996-a90e-f35a7fd58673" acquired by "nova.context.set_target_cell..get_or_set_cached_cell_and_set_connections" :: waited 0.000s {{(pid=87463) inner /opt/stack/data/venv/lib/python3.12/site-packages/oslo_concurrency/lockutils.py:525}}
Aug 10 05:24:24.196435 np0000006857 devstack@n-api.service[87463]: DEBUG oslo_concurrency.lockutils [None req-2fa638b1-c755-46c8-ba0b-6abe2dfccc5e tempest-DeleteServersTestJSON-331732802 tempest-DeleteServersTestJSON-331732802-project-member] Lock "a46ffc5f-1f08-4996-a90e-f35a7fd58673" "released" by "nova.context.set_target_cell..get_or_set_cached_cell_and_set_connections" :: held 0.000s {{(pid=87463) inner /opt/stack/data/venv/lib/python3.12/site-packages/oslo_concurrency/lockutils.py:544}}
Aug 10 05:24:24.196890 np0000006857 devstack@n-api.service[87463]: DEBUG oslo_concurrency.lockutils [None req-2fa638b1-c755-46c8-ba0b-6abe2dfccc5e tempest-DeleteServersTestJSON-331732802 tempest-DeleteServersTestJSON-331732802-project-member] Acquiring lock "a46ffc5f-1f08-4996-a90e-f35a7fd58673" by "nova.context.set_target_cell..get_or_set_cached_cell_and_set_connections" {{(pid=87463) inner /opt/stack/data/venv/lib/python3.12/site-packages/oslo_concurrency/lockutils.py:512}}
Aug 10 05:24:24.197333 np0000006857 devstack@n-api.service[87463]: DEBUG oslo_concurrency.lockutils [None req-2fa638b1-c755-46c8-ba0b-6abe2dfccc5e tempest-DeleteServersTestJSON-331732802 tempest-DeleteServersTestJSON-331732802-project-member] Lock "a46ffc5f-1f08-4996-a90e-f35a7fd58673" acquired by "nova.context.set_target_cell..get_or_set_cached_cell_and_set_connections" :: waited 0.000s {{(pid=87463) inner /opt/stack/data/venv/lib/python3.12/site-packages/oslo_concurrency/lockutils.py:525}}
Aug 10 05:24:24.197800 np0000006857 devstack@n-api.service[87463]: DEBUG oslo_concurrency.lockutils [None req-2fa638b1-c755-46c8-ba0b-6abe2dfccc5e tempest-DeleteServersTestJSON-331732802 tempest-DeleteServersTestJSON-331732802-project-member] Lock "a46ffc5f-1f08-4996-a90e-f35a7fd58673" "released" by "nova.context.set_target_cell..get_or_set_cached_cell_and_set_connections" :: held 0.000s {{(pid=87463) inner /opt/stack/data/venv/lib/python3.12/site-packages/oslo_concurrency/lockutils.py:544}}
Aug 10 05:24:24.230773 np0000006857 devstack@n-api.service[87463]: WARNING neutronclient.v2_0.client [None req-2fa638b1-c755-46c8-ba0b-6abe2dfccc5e tempest-DeleteServersTestJSON-331732802 tempest-DeleteServersTestJSON-331732802-project-member] The python binding code in neutronclient is deprecated in favor of OpenstackSDK, please use that as this will be removed in a future release.
Aug 10 05:24:24.258975 np0000006857 devstack@n-api.service[87465]: DEBUG nova.policy [None req-9ef85259-3d6e-483d-b917-d4f5d3fd0bbf tempest-ServerActionsTestOtherB-1365530482 tempest-ServerActionsTestOtherB-1365530482-project-member] Policy check for os_compute_api:os-extended-server-attributes failed with credentials {'is_admin': False, 'user_id': '1dad113dda70422180d98648b3690d98', 'user_domain_id': 'default', 'system_scope': None, 'domain_id': None, 'project_id': 'afdd1fab6a05424f8d44626c877d6c10', 'project_domain_id': 'default', 'roles': ['member', 'reader'], 'is_admin_project': True, 'service_user_id': None, 'service_user_domain_id': None, 'service_project_id': None, 'service_project_domain_id': None, 'service_roles': []} {{(pid=87465) authorize /opt/stack/nova/nova/policy.py:202}}
Aug 10 05:24:24.276420 np0000006857 devstack@n-api.service[87465]: INFO nova.api.openstack.requestlog [None req-9ef85259-3d6e-483d-b917-d4f5d3fd0bbf tempest-ServerActionsTestOtherB-1365530482 tempest-ServerActionsTestOtherB-1365530482-project-member] 10.4.3.242 "GET /compute/v2.1/servers/1c044440-b53a-4165-baab-b32c61f4623e" status: 200 len: 1365 microversion: 2.1 time: 0.309965
Aug 10 05:24:24.277482 np0000006857 devstack@n-api.service[87465]: [pid: 87465|app: 0|req: 21/70] 10.4.3.242 () {66 vars in 1354 bytes} [Mon Aug 10 05:24:23 2026] GET /compute/v2.1/servers/1c044440-b53a-4165-baab-b32c61f4623e => generated 1365 bytes in 311 msecs (HTTP/1.1 200) 9 headers in 358 bytes (1 switches on core 0)
Aug 10 05:24:24.453520 np0000006857 devstack@n-api.service[87465]: DEBUG nova.api.openstack.wsgi [None req-8b27ffed-cc99-4804-8cbc-820c9989070d tempest-AttachVolumeShelveTestJSON-1348942805 tempest-AttachVolumeShelveTestJSON-1348942805-project-member] Calling method '>' {{(pid=87465) _process_stack /opt/stack/nova/nova/api/openstack/wsgi.py:551}}
Aug 10 05:24:24.455310 np0000006857 devstack@n-api.service[87465]: DEBUG nova.compute.api [None req-8b27ffed-cc99-4804-8cbc-820c9989070d tempest-AttachVolumeShelveTestJSON-1348942805 tempest-AttachVolumeShelveTestJSON-1348942805-project-member] [instance: 804e8165-a45b-4b0e-b715-c3b58bacf172] Fetching instance by UUID {{(pid=87465) get /opt/stack/nova/nova/compute/api.py:3068}}
Aug 10 05:24:24.464765 np0000006857 devstack@n-api.service[87465]: DEBUG oslo_concurrency.lockutils [None req-8b27ffed-cc99-4804-8cbc-820c9989070d tempest-AttachVolumeShelveTestJSON-1348942805 tempest-AttachVolumeShelveTestJSON-1348942805-project-member] Acquiring lock "a46ffc5f-1f08-4996-a90e-f35a7fd58673" by "nova.context.set_target_cell..get_or_set_cached_cell_and_set_connections" {{(pid=87465) inner /opt/stack/data/venv/lib/python3.12/site-packages/oslo_concurrency/lockutils.py:512}}
Aug 10 05:24:24.465010 np0000006857 devstack@n-api.service[87465]: DEBUG oslo_concurrency.lockutils [None req-8b27ffed-cc99-4804-8cbc-820c9989070d tempest-AttachVolumeShelveTestJSON-1348942805 tempest-AttachVolumeShelveTestJSON-1348942805-project-member] Lock "a46ffc5f-1f08-4996-a90e-f35a7fd58673" acquired by "nova.context.set_target_cell..get_or_set_cached_cell_and_set_connections" :: waited 0.001s {{(pid=87465) inner /opt/stack/data/venv/lib/python3.12/site-packages/oslo_concurrency/lockutils.py:525}}
Aug 10 05:24:24.465389 np0000006857 devstack@n-api.service[87465]: DEBUG oslo_concurrency.lockutils [None req-8b27ffed-cc99-4804-8cbc-820c9989070d tempest-AttachVolumeShelveTestJSON-1348942805 tempest-AttachVolumeShelveTestJSON-1348942805-project-member] Lock "a46ffc5f-1f08-4996-a90e-f35a7fd58673" "released" by "nova.context.set_target_cell..get_or_set_cached_cell_and_set_connections" :: held 0.000s {{(pid=87465) inner /opt/stack/data/venv/lib/python3.12/site-packages/oslo_concurrency/lockutils.py:544}}
Aug 10 05:24:24.466037 np0000006857 devstack@n-api.service[87465]: DEBUG oslo_concurrency.lockutils [None req-8b27ffed-cc99-4804-8cbc-820c9989070d tempest-AttachVolumeShelveTestJSON-1348942805 tempest-AttachVolumeShelveTestJSON-1348942805-project-member] Acquiring lock "a46ffc5f-1f08-4996-a90e-f35a7fd58673" by "nova.context.set_target_cell..get_or_set_cached_cell_and_set_connections" {{(pid=87465) inner /opt/stack/data/venv/lib/python3.12/site-packages/oslo_concurrency/lockutils.py:512}}
Aug 10 05:24:24.467207 np0000006857 devstack@n-api.service[87465]: DEBUG oslo_concurrency.lockutils [None req-8b27ffed-cc99-4804-8cbc-820c9989070d tempest-AttachVolumeShelveTestJSON-1348942805 tempest-AttachVolumeShelveTestJSON-1348942805-project-member] Lock "a46ffc5f-1f08-4996-a90e-f35a7fd58673" acquired by "nova.context.set_target_cell..get_or_set_cached_cell_and_set_connections" :: waited 0.000s {{(pid=87465) inner /opt/stack/data/venv/lib/python3.12/site-packages/oslo_concurrency/lockutils.py:525}}
Aug 10 05:24:24.467207 np0000006857 devstack@n-api.service[87465]: DEBUG oslo_concurrency.lockutils [None req-8b27ffed-cc99-4804-8cbc-820c9989070d tempest-AttachVolumeShelveTestJSON-1348942805 tempest-AttachVolumeShelveTestJSON-1348942805-project-member] Lock "a46ffc5f-1f08-4996-a90e-f35a7fd58673" "released" by "nova.context.set_target_cell..get_or_set_cached_cell_and_set_connections" :: held 0.000s {{(pid=87465) inner /opt/stack/data/venv/lib/python3.12/site-packages/oslo_concurrency/lockutils.py:544}}
Aug 10 05:24:24.493543 np0000006857 devstack@n-api.service[87465]: WARNING neutronclient.v2_0.client [None req-8b27ffed-cc99-4804-8cbc-820c9989070d tempest-AttachVolumeShelveTestJSON-1348942805 tempest-AttachVolumeShelveTestJSON-1348942805-project-member] The python binding code in neutronclient is deprecated in favor of OpenstackSDK, please use that as this will be removed in a future release.
Aug 10 05:24:24.504029 np0000006857 devstack@n-api.service[87463]: DEBUG nova.policy [None req-2fa638b1-c755-46c8-ba0b-6abe2dfccc5e tempest-DeleteServersTestJSON-331732802 tempest-DeleteServersTestJSON-331732802-project-member] Policy check for os_compute_api:os-extended-server-attributes failed with credentials {'is_admin': False, 'user_id': 'ebdf6c490b7844d891d4ad2b888e7cb6', 'user_domain_id': 'default', 'system_scope': None, 'domain_id': None, 'project_id': '53bec33ad9254dfabada17a18719b5a8', 'project_domain_id': 'default', 'roles': ['member', 'reader'], 'is_admin_project': True, 'service_user_id': None, 'service_user_domain_id': None, 'service_project_id': None, 'service_project_domain_id': None, 'service_roles': []} {{(pid=87463) authorize /opt/stack/nova/nova/policy.py:202}}
Aug 10 05:24:24.516056 np0000006857 devstack@n-api.service[87463]: INFO nova.api.openstack.requestlog [None req-2fa638b1-c755-46c8-ba0b-6abe2dfccc5e tempest-DeleteServersTestJSON-331732802 tempest-DeleteServersTestJSON-331732802-project-member] 10.4.3.242 "GET /compute/v2.1/servers/7b11bfa2-9afb-4370-a790-fa32528b92d7" status: 200 len: 1313 microversion: 2.1 time: 0.342415
Aug 10 05:24:24.516898 np0000006857 devstack@n-api.service[87463]: [pid: 87463|app: 0|req: 18/71] 10.4.3.242 () {66 vars in 1354 bytes} [Mon Aug 10 05:24:24 2026] GET /compute/v2.1/servers/7b11bfa2-9afb-4370-a790-fa32528b92d7 => generated 1313 bytes in 343 msecs (HTTP/1.1 200) 9 headers in 358 bytes (1 switches on core 0)
Aug 10 05:24:24.547622 np0000006857 devstack@n-api.service[87462]: DEBUG nova.network.neutron [None req-9a065aa4-5396-4ec2-9a25-45f390417626 tempest-AttachSCSIVolumeTestJSON-967622173 tempest-AttachSCSIVolumeTestJSON-967622173-project-member] validate_networks() for [('406c61ad-2866-4cc9-8e09-28b0a880b7e1', None, None, None, None, None)] {{(pid=87462) validate_networks /opt/stack/nova/nova/network/neutron.py:2686}}
Aug 10 05:24:24.548684 np0000006857 devstack@n-api.service[87462]: WARNING neutronclient.v2_0.client [None req-9a065aa4-5396-4ec2-9a25-45f390417626 tempest-AttachSCSIVolumeTestJSON-967622173 tempest-AttachSCSIVolumeTestJSON-967622173-project-member] The python binding code in neutronclient is deprecated in favor of OpenstackSDK, please use that as this will be removed in a future release.
Aug 10 05:24:24.552774 np0000006857 devstack@n-api.service[87464]: DEBUG nova.policy [None req-d50148cf-1460-4c1b-8ff1-03e374b236f8 tempest-ServerBootFromVolumeStableRescueTest-2072988196 tempest-ServerBootFromVolumeStableRescueTest-2072988196-project-member] Policy check for os_compute_api:os-extended-server-attributes failed with credentials {'is_admin': False, 'user_id': '5d1ce99854a544378fff559650f807df', 'user_domain_id': 'default', 'system_scope': None, 'domain_id': None, 'project_id': '13a540ebef3447caa0eec806685e63d3', 'project_domain_id': 'default', 'roles': ['member', 'reader'], 'is_admin_project': True, 'service_user_id': None, 'service_user_domain_id': None, 'service_project_id': None, 'service_project_domain_id': None, 'service_roles': []} {{(pid=87464) authorize /opt/stack/nova/nova/policy.py:202}}
Aug 10 05:24:24.561083 np0000006857 devstack@n-api.service[87464]: DEBUG nova.policy [None req-d50148cf-1460-4c1b-8ff1-03e374b236f8 tempest-ServerBootFromVolumeStableRescueTest-2072988196 tempest-ServerBootFromVolumeStableRescueTest-2072988196-project-member] Policy check for os_compute_api:servers:show:host_status failed with credentials {'is_admin': False, 'user_id': '5d1ce99854a544378fff559650f807df', 'user_domain_id': 'default', 'system_scope': None, 'domain_id': None, 'project_id': '13a540ebef3447caa0eec806685e63d3', 'project_domain_id': 'default', 'roles': ['member', 'reader'], 'is_admin_project': True, 'service_user_id': None, 'service_user_domain_id': None, 'service_project_id': None, 'service_project_domain_id': None, 'service_roles': []} {{(pid=87464) authorize /opt/stack/nova/nova/policy.py:202}}
Aug 10 05:24:24.562648 np0000006857 devstack@n-api.service[87464]: DEBUG nova.policy [None req-d50148cf-1460-4c1b-8ff1-03e374b236f8 tempest-ServerBootFromVolumeStableRescueTest-2072988196 tempest-ServerBootFromVolumeStableRescueTest-2072988196-project-member] Policy check for os_compute_api:servers:show:host_status:unknown-only failed with credentials {'is_admin': False, 'user_id': '5d1ce99854a544378fff559650f807df', 'user_domain_id': 'default', 'system_scope': None, 'domain_id': None, 'project_id': '13a540ebef3447caa0eec806685e63d3', 'project_domain_id': 'default', 'roles': ['member', 'reader'], 'is_admin_project': True, 'service_user_id': None, 'service_user_domain_id': None, 'service_project_id': None, 'service_project_domain_id': None, 'service_roles': []} {{(pid=87464) authorize /opt/stack/nova/nova/policy.py:202}}
Aug 10 05:24:24.576401 np0000006857 devstack@n-api.service[87464]: INFO nova.api.openstack.requestlog [None req-d50148cf-1460-4c1b-8ff1-03e374b236f8 tempest-ServerBootFromVolumeStableRescueTest-2072988196 tempest-ServerBootFromVolumeStableRescueTest-2072988196-project-member] 10.4.3.242 "GET /compute/v2.1/servers/10e9cbf8-dad4-4392-9692-897d15258cd4" status: 200 len: 1498 microversion: 2.87 time: 0.456619
Aug 10 05:24:24.576947 np0000006857 devstack@n-api.service[87464]: [pid: 87464|app: 0|req: 17/72] 10.4.3.242 () {68 vars in 1395 bytes} [Mon Aug 10 05:24:24 2026] GET /compute/v2.1/servers/10e9cbf8-dad4-4392-9692-897d15258cd4 => generated 1498 bytes in 458 msecs (HTTP/1.1 200) 9 headers in 360 bytes (1 switches on core 0)
Aug 10 05:24:24.732667 np0000006857 devstack@n-api.service[87463]: DEBUG nova.api.openstack.wsgi [req-113e4718-3079-4303-96a5-439c03f95beb req-6fbaee60-331e-4a62-99d8-7c8c21c3d1bc service nova] Action: 'create', calling method: >, body: {"events": [{"server_uuid": "10e9cbf8-dad4-4392-9692-897d15258cd4", "name": "network-vif-plugged", "status": "completed", "tag": "8e82243d-3f29-4845-bc14-e75b27e687b6"}]} {{(pid=87463) _process_stack /opt/stack/nova/nova/api/openstack/wsgi.py:549}}
Aug 10 05:24:24.739851 np0000006857 devstack@n-api.service[87463]: DEBUG oslo_concurrency.lockutils [req-113e4718-3079-4303-96a5-439c03f95beb req-6fbaee60-331e-4a62-99d8-7c8c21c3d1bc service nova] Acquiring lock "a46ffc5f-1f08-4996-a90e-f35a7fd58673" by "nova.context.set_target_cell..get_or_set_cached_cell_and_set_connections" {{(pid=87463) inner /opt/stack/data/venv/lib/python3.12/site-packages/oslo_concurrency/lockutils.py:512}}
Aug 10 05:24:24.741888 np0000006857 devstack@n-api.service[87463]: DEBUG oslo_concurrency.lockutils [req-113e4718-3079-4303-96a5-439c03f95beb req-6fbaee60-331e-4a62-99d8-7c8c21c3d1bc service nova] Lock "a46ffc5f-1f08-4996-a90e-f35a7fd58673" acquired by "nova.context.set_target_cell..get_or_set_cached_cell_and_set_connections" :: waited 0.000s {{(pid=87463) inner /opt/stack/data/venv/lib/python3.12/site-packages/oslo_concurrency/lockutils.py:525}}
Aug 10 05:24:24.741888 np0000006857 devstack@n-api.service[87463]: DEBUG oslo_concurrency.lockutils [req-113e4718-3079-4303-96a5-439c03f95beb req-6fbaee60-331e-4a62-99d8-7c8c21c3d1bc service nova] Lock "a46ffc5f-1f08-4996-a90e-f35a7fd58673" "released" by "nova.context.set_target_cell..get_or_set_cached_cell_and_set_connections" :: held 0.000s {{(pid=87463) inner /opt/stack/data/venv/lib/python3.12/site-packages/oslo_concurrency/lockutils.py:544}}
Aug 10 05:24:24.742323 np0000006857 devstack@n-api.service[87465]: DEBUG nova.policy [None req-8b27ffed-cc99-4804-8cbc-820c9989070d tempest-AttachVolumeShelveTestJSON-1348942805 tempest-AttachVolumeShelveTestJSON-1348942805-project-member] Policy check for os_compute_api:os-extended-server-attributes failed with credentials {'is_admin': False, 'user_id': '20295549a11e4d34bc6991cb38b4e5a4', 'user_domain_id': 'default', 'system_scope': None, 'domain_id': None, 'project_id': '1ba8c02f2d8448e0878525a8db1368de', 'project_domain_id': 'default', 'roles': ['member', 'reader'], 'is_admin_project': True, 'service_user_id': None, 'service_user_domain_id': None, 'service_project_id': None, 'service_project_domain_id': None, 'service_roles': []} {{(pid=87465) authorize /opt/stack/nova/nova/policy.py:202}}
Aug 10 05:24:24.749107 np0000006857 devstack@n-api.service[87463]: INFO nova.api.openstack.compute.server_external_events [req-113e4718-3079-4303-96a5-439c03f95beb req-6fbaee60-331e-4a62-99d8-7c8c21c3d1bc service nova] Creating event network-vif-plugged:8e82243d-3f29-4845-bc14-e75b27e687b6 for instance 10e9cbf8-dad4-4392-9692-897d15258cd4 on np0000006857
Aug 10 05:24:24.749877 np0000006857 devstack@n-api.service[87463]: DEBUG nova.compute.rpcapi [req-113e4718-3079-4303-96a5-439c03f95beb req-6fbaee60-331e-4a62-99d8-7c8c21c3d1bc service nova] RPC: Sending the message to topic: compute-alt {{(pid=87463) prepare_for_alt_rpcserver /opt/stack/nova/nova/compute/rpcapi.py:595}}
Aug 10 05:24:24.751774 np0000006857 devstack@n-api.service[87465]: DEBUG nova.policy [None req-8b27ffed-cc99-4804-8cbc-820c9989070d tempest-AttachVolumeShelveTestJSON-1348942805 tempest-AttachVolumeShelveTestJSON-1348942805-project-member] Policy check for os_compute_api:servers:show:host_status failed with credentials {'is_admin': False, 'user_id': '20295549a11e4d34bc6991cb38b4e5a4', 'user_domain_id': 'default', 'system_scope': None, 'domain_id': None, 'project_id': '1ba8c02f2d8448e0878525a8db1368de', 'project_domain_id': 'default', 'roles': ['member', 'reader'], 'is_admin_project': True, 'service_user_id': None, 'service_user_domain_id': None, 'service_project_id': None, 'service_project_domain_id': None, 'service_roles': []} {{(pid=87465) authorize /opt/stack/nova/nova/policy.py:202}}
Aug 10 05:24:24.752838 np0000006857 devstack@n-api.service[87465]: DEBUG nova.policy [None req-8b27ffed-cc99-4804-8cbc-820c9989070d tempest-AttachVolumeShelveTestJSON-1348942805 tempest-AttachVolumeShelveTestJSON-1348942805-project-member] Policy check for os_compute_api:servers:show:host_status:unknown-only failed with credentials {'is_admin': False, 'user_id': '20295549a11e4d34bc6991cb38b4e5a4', 'user_domain_id': 'default', 'system_scope': None, 'domain_id': None, 'project_id': '1ba8c02f2d8448e0878525a8db1368de', 'project_domain_id': 'default', 'roles': ['member', 'reader'], 'is_admin_project': True, 'service_user_id': None, 'service_user_domain_id': None, 'service_project_id': None, 'service_project_domain_id': None, 'service_roles': []} {{(pid=87465) authorize /opt/stack/nova/nova/policy.py:202}}
Aug 10 05:24:24.757229 np0000006857 devstack@n-api.service[87463]: INFO nova.api.openstack.requestlog [req-113e4718-3079-4303-96a5-439c03f95beb req-6fbaee60-331e-4a62-99d8-7c8c21c3d1bc service nova] 10.4.3.242 "POST /compute/v2.1/os-server-external-events" status: 200 len: 183 microversion: 2.1 time: 0.239449
Aug 10 05:24:24.757229 np0000006857 devstack@n-api.service[87463]: [pid: 87463|app: 0|req: 19/73] 10.4.3.242 () {72 vars in 1432 bytes} [Mon Aug 10 05:24:24 2026] POST /compute/v2.1/os-server-external-events => generated 183 bytes in 240 msecs (HTTP/1.1 200) 9 headers in 357 bytes (1 switches on core 0)
Aug 10 05:24:24.757900 np0000006857 devstack@n-api.service[87465]: INFO nova.api.openstack.requestlog [None req-8b27ffed-cc99-4804-8cbc-820c9989070d tempest-AttachVolumeShelveTestJSON-1348942805 tempest-AttachVolumeShelveTestJSON-1348942805-project-member] 10.4.3.242 "GET /compute/v2.1/servers/804e8165-a45b-4b0e-b715-c3b58bacf172" status: 200 len: 1403 microversion: 2.20 time: 0.306811
Aug 10 05:24:24.758279 np0000006857 devstack@n-api.service[87465]: [pid: 87465|app: 0|req: 22/74] 10.4.3.242 () {68 vars in 1395 bytes} [Mon Aug 10 05:24:24 2026] GET /compute/v2.1/servers/804e8165-a45b-4b0e-b715-c3b58bacf172 => generated 1403 bytes in 308 msecs (HTTP/1.1 200) 9 headers in 360 bytes (1 switches on core 0)
Aug 10 05:24:24.894287 np0000006857 devstack@n-api.service[87462]: WARNING neutronclient.v2_0.client [None req-9a065aa4-5396-4ec2-9a25-45f390417626 tempest-AttachSCSIVolumeTestJSON-967622173 tempest-AttachSCSIVolumeTestJSON-967622173-project-member] The python binding code in neutronclient is deprecated in favor of OpenstackSDK, please use that as this will be removed in a future release.
Aug 10 05:24:25.133228 np0000006857 devstack@n-api.service[87462]: DEBUG nova.virt.hardware [None req-9a065aa4-5396-4ec2-9a25-45f390417626 tempest-AttachSCSIVolumeTestJSON-967622173 tempest-AttachSCSIVolumeTestJSON-967622173-project-member] Flavor limits 0:0:0 {{(pid=87462) get_cpu_topology_constraints /opt/stack/nova/nova/virt/hardware.py:516}}
Aug 10 05:24:25.133499 np0000006857 devstack@n-api.service[87462]: DEBUG nova.virt.hardware [None req-9a065aa4-5396-4ec2-9a25-45f390417626 tempest-AttachSCSIVolumeTestJSON-967622173 tempest-AttachSCSIVolumeTestJSON-967622173-project-member] Image limits 0:0:0 {{(pid=87462) get_cpu_topology_constraints /opt/stack/nova/nova/virt/hardware.py:520}}
Aug 10 05:24:25.133856 np0000006857 devstack@n-api.service[87462]: DEBUG nova.virt.hardware [None req-9a065aa4-5396-4ec2-9a25-45f390417626 tempest-AttachSCSIVolumeTestJSON-967622173 tempest-AttachSCSIVolumeTestJSON-967622173-project-member] Flavor pref 0:0:0 {{(pid=87462) get_cpu_topology_constraints /opt/stack/nova/nova/virt/hardware.py:556}}
Aug 10 05:24:25.134116 np0000006857 devstack@n-api.service[87462]: DEBUG nova.virt.hardware [None req-9a065aa4-5396-4ec2-9a25-45f390417626 tempest-AttachSCSIVolumeTestJSON-967622173 tempest-AttachSCSIVolumeTestJSON-967622173-project-member] Image pref 0:0:0 {{(pid=87462) get_cpu_topology_constraints /opt/stack/nova/nova/virt/hardware.py:560}}
Aug 10 05:24:25.134988 np0000006857 devstack@n-api.service[87462]: DEBUG nova.virt.hardware [None req-9a065aa4-5396-4ec2-9a25-45f390417626 tempest-AttachSCSIVolumeTestJSON-967622173 tempest-AttachSCSIVolumeTestJSON-967622173-project-member] Chose sockets=0, cores=0, threads=0; limits were sockets=65536, cores=65536, threads=65536 {{(pid=87462) get_cpu_topology_constraints /opt/stack/nova/nova/virt/hardware.py:598}}
