Aug 10 05:21:41.395339 np0000006857 nova-scheduler[96576]: DEBUG cotyledon.oslo_config_glue [-] workarounds.handle_virt_lifecycle_events = True {{(pid=96576) log_opt_values /opt/stack/data/venv/lib/python3.12/site-packages/oslo_config/cfg.py:3545}}
Aug 10 05:21:41.395339 np0000006857 nova-scheduler[96576]: DEBUG cotyledon.oslo_config_glue [-] workarounds.libvirt_disable_apic = False {{(pid=96576) log_opt_values /opt/stack/data/venv/lib/python3.12/site-packages/oslo_config/cfg.py:3545}}
Aug 10 05:21:41.395339 np0000006857 nova-scheduler[96576]: DEBUG cotyledon.oslo_config_glue [-] workarounds.never_download_image_if_on_rbd = False {{(pid=96576) log_opt_values /opt/stack/data/venv/lib/python3.12/site-packages/oslo_config/cfg.py:3545}}
Aug 10 05:21:41.395339 np0000006857 nova-scheduler[96576]: DEBUG cotyledon.oslo_config_glue [-] workarounds.qemu_monitor_announce_self_count = 3 {{(pid=96576) log_opt_values /opt/stack/data/venv/lib/python3.12/site-packages/oslo_config/cfg.py:3545}}
Aug 10 05:21:41.395339 np0000006857 nova-scheduler[96576]: DEBUG cotyledon.oslo_config_glue [-] workarounds.qemu_monitor_announce_self_interval = 1 {{(pid=96576) log_opt_values /opt/stack/data/venv/lib/python3.12/site-packages/oslo_config/cfg.py:3545}}
Aug 10 05:21:41.395339 np0000006857 nova-scheduler[96576]: DEBUG cotyledon.oslo_config_glue [-] workarounds.reserve_disk_resource_for_image_cache = False {{(pid=96576) log_opt_values /opt/stack/data/venv/lib/python3.12/site-packages/oslo_config/cfg.py:3545}}
Aug 10 05:21:41.395506 np0000006857 nova-scheduler[96576]: DEBUG cotyledon.oslo_config_glue [-] workarounds.skip_cpu_compare_at_startup = False {{(pid=96576) log_opt_values /opt/stack/data/venv/lib/python3.12/site-packages/oslo_config/cfg.py:3545}}
Aug 10 05:21:41.395506 np0000006857 nova-scheduler[96576]: DEBUG cotyledon.oslo_config_glue [-] workarounds.skip_cpu_compare_on_dest = False {{(pid=96576) log_opt_values /opt/stack/data/venv/lib/python3.12/site-packages/oslo_config/cfg.py:3545}}
Aug 10 05:21:41.395506 np0000006857 nova-scheduler[96576]: DEBUG cotyledon.oslo_config_glue [-] workarounds.skip_hypervisor_version_check_on_lm = False {{(pid=96576) log_opt_values /opt/stack/data/venv/lib/python3.12/site-packages/oslo_config/cfg.py:3545}}
Aug 10 05:21:41.395506 np0000006857 nova-scheduler[96576]: DEBUG cotyledon.oslo_config_glue [-] workarounds.skip_reserve_in_use_ironic_nodes = False {{(pid=96576) log_opt_values /opt/stack/data/venv/lib/python3.12/site-packages/oslo_config/cfg.py:3545}}
Aug 10 05:21:41.395506 np0000006857 nova-scheduler[96576]: DEBUG cotyledon.oslo_config_glue [-] workarounds.unified_limits_count_pcpu_as_vcpu = False {{(pid=96576) log_opt_values /opt/stack/data/venv/lib/python3.12/site-packages/oslo_config/cfg.py:3545}}
Aug 10 05:21:41.395506 np0000006857 nova-scheduler[96576]: DEBUG cotyledon.oslo_config_glue [-] workarounds.wait_for_vif_plugged_event_during_hard_reboot = [] {{(pid=96576) log_opt_values /opt/stack/data/venv/lib/python3.12/site-packages/oslo_config/cfg.py:3545}}
Aug 10 05:21:41.395506 np0000006857 nova-scheduler[96576]: DEBUG cotyledon.oslo_config_glue [-] wsgi.api_paste_config = /etc/nova/api-paste.ini {{(pid=96576) log_opt_values /opt/stack/data/venv/lib/python3.12/site-packages/oslo_config/cfg.py:3545}}
Aug 10 05:21:41.395506 np0000006857 nova-scheduler[96576]: DEBUG cotyledon.oslo_config_glue [-] wsgi.secure_proxy_ssl_header = None {{(pid=96576) log_opt_values /opt/stack/data/venv/lib/python3.12/site-packages/oslo_config/cfg.py:3545}}
Aug 10 05:21:41.395506 np0000006857 nova-scheduler[96576]: DEBUG cotyledon.oslo_config_glue [-] zvm.ca_file = None {{(pid=96576) log_opt_values /opt/stack/data/venv/lib/python3.12/site-packages/oslo_config/cfg.py:3545}}
Aug 10 05:21:41.395690 np0000006857 nova-scheduler[96576]: DEBUG cotyledon.oslo_config_glue [-] zvm.cloud_connector_url = None {{(pid=96576) log_opt_values /opt/stack/data/venv/lib/python3.12/site-packages/oslo_config/cfg.py:3545}}
Aug 10 05:21:41.395690 np0000006857 nova-scheduler[96576]: DEBUG cotyledon.oslo_config_glue [-] zvm.image_tmp_path = /opt/stack/data/nova/images {{(pid=96576) log_opt_values /opt/stack/data/venv/lib/python3.12/site-packages/oslo_config/cfg.py:3545}}
Aug 10 05:21:41.395690 np0000006857 nova-scheduler[96576]: DEBUG cotyledon.oslo_config_glue [-] zvm.reachable_timeout = 300 {{(pid=96576) log_opt_values /opt/stack/data/venv/lib/python3.12/site-packages/oslo_config/cfg.py:3545}}
Aug 10 05:21:41.395690 np0000006857 nova-scheduler[96576]: DEBUG cotyledon.oslo_config_glue [-] oslo_versionedobjects.fatal_exception_format_errors = False {{(pid=96576) log_opt_values /opt/stack/data/venv/lib/python3.12/site-packages/oslo_config/cfg.py:3545}}
Aug 10 05:21:41.395690 np0000006857 nova-scheduler[96576]: DEBUG cotyledon.oslo_config_glue [-] oslo_middleware.http_basic_auth_user_file = /etc/htpasswd {{(pid=96576) log_opt_values /opt/stack/data/venv/lib/python3.12/site-packages/oslo_config/cfg.py:3545}}
Aug 10 05:21:41.395690 np0000006857 nova-scheduler[96576]: DEBUG cotyledon.oslo_config_glue [-] oslo_messaging_metrics.metrics_buffer_size = 1000 {{(pid=96576) log_opt_values /opt/stack/data/venv/lib/python3.12/site-packages/oslo_config/cfg.py:3545}}
Aug 10 05:21:41.395690 np0000006857 nova-scheduler[96576]: DEBUG cotyledon.oslo_config_glue [-] oslo_messaging_metrics.metrics_enabled = False {{(pid=96576) log_opt_values /opt/stack/data/venv/lib/python3.12/site-packages/oslo_config/cfg.py:3545}}
Aug 10 05:21:41.395690 np0000006857 nova-scheduler[96576]: DEBUG cotyledon.oslo_config_glue [-] oslo_messaging_metrics.metrics_process_name = {{(pid=96576) log_opt_values /opt/stack/data/venv/lib/python3.12/site-packages/oslo_config/cfg.py:3545}}
Aug 10 05:21:41.395839 np0000006857 nova-scheduler[96576]: DEBUG cotyledon.oslo_config_glue [-] oslo_messaging_metrics.metrics_socket_file = /var/tmp/metrics_collector.sock {{(pid=96576) log_opt_values /opt/stack/data/venv/lib/python3.12/site-packages/oslo_config/cfg.py:3545}}
Aug 10 05:21:41.395839 np0000006857 nova-scheduler[96576]: DEBUG cotyledon.oslo_config_glue [-] oslo_messaging_metrics.metrics_thread_stop_timeout = 10 {{(pid=96576) log_opt_values /opt/stack/data/venv/lib/python3.12/site-packages/oslo_config/cfg.py:3545}}
Aug 10 05:21:41.395839 np0000006857 nova-scheduler[96576]: DEBUG cotyledon.oslo_config_glue [-] profiler.connection_string = messaging:// {{(pid=96576) log_opt_values /opt/stack/data/venv/lib/python3.12/site-packages/oslo_config/cfg.py:3545}}
Aug 10 05:21:41.395839 np0000006857 nova-scheduler[96576]: DEBUG cotyledon.oslo_config_glue [-] profiler.enabled = False {{(pid=96576) log_opt_values /opt/stack/data/venv/lib/python3.12/site-packages/oslo_config/cfg.py:3545}}
Aug 10 05:21:41.395839 np0000006857 nova-scheduler[96576]: DEBUG cotyledon.oslo_config_glue [-] profiler.es_doc_type = notification {{(pid=96576) log_opt_values /opt/stack/data/venv/lib/python3.12/site-packages/oslo_config/cfg.py:3545}}
Aug 10 05:21:41.395839 np0000006857 nova-scheduler[96576]: DEBUG cotyledon.oslo_config_glue [-] profiler.es_scroll_size = 10000 {{(pid=96576) log_opt_values /opt/stack/data/venv/lib/python3.12/site-packages/oslo_config/cfg.py:3545}}
Aug 10 05:21:41.395839 np0000006857 nova-scheduler[96576]: DEBUG cotyledon.oslo_config_glue [-] profiler.es_scroll_time = 2m {{(pid=96576) log_opt_values /opt/stack/data/venv/lib/python3.12/site-packages/oslo_config/cfg.py:3545}}
Aug 10 05:21:41.395839 np0000006857 nova-scheduler[96576]: DEBUG cotyledon.oslo_config_glue [-] profiler.filter_error_trace = False {{(pid=96576) log_opt_values /opt/stack/data/venv/lib/python3.12/site-packages/oslo_config/cfg.py:3545}}
Aug 10 05:21:41.395839 np0000006857 nova-scheduler[96576]: DEBUG cotyledon.oslo_config_glue [-] profiler.hmac_keys = **** {{(pid=96576) log_opt_values /opt/stack/data/venv/lib/python3.12/site-packages/oslo_config/cfg.py:3545}}
Aug 10 05:21:41.396001 np0000006857 nova-scheduler[96576]: DEBUG cotyledon.oslo_config_glue [-] profiler.sentinel_service_name = mymaster {{(pid=96576) log_opt_values /opt/stack/data/venv/lib/python3.12/site-packages/oslo_config/cfg.py:3545}}
Aug 10 05:21:41.396001 np0000006857 nova-scheduler[96576]: DEBUG cotyledon.oslo_config_glue [-] profiler.socket_timeout = 0.1 {{(pid=96576) log_opt_values /opt/stack/data/venv/lib/python3.12/site-packages/oslo_config/cfg.py:3545}}
Aug 10 05:21:41.396001 np0000006857 nova-scheduler[96576]: DEBUG cotyledon.oslo_config_glue [-] profiler.trace_requests = False {{(pid=96576) log_opt_values /opt/stack/data/venv/lib/python3.12/site-packages/oslo_config/cfg.py:3545}}
Aug 10 05:21:41.396001 np0000006857 nova-scheduler[96576]: DEBUG cotyledon.oslo_config_glue [-] profiler.trace_sqlalchemy = False {{(pid=96576) log_opt_values /opt/stack/data/venv/lib/python3.12/site-packages/oslo_config/cfg.py:3545}}
Aug 10 05:21:41.396001 np0000006857 nova-scheduler[96576]: DEBUG cotyledon.oslo_config_glue [-] profiler_jaeger.process_tags = {} {{(pid=96576) log_opt_values /opt/stack/data/venv/lib/python3.12/site-packages/oslo_config/cfg.py:3545}}
Aug 10 05:21:41.396001 np0000006857 nova-scheduler[96576]: DEBUG cotyledon.oslo_config_glue [-] profiler_jaeger.service_name_prefix = None {{(pid=96576) log_opt_values /opt/stack/data/venv/lib/python3.12/site-packages/oslo_config/cfg.py:3545}}
Aug 10 05:21:41.396001 np0000006857 nova-scheduler[96576]: DEBUG cotyledon.oslo_config_glue [-] profiler_otlp.service_name_prefix = None {{(pid=96576) log_opt_values /opt/stack/data/venv/lib/python3.12/site-packages/oslo_config/cfg.py:3545}}
Aug 10 05:21:41.396001 np0000006857 nova-scheduler[96576]: DEBUG cotyledon.oslo_config_glue [-] oslo_messaging_rabbit.amqp_auto_delete = False {{(pid=96576) log_opt_values /opt/stack/data/venv/lib/python3.12/site-packages/oslo_config/cfg.py:3545}}
Aug 10 05:21:41.396001 np0000006857 nova-scheduler[96576]: DEBUG cotyledon.oslo_config_glue [-] oslo_messaging_rabbit.amqp_durable_queues = False {{(pid=96576) log_opt_values /opt/stack/data/venv/lib/python3.12/site-packages/oslo_config/cfg.py:3545}}
Aug 10 05:21:41.396162 np0000006857 nova-scheduler[96576]: DEBUG cotyledon.oslo_config_glue [-] oslo_messaging_rabbit.conn_pool_min_size = 2 {{(pid=96576) log_opt_values /opt/stack/data/venv/lib/python3.12/site-packages/oslo_config/cfg.py:3545}}
Aug 10 05:21:41.396162 np0000006857 nova-scheduler[96576]: DEBUG cotyledon.oslo_config_glue [-] oslo_messaging_rabbit.conn_pool_ttl = 1200 {{(pid=96576) log_opt_values /opt/stack/data/venv/lib/python3.12/site-packages/oslo_config/cfg.py:3545}}
Aug 10 05:21:41.396162 np0000006857 nova-scheduler[96576]: DEBUG cotyledon.oslo_config_glue [-] oslo_messaging_rabbit.direct_mandatory_flag = True {{(pid=96576) log_opt_values /opt/stack/data/venv/lib/python3.12/site-packages/oslo_config/cfg.py:3545}}
Aug 10 05:21:41.396162 np0000006857 nova-scheduler[96576]: DEBUG cotyledon.oslo_config_glue [-] oslo_messaging_rabbit.enable_cancel_on_failover = False {{(pid=96576) log_opt_values /opt/stack/data/venv/lib/python3.12/site-packages/oslo_config/cfg.py:3545}}
Aug 10 05:21:41.396162 np0000006857 nova-scheduler[96576]: DEBUG cotyledon.oslo_config_glue [-] oslo_messaging_rabbit.heartbeat_rate = 3 {{(pid=96576) log_opt_values /opt/stack/data/venv/lib/python3.12/site-packages/oslo_config/cfg.py:3545}}
Aug 10 05:21:41.396162 np0000006857 nova-scheduler[96576]: DEBUG cotyledon.oslo_config_glue [-] oslo_messaging_rabbit.heartbeat_timeout_threshold = 60 {{(pid=96576) log_opt_values /opt/stack/data/venv/lib/python3.12/site-packages/oslo_config/cfg.py:3545}}
Aug 10 05:21:41.396162 np0000006857 nova-scheduler[96576]: DEBUG cotyledon.oslo_config_glue [-] oslo_messaging_rabbit.hostname = np0000006857 {{(pid=96576) log_opt_values /opt/stack/data/venv/lib/python3.12/site-packages/oslo_config/cfg.py:3545}}
Aug 10 05:21:41.396162 np0000006857 nova-scheduler[96576]: DEBUG cotyledon.oslo_config_glue [-] oslo_messaging_rabbit.kombu_compression = None {{(pid=96576) log_opt_values /opt/stack/data/venv/lib/python3.12/site-packages/oslo_config/cfg.py:3545}}
Aug 10 05:21:41.396162 np0000006857 nova-scheduler[96576]: DEBUG cotyledon.oslo_config_glue [-] oslo_messaging_rabbit.kombu_failover_strategy = round-robin {{(pid=96576) log_opt_values /opt/stack/data/venv/lib/python3.12/site-packages/oslo_config/cfg.py:3545}}
Aug 10 05:21:41.396357 np0000006857 nova-scheduler[96576]: DEBUG cotyledon.oslo_config_glue [-] oslo_messaging_rabbit.kombu_missing_consumer_retry_timeout = 60 {{(pid=96576) log_opt_values /opt/stack/data/venv/lib/python3.12/site-packages/oslo_config/cfg.py:3545}}
Aug 10 05:21:41.396357 np0000006857 nova-scheduler[96576]: DEBUG cotyledon.oslo_config_glue [-] oslo_messaging_rabbit.kombu_reconnect_delay = 1.0 {{(pid=96576) log_opt_values /opt/stack/data/venv/lib/python3.12/site-packages/oslo_config/cfg.py:3545}}
Aug 10 05:21:41.396357 np0000006857 nova-scheduler[96576]: DEBUG cotyledon.oslo_config_glue [-] oslo_messaging_rabbit.kombu_reconnect_splay = 0.0 {{(pid=96576) log_opt_values /opt/stack/data/venv/lib/python3.12/site-packages/oslo_config/cfg.py:3545}}
Aug 10 05:21:41.396357 np0000006857 nova-scheduler[96576]: DEBUG cotyledon.oslo_config_glue [-] oslo_messaging_rabbit.processname = nova-scheduler {{(pid=96576) log_opt_values /opt/stack/data/venv/lib/python3.12/site-packages/oslo_config/cfg.py:3545}}
Aug 10 05:21:41.396357 np0000006857 nova-scheduler[96576]: DEBUG cotyledon.oslo_config_glue [-] oslo_messaging_rabbit.rabbit_ha_queues = False {{(pid=96576) log_opt_values /opt/stack/data/venv/lib/python3.12/site-packages/oslo_config/cfg.py:3545}}
Aug 10 05:21:41.396357 np0000006857 nova-scheduler[96576]: DEBUG cotyledon.oslo_config_glue [-] oslo_messaging_rabbit.rabbit_interval_max = 30 {{(pid=96576) log_opt_values /opt/stack/data/venv/lib/python3.12/site-packages/oslo_config/cfg.py:3545}}
Aug 10 05:21:41.396357 np0000006857 nova-scheduler[96576]: DEBUG cotyledon.oslo_config_glue [-] oslo_messaging_rabbit.rabbit_login_method = AMQPLAIN {{(pid=96576) log_opt_values /opt/stack/data/venv/lib/python3.12/site-packages/oslo_config/cfg.py:3545}}
Aug 10 05:21:41.396357 np0000006857 nova-scheduler[96576]: DEBUG cotyledon.oslo_config_glue [-] oslo_messaging_rabbit.rabbit_qos_prefetch_count = 0 {{(pid=96576) log_opt_values /opt/stack/data/venv/lib/python3.12/site-packages/oslo_config/cfg.py:3545}}
Aug 10 05:21:41.396357 np0000006857 nova-scheduler[96576]: DEBUG cotyledon.oslo_config_glue [-] oslo_messaging_rabbit.rabbit_quorum_delivery_limit = 0 {{(pid=96576) log_opt_values /opt/stack/data/venv/lib/python3.12/site-packages/oslo_config/cfg.py:3545}}
Aug 10 05:21:41.396520 np0000006857 nova-scheduler[96576]: DEBUG cotyledon.oslo_config_glue [-] oslo_messaging_rabbit.rabbit_quorum_max_memory_bytes = 0 {{(pid=96576) log_opt_values /opt/stack/data/venv/lib/python3.12/site-packages/oslo_config/cfg.py:3545}}
Aug 10 05:21:41.396520 np0000006857 nova-scheduler[96576]: DEBUG cotyledon.oslo_config_glue [-] oslo_messaging_rabbit.rabbit_quorum_max_memory_length = 0 {{(pid=96576) log_opt_values /opt/stack/data/venv/lib/python3.12/site-packages/oslo_config/cfg.py:3545}}
Aug 10 05:21:41.396520 np0000006857 nova-scheduler[96576]: DEBUG cotyledon.oslo_config_glue [-] oslo_messaging_rabbit.rabbit_quorum_queue = False {{(pid=96576) log_opt_values /opt/stack/data/venv/lib/python3.12/site-packages/oslo_config/cfg.py:3545}}
Aug 10 05:21:41.396520 np0000006857 nova-scheduler[96576]: DEBUG cotyledon.oslo_config_glue [-] oslo_messaging_rabbit.rabbit_retry_backoff = 2 {{(pid=96576) log_opt_values /opt/stack/data/venv/lib/python3.12/site-packages/oslo_config/cfg.py:3545}}
Aug 10 05:21:41.396520 np0000006857 nova-scheduler[96576]: DEBUG cotyledon.oslo_config_glue [-] oslo_messaging_rabbit.rabbit_retry_interval = 1 {{(pid=96576) log_opt_values /opt/stack/data/venv/lib/python3.12/site-packages/oslo_config/cfg.py:3545}}
Aug 10 05:21:41.396520 np0000006857 nova-scheduler[96576]: DEBUG cotyledon.oslo_config_glue [-] oslo_messaging_rabbit.rabbit_stream_fanout = False {{(pid=96576) log_opt_values /opt/stack/data/venv/lib/python3.12/site-packages/oslo_config/cfg.py:3545}}
Aug 10 05:21:41.396520 np0000006857 nova-scheduler[96576]: DEBUG cotyledon.oslo_config_glue [-] oslo_messaging_rabbit.rabbit_transient_queues_ttl = 1800 {{(pid=96576) log_opt_values /opt/stack/data/venv/lib/python3.12/site-packages/oslo_config/cfg.py:3545}}
Aug 10 05:21:41.396520 np0000006857 nova-scheduler[96576]: DEBUG cotyledon.oslo_config_glue [-] oslo_messaging_rabbit.rabbit_transient_quorum_queue = False {{(pid=96576) log_opt_values /opt/stack/data/venv/lib/python3.12/site-packages/oslo_config/cfg.py:3545}}
Aug 10 05:21:41.396706 np0000006857 nova-scheduler[96576]: DEBUG cotyledon.oslo_config_glue [-] oslo_messaging_rabbit.rpc_conn_pool_size = 30 {{(pid=96576) log_opt_values /opt/stack/data/venv/lib/python3.12/site-packages/oslo_config/cfg.py:3545}}
Aug 10 05:21:41.396706 np0000006857 nova-scheduler[96576]: DEBUG cotyledon.oslo_config_glue [-] oslo_messaging_rabbit.ssl = False {{(pid=96576) log_opt_values /opt/stack/data/venv/lib/python3.12/site-packages/oslo_config/cfg.py:3545}}
Aug 10 05:21:41.396706 np0000006857 nova-scheduler[96576]: DEBUG cotyledon.oslo_config_glue [-] oslo_messaging_rabbit.ssl_ca_file = {{(pid=96576) log_opt_values /opt/stack/data/venv/lib/python3.12/site-packages/oslo_config/cfg.py:3545}}
Aug 10 05:21:41.396706 np0000006857 nova-scheduler[96576]: DEBUG cotyledon.oslo_config_glue [-] oslo_messaging_rabbit.ssl_cert_file = {{(pid=96576) log_opt_values /opt/stack/data/venv/lib/python3.12/site-packages/oslo_config/cfg.py:3545}}
Aug 10 05:21:41.396706 np0000006857 nova-scheduler[96576]: DEBUG cotyledon.oslo_config_glue [-] oslo_messaging_rabbit.ssl_enforce_fips_mode = False {{(pid=96576) log_opt_values /opt/stack/data/venv/lib/python3.12/site-packages/oslo_config/cfg.py:3545}}
Aug 10 05:21:41.396706 np0000006857 nova-scheduler[96576]: DEBUG cotyledon.oslo_config_glue [-] oslo_messaging_rabbit.ssl_enforce_hostname_verification = True {{(pid=96576) log_opt_values /opt/stack/data/venv/lib/python3.12/site-packages/oslo_config/cfg.py:3545}}
Aug 10 05:21:41.396706 np0000006857 nova-scheduler[96576]: DEBUG cotyledon.oslo_config_glue [-] oslo_messaging_rabbit.ssl_key_file = {{(pid=96576) log_opt_values /opt/stack/data/venv/lib/python3.12/site-packages/oslo_config/cfg.py:3545}}
Aug 10 05:21:41.396840 np0000006857 nova-scheduler[96576]: DEBUG cotyledon.oslo_config_glue [-] oslo_messaging_rabbit.ssl_version = {{(pid=96576) log_opt_values /opt/stack/data/venv/lib/python3.12/site-packages/oslo_config/cfg.py:3545}}
Aug 10 05:21:41.396840 np0000006857 nova-scheduler[96576]: DEBUG cotyledon.oslo_config_glue [-] oslo_messaging_rabbit.use_queue_manager = False {{(pid=96576) log_opt_values /opt/stack/data/venv/lib/python3.12/site-packages/oslo_config/cfg.py:3545}}
Aug 10 05:21:41.396882 np0000006857 nova-scheduler[96576]: DEBUG cotyledon.oslo_config_glue [-] oslo_messaging_notifications.driver = ['messagingv2'] {{(pid=96576) log_opt_values /opt/stack/data/venv/lib/python3.12/site-packages/oslo_config/cfg.py:3545}}
Aug 10 05:21:41.396938 np0000006857 nova-scheduler[96576]: DEBUG cotyledon.oslo_config_glue [-] oslo_messaging_notifications.retry = -1 {{(pid=96576) log_opt_values /opt/stack/data/venv/lib/python3.12/site-packages/oslo_config/cfg.py:3545}}
Aug 10 05:21:41.397009 np0000006857 nova-scheduler[96576]: DEBUG cotyledon.oslo_config_glue [-] oslo_messaging_notifications.topics = ['notifications'] {{(pid=96576) log_opt_values /opt/stack/data/venv/lib/python3.12/site-packages/oslo_config/cfg.py:3545}}
Aug 10 05:21:41.397088 np0000006857 nova-scheduler[96576]: DEBUG cotyledon.oslo_config_glue [-] oslo_messaging_notifications.transport_url = **** {{(pid=96576) log_opt_values /opt/stack/data/venv/lib/python3.12/site-packages/oslo_config/cfg.py:3545}}
Aug 10 05:21:41.397193 np0000006857 nova-scheduler[96576]: DEBUG cotyledon.oslo_config_glue [-] oslo_limit.auth_section = None {{(pid=96576) log_opt_values /opt/stack/data/venv/lib/python3.12/site-packages/oslo_config/cfg.py:3545}}
Aug 10 05:21:41.397254 np0000006857 nova-scheduler[96576]: DEBUG cotyledon.oslo_config_glue [-] oslo_limit.auth_type = None {{(pid=96576) log_opt_values /opt/stack/data/venv/lib/python3.12/site-packages/oslo_config/cfg.py:3545}}
Aug 10 05:21:41.397329 np0000006857 nova-scheduler[96576]: DEBUG cotyledon.oslo_config_glue [-] oslo_limit.cafile = None {{(pid=96576) log_opt_values /opt/stack/data/venv/lib/python3.12/site-packages/oslo_config/cfg.py:3545}}
Aug 10 05:21:41.397399 np0000006857 nova-scheduler[96576]: DEBUG cotyledon.oslo_config_glue [-] oslo_limit.certfile = None {{(pid=96576) log_opt_values /opt/stack/data/venv/lib/python3.12/site-packages/oslo_config/cfg.py:3545}}
Aug 10 05:21:41.397478 np0000006857 nova-scheduler[96576]: DEBUG cotyledon.oslo_config_glue [-] oslo_limit.collect_timing = False {{(pid=96576) log_opt_values /opt/stack/data/venv/lib/python3.12/site-packages/oslo_config/cfg.py:3545}}
Aug 10 05:21:41.397547 np0000006857 nova-scheduler[96576]: DEBUG cotyledon.oslo_config_glue [-] oslo_limit.connect_retries = None {{(pid=96576) log_opt_values /opt/stack/data/venv/lib/python3.12/site-packages/oslo_config/cfg.py:3545}}
Aug 10 05:21:41.397641 np0000006857 nova-scheduler[96576]: DEBUG cotyledon.oslo_config_glue [-] oslo_limit.connect_retry_delay = None {{(pid=96576) log_opt_values /opt/stack/data/venv/lib/python3.12/site-packages/oslo_config/cfg.py:3545}}
Aug 10 05:21:41.397695 np0000006857 nova-scheduler[96576]: DEBUG cotyledon.oslo_config_glue [-] oslo_limit.endpoint_id = None {{(pid=96576) log_opt_values /opt/stack/data/venv/lib/python3.12/site-packages/oslo_config/cfg.py:3545}}
Aug 10 05:21:41.397748 np0000006857 nova-scheduler[96576]: DEBUG cotyledon.oslo_config_glue [-] oslo_limit.endpoint_interface = public {{(pid=96576) log_opt_values /opt/stack/data/venv/lib/python3.12/site-packages/oslo_config/cfg.py:3545}}
Aug 10 05:21:41.397810 np0000006857 nova-scheduler[96576]: DEBUG cotyledon.oslo_config_glue [-] oslo_limit.endpoint_override = None {{(pid=96576) log_opt_values /opt/stack/data/venv/lib/python3.12/site-packages/oslo_config/cfg.py:3545}}
Aug 10 05:21:41.397875 np0000006857 nova-scheduler[96576]: DEBUG cotyledon.oslo_config_glue [-] oslo_limit.endpoint_region_name = None {{(pid=96576) log_opt_values /opt/stack/data/venv/lib/python3.12/site-packages/oslo_config/cfg.py:3545}}
Aug 10 05:21:41.397938 np0000006857 nova-scheduler[96576]: DEBUG cotyledon.oslo_config_glue [-] oslo_limit.endpoint_service_name = None {{(pid=96576) log_opt_values /opt/stack/data/venv/lib/python3.12/site-packages/oslo_config/cfg.py:3545}}
Aug 10 05:21:41.398003 np0000006857 nova-scheduler[96576]: DEBUG cotyledon.oslo_config_glue [-] oslo_limit.endpoint_service_type = None {{(pid=96576) log_opt_values /opt/stack/data/venv/lib/python3.12/site-packages/oslo_config/cfg.py:3545}}
Aug 10 05:21:41.398066 np0000006857 nova-scheduler[96576]: DEBUG cotyledon.oslo_config_glue [-] oslo_limit.insecure = False {{(pid=96576) log_opt_values /opt/stack/data/venv/lib/python3.12/site-packages/oslo_config/cfg.py:3545}}
Aug 10 05:21:41.398130 np0000006857 nova-scheduler[96576]: DEBUG cotyledon.oslo_config_glue [-] oslo_limit.keyfile = None {{(pid=96576) log_opt_values /opt/stack/data/venv/lib/python3.12/site-packages/oslo_config/cfg.py:3545}}
Aug 10 05:21:41.398208 np0000006857 nova-scheduler[96576]: DEBUG cotyledon.oslo_config_glue [-] oslo_limit.max_version = None {{(pid=96576) log_opt_values /opt/stack/data/venv/lib/python3.12/site-packages/oslo_config/cfg.py:3545}}
Aug 10 05:21:41.398275 np0000006857 nova-scheduler[96576]: DEBUG cotyledon.oslo_config_glue [-] oslo_limit.min_version = None {{(pid=96576) log_opt_values /opt/stack/data/venv/lib/python3.12/site-packages/oslo_config/cfg.py:3545}}
Aug 10 05:21:41.398341 np0000006857 nova-scheduler[96576]: DEBUG cotyledon.oslo_config_glue [-] oslo_limit.region_name = None {{(pid=96576) log_opt_values /opt/stack/data/venv/lib/python3.12/site-packages/oslo_config/cfg.py:3545}}
Aug 10 05:21:41.398397 np0000006857 nova-scheduler[96576]: DEBUG cotyledon.oslo_config_glue [-] oslo_limit.retriable_status_codes = None {{(pid=96576) log_opt_values /opt/stack/data/venv/lib/python3.12/site-packages/oslo_config/cfg.py:3545}}
Aug 10 05:21:41.398464 np0000006857 nova-scheduler[96576]: DEBUG cotyledon.oslo_config_glue [-] oslo_limit.service_name = None {{(pid=96576) log_opt_values /opt/stack/data/venv/lib/python3.12/site-packages/oslo_config/cfg.py:3545}}
Aug 10 05:21:41.398524 np0000006857 nova-scheduler[96576]: DEBUG cotyledon.oslo_config_glue [-] oslo_limit.service_type = None {{(pid=96576) log_opt_values /opt/stack/data/venv/lib/python3.12/site-packages/oslo_config/cfg.py:3545}}
Aug 10 05:21:41.398576 np0000006857 nova-scheduler[96576]: DEBUG cotyledon.oslo_config_glue [-] oslo_limit.split_loggers = False {{(pid=96576) log_opt_values /opt/stack/data/venv/lib/python3.12/site-packages/oslo_config/cfg.py:3545}}
Aug 10 05:21:41.398657 np0000006857 nova-scheduler[96576]: DEBUG cotyledon.oslo_config_glue [-] oslo_limit.status_code_retries = None {{(pid=96576) log_opt_values /opt/stack/data/venv/lib/python3.12/site-packages/oslo_config/cfg.py:3545}}
Aug 10 05:21:41.398723 np0000006857 nova-scheduler[96576]: DEBUG cotyledon.oslo_config_glue [-] oslo_limit.status_code_retry_delay = None {{(pid=96576) log_opt_values /opt/stack/data/venv/lib/python3.12/site-packages/oslo_config/cfg.py:3545}}
Aug 10 05:21:41.398798 np0000006857 nova-scheduler[96576]: DEBUG cotyledon.oslo_config_glue [-] oslo_limit.timeout = None {{(pid=96576) log_opt_values /opt/stack/data/venv/lib/python3.12/site-packages/oslo_config/cfg.py:3545}}
Aug 10 05:21:41.398864 np0000006857 nova-scheduler[96576]: DEBUG cotyledon.oslo_config_glue [-] oslo_limit.valid_interfaces = None {{(pid=96576) log_opt_values /opt/stack/data/venv/lib/python3.12/site-packages/oslo_config/cfg.py:3545}}
Aug 10 05:21:41.398930 np0000006857 nova-scheduler[96576]: DEBUG cotyledon.oslo_config_glue [-] oslo_limit.version = None {{(pid=96576) log_opt_values /opt/stack/data/venv/lib/python3.12/site-packages/oslo_config/cfg.py:3545}}
Aug 10 05:21:41.399009 np0000006857 nova-scheduler[96576]: DEBUG cotyledon.oslo_config_glue [-] oslo_reports.file_event_handler = None {{(pid=96576) log_opt_values /opt/stack/data/venv/lib/python3.12/site-packages/oslo_config/cfg.py:3545}}
Aug 10 05:21:41.399080 np0000006857 nova-scheduler[96576]: DEBUG cotyledon.oslo_config_glue [-] oslo_reports.file_event_handler_interval = 1 {{(pid=96576) log_opt_values /opt/stack/data/venv/lib/python3.12/site-packages/oslo_config/cfg.py:3545}}
Aug 10 05:21:41.399163 np0000006857 nova-scheduler[96576]: DEBUG cotyledon.oslo_config_glue [-] oslo_reports.log_dir = None {{(pid=96576) log_opt_values /opt/stack/data/venv/lib/python3.12/site-packages/oslo_config/cfg.py:3545}}
Aug 10 05:21:41.399227 np0000006857 nova-scheduler[96576]: DEBUG cotyledon.oslo_config_glue [-] ******************************************************************************** {{(pid=96576) log_opt_values /opt/stack/data/venv/lib/python3.12/site-packages/oslo_config/cfg.py:3552}}
Aug 10 05:21:41.399712 np0000006857 nova-scheduler[96576]: DEBUG cotyledon._service_worker [-] Run service ServiceWrapper(3) [96576] {{(pid=96576) wait_forever /opt/stack/data/venv/lib/python3.12/site-packages/cotyledon/_service_worker.py:218}}
Aug 10 05:21:41.400342 np0000006857 nova-scheduler[96570]: DEBUG oslo_db.sqlalchemy.engines [None req-96f88246-c180-4361-9ef0-8fc29fa529cf None None] MySQL server mode set to STRICT_TRANS_TABLES,STRICT_ALL_TABLES,NO_ZERO_IN_DATE,NO_ZERO_DATE,ERROR_FOR_DIVISION_BY_ZERO,TRADITIONAL,NO_ENGINE_SUBSTITUTION {{(pid=96570) _check_effective_sql_mode /opt/stack/data/venv/lib/python3.12/site-packages/oslo_db/sqlalchemy/engines.py:325}}
Aug 10 05:21:41.401280 np0000006857 nova-scheduler[96576]: INFO nova.service [-] Starting scheduler node (version 33.1.0)
Aug 10 05:21:41.406163 np0000006857 nova-scheduler[96576]: INFO dbcounter [None req-3e43c48a-b649-41c7-953d-bef91b9237fd None None] Registered counter for database nova_cell0
Aug 10 05:21:41.413450 np0000006857 nova-scheduler[96570]: DEBUG dbcounter [-] [96570] Writer thread running {{(pid=96570) stat_writer /opt/stack/data/venv/lib/python3.12/site-packages/dbcounter.py:102}}
Aug 10 05:21:41.427878 np0000006857 nova-scheduler[96574]: DEBUG oslo_db.sqlalchemy.engines [None req-03820baa-edf5-47b8-8786-4f07ea732bdf None None] MySQL server mode set to STRICT_TRANS_TABLES,STRICT_ALL_TABLES,NO_ZERO_IN_DATE,NO_ZERO_DATE,ERROR_FOR_DIVISION_BY_ZERO,TRADITIONAL,NO_ENGINE_SUBSTITUTION {{(pid=96574) _check_effective_sql_mode /opt/stack/data/venv/lib/python3.12/site-packages/oslo_db/sqlalchemy/engines.py:325}}
Aug 10 05:21:41.434848 np0000006857 nova-scheduler[96572]: DEBUG oslo_db.sqlalchemy.engines [None req-aead10fe-9987-4e83-b6a4-1f0f83c37843 None None] MySQL server mode set to STRICT_TRANS_TABLES,STRICT_ALL_TABLES,NO_ZERO_IN_DATE,NO_ZERO_DATE,ERROR_FOR_DIVISION_BY_ZERO,TRADITIONAL,NO_ENGINE_SUBSTITUTION {{(pid=96572) _check_effective_sql_mode /opt/stack/data/venv/lib/python3.12/site-packages/oslo_db/sqlalchemy/engines.py:325}}
Aug 10 05:21:41.435159 np0000006857 nova-scheduler[96570]: DEBUG nova.service [None req-96f88246-c180-4361-9ef0-8fc29fa529cf None None] Creating RPC server for service: nova-scheduler on topic: scheduler {{(pid=96570) start /opt/stack/nova/nova/service.py:196}}
Aug 10 05:21:41.440612 np0000006857 nova-scheduler[96574]: DEBUG dbcounter [-] [96574] Writer thread running {{(pid=96574) stat_writer /opt/stack/data/venv/lib/python3.12/site-packages/dbcounter.py:102}}
Aug 10 05:21:41.443771 np0000006857 nova-scheduler[96574]: DEBUG nova.service [None req-03820baa-edf5-47b8-8786-4f07ea732bdf None None] Creating RPC server for service: nova-scheduler on topic: scheduler {{(pid=96574) start /opt/stack/nova/nova/service.py:196}}
Aug 10 05:21:41.448087 np0000006857 nova-scheduler[96572]: DEBUG dbcounter [-] [96572] Writer thread running {{(pid=96572) stat_writer /opt/stack/data/venv/lib/python3.12/site-packages/dbcounter.py:102}}
Aug 10 05:21:41.453413 np0000006857 nova-scheduler[96572]: DEBUG nova.service [None req-aead10fe-9987-4e83-b6a4-1f0f83c37843 None None] Creating RPC server for service: nova-scheduler on topic: scheduler {{(pid=96572) start /opt/stack/nova/nova/service.py:196}}
Aug 10 05:21:41.463745 np0000006857 nova-scheduler[96576]: DEBUG oslo_db.sqlalchemy.engines [None req-3e43c48a-b649-41c7-953d-bef91b9237fd None None] MySQL server mode set to STRICT_TRANS_TABLES,STRICT_ALL_TABLES,NO_ZERO_IN_DATE,NO_ZERO_DATE,ERROR_FOR_DIVISION_BY_ZERO,TRADITIONAL,NO_ENGINE_SUBSTITUTION {{(pid=96576) _check_effective_sql_mode /opt/stack/data/venv/lib/python3.12/site-packages/oslo_db/sqlalchemy/engines.py:325}}
Aug 10 05:21:41.471241 np0000006857 nova-scheduler[96570]: DEBUG nova.service [None req-96f88246-c180-4361-9ef0-8fc29fa529cf None None] Join ServiceGroup membership for this service scheduler {{(pid=96570) start /opt/stack/nova/nova/service.py:222}}
Aug 10 05:21:41.471759 np0000006857 nova-scheduler[96570]: DEBUG nova.servicegroup.drivers.db [None req-96f88246-c180-4361-9ef0-8fc29fa529cf None None] DB_Driver: join new ServiceGroup member np0000006857 to the scheduler group, service = {{(pid=96570) join /opt/stack/nova/nova/servicegroup/drivers/db.py:44}}
Aug 10 05:21:41.477950 np0000006857 nova-scheduler[96576]: DEBUG dbcounter [-] [96576] Writer thread running {{(pid=96576) stat_writer /opt/stack/data/venv/lib/python3.12/site-packages/dbcounter.py:102}}
Aug 10 05:21:41.481180 np0000006857 nova-scheduler[96576]: DEBUG nova.service [None req-3e43c48a-b649-41c7-953d-bef91b9237fd None None] Creating RPC server for service: nova-scheduler on topic: scheduler {{(pid=96576) start /opt/stack/nova/nova/service.py:196}}
Aug 10 05:21:41.482000 np0000006857 nova-scheduler[96574]: DEBUG nova.service [None req-03820baa-edf5-47b8-8786-4f07ea732bdf None None] Join ServiceGroup membership for this service scheduler {{(pid=96574) start /opt/stack/nova/nova/service.py:222}}
Aug 10 05:21:41.482381 np0000006857 nova-scheduler[96574]: DEBUG nova.servicegroup.drivers.db [None req-03820baa-edf5-47b8-8786-4f07ea732bdf None None] DB_Driver: join new ServiceGroup member np0000006857 to the scheduler group, service = {{(pid=96574) join /opt/stack/nova/nova/servicegroup/drivers/db.py:44}}
Aug 10 05:21:41.484225 np0000006857 nova-scheduler[96572]: DEBUG nova.service [None req-aead10fe-9987-4e83-b6a4-1f0f83c37843 None None] Join ServiceGroup membership for this service scheduler {{(pid=96572) start /opt/stack/nova/nova/service.py:222}}
Aug 10 05:21:41.484225 np0000006857 nova-scheduler[96572]: DEBUG nova.servicegroup.drivers.db [None req-aead10fe-9987-4e83-b6a4-1f0f83c37843 None None] DB_Driver: join new ServiceGroup member np0000006857 to the scheduler group, service = {{(pid=96572) join /opt/stack/nova/nova/servicegroup/drivers/db.py:44}}
Aug 10 05:21:41.504533 np0000006857 nova-scheduler[96576]: DEBUG nova.service [None req-3e43c48a-b649-41c7-953d-bef91b9237fd None None] Join ServiceGroup membership for this service scheduler {{(pid=96576) start /opt/stack/nova/nova/service.py:222}}
Aug 10 05:21:41.504725 np0000006857 nova-scheduler[96576]: DEBUG nova.servicegroup.drivers.db [None req-3e43c48a-b649-41c7-953d-bef91b9237fd None None] DB_Driver: join new ServiceGroup member np0000006857 to the scheduler group, service = {{(pid=96576) join /opt/stack/nova/nova/servicegroup/drivers/db.py:44}}
Aug 10 05:21:46.490032 np0000006857 nova-scheduler[96570]: DEBUG oslo.service.backend._threading.loopingcall [-] Fixed interval looping call 'nova.servicegroup.drivers.db.DbDriver._report_state' sleeping for 119.98 seconds {{(pid=96570) _run_loop /opt/stack/data/venv/lib/python3.12/site-packages/oslo_service/backend/_threading/loopingcall.py:125}}
Aug 10 05:21:46.497981 np0000006857 nova-scheduler[96572]: DEBUG oslo.service.backend._threading.loopingcall [-] Fixed interval looping call 'nova.servicegroup.drivers.db.DbDriver._report_state' sleeping for 119.99 seconds {{(pid=96572) _run_loop /opt/stack/data/venv/lib/python3.12/site-packages/oslo_service/backend/_threading/loopingcall.py:125}}
Aug 10 05:21:46.498472 np0000006857 nova-scheduler[96574]: DEBUG oslo.service.backend._threading.loopingcall [-] Fixed interval looping call 'nova.servicegroup.drivers.db.DbDriver._report_state' sleeping for 119.99 seconds {{(pid=96574) _run_loop /opt/stack/data/venv/lib/python3.12/site-packages/oslo_service/backend/_threading/loopingcall.py:125}}
Aug 10 05:21:46.517437 np0000006857 nova-scheduler[96576]: DEBUG oslo.service.backend._threading.loopingcall [-] Fixed interval looping call 'nova.servicegroup.drivers.db.DbDriver._report_state' sleeping for 119.99 seconds {{(pid=96576) _run_loop /opt/stack/data/venv/lib/python3.12/site-packages/oslo_service/backend/_threading/loopingcall.py:125}}
Aug 10 05:21:48.506908 np0000006857 nova-scheduler[96576]: DEBUG oslo.service.backend._threading.loopingcall [None req-a9b39b3c-5434-4d58-9a8e-95298dfa131b None None] Dynamic interval looping call 'nova.service.Service.periodic_tasks' sleeping for 60.00 seconds {{(pid=96576) _run_loop /opt/stack/data/venv/lib/python3.12/site-packages/oslo_service/backend/_threading/loopingcall.py:125}}
Aug 10 05:21:49.972113 np0000006857 nova-scheduler[95377]: DEBUG dbcounter [-] [95377] Writing DB stats nova_api:SELECT=3 {{(pid=95377) stat_writer /opt/stack/data/venv/lib/python3.12/site-packages/dbcounter.py:115}}
Aug 10 05:21:50.115886 np0000006857 nova-scheduler[95377]: DEBUG dbcounter [-] [95377] Writing DB stats nova_cell0:SELECT=1 {{(pid=95377) stat_writer /opt/stack/data/venv/lib/python3.12/site-packages/dbcounter.py:115}}
Aug 10 05:21:50.124615 np0000006857 nova-scheduler[95377]: DEBUG dbcounter [-] [95377] Writing DB stats nova_cell1:SELECT=1 {{(pid=95377) stat_writer /opt/stack/data/venv/lib/python3.12/site-packages/dbcounter.py:115}}
Aug 10 05:21:51.474879 np0000006857 nova-scheduler[96570]: DEBUG oslo.service.backend._threading.loopingcall [None req-5d8fd79f-6b33-4d86-bbb6-11ac3da6644f None None] Dynamic interval looping call 'nova.service.Service.periodic_tasks' sleeping for 60.00 seconds {{(pid=96570) _run_loop /opt/stack/data/venv/lib/python3.12/site-packages/oslo_service/backend/_threading/loopingcall.py:125}}
Aug 10 05:21:56.483165 np0000006857 nova-scheduler[96570]: DEBUG dbcounter [-] [96570] Writing DB stats nova_cell0:SELECT=4,nova_cell0:INSERT=1,nova_cell0:UPDATE=1 {{(pid=96570) stat_writer /opt/stack/data/venv/lib/python3.12/site-packages/dbcounter.py:115}}
Aug 10 05:21:56.493568 np0000006857 nova-scheduler[96572]: DEBUG dbcounter [-] [96572] Writing DB stats nova_cell0:SELECT=3 {{(pid=96572) stat_writer /opt/stack/data/venv/lib/python3.12/site-packages/dbcounter.py:115}}
Aug 10 05:21:56.494364 np0000006857 nova-scheduler[96574]: DEBUG dbcounter [-] [96574] Writing DB stats nova_cell0:SELECT=3 {{(pid=96574) stat_writer /opt/stack/data/venv/lib/python3.12/site-packages/dbcounter.py:115}}
Aug 10 05:21:56.514674 np0000006857 nova-scheduler[96576]: DEBUG dbcounter [-] [96576] Writing DB stats nova_cell0:SELECT=3 {{(pid=96576) stat_writer /opt/stack/data/venv/lib/python3.12/site-packages/dbcounter.py:115}}
Aug 10 05:22:17.486856 np0000006857 nova-scheduler[96572]: DEBUG oslo.service.backend._threading.loopingcall [None req-cc958f8c-97f9-4ef9-bc3a-456999ac17aa None None] Dynamic interval looping call 'nova.service.Service.periodic_tasks' sleeping for 60.00 seconds {{(pid=96572) _run_loop /opt/stack/data/venv/lib/python3.12/site-packages/oslo_service/backend/_threading/loopingcall.py:125}}
Aug 10 05:22:21.485122 np0000006857 nova-scheduler[96574]: DEBUG oslo.service.backend._threading.loopingcall [None req-9301cd12-0ae7-4238-8218-c65e823a0ae4 None None] Dynamic interval looping call 'nova.service.Service.periodic_tasks' sleeping for 60.00 seconds {{(pid=96574) _run_loop /opt/stack/data/venv/lib/python3.12/site-packages/oslo_service/backend/_threading/loopingcall.py:125}}
Aug 10 05:22:48.507498 np0000006857 nova-scheduler[96576]: DEBUG oslo.service.backend._threading.loopingcall [None req-a9b39b3c-5434-4d58-9a8e-95298dfa131b None None] Dynamic interval looping call 'nova.service.Service.periodic_tasks' sleeping for 60.00 seconds {{(pid=96576) _run_loop /opt/stack/data/venv/lib/python3.12/site-packages/oslo_service/backend/_threading/loopingcall.py:125}}
Aug 10 05:22:51.475423 np0000006857 nova-scheduler[96570]: DEBUG oslo.service.backend._threading.loopingcall [None req-5d8fd79f-6b33-4d86-bbb6-11ac3da6644f None None] Dynamic interval looping call 'nova.service.Service.periodic_tasks' sleeping for 60.00 seconds {{(pid=96570) _run_loop /opt/stack/data/venv/lib/python3.12/site-packages/oslo_service/backend/_threading/loopingcall.py:125}}
Aug 10 05:23:17.487352 np0000006857 nova-scheduler[96572]: DEBUG oslo.service.backend._threading.loopingcall [None req-cc958f8c-97f9-4ef9-bc3a-456999ac17aa None None] Dynamic interval looping call 'nova.service.Service.periodic_tasks' sleeping for 60.00 seconds {{(pid=96572) _run_loop /opt/stack/data/venv/lib/python3.12/site-packages/oslo_service/backend/_threading/loopingcall.py:125}}
Aug 10 05:23:21.485689 np0000006857 nova-scheduler[96574]: DEBUG oslo.service.backend._threading.loopingcall [None req-9301cd12-0ae7-4238-8218-c65e823a0ae4 None None] Dynamic interval looping call 'nova.service.Service.periodic_tasks' sleeping for 60.00 seconds {{(pid=96574) _run_loop /opt/stack/data/venv/lib/python3.12/site-packages/oslo_service/backend/_threading/loopingcall.py:125}}
Aug 10 05:23:46.477857 np0000006857 nova-scheduler[96570]: DEBUG oslo.service.backend._threading.loopingcall [-] Fixed interval looping call 'nova.servicegroup.drivers.db.DbDriver._report_state' sleeping for 119.99 seconds {{(pid=96570) _run_loop /opt/stack/data/venv/lib/python3.12/site-packages/oslo_service/backend/_threading/loopingcall.py:125}}
Aug 10 05:23:46.492227 np0000006857 nova-scheduler[96574]: DEBUG oslo.service.backend._threading.loopingcall [-] Fixed interval looping call 'nova.servicegroup.drivers.db.DbDriver._report_state' sleeping for 120.00 seconds {{(pid=96574) _run_loop /opt/stack/data/venv/lib/python3.12/site-packages/oslo_service/backend/_threading/loopingcall.py:125}}
Aug 10 05:23:46.492703 np0000006857 nova-scheduler[96572]: DEBUG oslo.service.backend._threading.loopingcall [-] Fixed interval looping call 'nova.servicegroup.drivers.db.DbDriver._report_state' sleeping for 119.99 seconds {{(pid=96572) _run_loop /opt/stack/data/venv/lib/python3.12/site-packages/oslo_service/backend/_threading/loopingcall.py:125}}
Aug 10 05:23:46.511783 np0000006857 nova-scheduler[96576]: DEBUG oslo.service.backend._threading.loopingcall [-] Fixed interval looping call 'nova.servicegroup.drivers.db.DbDriver._report_state' sleeping for 120.00 seconds {{(pid=96576) _run_loop /opt/stack/data/venv/lib/python3.12/site-packages/oslo_service/backend/_threading/loopingcall.py:125}}
Aug 10 05:23:48.508116 np0000006857 nova-scheduler[96576]: DEBUG oslo.service.backend._threading.loopingcall [None req-a9b39b3c-5434-4d58-9a8e-95298dfa131b None None] Dynamic interval looping call 'nova.service.Service.periodic_tasks' sleeping for 60.00 seconds {{(pid=96576) _run_loop /opt/stack/data/venv/lib/python3.12/site-packages/oslo_service/backend/_threading/loopingcall.py:125}}
Aug 10 05:23:51.475972 np0000006857 nova-scheduler[96570]: DEBUG oslo.service.backend._threading.loopingcall [None req-5d8fd79f-6b33-4d86-bbb6-11ac3da6644f None None] Dynamic interval looping call 'nova.service.Service.periodic_tasks' sleeping for 60.00 seconds {{(pid=96570) _run_loop /opt/stack/data/venv/lib/python3.12/site-packages/oslo_service/backend/_threading/loopingcall.py:125}}
Aug 10 05:23:56.473749 np0000006857 nova-scheduler[96570]: DEBUG dbcounter [-] [96570] Writing DB stats nova_cell0:SELECT=1,nova_cell0:UPDATE=1 {{(pid=96570) stat_writer /opt/stack/data/venv/lib/python3.12/site-packages/dbcounter.py:115}}
Aug 10 05:23:56.490411 np0000006857 nova-scheduler[96572]: DEBUG dbcounter [-] [96572] Writing DB stats nova_cell0:SELECT=1 {{(pid=96572) stat_writer /opt/stack/data/venv/lib/python3.12/site-packages/dbcounter.py:115}}
Aug 10 05:23:56.491143 np0000006857 nova-scheduler[96574]: DEBUG dbcounter [-] [96574] Writing DB stats nova_cell0:SELECT=1 {{(pid=96574) stat_writer /opt/stack/data/venv/lib/python3.12/site-packages/dbcounter.py:115}}
Aug 10 05:23:56.509710 np0000006857 nova-scheduler[96576]: DEBUG dbcounter [-] [96576] Writing DB stats nova_cell0:SELECT=1 {{(pid=96576) stat_writer /opt/stack/data/venv/lib/python3.12/site-packages/dbcounter.py:115}}
Aug 10 05:24:12.165125 np0000006857 nova-scheduler[96570]: DEBUG nova.scheduler.manager [None req-f5f5ca68-b6b5-46e5-93f1-f846fc23e0ec tempest-ServerBootFromVolumeStableRescueTest-2072988196 tempest-ServerBootFromVolumeStableRescueTest-2072988196-project-member] Starting to schedule for instances: ['10e9cbf8-dad4-4392-9692-897d15258cd4'] {{(pid=96570) select_destinations /opt/stack/nova/nova/scheduler/manager.py:209}}
Aug 10 05:24:12.165643 np0000006857 nova-scheduler[96570]: DEBUG nova.scheduler.request_filter [None req-f5f5ca68-b6b5-46e5-93f1-f846fc23e0ec tempest-ServerBootFromVolumeStableRescueTest-2072988196 tempest-ServerBootFromVolumeStableRescueTest-2072988196-project-member] compute_status_filter request filter added forbidden trait COMPUTE_STATUS_DISABLED {{(pid=96570) compute_status_filter /opt/stack/nova/nova/scheduler/request_filter.py:253}}
Aug 10 05:24:12.165696 np0000006857 nova-scheduler[96570]: DEBUG nova.scheduler.request_filter [None req-f5f5ca68-b6b5-46e5-93f1-f846fc23e0ec tempest-ServerBootFromVolumeStableRescueTest-2072988196 tempest-ServerBootFromVolumeStableRescueTest-2072988196-project-member] Request filter 'compute_status_filter' took 0.0 seconds {{(pid=96570) wrapper /opt/stack/nova/nova/scheduler/request_filter.py:46}}
Aug 10 05:24:12.166210 np0000006857 nova-scheduler[96570]: DEBUG nova.scheduler.request_filter [None req-f5f5ca68-b6b5-46e5-93f1-f846fc23e0ec tempest-ServerBootFromVolumeStableRescueTest-2072988196 tempest-ServerBootFromVolumeStableRescueTest-2072988196-project-member] Request filter 'accelerators_filter' took 0.0 seconds {{(pid=96570) wrapper /opt/stack/nova/nova/scheduler/request_filter.py:46}}
Aug 10 05:24:12.166210 np0000006857 nova-scheduler[96570]: DEBUG nova.scheduler.request_filter [None req-f5f5ca68-b6b5-46e5-93f1-f846fc23e0ec tempest-ServerBootFromVolumeStableRescueTest-2072988196 tempest-ServerBootFromVolumeStableRescueTest-2072988196-project-member] Request filter 'packed_virtqueue_filter' took 0.0 seconds {{(pid=96570) wrapper /opt/stack/nova/nova/scheduler/request_filter.py:46}}
Aug 10 05:24:12.166353 np0000006857 nova-scheduler[96570]: DEBUG nova.scheduler.request_filter [None req-f5f5ca68-b6b5-46e5-93f1-f846fc23e0ec tempest-ServerBootFromVolumeStableRescueTest-2072988196 tempest-ServerBootFromVolumeStableRescueTest-2072988196-project-member] Request filter 'remote_managed_ports_filter' took 0.0 seconds {{(pid=96570) wrapper /opt/stack/nova/nova/scheduler/request_filter.py:46}}
Aug 10 05:24:12.166495 np0000006857 nova-scheduler[96570]: DEBUG nova.scheduler.request_filter [None req-f5f5ca68-b6b5-46e5-93f1-f846fc23e0ec tempest-ServerBootFromVolumeStableRescueTest-2072988196 tempest-ServerBootFromVolumeStableRescueTest-2072988196-project-member] ephemeral_encryption_filter skipped {{(pid=96570) ephemeral_encryption_filter /opt/stack/nova/nova/scheduler/request_filter.py:426}}
Aug 10 05:24:12.166778 np0000006857 nova-scheduler[96570]: DEBUG nova.scheduler.request_filter [None req-f5f5ca68-b6b5-46e5-93f1-f846fc23e0ec tempest-ServerBootFromVolumeStableRescueTest-2072988196 tempest-ServerBootFromVolumeStableRescueTest-2072988196-project-member] virtio_sound_filter skipped {{(pid=96570) virtio_sound_filter /opt/stack/nova/nova/scheduler/request_filter.py:460}}
Aug 10 05:24:12.167209 np0000006857 nova-scheduler[96570]: DEBUG nova.scheduler.request_filter [None req-f5f5ca68-b6b5-46e5-93f1-f846fc23e0ec tempest-ServerBootFromVolumeStableRescueTest-2072988196 tempest-ServerBootFromVolumeStableRescueTest-2072988196-project-member] tpm_secret_security_filter skipped {{(pid=96570) tpm_secret_security_filter /opt/stack/nova/nova/scheduler/request_filter.py:477}}
Aug 10 05:24:12.848810 np0000006857 nova-scheduler[96570]: INFO nova.utils [None req-f5f5ca68-b6b5-46e5-93f1-f846fc23e0ec tempest-ServerBootFromVolumeStableRescueTest-2072988196 tempest-ServerBootFromVolumeStableRescueTest-2072988196-project-member] The cell worker thread pool ForkProcess-1.cell_worker is initialized
Aug 10 05:24:12.849135 np0000006857 nova-scheduler[96570]: DEBUG oslo_concurrency.lockutils [None req-f5f5ca68-b6b5-46e5-93f1-f846fc23e0ec tempest-ServerBootFromVolumeStableRescueTest-2072988196 tempest-ServerBootFromVolumeStableRescueTest-2072988196-project-member] Acquiring lock "a46ffc5f-1f08-4996-a90e-f35a7fd58673" by "nova.context.set_target_cell..get_or_set_cached_cell_and_set_connections" {{(pid=96570) inner /opt/stack/data/venv/lib/python3.12/site-packages/oslo_concurrency/lockutils.py:512}}
Aug 10 05:24:12.849408 np0000006857 nova-scheduler[96570]: DEBUG oslo_concurrency.lockutils [None req-f5f5ca68-b6b5-46e5-93f1-f846fc23e0ec tempest-ServerBootFromVolumeStableRescueTest-2072988196 tempest-ServerBootFromVolumeStableRescueTest-2072988196-project-member] Lock "a46ffc5f-1f08-4996-a90e-f35a7fd58673" acquired by "nova.context.set_target_cell..get_or_set_cached_cell_and_set_connections" :: waited 0.000s {{(pid=96570) inner /opt/stack/data/venv/lib/python3.12/site-packages/oslo_concurrency/lockutils.py:525}}
Aug 10 05:24:12.851490 np0000006857 nova-scheduler[96570]: DEBUG oslo_concurrency.lockutils [None req-f5f5ca68-b6b5-46e5-93f1-f846fc23e0ec tempest-ServerBootFromVolumeStableRescueTest-2072988196 tempest-ServerBootFromVolumeStableRescueTest-2072988196-project-member] Lock "a46ffc5f-1f08-4996-a90e-f35a7fd58673" "released" by "nova.context.set_target_cell..get_or_set_cached_cell_and_set_connections" :: held 0.002s {{(pid=96570) inner /opt/stack/data/venv/lib/python3.12/site-packages/oslo_concurrency/lockutils.py:544}}
Aug 10 05:24:12.853784 np0000006857 nova-scheduler[96570]: INFO dbcounter [None req-f5f5ca68-b6b5-46e5-93f1-f846fc23e0ec tempest-ServerBootFromVolumeStableRescueTest-2072988196 tempest-ServerBootFromVolumeStableRescueTest-2072988196-project-member] Registered counter for database nova_cell1
Aug 10 05:24:12.902031 np0000006857 nova-scheduler[96570]: DEBUG oslo_db.sqlalchemy.engines [None req-f5f5ca68-b6b5-46e5-93f1-f846fc23e0ec tempest-ServerBootFromVolumeStableRescueTest-2072988196 tempest-ServerBootFromVolumeStableRescueTest-2072988196-project-member] MySQL server mode set to STRICT_TRANS_TABLES,STRICT_ALL_TABLES,NO_ZERO_IN_DATE,NO_ZERO_DATE,ERROR_FOR_DIVISION_BY_ZERO,TRADITIONAL,NO_ENGINE_SUBSTITUTION {{(pid=96570) _check_effective_sql_mode /opt/stack/data/venv/lib/python3.12/site-packages/oslo_db/sqlalchemy/engines.py:325}}
Aug 10 05:24:12.908266 np0000006857 nova-scheduler[96570]: DEBUG dbcounter [-] [96570] Writer thread running {{(pid=96570) stat_writer /opt/stack/data/venv/lib/python3.12/site-packages/dbcounter.py:102}}
Aug 10 05:24:12.920783 np0000006857 nova-scheduler[96570]: DEBUG oslo_db.sqlalchemy.engines [None req-f5f5ca68-b6b5-46e5-93f1-f846fc23e0ec tempest-ServerBootFromVolumeStableRescueTest-2072988196 tempest-ServerBootFromVolumeStableRescueTest-2072988196-project-member] Parent process 95377 forked (96570) with an open database connection, which is being discarded and recreated. {{(pid=96570) checkout /opt/stack/data/venv/lib/python3.12/site-packages/oslo_db/sqlalchemy/engines.py:402}}
Aug 10 05:24:12.961630 np0000006857 nova-scheduler[96570]: DEBUG dbcounter [-] [96570] Writer thread running {{(pid=96570) stat_writer /opt/stack/data/venv/lib/python3.12/site-packages/dbcounter.py:102}}
