Aug 10 05:21:47.752986 np0000006857 nova-conductor[99015]: DEBUG cotyledon.oslo_config_glue [-] workarounds.disable_fallback_pcpu_query = False {{(pid=99015) log_opt_values /opt/stack/data/venv/lib/python3.12/site-packages/oslo_config/cfg.py:3545}}
Aug 10 05:21:47.752986 np0000006857 nova-conductor[99015]: DEBUG cotyledon.oslo_config_glue [-] workarounds.disable_group_policy_check_upcall = False {{(pid=99015) log_opt_values /opt/stack/data/venv/lib/python3.12/site-packages/oslo_config/cfg.py:3545}}
Aug 10 05:21:47.752986 np0000006857 nova-conductor[99015]: DEBUG cotyledon.oslo_config_glue [-] workarounds.disable_libvirt_livesnapshot = False {{(pid=99015) log_opt_values /opt/stack/data/venv/lib/python3.12/site-packages/oslo_config/cfg.py:3545}}
Aug 10 05:21:47.752986 np0000006857 nova-conductor[99015]: DEBUG cotyledon.oslo_config_glue [-] workarounds.disable_rootwrap = False {{(pid=99015) log_opt_values /opt/stack/data/venv/lib/python3.12/site-packages/oslo_config/cfg.py:3545}}
Aug 10 05:21:47.752986 np0000006857 nova-conductor[99015]: DEBUG cotyledon.oslo_config_glue [-] workarounds.enable_numa_live_migration = False {{(pid=99015) log_opt_values /opt/stack/data/venv/lib/python3.12/site-packages/oslo_config/cfg.py:3545}}
Aug 10 05:21:47.753170 np0000006857 nova-conductor[99015]: DEBUG cotyledon.oslo_config_glue [-] workarounds.enable_qemu_monitor_announce_self = False {{(pid=99015) log_opt_values /opt/stack/data/venv/lib/python3.12/site-packages/oslo_config/cfg.py:3545}}
Aug 10 05:21:47.753170 np0000006857 nova-conductor[99015]: DEBUG cotyledon.oslo_config_glue [-] workarounds.ensure_libvirt_rbd_instance_dir_cleanup = False {{(pid=99015) log_opt_values /opt/stack/data/venv/lib/python3.12/site-packages/oslo_config/cfg.py:3545}}
Aug 10 05:21:47.753170 np0000006857 nova-conductor[99015]: DEBUG cotyledon.oslo_config_glue [-] workarounds.handle_virt_lifecycle_events = True {{(pid=99015) log_opt_values /opt/stack/data/venv/lib/python3.12/site-packages/oslo_config/cfg.py:3545}}
Aug 10 05:21:47.753170 np0000006857 nova-conductor[99015]: DEBUG cotyledon.oslo_config_glue [-] workarounds.libvirt_disable_apic = False {{(pid=99015) log_opt_values /opt/stack/data/venv/lib/python3.12/site-packages/oslo_config/cfg.py:3545}}
Aug 10 05:21:47.753170 np0000006857 nova-conductor[99015]: DEBUG cotyledon.oslo_config_glue [-] workarounds.never_download_image_if_on_rbd = False {{(pid=99015) log_opt_values /opt/stack/data/venv/lib/python3.12/site-packages/oslo_config/cfg.py:3545}}
Aug 10 05:21:47.753170 np0000006857 nova-conductor[99015]: DEBUG cotyledon.oslo_config_glue [-] workarounds.qemu_monitor_announce_self_count = 3 {{(pid=99015) log_opt_values /opt/stack/data/venv/lib/python3.12/site-packages/oslo_config/cfg.py:3545}}
Aug 10 05:21:47.753170 np0000006857 nova-conductor[99015]: DEBUG cotyledon.oslo_config_glue [-] workarounds.qemu_monitor_announce_self_interval = 1 {{(pid=99015) log_opt_values /opt/stack/data/venv/lib/python3.12/site-packages/oslo_config/cfg.py:3545}}
Aug 10 05:21:47.753170 np0000006857 nova-conductor[99015]: DEBUG cotyledon.oslo_config_glue [-] workarounds.reserve_disk_resource_for_image_cache = False {{(pid=99015) log_opt_values /opt/stack/data/venv/lib/python3.12/site-packages/oslo_config/cfg.py:3545}}
Aug 10 05:21:47.753170 np0000006857 nova-conductor[99015]: DEBUG cotyledon.oslo_config_glue [-] workarounds.skip_cpu_compare_at_startup = False {{(pid=99015) log_opt_values /opt/stack/data/venv/lib/python3.12/site-packages/oslo_config/cfg.py:3545}}
Aug 10 05:21:47.753448 np0000006857 nova-conductor[99015]: DEBUG cotyledon.oslo_config_glue [-] workarounds.skip_cpu_compare_on_dest = False {{(pid=99015) log_opt_values /opt/stack/data/venv/lib/python3.12/site-packages/oslo_config/cfg.py:3545}}
Aug 10 05:21:47.753448 np0000006857 nova-conductor[99015]: DEBUG cotyledon.oslo_config_glue [-] workarounds.skip_hypervisor_version_check_on_lm = False {{(pid=99015) log_opt_values /opt/stack/data/venv/lib/python3.12/site-packages/oslo_config/cfg.py:3545}}
Aug 10 05:21:47.753448 np0000006857 nova-conductor[99015]: DEBUG cotyledon.oslo_config_glue [-] workarounds.skip_reserve_in_use_ironic_nodes = False {{(pid=99015) log_opt_values /opt/stack/data/venv/lib/python3.12/site-packages/oslo_config/cfg.py:3545}}
Aug 10 05:21:47.753448 np0000006857 nova-conductor[99015]: DEBUG cotyledon.oslo_config_glue [-] workarounds.unified_limits_count_pcpu_as_vcpu = False {{(pid=99015) log_opt_values /opt/stack/data/venv/lib/python3.12/site-packages/oslo_config/cfg.py:3545}}
Aug 10 05:21:47.753448 np0000006857 nova-conductor[99015]: DEBUG cotyledon.oslo_config_glue [-] workarounds.wait_for_vif_plugged_event_during_hard_reboot = [] {{(pid=99015) log_opt_values /opt/stack/data/venv/lib/python3.12/site-packages/oslo_config/cfg.py:3545}}
Aug 10 05:21:47.753448 np0000006857 nova-conductor[99015]: DEBUG cotyledon.oslo_config_glue [-] wsgi.api_paste_config = /etc/nova/api-paste.ini {{(pid=99015) log_opt_values /opt/stack/data/venv/lib/python3.12/site-packages/oslo_config/cfg.py:3545}}
Aug 10 05:21:47.753448 np0000006857 nova-conductor[99015]: DEBUG cotyledon.oslo_config_glue [-] wsgi.secure_proxy_ssl_header = None {{(pid=99015) log_opt_values /opt/stack/data/venv/lib/python3.12/site-packages/oslo_config/cfg.py:3545}}
Aug 10 05:21:47.753448 np0000006857 nova-conductor[99015]: DEBUG cotyledon.oslo_config_glue [-] zvm.ca_file = None {{(pid=99015) log_opt_values /opt/stack/data/venv/lib/python3.12/site-packages/oslo_config/cfg.py:3545}}
Aug 10 05:21:47.753448 np0000006857 nova-conductor[99015]: DEBUG cotyledon.oslo_config_glue [-] zvm.cloud_connector_url = None {{(pid=99015) log_opt_values /opt/stack/data/venv/lib/python3.12/site-packages/oslo_config/cfg.py:3545}}
Aug 10 05:21:47.753705 np0000006857 nova-conductor[99015]: DEBUG cotyledon.oslo_config_glue [-] zvm.image_tmp_path = /opt/stack/data/nova/images {{(pid=99015) log_opt_values /opt/stack/data/venv/lib/python3.12/site-packages/oslo_config/cfg.py:3545}}
Aug 10 05:21:47.753705 np0000006857 nova-conductor[99015]: DEBUG cotyledon.oslo_config_glue [-] zvm.reachable_timeout = 300 {{(pid=99015) log_opt_values /opt/stack/data/venv/lib/python3.12/site-packages/oslo_config/cfg.py:3545}}
Aug 10 05:21:47.753705 np0000006857 nova-conductor[99015]: DEBUG cotyledon.oslo_config_glue [-] oslo_versionedobjects.fatal_exception_format_errors = False {{(pid=99015) log_opt_values /opt/stack/data/venv/lib/python3.12/site-packages/oslo_config/cfg.py:3545}}
Aug 10 05:21:47.753705 np0000006857 nova-conductor[99015]: DEBUG cotyledon.oslo_config_glue [-] oslo_middleware.http_basic_auth_user_file = /etc/htpasswd {{(pid=99015) log_opt_values /opt/stack/data/venv/lib/python3.12/site-packages/oslo_config/cfg.py:3545}}
Aug 10 05:21:47.753705 np0000006857 nova-conductor[99015]: DEBUG cotyledon.oslo_config_glue [-] profiler.connection_string = messaging:// {{(pid=99015) log_opt_values /opt/stack/data/venv/lib/python3.12/site-packages/oslo_config/cfg.py:3545}}
Aug 10 05:21:47.753705 np0000006857 nova-conductor[99015]: DEBUG cotyledon.oslo_config_glue [-] profiler.enabled = False {{(pid=99015) log_opt_values /opt/stack/data/venv/lib/python3.12/site-packages/oslo_config/cfg.py:3545}}
Aug 10 05:21:47.753705 np0000006857 nova-conductor[99015]: DEBUG cotyledon.oslo_config_glue [-] profiler.es_doc_type = notification {{(pid=99015) log_opt_values /opt/stack/data/venv/lib/python3.12/site-packages/oslo_config/cfg.py:3545}}
Aug 10 05:21:47.753705 np0000006857 nova-conductor[99015]: DEBUG cotyledon.oslo_config_glue [-] profiler.es_scroll_size = 10000 {{(pid=99015) log_opt_values /opt/stack/data/venv/lib/python3.12/site-packages/oslo_config/cfg.py:3545}}
Aug 10 05:21:47.753705 np0000006857 nova-conductor[99015]: DEBUG cotyledon.oslo_config_glue [-] profiler.es_scroll_time = 2m {{(pid=99015) log_opt_values /opt/stack/data/venv/lib/python3.12/site-packages/oslo_config/cfg.py:3545}}
Aug 10 05:21:47.753887 np0000006857 nova-conductor[99015]: DEBUG cotyledon.oslo_config_glue [-] profiler.filter_error_trace = False {{(pid=99015) log_opt_values /opt/stack/data/venv/lib/python3.12/site-packages/oslo_config/cfg.py:3545}}
Aug 10 05:21:47.753887 np0000006857 nova-conductor[99015]: DEBUG cotyledon.oslo_config_glue [-] profiler.hmac_keys = **** {{(pid=99015) log_opt_values /opt/stack/data/venv/lib/python3.12/site-packages/oslo_config/cfg.py:3545}}
Aug 10 05:21:47.753887 np0000006857 nova-conductor[99015]: DEBUG cotyledon.oslo_config_glue [-] profiler.sentinel_service_name = mymaster {{(pid=99015) log_opt_values /opt/stack/data/venv/lib/python3.12/site-packages/oslo_config/cfg.py:3545}}
Aug 10 05:21:47.753887 np0000006857 nova-conductor[99015]: DEBUG cotyledon.oslo_config_glue [-] profiler.socket_timeout = 0.1 {{(pid=99015) log_opt_values /opt/stack/data/venv/lib/python3.12/site-packages/oslo_config/cfg.py:3545}}
Aug 10 05:21:47.753887 np0000006857 nova-conductor[99015]: DEBUG cotyledon.oslo_config_glue [-] profiler.trace_requests = False {{(pid=99015) log_opt_values /opt/stack/data/venv/lib/python3.12/site-packages/oslo_config/cfg.py:3545}}
Aug 10 05:21:47.753887 np0000006857 nova-conductor[99015]: DEBUG cotyledon.oslo_config_glue [-] profiler.trace_sqlalchemy = False {{(pid=99015) log_opt_values /opt/stack/data/venv/lib/python3.12/site-packages/oslo_config/cfg.py:3545}}
Aug 10 05:21:47.753887 np0000006857 nova-conductor[99015]: DEBUG cotyledon.oslo_config_glue [-] profiler_jaeger.process_tags = {} {{(pid=99015) log_opt_values /opt/stack/data/venv/lib/python3.12/site-packages/oslo_config/cfg.py:3545}}
Aug 10 05:21:47.753887 np0000006857 nova-conductor[99015]: DEBUG cotyledon.oslo_config_glue [-] profiler_jaeger.service_name_prefix = None {{(pid=99015) log_opt_values /opt/stack/data/venv/lib/python3.12/site-packages/oslo_config/cfg.py:3545}}
Aug 10 05:21:47.753887 np0000006857 nova-conductor[99015]: DEBUG cotyledon.oslo_config_glue [-] profiler_otlp.service_name_prefix = None {{(pid=99015) log_opt_values /opt/stack/data/venv/lib/python3.12/site-packages/oslo_config/cfg.py:3545}}
Aug 10 05:21:47.754055 np0000006857 nova-conductor[99015]: DEBUG cotyledon.oslo_config_glue [-] oslo_messaging_rabbit.amqp_auto_delete = False {{(pid=99015) log_opt_values /opt/stack/data/venv/lib/python3.12/site-packages/oslo_config/cfg.py:3545}}
Aug 10 05:21:47.754055 np0000006857 nova-conductor[99015]: DEBUG cotyledon.oslo_config_glue [-] oslo_messaging_rabbit.amqp_durable_queues = False {{(pid=99015) log_opt_values /opt/stack/data/venv/lib/python3.12/site-packages/oslo_config/cfg.py:3545}}
Aug 10 05:21:47.754055 np0000006857 nova-conductor[99015]: DEBUG cotyledon.oslo_config_glue [-] oslo_messaging_rabbit.conn_pool_min_size = 2 {{(pid=99015) log_opt_values /opt/stack/data/venv/lib/python3.12/site-packages/oslo_config/cfg.py:3545}}
Aug 10 05:21:47.754055 np0000006857 nova-conductor[99015]: DEBUG cotyledon.oslo_config_glue [-] oslo_messaging_rabbit.conn_pool_ttl = 1200 {{(pid=99015) log_opt_values /opt/stack/data/venv/lib/python3.12/site-packages/oslo_config/cfg.py:3545}}
Aug 10 05:21:47.754055 np0000006857 nova-conductor[99015]: DEBUG cotyledon.oslo_config_glue [-] oslo_messaging_rabbit.direct_mandatory_flag = True {{(pid=99015) log_opt_values /opt/stack/data/venv/lib/python3.12/site-packages/oslo_config/cfg.py:3545}}
Aug 10 05:21:47.754055 np0000006857 nova-conductor[99015]: DEBUG cotyledon.oslo_config_glue [-] oslo_messaging_rabbit.enable_cancel_on_failover = False {{(pid=99015) log_opt_values /opt/stack/data/venv/lib/python3.12/site-packages/oslo_config/cfg.py:3545}}
Aug 10 05:21:47.754055 np0000006857 nova-conductor[99015]: DEBUG cotyledon.oslo_config_glue [-] oslo_messaging_rabbit.heartbeat_rate = 3 {{(pid=99015) log_opt_values /opt/stack/data/venv/lib/python3.12/site-packages/oslo_config/cfg.py:3545}}
Aug 10 05:21:47.754055 np0000006857 nova-conductor[99015]: DEBUG cotyledon.oslo_config_glue [-] oslo_messaging_rabbit.heartbeat_timeout_threshold = 60 {{(pid=99015) log_opt_values /opt/stack/data/venv/lib/python3.12/site-packages/oslo_config/cfg.py:3545}}
Aug 10 05:21:47.754055 np0000006857 nova-conductor[99015]: DEBUG cotyledon.oslo_config_glue [-] oslo_messaging_rabbit.hostname = np0000006857 {{(pid=99015) log_opt_values /opt/stack/data/venv/lib/python3.12/site-packages/oslo_config/cfg.py:3545}}
Aug 10 05:21:47.754249 np0000006857 nova-conductor[99015]: DEBUG cotyledon.oslo_config_glue [-] oslo_messaging_rabbit.kombu_compression = None {{(pid=99015) log_opt_values /opt/stack/data/venv/lib/python3.12/site-packages/oslo_config/cfg.py:3545}}
Aug 10 05:21:47.754249 np0000006857 nova-conductor[99015]: DEBUG cotyledon.oslo_config_glue [-] oslo_messaging_rabbit.kombu_failover_strategy = round-robin {{(pid=99015) log_opt_values /opt/stack/data/venv/lib/python3.12/site-packages/oslo_config/cfg.py:3545}}
Aug 10 05:21:47.754249 np0000006857 nova-conductor[99015]: DEBUG cotyledon.oslo_config_glue [-] oslo_messaging_rabbit.kombu_missing_consumer_retry_timeout = 60 {{(pid=99015) log_opt_values /opt/stack/data/venv/lib/python3.12/site-packages/oslo_config/cfg.py:3545}}
Aug 10 05:21:47.754249 np0000006857 nova-conductor[99015]: DEBUG cotyledon.oslo_config_glue [-] oslo_messaging_rabbit.kombu_reconnect_delay = 1.0 {{(pid=99015) log_opt_values /opt/stack/data/venv/lib/python3.12/site-packages/oslo_config/cfg.py:3545}}
Aug 10 05:21:47.754249 np0000006857 nova-conductor[99015]: DEBUG cotyledon.oslo_config_glue [-] oslo_messaging_rabbit.kombu_reconnect_splay = 0.0 {{(pid=99015) log_opt_values /opt/stack/data/venv/lib/python3.12/site-packages/oslo_config/cfg.py:3545}}
Aug 10 05:21:47.754249 np0000006857 nova-conductor[99015]: DEBUG cotyledon.oslo_config_glue [-] oslo_messaging_rabbit.processname = nova-conductor {{(pid=99015) log_opt_values /opt/stack/data/venv/lib/python3.12/site-packages/oslo_config/cfg.py:3545}}
Aug 10 05:21:47.754249 np0000006857 nova-conductor[99015]: DEBUG cotyledon.oslo_config_glue [-] oslo_messaging_rabbit.rabbit_ha_queues = False {{(pid=99015) log_opt_values /opt/stack/data/venv/lib/python3.12/site-packages/oslo_config/cfg.py:3545}}
Aug 10 05:21:47.754249 np0000006857 nova-conductor[99015]: DEBUG cotyledon.oslo_config_glue [-] oslo_messaging_rabbit.rabbit_interval_max = 30 {{(pid=99015) log_opt_values /opt/stack/data/venv/lib/python3.12/site-packages/oslo_config/cfg.py:3545}}
Aug 10 05:21:47.754249 np0000006857 nova-conductor[99015]: DEBUG cotyledon.oslo_config_glue [-] oslo_messaging_rabbit.rabbit_login_method = AMQPLAIN {{(pid=99015) log_opt_values /opt/stack/data/venv/lib/python3.12/site-packages/oslo_config/cfg.py:3545}}
Aug 10 05:21:47.754426 np0000006857 nova-conductor[99015]: DEBUG cotyledon.oslo_config_glue [-] oslo_messaging_rabbit.rabbit_qos_prefetch_count = 0 {{(pid=99015) log_opt_values /opt/stack/data/venv/lib/python3.12/site-packages/oslo_config/cfg.py:3545}}
Aug 10 05:21:47.754426 np0000006857 nova-conductor[99015]: DEBUG cotyledon.oslo_config_glue [-] oslo_messaging_rabbit.rabbit_quorum_delivery_limit = 0 {{(pid=99015) log_opt_values /opt/stack/data/venv/lib/python3.12/site-packages/oslo_config/cfg.py:3545}}
Aug 10 05:21:47.754426 np0000006857 nova-conductor[99015]: DEBUG cotyledon.oslo_config_glue [-] oslo_messaging_rabbit.rabbit_quorum_max_memory_bytes = 0 {{(pid=99015) log_opt_values /opt/stack/data/venv/lib/python3.12/site-packages/oslo_config/cfg.py:3545}}
Aug 10 05:21:47.754426 np0000006857 nova-conductor[99015]: DEBUG cotyledon.oslo_config_glue [-] oslo_messaging_rabbit.rabbit_quorum_max_memory_length = 0 {{(pid=99015) log_opt_values /opt/stack/data/venv/lib/python3.12/site-packages/oslo_config/cfg.py:3545}}
Aug 10 05:21:47.754426 np0000006857 nova-conductor[99015]: DEBUG cotyledon.oslo_config_glue [-] oslo_messaging_rabbit.rabbit_quorum_queue = False {{(pid=99015) log_opt_values /opt/stack/data/venv/lib/python3.12/site-packages/oslo_config/cfg.py:3545}}
Aug 10 05:21:47.754426 np0000006857 nova-conductor[99015]: DEBUG cotyledon.oslo_config_glue [-] oslo_messaging_rabbit.rabbit_retry_backoff = 2 {{(pid=99015) log_opt_values /opt/stack/data/venv/lib/python3.12/site-packages/oslo_config/cfg.py:3545}}
Aug 10 05:21:47.754426 np0000006857 nova-conductor[99015]: DEBUG cotyledon.oslo_config_glue [-] oslo_messaging_rabbit.rabbit_retry_interval = 1 {{(pid=99015) log_opt_values /opt/stack/data/venv/lib/python3.12/site-packages/oslo_config/cfg.py:3545}}
Aug 10 05:21:47.754426 np0000006857 nova-conductor[99015]: DEBUG cotyledon.oslo_config_glue [-] oslo_messaging_rabbit.rabbit_stream_fanout = False {{(pid=99015) log_opt_values /opt/stack/data/venv/lib/python3.12/site-packages/oslo_config/cfg.py:3545}}
Aug 10 05:21:47.754653 np0000006857 nova-conductor[99015]: DEBUG cotyledon.oslo_config_glue [-] oslo_messaging_rabbit.rabbit_transient_queues_ttl = 1800 {{(pid=99015) log_opt_values /opt/stack/data/venv/lib/python3.12/site-packages/oslo_config/cfg.py:3545}}
Aug 10 05:21:47.754653 np0000006857 nova-conductor[99015]: DEBUG cotyledon.oslo_config_glue [-] oslo_messaging_rabbit.rabbit_transient_quorum_queue = False {{(pid=99015) log_opt_values /opt/stack/data/venv/lib/python3.12/site-packages/oslo_config/cfg.py:3545}}
Aug 10 05:21:47.754653 np0000006857 nova-conductor[99015]: DEBUG cotyledon.oslo_config_glue [-] oslo_messaging_rabbit.rpc_conn_pool_size = 30 {{(pid=99015) log_opt_values /opt/stack/data/venv/lib/python3.12/site-packages/oslo_config/cfg.py:3545}}
Aug 10 05:21:47.754653 np0000006857 nova-conductor[99015]: DEBUG cotyledon.oslo_config_glue [-] oslo_messaging_rabbit.ssl = False {{(pid=99015) log_opt_values /opt/stack/data/venv/lib/python3.12/site-packages/oslo_config/cfg.py:3545}}
Aug 10 05:21:47.754653 np0000006857 nova-conductor[99015]: DEBUG cotyledon.oslo_config_glue [-] oslo_messaging_rabbit.ssl_ca_file = {{(pid=99015) log_opt_values /opt/stack/data/venv/lib/python3.12/site-packages/oslo_config/cfg.py:3545}}
Aug 10 05:21:47.754653 np0000006857 nova-conductor[99015]: DEBUG cotyledon.oslo_config_glue [-] oslo_messaging_rabbit.ssl_cert_file = {{(pid=99015) log_opt_values /opt/stack/data/venv/lib/python3.12/site-packages/oslo_config/cfg.py:3545}}
Aug 10 05:21:47.754653 np0000006857 nova-conductor[99015]: DEBUG cotyledon.oslo_config_glue [-] oslo_messaging_rabbit.ssl_enforce_fips_mode = False {{(pid=99015) log_opt_values /opt/stack/data/venv/lib/python3.12/site-packages/oslo_config/cfg.py:3545}}
Aug 10 05:21:47.754653 np0000006857 nova-conductor[99015]: DEBUG cotyledon.oslo_config_glue [-] oslo_messaging_rabbit.ssl_enforce_hostname_verification = True {{(pid=99015) log_opt_values /opt/stack/data/venv/lib/python3.12/site-packages/oslo_config/cfg.py:3545}}
Aug 10 05:21:47.754653 np0000006857 nova-conductor[99015]: DEBUG cotyledon.oslo_config_glue [-] oslo_messaging_rabbit.ssl_key_file = {{(pid=99015) log_opt_values /opt/stack/data/venv/lib/python3.12/site-packages/oslo_config/cfg.py:3545}}
Aug 10 05:21:47.754867 np0000006857 nova-conductor[99015]: DEBUG cotyledon.oslo_config_glue [-] oslo_messaging_rabbit.ssl_version = {{(pid=99015) log_opt_values /opt/stack/data/venv/lib/python3.12/site-packages/oslo_config/cfg.py:3545}}
Aug 10 05:21:47.754867 np0000006857 nova-conductor[99015]: DEBUG cotyledon.oslo_config_glue [-] oslo_messaging_rabbit.use_queue_manager = False {{(pid=99015) log_opt_values /opt/stack/data/venv/lib/python3.12/site-packages/oslo_config/cfg.py:3545}}
Aug 10 05:21:47.754867 np0000006857 nova-conductor[99015]: DEBUG cotyledon.oslo_config_glue [-] oslo_messaging_notifications.driver = ['messagingv2'] {{(pid=99015) log_opt_values /opt/stack/data/venv/lib/python3.12/site-packages/oslo_config/cfg.py:3545}}
Aug 10 05:21:47.754867 np0000006857 nova-conductor[99015]: DEBUG cotyledon.oslo_config_glue [-] oslo_messaging_notifications.retry = -1 {{(pid=99015) log_opt_values /opt/stack/data/venv/lib/python3.12/site-packages/oslo_config/cfg.py:3545}}
Aug 10 05:21:47.754867 np0000006857 nova-conductor[99015]: DEBUG cotyledon.oslo_config_glue [-] oslo_messaging_notifications.topics = ['notifications'] {{(pid=99015) log_opt_values /opt/stack/data/venv/lib/python3.12/site-packages/oslo_config/cfg.py:3545}}
Aug 10 05:21:47.754867 np0000006857 nova-conductor[99015]: DEBUG cotyledon.oslo_config_glue [-] oslo_messaging_notifications.transport_url = **** {{(pid=99015) log_opt_values /opt/stack/data/venv/lib/python3.12/site-packages/oslo_config/cfg.py:3545}}
Aug 10 05:21:47.754867 np0000006857 nova-conductor[99015]: DEBUG cotyledon.oslo_config_glue [-] oslo_limit.auth_section = None {{(pid=99015) log_opt_values /opt/stack/data/venv/lib/python3.12/site-packages/oslo_config/cfg.py:3545}}
Aug 10 05:21:47.754867 np0000006857 nova-conductor[99015]: DEBUG cotyledon.oslo_config_glue [-] oslo_limit.auth_type = None {{(pid=99015) log_opt_values /opt/stack/data/venv/lib/python3.12/site-packages/oslo_config/cfg.py:3545}}
Aug 10 05:21:47.754867 np0000006857 nova-conductor[99015]: DEBUG cotyledon.oslo_config_glue [-] oslo_limit.cafile = None {{(pid=99015) log_opt_values /opt/stack/data/venv/lib/python3.12/site-packages/oslo_config/cfg.py:3545}}
Aug 10 05:21:47.755116 np0000006857 nova-conductor[99015]: DEBUG cotyledon.oslo_config_glue [-] oslo_limit.certfile = None {{(pid=99015) log_opt_values /opt/stack/data/venv/lib/python3.12/site-packages/oslo_config/cfg.py:3545}}
Aug 10 05:21:47.755116 np0000006857 nova-conductor[99015]: DEBUG cotyledon.oslo_config_glue [-] oslo_limit.collect_timing = False {{(pid=99015) log_opt_values /opt/stack/data/venv/lib/python3.12/site-packages/oslo_config/cfg.py:3545}}
Aug 10 05:21:47.755116 np0000006857 nova-conductor[99015]: DEBUG cotyledon.oslo_config_glue [-] oslo_limit.connect_retries = None {{(pid=99015) log_opt_values /opt/stack/data/venv/lib/python3.12/site-packages/oslo_config/cfg.py:3545}}
Aug 10 05:21:47.755116 np0000006857 nova-conductor[99015]: DEBUG cotyledon.oslo_config_glue [-] oslo_limit.connect_retry_delay = None {{(pid=99015) log_opt_values /opt/stack/data/venv/lib/python3.12/site-packages/oslo_config/cfg.py:3545}}
Aug 10 05:21:47.755116 np0000006857 nova-conductor[99015]: DEBUG cotyledon.oslo_config_glue [-] oslo_limit.endpoint_id = None {{(pid=99015) log_opt_values /opt/stack/data/venv/lib/python3.12/site-packages/oslo_config/cfg.py:3545}}
Aug 10 05:21:47.755116 np0000006857 nova-conductor[99015]: DEBUG cotyledon.oslo_config_glue [-] oslo_limit.endpoint_interface = public {{(pid=99015) log_opt_values /opt/stack/data/venv/lib/python3.12/site-packages/oslo_config/cfg.py:3545}}
Aug 10 05:21:47.755116 np0000006857 nova-conductor[99015]: DEBUG cotyledon.oslo_config_glue [-] oslo_limit.endpoint_override = None {{(pid=99015) log_opt_values /opt/stack/data/venv/lib/python3.12/site-packages/oslo_config/cfg.py:3545}}
Aug 10 05:21:47.755116 np0000006857 nova-conductor[99015]: DEBUG cotyledon.oslo_config_glue [-] oslo_limit.endpoint_region_name = None {{(pid=99015) log_opt_values /opt/stack/data/venv/lib/python3.12/site-packages/oslo_config/cfg.py:3545}}
Aug 10 05:21:47.755116 np0000006857 nova-conductor[99015]: DEBUG cotyledon.oslo_config_glue [-] oslo_limit.endpoint_service_name = None {{(pid=99015) log_opt_values /opt/stack/data/venv/lib/python3.12/site-packages/oslo_config/cfg.py:3545}}
Aug 10 05:21:47.755327 np0000006857 nova-conductor[99015]: DEBUG cotyledon.oslo_config_glue [-] oslo_limit.endpoint_service_type = None {{(pid=99015) log_opt_values /opt/stack/data/venv/lib/python3.12/site-packages/oslo_config/cfg.py:3545}}
Aug 10 05:21:47.755327 np0000006857 nova-conductor[99015]: DEBUG cotyledon.oslo_config_glue [-] oslo_limit.insecure = False {{(pid=99015) log_opt_values /opt/stack/data/venv/lib/python3.12/site-packages/oslo_config/cfg.py:3545}}
Aug 10 05:21:47.755327 np0000006857 nova-conductor[99015]: DEBUG cotyledon.oslo_config_glue [-] oslo_limit.keyfile = None {{(pid=99015) log_opt_values /opt/stack/data/venv/lib/python3.12/site-packages/oslo_config/cfg.py:3545}}
Aug 10 05:21:47.755327 np0000006857 nova-conductor[99015]: DEBUG cotyledon.oslo_config_glue [-] oslo_limit.max_version = None {{(pid=99015) log_opt_values /opt/stack/data/venv/lib/python3.12/site-packages/oslo_config/cfg.py:3545}}
Aug 10 05:21:47.755327 np0000006857 nova-conductor[99015]: DEBUG cotyledon.oslo_config_glue [-] oslo_limit.min_version = None {{(pid=99015) log_opt_values /opt/stack/data/venv/lib/python3.12/site-packages/oslo_config/cfg.py:3545}}
Aug 10 05:21:47.755327 np0000006857 nova-conductor[99015]: DEBUG cotyledon.oslo_config_glue [-] oslo_limit.region_name = None {{(pid=99015) log_opt_values /opt/stack/data/venv/lib/python3.12/site-packages/oslo_config/cfg.py:3545}}
Aug 10 05:21:47.755327 np0000006857 nova-conductor[99015]: DEBUG cotyledon.oslo_config_glue [-] oslo_limit.retriable_status_codes = None {{(pid=99015) log_opt_values /opt/stack/data/venv/lib/python3.12/site-packages/oslo_config/cfg.py:3545}}
Aug 10 05:21:47.755327 np0000006857 nova-conductor[99015]: DEBUG cotyledon.oslo_config_glue [-] oslo_limit.service_name = None {{(pid=99015) log_opt_values /opt/stack/data/venv/lib/python3.12/site-packages/oslo_config/cfg.py:3545}}
Aug 10 05:21:47.755327 np0000006857 nova-conductor[99015]: DEBUG cotyledon.oslo_config_glue [-] oslo_limit.service_type = None {{(pid=99015) log_opt_values /opt/stack/data/venv/lib/python3.12/site-packages/oslo_config/cfg.py:3545}}
Aug 10 05:21:47.755509 np0000006857 nova-conductor[99015]: DEBUG cotyledon.oslo_config_glue [-] oslo_limit.split_loggers = False {{(pid=99015) log_opt_values /opt/stack/data/venv/lib/python3.12/site-packages/oslo_config/cfg.py:3545}}
Aug 10 05:21:47.755509 np0000006857 nova-conductor[99015]: DEBUG cotyledon.oslo_config_glue [-] oslo_limit.status_code_retries = None {{(pid=99015) log_opt_values /opt/stack/data/venv/lib/python3.12/site-packages/oslo_config/cfg.py:3545}}
Aug 10 05:21:47.755509 np0000006857 nova-conductor[99015]: DEBUG cotyledon.oslo_config_glue [-] oslo_limit.status_code_retry_delay = None {{(pid=99015) log_opt_values /opt/stack/data/venv/lib/python3.12/site-packages/oslo_config/cfg.py:3545}}
Aug 10 05:21:47.755509 np0000006857 nova-conductor[99015]: DEBUG cotyledon.oslo_config_glue [-] oslo_limit.timeout = None {{(pid=99015) log_opt_values /opt/stack/data/venv/lib/python3.12/site-packages/oslo_config/cfg.py:3545}}
Aug 10 05:21:47.755509 np0000006857 nova-conductor[99015]: DEBUG cotyledon.oslo_config_glue [-] oslo_limit.valid_interfaces = None {{(pid=99015) log_opt_values /opt/stack/data/venv/lib/python3.12/site-packages/oslo_config/cfg.py:3545}}
Aug 10 05:21:47.755509 np0000006857 nova-conductor[99015]: DEBUG cotyledon.oslo_config_glue [-] oslo_limit.version = None {{(pid=99015) log_opt_values /opt/stack/data/venv/lib/python3.12/site-packages/oslo_config/cfg.py:3545}}
Aug 10 05:21:47.755509 np0000006857 nova-conductor[99015]: DEBUG cotyledon.oslo_config_glue [-] oslo_reports.file_event_handler = None {{(pid=99015) log_opt_values /opt/stack/data/venv/lib/python3.12/site-packages/oslo_config/cfg.py:3545}}
Aug 10 05:21:47.755509 np0000006857 nova-conductor[99015]: DEBUG cotyledon.oslo_config_glue [-] oslo_reports.file_event_handler_interval = 1 {{(pid=99015) log_opt_values /opt/stack/data/venv/lib/python3.12/site-packages/oslo_config/cfg.py:3545}}
Aug 10 05:21:47.755509 np0000006857 nova-conductor[99015]: DEBUG cotyledon.oslo_config_glue [-] oslo_reports.log_dir = None {{(pid=99015) log_opt_values /opt/stack/data/venv/lib/python3.12/site-packages/oslo_config/cfg.py:3545}}
Aug 10 05:21:47.755717 np0000006857 nova-conductor[99015]: DEBUG cotyledon.oslo_config_glue [-] ******************************************************************************** {{(pid=99015) log_opt_values /opt/stack/data/venv/lib/python3.12/site-packages/oslo_config/cfg.py:3552}}
Aug 10 05:21:47.755717 np0000006857 nova-conductor[99015]: DEBUG cotyledon._service_worker [-] Run service ServiceWrapper(3) [99015] {{(pid=99015) wait_forever /opt/stack/data/venv/lib/python3.12/site-packages/cotyledon/_service_worker.py:218}}
Aug 10 05:21:47.755763 np0000006857 nova-conductor[98997]: DEBUG oslo_db.sqlalchemy.engines [None req-ee598f26-95bc-46b2-ab73-2b6b5835cff6 None None] MySQL server mode set to STRICT_TRANS_TABLES,STRICT_ALL_TABLES,NO_ZERO_IN_DATE,NO_ZERO_DATE,ERROR_FOR_DIVISION_BY_ZERO,TRADITIONAL,NO_ENGINE_SUBSTITUTION {{(pid=98997) _check_effective_sql_mode /opt/stack/data/venv/lib/python3.12/site-packages/oslo_db/sqlalchemy/engines.py:325}}
Aug 10 05:21:47.755795 np0000006857 nova-conductor[99015]: INFO nova.service [-] Starting conductor node (version 33.1.0)
Aug 10 05:21:47.755795 np0000006857 nova-conductor[99015]: INFO dbcounter [None req-73da884c-87e6-4309-97ff-1b4ab557bfca None None] Registered counter for database nova_cell0
Aug 10 05:21:47.755854 np0000006857 nova-conductor[98997]: DEBUG dbcounter [-] [98997] Writer thread running {{(pid=98997) stat_writer /opt/stack/data/venv/lib/python3.12/site-packages/dbcounter.py:102}}
Aug 10 05:21:47.763385 np0000006857 nova-conductor[98997]: DEBUG nova.service [None req-ee598f26-95bc-46b2-ab73-2b6b5835cff6 None None] Creating RPC server for service: nova-conductor on topic: conductor {{(pid=98997) start /opt/stack/nova/nova/service.py:196}}
Aug 10 05:21:47.764452 np0000006857 nova-conductor[99004]: DEBUG oslo_db.sqlalchemy.engines [None req-80f66092-48ee-4f0e-85df-720b84682b65 None None] MySQL server mode set to STRICT_TRANS_TABLES,STRICT_ALL_TABLES,NO_ZERO_IN_DATE,NO_ZERO_DATE,ERROR_FOR_DIVISION_BY_ZERO,TRADITIONAL,NO_ENGINE_SUBSTITUTION {{(pid=99004) _check_effective_sql_mode /opt/stack/data/venv/lib/python3.12/site-packages/oslo_db/sqlalchemy/engines.py:325}}
Aug 10 05:21:47.767970 np0000006857 nova-conductor[99008]: DEBUG oslo_db.sqlalchemy.engines [None req-db37612b-2714-45f7-85c1-e797f1aa1fca None None] MySQL server mode set to STRICT_TRANS_TABLES,STRICT_ALL_TABLES,NO_ZERO_IN_DATE,NO_ZERO_DATE,ERROR_FOR_DIVISION_BY_ZERO,TRADITIONAL,NO_ENGINE_SUBSTITUTION {{(pid=99008) _check_effective_sql_mode /opt/stack/data/venv/lib/python3.12/site-packages/oslo_db/sqlalchemy/engines.py:325}}
Aug 10 05:21:47.776067 np0000006857 nova-conductor[99004]: DEBUG dbcounter [-] [99004] Writer thread running {{(pid=99004) stat_writer /opt/stack/data/venv/lib/python3.12/site-packages/dbcounter.py:102}}
Aug 10 05:21:47.778830 np0000006857 nova-conductor[99008]: DEBUG dbcounter [-] [99008] Writer thread running {{(pid=99008) stat_writer /opt/stack/data/venv/lib/python3.12/site-packages/dbcounter.py:102}}
Aug 10 05:21:47.779849 np0000006857 nova-conductor[99004]: DEBUG nova.service [None req-80f66092-48ee-4f0e-85df-720b84682b65 None None] Creating RPC server for service: nova-conductor on topic: conductor {{(pid=99004) start /opt/stack/nova/nova/service.py:196}}
Aug 10 05:21:47.782089 np0000006857 nova-conductor[99008]: DEBUG nova.service [None req-db37612b-2714-45f7-85c1-e797f1aa1fca None None] Creating RPC server for service: nova-conductor on topic: conductor {{(pid=99008) start /opt/stack/nova/nova/service.py:196}}
Aug 10 05:21:47.798344 np0000006857 nova-conductor[99015]: DEBUG oslo_db.sqlalchemy.engines [None req-73da884c-87e6-4309-97ff-1b4ab557bfca None None] MySQL server mode set to STRICT_TRANS_TABLES,STRICT_ALL_TABLES,NO_ZERO_IN_DATE,NO_ZERO_DATE,ERROR_FOR_DIVISION_BY_ZERO,TRADITIONAL,NO_ENGINE_SUBSTITUTION {{(pid=99015) _check_effective_sql_mode /opt/stack/data/venv/lib/python3.12/site-packages/oslo_db/sqlalchemy/engines.py:325}}
Aug 10 05:21:47.801538 np0000006857 nova-conductor[98997]: DEBUG nova.service [None req-ee598f26-95bc-46b2-ab73-2b6b5835cff6 None None] Join ServiceGroup membership for this service conductor {{(pid=98997) start /opt/stack/nova/nova/service.py:222}}
Aug 10 05:21:47.801782 np0000006857 nova-conductor[98997]: DEBUG nova.servicegroup.drivers.db [None req-ee598f26-95bc-46b2-ab73-2b6b5835cff6 None None] DB_Driver: join new ServiceGroup member np0000006857 to the conductor group, service = {{(pid=98997) join /opt/stack/nova/nova/servicegroup/drivers/db.py:44}}
Aug 10 05:21:47.802460 np0000006857 nova-conductor[99008]: DEBUG nova.service [None req-db37612b-2714-45f7-85c1-e797f1aa1fca None None] Join ServiceGroup membership for this service conductor {{(pid=99008) start /opt/stack/nova/nova/service.py:222}}
Aug 10 05:21:47.802725 np0000006857 nova-conductor[99008]: DEBUG nova.servicegroup.drivers.db [None req-db37612b-2714-45f7-85c1-e797f1aa1fca None None] DB_Driver: join new ServiceGroup member np0000006857 to the conductor group, service = {{(pid=99008) join /opt/stack/nova/nova/servicegroup/drivers/db.py:44}}
Aug 10 05:21:47.804740 np0000006857 nova-conductor[99008]: DEBUG oslo.service.backend._threading.loopingcall [None req-58563fae-c0f5-426d-a8de-b40174db82ff None None] Dynamic interval looping call 'nova.service.Service.periodic_tasks' sleeping for 60.00 seconds {{(pid=99008) _run_loop /opt/stack/data/venv/lib/python3.12/site-packages/oslo_service/backend/_threading/loopingcall.py:125}}
Aug 10 05:21:47.806955 np0000006857 nova-conductor[99004]: DEBUG nova.service [None req-80f66092-48ee-4f0e-85df-720b84682b65 None None] Join ServiceGroup membership for this service conductor {{(pid=99004) start /opt/stack/nova/nova/service.py:222}}
Aug 10 05:21:47.807185 np0000006857 nova-conductor[99004]: DEBUG nova.servicegroup.drivers.db [None req-80f66092-48ee-4f0e-85df-720b84682b65 None None] DB_Driver: join new ServiceGroup member np0000006857 to the conductor group, service = {{(pid=99004) join /opt/stack/nova/nova/servicegroup/drivers/db.py:44}}
Aug 10 05:21:47.810442 np0000006857 nova-conductor[99015]: DEBUG dbcounter [-] [99015] Writer thread running {{(pid=99015) stat_writer /opt/stack/data/venv/lib/python3.12/site-packages/dbcounter.py:102}}
Aug 10 05:21:47.813535 np0000006857 nova-conductor[99015]: DEBUG nova.service [None req-73da884c-87e6-4309-97ff-1b4ab557bfca None None] Creating RPC server for service: nova-conductor on topic: conductor {{(pid=99015) start /opt/stack/nova/nova/service.py:196}}
Aug 10 05:21:47.832108 np0000006857 nova-conductor[99015]: DEBUG nova.service [None req-73da884c-87e6-4309-97ff-1b4ab557bfca None None] Join ServiceGroup membership for this service conductor {{(pid=99015) start /opt/stack/nova/nova/service.py:222}}
Aug 10 05:21:47.832387 np0000006857 nova-conductor[99015]: DEBUG nova.servicegroup.drivers.db [None req-73da884c-87e6-4309-97ff-1b4ab557bfca None None] DB_Driver: join new ServiceGroup member np0000006857 to the conductor group, service = {{(pid=99015) join /opt/stack/nova/nova/servicegroup/drivers/db.py:44}}
Aug 10 05:21:52.818237 np0000006857 nova-conductor[98997]: DEBUG oslo.service.backend._threading.loopingcall [-] Fixed interval looping call 'nova.servicegroup.drivers.db.DbDriver._report_state' sleeping for 119.99 seconds {{(pid=98997) _run_loop /opt/stack/data/venv/lib/python3.12/site-packages/oslo_service/backend/_threading/loopingcall.py:125}}
Aug 10 05:21:52.819127 np0000006857 nova-conductor[99008]: DEBUG oslo.service.backend._threading.loopingcall [-] Fixed interval looping call 'nova.servicegroup.drivers.db.DbDriver._report_state' sleeping for 119.98 seconds {{(pid=99008) _run_loop /opt/stack/data/venv/lib/python3.12/site-packages/oslo_service/backend/_threading/loopingcall.py:125}}
Aug 10 05:21:52.821774 np0000006857 nova-conductor[99004]: DEBUG oslo.service.backend._threading.loopingcall [-] Fixed interval looping call 'nova.servicegroup.drivers.db.DbDriver._report_state' sleeping for 119.99 seconds {{(pid=99004) _run_loop /opt/stack/data/venv/lib/python3.12/site-packages/oslo_service/backend/_threading/loopingcall.py:125}}
Aug 10 05:21:52.846208 np0000006857 nova-conductor[99015]: DEBUG oslo.service.backend._threading.loopingcall [-] Fixed interval looping call 'nova.servicegroup.drivers.db.DbDriver._report_state' sleeping for 119.99 seconds {{(pid=99015) _run_loop /opt/stack/data/venv/lib/python3.12/site-packages/oslo_service/backend/_threading/loopingcall.py:125}}
Aug 10 05:21:54.810176 np0000006857 nova-conductor[99004]: DEBUG oslo.service.backend._threading.loopingcall [None req-b2d97fd0-a083-43ec-a753-6290060e916a None None] Dynamic interval looping call 'nova.service.Service.periodic_tasks' sleeping for 60.00 seconds {{(pid=99004) _run_loop /opt/stack/data/venv/lib/python3.12/site-packages/oslo_service/backend/_threading/loopingcall.py:125}}
Aug 10 05:21:56.337506 np0000006857 nova-conductor[97517]: DEBUG dbcounter [-] [97517] Writing DB stats nova_api:SELECT=1 {{(pid=97517) stat_writer /opt/stack/data/venv/lib/python3.12/site-packages/dbcounter.py:115}}
Aug 10 05:21:56.490743 np0000006857 nova-conductor[97517]: DEBUG dbcounter [-] [97517] Writing DB stats nova_cell0:SELECT=1 {{(pid=97517) stat_writer /opt/stack/data/venv/lib/python3.12/site-packages/dbcounter.py:115}}
Aug 10 05:21:56.495724 np0000006857 nova-conductor[97517]: DEBUG dbcounter [-] [97517] Writing DB stats nova_cell1:SELECT=1 {{(pid=97517) stat_writer /opt/stack/data/venv/lib/python3.12/site-packages/dbcounter.py:115}}
Aug 10 05:22:02.813511 np0000006857 nova-conductor[98997]: DEBUG dbcounter [-] [98997] Writing DB stats nova_cell0:SELECT=4,nova_cell0:INSERT=1,nova_cell0:UPDATE=1 {{(pid=98997) stat_writer /opt/stack/data/venv/lib/python3.12/site-packages/dbcounter.py:115}}
Aug 10 05:22:02.816799 np0000006857 nova-conductor[99008]: DEBUG dbcounter [-] [99008] Writing DB stats nova_cell0:SELECT=3,nova_cell0:UPDATE=1 {{(pid=99008) stat_writer /opt/stack/data/venv/lib/python3.12/site-packages/dbcounter.py:115}}
Aug 10 05:22:02.820508 np0000006857 nova-conductor[99004]: DEBUG dbcounter [-] [99004] Writing DB stats nova_cell0:SELECT=3,nova_cell0:UPDATE=1 {{(pid=99004) stat_writer /opt/stack/data/venv/lib/python3.12/site-packages/dbcounter.py:115}}
Aug 10 05:22:02.845621 np0000006857 nova-conductor[99015]: DEBUG dbcounter [-] [99015] Writing DB stats nova_cell0:SELECT=3 {{(pid=99015) stat_writer /opt/stack/data/venv/lib/python3.12/site-packages/dbcounter.py:115}}
Aug 10 05:22:38.804517 np0000006857 nova-conductor[98997]: DEBUG oslo.service.backend._threading.loopingcall [None req-5de1af94-1b06-4d58-9ecd-ab3d73ed26d2 None None] Dynamic interval looping call 'nova.service.Service.periodic_tasks' sleeping for 60.00 seconds {{(pid=98997) _run_loop /opt/stack/data/venv/lib/python3.12/site-packages/oslo_service/backend/_threading/loopingcall.py:125}}
Aug 10 05:22:43.834812 np0000006857 nova-conductor[99015]: DEBUG oslo.service.backend._threading.loopingcall [None req-3a2b2de8-c58e-428c-9cea-76e39f615c4a None None] Dynamic interval looping call 'nova.service.Service.periodic_tasks' sleeping for 60.00 seconds {{(pid=99015) _run_loop /opt/stack/data/venv/lib/python3.12/site-packages/oslo_service/backend/_threading/loopingcall.py:125}}
Aug 10 05:22:47.805418 np0000006857 nova-conductor[99008]: DEBUG oslo.service.backend._threading.loopingcall [None req-58563fae-c0f5-426d-a8de-b40174db82ff None None] Dynamic interval looping call 'nova.service.Service.periodic_tasks' sleeping for 60.00 seconds {{(pid=99008) _run_loop /opt/stack/data/venv/lib/python3.12/site-packages/oslo_service/backend/_threading/loopingcall.py:125}}
Aug 10 05:22:54.810462 np0000006857 nova-conductor[99004]: DEBUG oslo.service.backend._threading.loopingcall [None req-b2d97fd0-a083-43ec-a753-6290060e916a None None] Dynamic interval looping call 'nova.service.Service.periodic_tasks' sleeping for 60.00 seconds {{(pid=99004) _run_loop /opt/stack/data/venv/lib/python3.12/site-packages/oslo_service/backend/_threading/loopingcall.py:125}}
Aug 10 05:23:38.804988 np0000006857 nova-conductor[98997]: DEBUG oslo.service.backend._threading.loopingcall [None req-5de1af94-1b06-4d58-9ecd-ab3d73ed26d2 None None] Dynamic interval looping call 'nova.service.Service.periodic_tasks' sleeping for 60.00 seconds {{(pid=98997) _run_loop /opt/stack/data/venv/lib/python3.12/site-packages/oslo_service/backend/_threading/loopingcall.py:125}}
Aug 10 05:23:43.835481 np0000006857 nova-conductor[99015]: DEBUG oslo.service.backend._threading.loopingcall [None req-3a2b2de8-c58e-428c-9cea-76e39f615c4a None None] Dynamic interval looping call 'nova.service.Service.periodic_tasks' sleeping for 60.00 seconds {{(pid=99015) _run_loop /opt/stack/data/venv/lib/python3.12/site-packages/oslo_service/backend/_threading/loopingcall.py:125}}
Aug 10 05:23:47.805888 np0000006857 nova-conductor[99008]: DEBUG oslo.service.backend._threading.loopingcall [None req-58563fae-c0f5-426d-a8de-b40174db82ff None None] Dynamic interval looping call 'nova.service.Service.periodic_tasks' sleeping for 60.00 seconds {{(pid=99008) _run_loop /opt/stack/data/venv/lib/python3.12/site-packages/oslo_service/backend/_threading/loopingcall.py:125}}
Aug 10 05:23:52.807849 np0000006857 nova-conductor[99008]: DEBUG oslo.service.backend._threading.loopingcall [-] Fixed interval looping call 'nova.servicegroup.drivers.db.DbDriver._report_state' sleeping for 119.99 seconds {{(pid=99008) _run_loop /opt/stack/data/venv/lib/python3.12/site-packages/oslo_service/backend/_threading/loopingcall.py:125}}
Aug 10 05:23:52.813212 np0000006857 nova-conductor[98997]: DEBUG oslo.service.backend._threading.loopingcall [-] Fixed interval looping call 'nova.servicegroup.drivers.db.DbDriver._report_state' sleeping for 120.00 seconds {{(pid=98997) _run_loop /opt/stack/data/venv/lib/python3.12/site-packages/oslo_service/backend/_threading/loopingcall.py:125}}
Aug 10 05:23:52.817011 np0000006857 nova-conductor[99004]: DEBUG oslo.service.backend._threading.loopingcall [-] Fixed interval looping call 'nova.servicegroup.drivers.db.DbDriver._report_state' sleeping for 120.00 seconds {{(pid=99004) _run_loop /opt/stack/data/venv/lib/python3.12/site-packages/oslo_service/backend/_threading/loopingcall.py:125}}
Aug 10 05:23:52.842741 np0000006857 nova-conductor[99015]: DEBUG oslo.service.backend._threading.loopingcall [-] Fixed interval looping call 'nova.servicegroup.drivers.db.DbDriver._report_state' sleeping for 119.99 seconds {{(pid=99015) _run_loop /opt/stack/data/venv/lib/python3.12/site-packages/oslo_service/backend/_threading/loopingcall.py:125}}
Aug 10 05:23:54.811028 np0000006857 nova-conductor[99004]: DEBUG oslo.service.backend._threading.loopingcall [None req-b2d97fd0-a083-43ec-a753-6290060e916a None None] Dynamic interval looping call 'nova.service.Service.periodic_tasks' sleeping for 60.00 seconds {{(pid=99004) _run_loop /opt/stack/data/venv/lib/python3.12/site-packages/oslo_service/backend/_threading/loopingcall.py:125}}
Aug 10 05:24:02.803551 np0000006857 nova-conductor[99008]: DEBUG dbcounter [-] [99008] Writing DB stats nova_cell0:SELECT=1,nova_cell0:UPDATE=1 {{(pid=99008) stat_writer /opt/stack/data/venv/lib/python3.12/site-packages/dbcounter.py:115}}
Aug 10 05:24:02.811329 np0000006857 nova-conductor[98997]: DEBUG dbcounter [-] [98997] Writing DB stats nova_cell0:SELECT=1 {{(pid=98997) stat_writer /opt/stack/data/venv/lib/python3.12/site-packages/dbcounter.py:115}}
Aug 10 05:24:02.814247 np0000006857 nova-conductor[99004]: DEBUG dbcounter [-] [99004] Writing DB stats nova_cell0:SELECT=1 {{(pid=99004) stat_writer /opt/stack/data/venv/lib/python3.12/site-packages/dbcounter.py:115}}
Aug 10 05:24:02.840201 np0000006857 nova-conductor[99015]: DEBUG dbcounter [-] [99015] Writing DB stats nova_cell0:SELECT=1 {{(pid=99015) stat_writer /opt/stack/data/venv/lib/python3.12/site-packages/dbcounter.py:115}}
Aug 10 05:24:12.090680 np0000006857 nova-conductor[98997]: DEBUG oslo_db.sqlalchemy.engines [None req-f5f5ca68-b6b5-46e5-93f1-f846fc23e0ec tempest-ServerBootFromVolumeStableRescueTest-2072988196 tempest-ServerBootFromVolumeStableRescueTest-2072988196-project-member] Parent process 97517 forked (98997) with an open database connection, which is being discarded and recreated. {{(pid=98997) checkout /opt/stack/data/venv/lib/python3.12/site-packages/oslo_db/sqlalchemy/engines.py:402}}
Aug 10 05:24:12.136180 np0000006857 nova-conductor[98997]: DEBUG dbcounter [-] [98997] Writer thread running {{(pid=98997) stat_writer /opt/stack/data/venv/lib/python3.12/site-packages/dbcounter.py:102}}
Aug 10 05:24:13.166932 np0000006857 nova-conductor[98997]: DEBUG nova.conductor.manager [None req-f5f5ca68-b6b5-46e5-93f1-f846fc23e0ec tempest-ServerBootFromVolumeStableRescueTest-2072988196 tempest-ServerBootFromVolumeStableRescueTest-2072988196-project-member] Took 1.03 seconds to select destinations for 1 instance(s). {{(pid=98997) _schedule_instances /opt/stack/nova/nova/conductor/manager.py:968}}
Aug 10 05:24:13.207647 np0000006857 nova-conductor[98997]: DEBUG oslo_concurrency.lockutils [None req-f5f5ca68-b6b5-46e5-93f1-f846fc23e0ec tempest-ServerBootFromVolumeStableRescueTest-2072988196 tempest-ServerBootFromVolumeStableRescueTest-2072988196-project-member] Acquiring lock "a46ffc5f-1f08-4996-a90e-f35a7fd58673" by "nova.context.set_target_cell..get_or_set_cached_cell_and_set_connections" {{(pid=98997) inner /opt/stack/data/venv/lib/python3.12/site-packages/oslo_concurrency/lockutils.py:512}}
Aug 10 05:24:13.207647 np0000006857 nova-conductor[98997]: DEBUG oslo_concurrency.lockutils [None req-f5f5ca68-b6b5-46e5-93f1-f846fc23e0ec tempest-ServerBootFromVolumeStableRescueTest-2072988196 tempest-ServerBootFromVolumeStableRescueTest-2072988196-project-member] Lock "a46ffc5f-1f08-4996-a90e-f35a7fd58673" acquired by "nova.context.set_target_cell..get_or_set_cached_cell_and_set_connections" :: waited 0.000s {{(pid=98997) inner /opt/stack/data/venv/lib/python3.12/site-packages/oslo_concurrency/lockutils.py:525}}
Aug 10 05:24:13.207647 np0000006857 nova-conductor[98997]: DEBUG oslo_concurrency.lockutils [None req-f5f5ca68-b6b5-46e5-93f1-f846fc23e0ec tempest-ServerBootFromVolumeStableRescueTest-2072988196 tempest-ServerBootFromVolumeStableRescueTest-2072988196-project-member] Lock "a46ffc5f-1f08-4996-a90e-f35a7fd58673" "released" by "nova.context.set_target_cell..get_or_set_cached_cell_and_set_connections" :: held 0.001s {{(pid=98997) inner /opt/stack/data/venv/lib/python3.12/site-packages/oslo_concurrency/lockutils.py:544}}
Aug 10 05:24:13.209374 np0000006857 nova-conductor[98997]: INFO dbcounter [None req-f5f5ca68-b6b5-46e5-93f1-f846fc23e0ec tempest-ServerBootFromVolumeStableRescueTest-2072988196 tempest-ServerBootFromVolumeStableRescueTest-2072988196-project-member] Registered counter for database nova_cell1
Aug 10 05:24:13.248823 np0000006857 nova-conductor[99008]: DEBUG dbcounter [-] [99008] Writer thread running {{(pid=99008) stat_writer /opt/stack/data/venv/lib/python3.12/site-packages/dbcounter.py:102}}
Aug 10 05:24:13.262241 np0000006857 nova-conductor[98997]: DEBUG oslo_db.sqlalchemy.engines [None req-f5f5ca68-b6b5-46e5-93f1-f846fc23e0ec tempest-ServerBootFromVolumeStableRescueTest-2072988196 tempest-ServerBootFromVolumeStableRescueTest-2072988196-project-member] MySQL server mode set to STRICT_TRANS_TABLES,STRICT_ALL_TABLES,NO_ZERO_IN_DATE,NO_ZERO_DATE,ERROR_FOR_DIVISION_BY_ZERO,TRADITIONAL,NO_ENGINE_SUBSTITUTION {{(pid=98997) _check_effective_sql_mode /opt/stack/data/venv/lib/python3.12/site-packages/oslo_db/sqlalchemy/engines.py:325}}
Aug 10 05:24:13.272393 np0000006857 nova-conductor[98997]: DEBUG dbcounter [-] [98997] Writer thread running {{(pid=98997) stat_writer /opt/stack/data/venv/lib/python3.12/site-packages/dbcounter.py:102}}
Aug 10 05:24:13.370838 np0000006857 nova-conductor[98997]: INFO nova.utils [None req-f5f5ca68-b6b5-46e5-93f1-f846fc23e0ec tempest-ServerBootFromVolumeStableRescueTest-2072988196 tempest-ServerBootFromVolumeStableRescueTest-2072988196-project-member] The cell worker thread pool ForkProcess-1.cell_worker is initialized
Aug 10 05:24:13.371025 np0000006857 nova-conductor[98997]: DEBUG oslo_concurrency.lockutils [None req-f5f5ca68-b6b5-46e5-93f1-f846fc23e0ec tempest-ServerBootFromVolumeStableRescueTest-2072988196 tempest-ServerBootFromVolumeStableRescueTest-2072988196-project-member] Acquiring lock "00000000-0000-0000-0000-000000000000" by "nova.context.set_target_cell..get_or_set_cached_cell_and_set_connections" {{(pid=98997) inner /opt/stack/data/venv/lib/python3.12/site-packages/oslo_concurrency/lockutils.py:512}}
Aug 10 05:24:13.371403 np0000006857 nova-conductor[98997]: DEBUG oslo_concurrency.lockutils [None req-f5f5ca68-b6b5-46e5-93f1-f846fc23e0ec tempest-ServerBootFromVolumeStableRescueTest-2072988196 tempest-ServerBootFromVolumeStableRescueTest-2072988196-project-member] Lock "00000000-0000-0000-0000-000000000000" acquired by "nova.context.set_target_cell..get_or_set_cached_cell_and_set_connections" :: waited 0.000s {{(pid=98997) inner /opt/stack/data/venv/lib/python3.12/site-packages/oslo_concurrency/lockutils.py:525}}
Aug 10 05:24:13.371508 np0000006857 nova-conductor[98997]: DEBUG oslo_concurrency.lockutils [None req-f5f5ca68-b6b5-46e5-93f1-f846fc23e0ec tempest-ServerBootFromVolumeStableRescueTest-2072988196 tempest-ServerBootFromVolumeStableRescueTest-2072988196-project-member] Lock "00000000-0000-0000-0000-000000000000" "released" by "nova.context.set_target_cell..get_or_set_cached_cell_and_set_connections" :: held 0.000s {{(pid=98997) inner /opt/stack/data/venv/lib/python3.12/site-packages/oslo_concurrency/lockutils.py:544}}
Aug 10 05:24:13.372238 np0000006857 nova-conductor[98997]: DEBUG oslo_concurrency.lockutils [None req-f5f5ca68-b6b5-46e5-93f1-f846fc23e0ec tempest-ServerBootFromVolumeStableRescueTest-2072988196 tempest-ServerBootFromVolumeStableRescueTest-2072988196-project-member] Acquiring lock "a46ffc5f-1f08-4996-a90e-f35a7fd58673" by "nova.context.set_target_cell..get_or_set_cached_cell_and_set_connections" {{(pid=98997) inner /opt/stack/data/venv/lib/python3.12/site-packages/oslo_concurrency/lockutils.py:512}}
Aug 10 05:24:13.372376 np0000006857 nova-conductor[98997]: DEBUG oslo_concurrency.lockutils [None req-f5f5ca68-b6b5-46e5-93f1-f846fc23e0ec tempest-ServerBootFromVolumeStableRescueTest-2072988196 tempest-ServerBootFromVolumeStableRescueTest-2072988196-project-member] Lock "a46ffc5f-1f08-4996-a90e-f35a7fd58673" acquired by "nova.context.set_target_cell..get_or_set_cached_cell_and_set_connections" :: waited 0.000s {{(pid=98997) inner /opt/stack/data/venv/lib/python3.12/site-packages/oslo_concurrency/lockutils.py:525}}
