May 22 08:07:00.246875 np0000001229 devstack@c-api.service[96234]: /opt/stack/data/venv/lib/python3.12/site-packages/oslo_context/context.py:102: DeprecationWarning: Policy enforcement is depending on the value of is_admin. This key is deprecated. Please update your policy file to use the standard policy values.
May 22 08:07:00.246875 np0000001229 devstack@c-api.service[96234]: warnings.warn(
May 22 08:07:00.251743 np0000001229 devstack@c-api.service[96234]: INFO cinder.volume.api [req-23258e74-36d6-450d-8177-270cb321e0aa req-14285bad-24d4-49a5-8369-70f4a3e971f6 tempest-ServerActionsV293TestJSON-1681813828 tempest-ServerActionsV293TestJSON-1681813828-project-member] Volume info retrieved successfully.
May 22 08:07:00.260155 np0000001229 devstack@c-api.service[96234]: INFO cinder.api.openstack.wsgi [req-23258e74-36d6-450d-8177-270cb321e0aa req-14285bad-24d4-49a5-8369-70f4a3e971f6 tempest-ServerActionsV293TestJSON-1681813828 tempest-ServerActionsV293TestJSON-1681813828-project-member] https://10.4.3.22/volume/v3/volumes/51a392dd-813d-4a8f-bcbe-f933f0603415 returned with HTTP 200
May 22 08:07:00.260496 np0000001229 devstack@c-api.service[96234]: [pid: 96234|app: 0|req: 121/242] 10.4.3.22 () {68 vars in 1591 bytes} [Fri May 22 08:07:00 2026] GET /volume/v3/volumes/51a392dd-813d-4a8f-bcbe-f933f0603415 => generated 1390 bytes in 25 msecs (HTTP/1.1 200) 7 headers in 286 bytes (1 switches on core 0)
May 22 08:07:00.271370 np0000001229 devstack@c-api.service[96233]: DEBUG cinder.api.middleware.request_id [None req-de964e70-1610-4c32-9f76-616ea6206adf None None] RequestId filter calling following filter/app {{(pid=96233) _context_setter /opt/stack/cinder/cinder/api/middleware/request_id.py:62}}
May 22 08:07:00.271861 np0000001229 devstack@c-api.service[96233]: INFO cinder.api.openstack.wsgi [None req-de964e70-1610-4c32-9f76-616ea6206adf None None] GET https://10.4.3.22/volume//
May 22 08:07:00.272048 np0000001229 devstack@c-api.service[96233]: DEBUG cinder.api.openstack.wsgi [None req-de964e70-1610-4c32-9f76-616ea6206adf None None] Empty body provided in request {{(pid=96233) get_body /opt/stack/cinder/cinder/api/openstack/wsgi.py:725}}
May 22 08:07:00.272261 np0000001229 devstack@c-api.service[96233]: DEBUG cinder.api.openstack.wsgi [None req-de964e70-1610-4c32-9f76-616ea6206adf None None] Calling method 'all' {{(pid=96233) _process_stack /opt/stack/cinder/cinder/api/openstack/wsgi.py:878}}
May 22 08:07:00.272553 np0000001229 devstack@c-api.service[96233]: INFO cinder.api.openstack.wsgi [None req-de964e70-1610-4c32-9f76-616ea6206adf None None] https://10.4.3.22/volume// returned with HTTP 300
May 22 08:07:00.273092 np0000001229 devstack@c-api.service[96233]: [pid: 96233|app: 0|req: 122/243] 10.4.3.22 () {66 vars in 1412 bytes} [Fri May 22 08:07:00 2026] GET /volume/ => generated 385 bytes in 2 msecs (HTTP/1.1 300) 7 headers in 299 bytes (1 switches on core 0)
May 22 08:07:00.283026 np0000001229 devstack@c-api.service[96234]: DEBUG cinder.api.middleware.request_id [req-23258e74-36d6-450d-8177-270cb321e0aa req-41126e27-8c39-40fe-b05f-3608d095a34d None None] RequestId filter calling following filter/app {{(pid=96234) _context_setter /opt/stack/cinder/cinder/api/middleware/request_id.py:62}}
May 22 08:07:00.285996 np0000001229 devstack@c-api.service[96234]: INFO cinder.api.openstack.wsgi [req-23258e74-36d6-450d-8177-270cb321e0aa req-41126e27-8c39-40fe-b05f-3608d095a34d tempest-ServerActionsV293TestJSON-1681813828 tempest-ServerActionsV293TestJSON-1681813828-project-member] POST https://10.4.3.22/volume/v3/attachments
May 22 08:07:00.286574 np0000001229 devstack@c-api.service[96234]: DEBUG cinder.api.openstack.wsgi [req-23258e74-36d6-450d-8177-270cb321e0aa req-41126e27-8c39-40fe-b05f-3608d095a34d tempest-ServerActionsV293TestJSON-1681813828 tempest-ServerActionsV293TestJSON-1681813828-project-member] Action: 'create', calling method: version_select, body: {"attachment": {"volume_uuid": "51a392dd-813d-4a8f-bcbe-f933f0603415", "connector": null, "instance_uuid": "c2868ad7-cda9-464b-89cf-b85433c2e6a4"}} {{(pid=96234) _process_stack /opt/stack/cinder/cinder/api/openstack/wsgi.py:876}}
May 22 08:07:00.299597 np0000001229 devstack@c-api.service[96234]: /opt/stack/data/venv/lib/python3.12/site-packages/oslo_context/context.py:102: DeprecationWarning: Policy enforcement is depending on the value of is_admin. This key is deprecated. Please update your policy file to use the standard policy values.
May 22 08:07:00.299597 np0000001229 devstack@c-api.service[96234]: warnings.warn(
May 22 08:07:00.334372 np0000001229 devstack@c-api.service[96234]: INFO cinder.api.openstack.wsgi [req-23258e74-36d6-450d-8177-270cb321e0aa req-41126e27-8c39-40fe-b05f-3608d095a34d tempest-ServerActionsV293TestJSON-1681813828 tempest-ServerActionsV293TestJSON-1681813828-project-member] https://10.4.3.22/volume/v3/attachments returned with HTTP 200
May 22 08:07:00.335212 np0000001229 devstack@c-api.service[96234]: [pid: 96234|app: 0|req: 122/244] 10.4.3.22 () {74 vars in 1587 bytes} [Fri May 22 08:07:00 2026] POST /volume/v3/attachments => generated 273 bytes in 53 msecs (HTTP/1.1 200) 7 headers in 286 bytes (1 switches on core 0)
May 22 08:07:01.893775 np0000001229 devstack@c-api.service[96233]: DEBUG cinder.api.middleware.request_id [None req-aa050873-69ad-4298-9712-50216de783a0 None None] RequestId filter calling following filter/app {{(pid=96233) _context_setter /opt/stack/cinder/cinder/api/middleware/request_id.py:62}}
May 22 08:07:01.894290 np0000001229 devstack@c-api.service[96233]: INFO cinder.api.openstack.wsgi [None req-aa050873-69ad-4298-9712-50216de783a0 None None] GET https://10.4.3.22/volume//
May 22 08:07:01.894290 np0000001229 devstack@c-api.service[96233]: DEBUG cinder.api.openstack.wsgi [None req-aa050873-69ad-4298-9712-50216de783a0 None None] Empty body provided in request {{(pid=96233) get_body /opt/stack/cinder/cinder/api/openstack/wsgi.py:725}}
May 22 08:07:01.895677 np0000001229 devstack@c-api.service[96233]: DEBUG cinder.api.openstack.wsgi [None req-aa050873-69ad-4298-9712-50216de783a0 None None] Calling method 'all' {{(pid=96233) _process_stack /opt/stack/cinder/cinder/api/openstack/wsgi.py:878}}
May 22 08:07:01.895677 np0000001229 devstack@c-api.service[96233]: INFO cinder.api.openstack.wsgi [None req-aa050873-69ad-4298-9712-50216de783a0 None None] https://10.4.3.22/volume// returned with HTTP 300
May 22 08:07:01.895677 np0000001229 devstack@c-api.service[96233]: [pid: 96233|app: 0|req: 123/245] 10.4.3.22 () {66 vars in 1421 bytes} [Fri May 22 08:07:01 2026] GET /volume/ => generated 385 bytes in 2 msecs (HTTP/1.1 300) 7 headers in 299 bytes (1 switches on core 0)
May 22 08:07:01.908845 np0000001229 devstack@c-api.service[96234]: DEBUG cinder.api.middleware.request_id [req-31836248-29e7-4b6e-81ce-6158bb412826 req-d0e1c9f6-6316-4473-9aa0-af198b7b7625 None None] RequestId filter calling following filter/app {{(pid=96234) _context_setter /opt/stack/cinder/cinder/api/middleware/request_id.py:62}}
May 22 08:07:01.911058 np0000001229 devstack@c-api.service[96234]: INFO cinder.api.openstack.wsgi [req-31836248-29e7-4b6e-81ce-6158bb412826 req-d0e1c9f6-6316-4473-9aa0-af198b7b7625 tempest-ServerActionsTestOtherA-1435478416 tempest-ServerActionsTestOtherA-1435478416-project-member] POST https://10.4.3.22/volume/v3/attachments
May 22 08:07:01.911466 np0000001229 devstack@c-api.service[96234]: DEBUG cinder.api.openstack.wsgi [req-31836248-29e7-4b6e-81ce-6158bb412826 req-d0e1c9f6-6316-4473-9aa0-af198b7b7625 tempest-ServerActionsTestOtherA-1435478416 tempest-ServerActionsTestOtherA-1435478416-project-member] Action: 'create', calling method: version_select, body: {"attachment": {"volume_uuid": "7b9745d7-dca1-4128-9a15-bfe488033879", "connector": null, "instance_uuid": "af0843a6-aca4-48b4-8354-1055e911457e"}} {{(pid=96234) _process_stack /opt/stack/cinder/cinder/api/openstack/wsgi.py:876}}
May 22 08:07:01.923779 np0000001229 devstack@c-api.service[96234]: /opt/stack/data/venv/lib/python3.12/site-packages/oslo_context/context.py:102: DeprecationWarning: Policy enforcement is depending on the value of is_admin. This key is deprecated. Please update your policy file to use the standard policy values.
May 22 08:07:01.923779 np0000001229 devstack@c-api.service[96234]: warnings.warn(
May 22 08:07:01.952587 np0000001229 devstack@c-api.service[96234]: INFO cinder.api.openstack.wsgi [req-31836248-29e7-4b6e-81ce-6158bb412826 req-d0e1c9f6-6316-4473-9aa0-af198b7b7625 tempest-ServerActionsTestOtherA-1435478416 tempest-ServerActionsTestOtherA-1435478416-project-member] https://10.4.3.22/volume/v3/attachments returned with HTTP 200
May 22 08:07:01.953023 np0000001229 devstack@c-api.service[96234]: [pid: 96234|app: 0|req: 123/246] 10.4.3.22 () {74 vars in 1587 bytes} [Fri May 22 08:07:01 2026] POST /volume/v3/attachments => generated 273 bytes in 45 msecs (HTTP/1.1 200) 7 headers in 286 bytes (1 switches on core 0)
May 22 08:07:02.384138 np0000001229 devstack@c-api.service[96233]: DEBUG cinder.api.middleware.request_id [None req-9f0a94ef-b74f-475d-b69d-b77e5329d152 None None] RequestId filter calling following filter/app {{(pid=96233) _context_setter /opt/stack/cinder/cinder/api/middleware/request_id.py:62}}
May 22 08:07:02.386258 np0000001229 devstack@c-api.service[96233]: INFO cinder.api.openstack.wsgi [None req-9f0a94ef-b74f-475d-b69d-b77e5329d152 tempest-ServerActionsTestOtherA-1435478416 tempest-ServerActionsTestOtherA-1435478416-project-member] GET https://10.4.3.22/volume/v3/volumes/7b9745d7-dca1-4128-9a15-bfe488033879
May 22 08:07:02.386451 np0000001229 devstack@c-api.service[96233]: DEBUG cinder.api.openstack.wsgi [None req-9f0a94ef-b74f-475d-b69d-b77e5329d152 tempest-ServerActionsTestOtherA-1435478416 tempest-ServerActionsTestOtherA-1435478416-project-member] Empty body provided in request {{(pid=96233) get_body /opt/stack/cinder/cinder/api/openstack/wsgi.py:725}}
May 22 08:07:02.386648 np0000001229 devstack@c-api.service[96233]: DEBUG cinder.api.openstack.wsgi [None req-9f0a94ef-b74f-475d-b69d-b77e5329d152 tempest-ServerActionsTestOtherA-1435478416 tempest-ServerActionsTestOtherA-1435478416-project-member] Calling method 'show' {{(pid=96233) _process_stack /opt/stack/cinder/cinder/api/openstack/wsgi.py:878}}
May 22 08:07:02.395573 np0000001229 devstack@c-api.service[96233]: /opt/stack/data/venv/lib/python3.12/site-packages/oslo_context/context.py:102: DeprecationWarning: Policy enforcement is depending on the value of is_admin. This key is deprecated. Please update your policy file to use the standard policy values.
May 22 08:07:02.395573 np0000001229 devstack@c-api.service[96233]: warnings.warn(
May 22 08:07:02.401208 np0000001229 devstack@c-api.service[96233]: INFO cinder.volume.api [None req-9f0a94ef-b74f-475d-b69d-b77e5329d152 tempest-ServerActionsTestOtherA-1435478416 tempest-ServerActionsTestOtherA-1435478416-project-member] Volume info retrieved successfully.
May 22 08:07:02.410162 np0000001229 devstack@c-api.service[96233]: INFO cinder.api.openstack.wsgi [None req-9f0a94ef-b74f-475d-b69d-b77e5329d152 tempest-ServerActionsTestOtherA-1435478416 tempest-ServerActionsTestOtherA-1435478416-project-member] https://10.4.3.22/volume/v3/volumes/7b9745d7-dca1-4128-9a15-bfe488033879 returned with HTTP 200
May 22 08:07:02.412590 np0000001229 devstack@c-api.service[96233]: [pid: 96233|app: 0|req: 124/247] 10.4.3.22 () {66 vars in 1341 bytes} [Fri May 22 08:07:02 2026] GET /volume/v3/volumes/7b9745d7-dca1-4128-9a15-bfe488033879 => generated 844 bytes in 29 msecs (HTTP/1.1 200) 7 headers in 285 bytes (1 switches on core 0)
May 22 08:07:02.485286 np0000001229 devstack@c-api.service[96234]: DEBUG cinder.api.middleware.request_id [None req-bbf49649-6d79-466a-87f9-4ec80ed739b6 None None] RequestId filter calling following filter/app {{(pid=96234) _context_setter /opt/stack/cinder/cinder/api/middleware/request_id.py:62}}
May 22 08:07:02.485657 np0000001229 devstack@c-api.service[96234]: INFO cinder.api.openstack.wsgi [None req-bbf49649-6d79-466a-87f9-4ec80ed739b6 None None] GET https://10.4.3.22/volume//
May 22 08:07:02.485838 np0000001229 devstack@c-api.service[96234]: DEBUG cinder.api.openstack.wsgi [None req-bbf49649-6d79-466a-87f9-4ec80ed739b6 None None] Empty body provided in request {{(pid=96234) get_body /opt/stack/cinder/cinder/api/openstack/wsgi.py:725}}
May 22 08:07:02.485995 np0000001229 devstack@c-api.service[96234]: DEBUG cinder.api.openstack.wsgi [None req-bbf49649-6d79-466a-87f9-4ec80ed739b6 None None] Calling method 'all' {{(pid=96234) _process_stack /opt/stack/cinder/cinder/api/openstack/wsgi.py:878}}
May 22 08:07:02.486287 np0000001229 devstack@c-api.service[96234]: INFO cinder.api.openstack.wsgi [None req-bbf49649-6d79-466a-87f9-4ec80ed739b6 None None] https://10.4.3.22/volume// returned with HTTP 300
May 22 08:07:02.486557 np0000001229 devstack@c-api.service[96234]: [pid: 96234|app: 0|req: 124/248] 10.4.3.22 () {66 vars in 1419 bytes} [Fri May 22 08:07:02 2026] GET /volume/ => generated 385 bytes in 2 msecs (HTTP/1.1 300) 7 headers in 299 bytes (1 switches on core 0)
May 22 08:07:02.499920 np0000001229 devstack@c-api.service[96233]: DEBUG cinder.api.middleware.request_id [req-31836248-29e7-4b6e-81ce-6158bb412826 req-2e135fb6-3671-4893-bc53-0fbb1db5d269 None None] RequestId filter calling following filter/app {{(pid=96233) _context_setter /opt/stack/cinder/cinder/api/middleware/request_id.py:62}}
May 22 08:07:02.503397 np0000001229 devstack@c-api.service[96233]: INFO cinder.api.openstack.wsgi [req-31836248-29e7-4b6e-81ce-6158bb412826 req-2e135fb6-3671-4893-bc53-0fbb1db5d269 tempest-ServerActionsTestOtherA-1435478416 tempest-ServerActionsTestOtherA-1435478416-project-member] GET https://10.4.3.22/volume/v3/volumes/7b9745d7-dca1-4128-9a15-bfe488033879
May 22 08:07:02.503714 np0000001229 devstack@c-api.service[96233]: DEBUG cinder.api.openstack.wsgi [req-31836248-29e7-4b6e-81ce-6158bb412826 req-2e135fb6-3671-4893-bc53-0fbb1db5d269 tempest-ServerActionsTestOtherA-1435478416 tempest-ServerActionsTestOtherA-1435478416-project-member] Empty body provided in request {{(pid=96233) get_body /opt/stack/cinder/cinder/api/openstack/wsgi.py:725}}
May 22 08:07:02.503994 np0000001229 devstack@c-api.service[96233]: DEBUG cinder.api.openstack.wsgi [req-31836248-29e7-4b6e-81ce-6158bb412826 req-2e135fb6-3671-4893-bc53-0fbb1db5d269 tempest-ServerActionsTestOtherA-1435478416 tempest-ServerActionsTestOtherA-1435478416-project-member] Calling method 'show' {{(pid=96233) _process_stack /opt/stack/cinder/cinder/api/openstack/wsgi.py:878}}
May 22 08:07:02.517369 np0000001229 devstack@c-api.service[96233]: /opt/stack/data/venv/lib/python3.12/site-packages/oslo_context/context.py:102: DeprecationWarning: Policy enforcement is depending on the value of is_admin. This key is deprecated. Please update your policy file to use the standard policy values.
May 22 08:07:02.517369 np0000001229 devstack@c-api.service[96233]: warnings.warn(
May 22 08:07:02.520965 np0000001229 devstack@c-api.service[96233]: INFO cinder.volume.api [req-31836248-29e7-4b6e-81ce-6158bb412826 req-2e135fb6-3671-4893-bc53-0fbb1db5d269 tempest-ServerActionsTestOtherA-1435478416 tempest-ServerActionsTestOtherA-1435478416-project-member] Volume info retrieved successfully.
May 22 08:07:02.525114 np0000001229 devstack@c-api.service[96233]: INFO cinder.api.openstack.wsgi [req-31836248-29e7-4b6e-81ce-6158bb412826 req-2e135fb6-3671-4893-bc53-0fbb1db5d269 tempest-ServerActionsTestOtherA-1435478416 tempest-ServerActionsTestOtherA-1435478416-project-member] https://10.4.3.22/volume/v3/volumes/7b9745d7-dca1-4128-9a15-bfe488033879 returned with HTTP 200
May 22 08:07:02.525528 np0000001229 devstack@c-api.service[96233]: [pid: 96233|app: 0|req: 125/249] 10.4.3.22 () {70 vars in 1632 bytes} [Fri May 22 08:07:02 2026] GET /volume/v3/volumes/7b9745d7-dca1-4128-9a15-bfe488033879 => generated 1025 bytes in 26 msecs (HTTP/1.1 200) 7 headers in 287 bytes (1 switches on core 0)
May 22 08:07:02.632422 np0000001229 devstack@c-api.service[96234]: DEBUG cinder.api.middleware.request_id [req-31836248-29e7-4b6e-81ce-6158bb412826 req-e2731cd2-d8f9-47eb-829d-876eec6c87be None None] RequestId filter calling following filter/app {{(pid=96234) _context_setter /opt/stack/cinder/cinder/api/middleware/request_id.py:62}}
May 22 08:07:02.635839 np0000001229 devstack@c-api.service[96234]: INFO cinder.api.openstack.wsgi [req-31836248-29e7-4b6e-81ce-6158bb412826 req-e2731cd2-d8f9-47eb-829d-876eec6c87be tempest-ServerActionsTestOtherA-1435478416 tempest-ServerActionsTestOtherA-1435478416-project-member] PUT https://10.4.3.22/volume/v3/attachments/d52e7287-3dea-4205-974b-3b7ff8b736cd
May 22 08:07:02.636484 np0000001229 devstack@c-api.service[96234]: DEBUG cinder.api.openstack.wsgi [req-31836248-29e7-4b6e-81ce-6158bb412826 req-e2731cd2-d8f9-47eb-829d-876eec6c87be tempest-ServerActionsTestOtherA-1435478416 tempest-ServerActionsTestOtherA-1435478416-project-member] Action: 'update', calling method: version_select, body: {"attachment": {"connector": {"platform": "x86_64", "os_type": "linux", "ip": "10.4.3.22", "host": "np0000001229", "multipath": false, "enforce_multipath": true, "initiator": "iqn.2016-04.com.open-iscsi:65d68977b013", "do_local_attach": false, "nvme_hostid": "5956f5b4-240f-4eda-b189-c6d98b66beef", "uuid": "8515de1c-ba7e-467b-adde-6d9f8a8dbc1f", "system uuid": "fa9578c9-748c-4da0-9445-d730c9499b2e", "nqn": "nqn.2014-08.org.nvmexpress:uuid:fa9578c9-748c-4da0-9445-d730c9499b2e", "nvme_native_multipath": true, "found_dsc": "", "host_ips": ["10.4.3.22", "fe80::f816:3eff:fe7b:7e30", "192.168.10.6", "fe80::f816:3eff:fe71:bdf2", "192.168.20.6", "fe80::f816:3eff:fea0:62bb", "192.168.30.6", "fe80::f816:3eff:fedc:40a5", "192.168.122.1", "172.24.5.1", "2001:db8::2", "fe80::1836:5fff:fead:9649", "fe80::fc16:3eff:fe56:35c7", "fe80::b89a:1ff:fe5e:8fd0", "fe80::fc16:3eff:fed4:c9f8", "fe80::fc16:3eff:fe59:7ab6", "fe80::b8c7:f3ff:fefa:14c5"], "mountpoint": "/dev/vdb"}}} {{(pid=96234) _process_stack /opt/stack/cinder/cinder/api/openstack/wsgi.py:876}}
May 22 08:07:02.647486 np0000001229 devstack@c-api.service[96234]: DEBUG cinder.coordination [req-31836248-29e7-4b6e-81ce-6158bb412826 req-e2731cd2-d8f9-47eb-829d-876eec6c87be tempest-ServerActionsTestOtherA-1435478416 tempest-ServerActionsTestOtherA-1435478416-project-member] Acquiring lock "cinder-attachment_update-7b9745d7-dca1-4128-9a15-bfe488033879-np0000001229" by "attachment_update" {{(pid=96234) __acquire /opt/stack/cinder/cinder/coordination.py:138}}
May 22 08:07:02.657266 np0000001229 devstack@c-api.service[96234]: DEBUG cinder.coordination [req-31836248-29e7-4b6e-81ce-6158bb412826 req-e2731cd2-d8f9-47eb-829d-876eec6c87be tempest-ServerActionsTestOtherA-1435478416 tempest-ServerActionsTestOtherA-1435478416-project-member] Lock "cinder-attachment_update-7b9745d7-dca1-4128-9a15-bfe488033879-np0000001229" acquired by "attachment_update" :: waited 0.010s {{(pid=96234) __acquire /opt/stack/cinder/cinder/coordination.py:141}}
May 22 08:07:02.659685 np0000001229 devstack@c-api.service[96234]: /opt/stack/data/venv/lib/python3.12/site-packages/oslo_context/context.py:102: DeprecationWarning: Policy enforcement is depending on the value of is_admin. This key is deprecated. Please update your policy file to use the standard policy values.
May 22 08:07:02.659685 np0000001229 devstack@c-api.service[96234]: warnings.warn(
May 22 08:07:02.966190 np0000001229 devstack@c-api.service[96233]: DEBUG cinder.api.middleware.request_id [None req-5076a0b7-ec7b-4513-acf4-7b35c0254067 None None] RequestId filter calling following filter/app {{(pid=96233) _context_setter /opt/stack/cinder/cinder/api/middleware/request_id.py:62}}
May 22 08:07:02.967760 np0000001229 devstack@c-api.service[96233]: INFO cinder.api.openstack.wsgi [None req-5076a0b7-ec7b-4513-acf4-7b35c0254067 tempest-TaggedBootDevicesTest_v242-803120759 tempest-TaggedBootDevicesTest_v242-803120759-project-member] DELETE https://10.4.3.22/volume/v3/volumes/a05489c6-813f-4dee-9510-c4d434aa7b34
May 22 08:07:02.967954 np0000001229 devstack@c-api.service[96233]: DEBUG cinder.api.openstack.wsgi [None req-5076a0b7-ec7b-4513-acf4-7b35c0254067 tempest-TaggedBootDevicesTest_v242-803120759 tempest-TaggedBootDevicesTest_v242-803120759-project-member] Empty body provided in request {{(pid=96233) get_body /opt/stack/cinder/cinder/api/openstack/wsgi.py:725}}
May 22 08:07:02.968370 np0000001229 devstack@c-api.service[96233]: DEBUG cinder.api.openstack.wsgi [None req-5076a0b7-ec7b-4513-acf4-7b35c0254067 tempest-TaggedBootDevicesTest_v242-803120759 tempest-TaggedBootDevicesTest_v242-803120759-project-member] Calling method 'delete' {{(pid=96233) _process_stack /opt/stack/cinder/cinder/api/openstack/wsgi.py:878}}
May 22 08:07:02.968370 np0000001229 devstack@c-api.service[96233]: INFO cinder.api.v3.volumes [None req-5076a0b7-ec7b-4513-acf4-7b35c0254067 tempest-TaggedBootDevicesTest_v242-803120759 tempest-TaggedBootDevicesTest_v242-803120759-project-member] Delete volume with id: a05489c6-813f-4dee-9510-c4d434aa7b34
May 22 08:07:02.976828 np0000001229 devstack@c-api.service[96233]: /opt/stack/data/venv/lib/python3.12/site-packages/oslo_context/context.py:102: DeprecationWarning: Policy enforcement is depending on the value of is_admin. This key is deprecated. Please update your policy file to use the standard policy values.
May 22 08:07:02.976828 np0000001229 devstack@c-api.service[96233]: warnings.warn(
May 22 08:07:02.977741 np0000001229 devstack@c-api.service[96233]: INFO cinder.volume.api [None req-5076a0b7-ec7b-4513-acf4-7b35c0254067 tempest-TaggedBootDevicesTest_v242-803120759 tempest-TaggedBootDevicesTest_v242-803120759-project-member] Volume info retrieved successfully.
May 22 08:07:03.003560 np0000001229 devstack@c-api.service[96233]: INFO cinder.volume.api [None req-5076a0b7-ec7b-4513-acf4-7b35c0254067 tempest-TaggedBootDevicesTest_v242-803120759 tempest-TaggedBootDevicesTest_v242-803120759-project-member] Delete volume request issued successfully.
May 22 08:07:03.003676 np0000001229 devstack@c-api.service[96233]: INFO cinder.api.openstack.wsgi [None req-5076a0b7-ec7b-4513-acf4-7b35c0254067 tempest-TaggedBootDevicesTest_v242-803120759 tempest-TaggedBootDevicesTest_v242-803120759-project-member] https://10.4.3.22/volume/v3/volumes/a05489c6-813f-4dee-9510-c4d434aa7b34 returned with HTTP 202
May 22 08:07:03.004238 np0000001229 devstack@c-api.service[96233]: [pid: 96233|app: 0|req: 126/250] 10.4.3.22 () {66 vars in 1344 bytes} [Fri May 22 08:07:02 2026] DELETE /volume/v3/volumes/a05489c6-813f-4dee-9510-c4d434aa7b34 => generated 0 bytes in 38 msecs (HTTP/1.1 202) 6 headers in 233 bytes (1 switches on core 0)
May 22 08:07:03.016330 np0000001229 devstack@c-api.service[96233]: DEBUG cinder.api.middleware.request_id [None req-6be66f23-aea4-419e-96a5-37bc414773e7 None None] RequestId filter calling following filter/app {{(pid=96233) _context_setter /opt/stack/cinder/cinder/api/middleware/request_id.py:62}}
May 22 08:07:03.018852 np0000001229 devstack@c-api.service[96233]: INFO cinder.api.openstack.wsgi [None req-6be66f23-aea4-419e-96a5-37bc414773e7 tempest-TaggedBootDevicesTest_v242-803120759 tempest-TaggedBootDevicesTest_v242-803120759-project-member] GET https://10.4.3.22/volume/v3/volumes/a05489c6-813f-4dee-9510-c4d434aa7b34
May 22 08:07:03.019188 np0000001229 devstack@c-api.service[96233]: DEBUG cinder.api.openstack.wsgi [None req-6be66f23-aea4-419e-96a5-37bc414773e7 tempest-TaggedBootDevicesTest_v242-803120759 tempest-TaggedBootDevicesTest_v242-803120759-project-member] Empty body provided in request {{(pid=96233) get_body /opt/stack/cinder/cinder/api/openstack/wsgi.py:725}}
May 22 08:07:03.019479 np0000001229 devstack@c-api.service[96233]: DEBUG cinder.api.openstack.wsgi [None req-6be66f23-aea4-419e-96a5-37bc414773e7 tempest-TaggedBootDevicesTest_v242-803120759 tempest-TaggedBootDevicesTest_v242-803120759-project-member] Calling method 'show' {{(pid=96233) _process_stack /opt/stack/cinder/cinder/api/openstack/wsgi.py:878}}
May 22 08:07:03.027724 np0000001229 devstack@c-api.service[96233]: /opt/stack/data/venv/lib/python3.12/site-packages/oslo_context/context.py:102: DeprecationWarning: Policy enforcement is depending on the value of is_admin. This key is deprecated. Please update your policy file to use the standard policy values.
May 22 08:07:03.027724 np0000001229 devstack@c-api.service[96233]: warnings.warn(
May 22 08:07:03.033189 np0000001229 devstack@c-api.service[96233]: INFO cinder.volume.api [None req-6be66f23-aea4-419e-96a5-37bc414773e7 tempest-TaggedBootDevicesTest_v242-803120759 tempest-TaggedBootDevicesTest_v242-803120759-project-member] Volume info retrieved successfully.
May 22 08:07:03.040371 np0000001229 devstack@c-api.service[96233]: INFO cinder.api.openstack.wsgi [None req-6be66f23-aea4-419e-96a5-37bc414773e7 tempest-TaggedBootDevicesTest_v242-803120759 tempest-TaggedBootDevicesTest_v242-803120759-project-member] https://10.4.3.22/volume/v3/volumes/a05489c6-813f-4dee-9510-c4d434aa7b34 returned with HTTP 200
May 22 08:07:03.041014 np0000001229 devstack@c-api.service[96233]: [pid: 96233|app: 0|req: 127/251] 10.4.3.22 () {66 vars in 1341 bytes} [Fri May 22 08:07:03 2026] GET /volume/v3/volumes/a05489c6-813f-4dee-9510-c4d434aa7b34 => generated 847 bytes in 25 msecs (HTTP/1.1 200) 7 headers in 285 bytes (1 switches on core 0)
May 22 08:07:03.193499 np0000001229 devstack@c-api.service[96234]: DEBUG cinder.coordination [req-31836248-29e7-4b6e-81ce-6158bb412826 req-e2731cd2-d8f9-47eb-829d-876eec6c87be tempest-ServerActionsTestOtherA-1435478416 tempest-ServerActionsTestOtherA-1435478416-project-member] Lock "cinder-attachment_update-7b9745d7-dca1-4128-9a15-bfe488033879-np0000001229" released by "attachment_update" :: held 0.536s {{(pid=96234) __release /opt/stack/cinder/cinder/coordination.py:152}}
May 22 08:07:03.196324 np0000001229 devstack@c-api.service[96234]: INFO cinder.api.openstack.wsgi [req-31836248-29e7-4b6e-81ce-6158bb412826 req-e2731cd2-d8f9-47eb-829d-876eec6c87be tempest-ServerActionsTestOtherA-1435478416 tempest-ServerActionsTestOtherA-1435478416-project-member] https://10.4.3.22/volume/v3/attachments/d52e7287-3dea-4205-974b-3b7ff8b736cd returned with HTTP 200
May 22 08:07:03.197401 np0000001229 devstack@c-api.service[96234]: [pid: 96234|app: 0|req: 125/252] 10.4.3.22 () {74 vars in 1697 bytes} [Fri May 22 08:07:02 2026] PUT /volume/v3/attachments/d52e7287-3dea-4205-974b-3b7ff8b736cd => generated 535 bytes in 565 msecs (HTTP/1.1 200) 7 headers in 286 bytes (1 switches on core 0)
May 22 08:07:03.315200 np0000001229 devstack@c-api.service[96233]: DEBUG cinder.api.middleware.request_id [req-6eebf3d8-3481-47b0-bb24-a7e956be3952 req-e53843f7-f004-4de5-aadb-9118a03c6bae None None] RequestId filter calling following filter/app {{(pid=96233) _context_setter /opt/stack/cinder/cinder/api/middleware/request_id.py:62}}
May 22 08:07:03.317977 np0000001229 devstack@c-api.service[96233]: INFO cinder.api.openstack.wsgi [req-6eebf3d8-3481-47b0-bb24-a7e956be3952 req-e53843f7-f004-4de5-aadb-9118a03c6bae tempest-AttachVolumeTestJSON-8605624 tempest-AttachVolumeTestJSON-8605624-project-member] GET https://10.4.3.22/volume/v3/volumes/ea943961-c2d9-4aca-b215-5a285978efba
May 22 08:07:03.318536 np0000001229 devstack@c-api.service[96233]: DEBUG cinder.api.openstack.wsgi [req-6eebf3d8-3481-47b0-bb24-a7e956be3952 req-e53843f7-f004-4de5-aadb-9118a03c6bae tempest-AttachVolumeTestJSON-8605624 tempest-AttachVolumeTestJSON-8605624-project-member] Empty body provided in request {{(pid=96233) get_body /opt/stack/cinder/cinder/api/openstack/wsgi.py:725}}
May 22 08:07:03.318536 np0000001229 devstack@c-api.service[96233]: DEBUG cinder.api.openstack.wsgi [req-6eebf3d8-3481-47b0-bb24-a7e956be3952 req-e53843f7-f004-4de5-aadb-9118a03c6bae tempest-AttachVolumeTestJSON-8605624 tempest-AttachVolumeTestJSON-8605624-project-member] Calling method 'show' {{(pid=96233) _process_stack /opt/stack/cinder/cinder/api/openstack/wsgi.py:878}}
May 22 08:07:03.329836 np0000001229 devstack@c-api.service[96233]: /opt/stack/data/venv/lib/python3.12/site-packages/oslo_context/context.py:102: DeprecationWarning: Policy enforcement is depending on the value of is_admin. This key is deprecated. Please update your policy file to use the standard policy values.
May 22 08:07:03.329836 np0000001229 devstack@c-api.service[96233]: warnings.warn(
May 22 08:07:03.337936 np0000001229 devstack@c-api.service[96233]: INFO cinder.volume.api [req-6eebf3d8-3481-47b0-bb24-a7e956be3952 req-e53843f7-f004-4de5-aadb-9118a03c6bae tempest-AttachVolumeTestJSON-8605624 tempest-AttachVolumeTestJSON-8605624-project-member] Volume info retrieved successfully.
May 22 08:07:03.344891 np0000001229 devstack@c-api.service[96233]: INFO cinder.api.openstack.wsgi [req-6eebf3d8-3481-47b0-bb24-a7e956be3952 req-e53843f7-f004-4de5-aadb-9118a03c6bae tempest-AttachVolumeTestJSON-8605624 tempest-AttachVolumeTestJSON-8605624-project-member] https://10.4.3.22/volume/v3/volumes/ea943961-c2d9-4aca-b215-5a285978efba returned with HTTP 200
May 22 08:07:03.345507 np0000001229 devstack@c-api.service[96233]: [pid: 96233|app: 0|req: 128/253] 10.4.3.22 () {68 vars in 1591 bytes} [Fri May 22 08:07:03 2026] GET /volume/v3/volumes/ea943961-c2d9-4aca-b215-5a285978efba => generated 1133 bytes in 31 msecs (HTTP/1.1 200) 7 headers in 286 bytes (1 switches on core 0)
May 22 08:07:03.374369 np0000001229 devstack@c-api.service[96234]: DEBUG cinder.api.middleware.request_id [req-6eebf3d8-3481-47b0-bb24-a7e956be3952 req-05b581a1-f19b-4087-b086-eb47a82f6569 None None] RequestId filter calling following filter/app {{(pid=96234) _context_setter /opt/stack/cinder/cinder/api/middleware/request_id.py:62}}
May 22 08:07:03.378301 np0000001229 devstack@c-api.service[96234]: INFO cinder.api.openstack.wsgi [req-6eebf3d8-3481-47b0-bb24-a7e956be3952 req-05b581a1-f19b-4087-b086-eb47a82f6569 tempest-AttachVolumeTestJSON-8605624 tempest-AttachVolumeTestJSON-8605624-project-member] POST https://10.4.3.22/volume/v3/volumes/ea943961-c2d9-4aca-b215-5a285978efba/action
May 22 08:07:03.381569 np0000001229 devstack@c-api.service[96234]: DEBUG cinder.api.openstack.wsgi [req-6eebf3d8-3481-47b0-bb24-a7e956be3952 req-05b581a1-f19b-4087-b086-eb47a82f6569 tempest-AttachVolumeTestJSON-8605624 tempest-AttachVolumeTestJSON-8605624-project-member] Action body: b'{"os-begin_detaching": null}' {{(pid=96234) get_method /opt/stack/cinder/cinder/api/openstack/wsgi.py:993}}
May 22 08:07:03.381569 np0000001229 devstack@c-api.service[96234]: DEBUG cinder.api.openstack.wsgi [req-6eebf3d8-3481-47b0-bb24-a7e956be3952 req-05b581a1-f19b-4087-b086-eb47a82f6569 tempest-AttachVolumeTestJSON-8605624 tempest-AttachVolumeTestJSON-8605624-project-member] Action: 'action', calling method: _begin_detaching, body: {"os-begin_detaching": null} {{(pid=96234) _process_stack /opt/stack/cinder/cinder/api/openstack/wsgi.py:876}}
May 22 08:07:03.391638 np0000001229 devstack@c-api.service[96234]: /opt/stack/data/venv/lib/python3.12/site-packages/oslo_context/context.py:102: DeprecationWarning: Policy enforcement is depending on the value of is_admin. This key is deprecated. Please update your policy file to use the standard policy values.
May 22 08:07:03.391638 np0000001229 devstack@c-api.service[96234]: warnings.warn(
May 22 08:07:03.392891 np0000001229 devstack@c-api.service[96234]: INFO cinder.volume.api [req-6eebf3d8-3481-47b0-bb24-a7e956be3952 req-05b581a1-f19b-4087-b086-eb47a82f6569 tempest-AttachVolumeTestJSON-8605624 tempest-AttachVolumeTestJSON-8605624-project-member] Volume info retrieved successfully.
May 22 08:07:03.406849 np0000001229 devstack@c-api.service[96234]: INFO cinder.volume.api [req-6eebf3d8-3481-47b0-bb24-a7e956be3952 req-05b581a1-f19b-4087-b086-eb47a82f6569 tempest-AttachVolumeTestJSON-8605624 tempest-AttachVolumeTestJSON-8605624-project-member] Begin detaching volume completed successfully.
May 22 08:07:03.408711 np0000001229 devstack@c-api.service[96234]: INFO cinder.api.openstack.wsgi [req-6eebf3d8-3481-47b0-bb24-a7e956be3952 req-05b581a1-f19b-4087-b086-eb47a82f6569 tempest-AttachVolumeTestJSON-8605624 tempest-AttachVolumeTestJSON-8605624-project-member] https://10.4.3.22/volume/v3/volumes/ea943961-c2d9-4aca-b215-5a285978efba/action returned with HTTP 202
May 22 08:07:03.408711 np0000001229 devstack@c-api.service[96234]: [pid: 96234|app: 0|req: 126/254] 10.4.3.22 () {72 vars in 1665 bytes} [Fri May 22 08:07:03 2026] POST /volume/v3/volumes/ea943961-c2d9-4aca-b215-5a285978efba/action => generated 0 bytes in 34 msecs (HTTP/1.1 202) 7 headers in 289 bytes (1 switches on core 0)
May 22 08:07:03.426480 np0000001229 devstack@c-api.service[96233]: DEBUG cinder.api.middleware.request_id [None req-d6015fd8-3a95-4b91-b6dd-3ef98bd3918e None None] RequestId filter calling following filter/app {{(pid=96233) _context_setter /opt/stack/cinder/cinder/api/middleware/request_id.py:62}}
May 22 08:07:03.429820 np0000001229 devstack@c-api.service[96233]: INFO cinder.api.openstack.wsgi [None req-d6015fd8-3a95-4b91-b6dd-3ef98bd3918e tempest-ServerActionsTestOtherA-1435478416 tempest-ServerActionsTestOtherA-1435478416-project-member] GET https://10.4.3.22/volume/v3/volumes/7b9745d7-dca1-4128-9a15-bfe488033879
May 22 08:07:03.430254 np0000001229 devstack@c-api.service[96233]: DEBUG cinder.api.openstack.wsgi [None req-d6015fd8-3a95-4b91-b6dd-3ef98bd3918e tempest-ServerActionsTestOtherA-1435478416 tempest-ServerActionsTestOtherA-1435478416-project-member] Empty body provided in request {{(pid=96233) get_body /opt/stack/cinder/cinder/api/openstack/wsgi.py:725}}
May 22 08:07:03.430805 np0000001229 devstack@c-api.service[96233]: DEBUG cinder.api.openstack.wsgi [None req-d6015fd8-3a95-4b91-b6dd-3ef98bd3918e tempest-ServerActionsTestOtherA-1435478416 tempest-ServerActionsTestOtherA-1435478416-project-member] Calling method 'show' {{(pid=96233) _process_stack /opt/stack/cinder/cinder/api/openstack/wsgi.py:878}}
May 22 08:07:03.435533 np0000001229 devstack@c-api.service[96234]: DEBUG cinder.api.middleware.request_id [None req-4e33c102-ff86-4dfe-b0fa-a71fa9e947de None None] RequestId filter calling following filter/app {{(pid=96234) _context_setter /opt/stack/cinder/cinder/api/middleware/request_id.py:62}}
May 22 08:07:03.437774 np0000001229 devstack@c-api.service[96234]: INFO cinder.api.openstack.wsgi [None req-4e33c102-ff86-4dfe-b0fa-a71fa9e947de tempest-AttachVolumeTestJSON-8605624 tempest-AttachVolumeTestJSON-8605624-project-member] GET https://10.4.3.22/volume/v3/volumes/ea943961-c2d9-4aca-b215-5a285978efba
May 22 08:07:03.438333 np0000001229 devstack@c-api.service[96234]: DEBUG cinder.api.openstack.wsgi [None req-4e33c102-ff86-4dfe-b0fa-a71fa9e947de tempest-AttachVolumeTestJSON-8605624 tempest-AttachVolumeTestJSON-8605624-project-member] Empty body provided in request {{(pid=96234) get_body /opt/stack/cinder/cinder/api/openstack/wsgi.py:725}}
May 22 08:07:03.438333 np0000001229 devstack@c-api.service[96234]: DEBUG cinder.api.openstack.wsgi [None req-4e33c102-ff86-4dfe-b0fa-a71fa9e947de tempest-AttachVolumeTestJSON-8605624 tempest-AttachVolumeTestJSON-8605624-project-member] Calling method 'show' {{(pid=96234) _process_stack /opt/stack/cinder/cinder/api/openstack/wsgi.py:878}}
May 22 08:07:03.453917 np0000001229 devstack@c-api.service[96234]: /opt/stack/data/venv/lib/python3.12/site-packages/oslo_context/context.py:102: DeprecationWarning: Policy enforcement is depending on the value of is_admin. This key is deprecated. Please update your policy file to use the standard policy values.
May 22 08:07:03.453917 np0000001229 devstack@c-api.service[96234]: warnings.warn(
May 22 08:07:03.456726 np0000001229 devstack@c-api.service[96233]: /opt/stack/data/venv/lib/python3.12/site-packages/oslo_context/context.py:102: DeprecationWarning: Policy enforcement is depending on the value of is_admin. This key is deprecated. Please update your policy file to use the standard policy values.
May 22 08:07:03.456726 np0000001229 devstack@c-api.service[96233]: warnings.warn(
May 22 08:07:03.461765 np0000001229 devstack@c-api.service[96233]: INFO cinder.volume.api [None req-d6015fd8-3a95-4b91-b6dd-3ef98bd3918e tempest-ServerActionsTestOtherA-1435478416 tempest-ServerActionsTestOtherA-1435478416-project-member] Volume info retrieved successfully.
May 22 08:07:03.466979 np0000001229 devstack@c-api.service[96234]: INFO cinder.volume.api [None req-4e33c102-ff86-4dfe-b0fa-a71fa9e947de tempest-AttachVolumeTestJSON-8605624 tempest-AttachVolumeTestJSON-8605624-project-member] Volume info retrieved successfully.
May 22 08:07:03.470871 np0000001229 devstack@c-api.service[96233]: INFO cinder.api.openstack.wsgi [None req-d6015fd8-3a95-4b91-b6dd-3ef98bd3918e tempest-ServerActionsTestOtherA-1435478416 tempest-ServerActionsTestOtherA-1435478416-project-member] https://10.4.3.22/volume/v3/volumes/7b9745d7-dca1-4128-9a15-bfe488033879 returned with HTTP 200
May 22 08:07:03.471513 np0000001229 devstack@c-api.service[96233]: [pid: 96233|app: 0|req: 129/255] 10.4.3.22 () {66 vars in 1341 bytes} [Fri May 22 08:07:03 2026] GET /volume/v3/volumes/7b9745d7-dca1-4128-9a15-bfe488033879 => generated 845 bytes in 45 msecs (HTTP/1.1 200) 7 headers in 285 bytes (1 switches on core 0)
May 22 08:07:03.473868 np0000001229 devstack@c-api.service[96234]: INFO cinder.api.openstack.wsgi [None req-4e33c102-ff86-4dfe-b0fa-a71fa9e947de tempest-AttachVolumeTestJSON-8605624 tempest-AttachVolumeTestJSON-8605624-project-member] https://10.4.3.22/volume/v3/volumes/ea943961-c2d9-4aca-b215-5a285978efba returned with HTTP 200
May 22 08:07:03.474448 np0000001229 devstack@c-api.service[96234]: [pid: 96234|app: 0|req: 127/256] 10.4.3.22 () {66 vars in 1341 bytes} [Fri May 22 08:07:03 2026] GET /volume/v3/volumes/ea943961-c2d9-4aca-b215-5a285978efba => generated 1136 bytes in 42 msecs (HTTP/1.1 200) 7 headers in 286 bytes (1 switches on core 0)
May 22 08:07:04.059369 np0000001229 devstack@c-api.service[96233]: DEBUG cinder.api.middleware.request_id [None req-5654e19b-e92a-4f0d-b2ac-86d2948d5660 None None] RequestId filter calling following filter/app {{(pid=96233) _context_setter /opt/stack/cinder/cinder/api/middleware/request_id.py:62}}
May 22 08:07:04.061591 np0000001229 devstack@c-api.service[96233]: INFO cinder.api.openstack.wsgi [None req-5654e19b-e92a-4f0d-b2ac-86d2948d5660 tempest-TaggedBootDevicesTest_v242-803120759 tempest-TaggedBootDevicesTest_v242-803120759-project-member] GET https://10.4.3.22/volume/v3/volumes/a05489c6-813f-4dee-9510-c4d434aa7b34
May 22 08:07:04.062039 np0000001229 devstack@c-api.service[96233]: DEBUG cinder.api.openstack.wsgi [None req-5654e19b-e92a-4f0d-b2ac-86d2948d5660 tempest-TaggedBootDevicesTest_v242-803120759 tempest-TaggedBootDevicesTest_v242-803120759-project-member] Empty body provided in request {{(pid=96233) get_body /opt/stack/cinder/cinder/api/openstack/wsgi.py:725}}
May 22 08:07:04.062480 np0000001229 devstack@c-api.service[96233]: DEBUG cinder.api.openstack.wsgi [None req-5654e19b-e92a-4f0d-b2ac-86d2948d5660 tempest-TaggedBootDevicesTest_v242-803120759 tempest-TaggedBootDevicesTest_v242-803120759-project-member] Calling method 'show' {{(pid=96233) _process_stack /opt/stack/cinder/cinder/api/openstack/wsgi.py:878}}
May 22 08:07:04.074633 np0000001229 devstack@c-api.service[96233]: INFO cinder.api.openstack.wsgi [None req-5654e19b-e92a-4f0d-b2ac-86d2948d5660 tempest-TaggedBootDevicesTest_v242-803120759 tempest-TaggedBootDevicesTest_v242-803120759-project-member] https://10.4.3.22/volume/v3/volumes/a05489c6-813f-4dee-9510-c4d434aa7b34 returned with HTTP 404
May 22 08:07:04.074633 np0000001229 devstack@c-api.service[96233]: [pid: 96233|app: 0|req: 130/257] 10.4.3.22 () {66 vars in 1341 bytes} [Fri May 22 08:07:04 2026] GET /volume/v3/volumes/a05489c6-813f-4dee-9510-c4d434aa7b34 => generated 109 bytes in 15 msecs (HTTP/1.1 404) 7 headers in 292 bytes (1 switches on core 0)
May 22 08:07:04.086534 np0000001229 devstack@c-api.service[96234]: DEBUG cinder.api.middleware.request_id [None req-290f32ce-7e2b-4a16-9b7f-4fd88f20fa7a None None] RequestId filter calling following filter/app {{(pid=96234) _context_setter /opt/stack/cinder/cinder/api/middleware/request_id.py:62}}
May 22 08:07:04.091078 np0000001229 devstack@c-api.service[96233]: DEBUG cinder.api.middleware.request_id [None req-3e0f48fd-b2b3-444b-b4d6-b3112e91d083 None None] RequestId filter calling following filter/app {{(pid=96233) _context_setter /opt/stack/cinder/cinder/api/middleware/request_id.py:62}}
May 22 08:07:04.091260 np0000001229 devstack@c-api.service[96234]: INFO cinder.api.openstack.wsgi [None req-290f32ce-7e2b-4a16-9b7f-4fd88f20fa7a tempest-TaggedBootDevicesTest_v242-803120759 tempest-TaggedBootDevicesTest_v242-803120759-project-member] DELETE https://10.4.3.22/volume/v3/volumes/51997969-ffc6-4656-af8d-9816ae524f88
May 22 08:07:04.091260 np0000001229 devstack@c-api.service[96234]: DEBUG cinder.api.openstack.wsgi [None req-290f32ce-7e2b-4a16-9b7f-4fd88f20fa7a tempest-TaggedBootDevicesTest_v242-803120759 tempest-TaggedBootDevicesTest_v242-803120759-project-member] Empty body provided in request {{(pid=96234) get_body /opt/stack/cinder/cinder/api/openstack/wsgi.py:725}}
May 22 08:07:04.091357 np0000001229 devstack@c-api.service[96234]: DEBUG cinder.api.openstack.wsgi [None req-290f32ce-7e2b-4a16-9b7f-4fd88f20fa7a tempest-TaggedBootDevicesTest_v242-803120759 tempest-TaggedBootDevicesTest_v242-803120759-project-member] Calling method 'delete' {{(pid=96234) _process_stack /opt/stack/cinder/cinder/api/openstack/wsgi.py:878}}
May 22 08:07:04.091507 np0000001229 devstack@c-api.service[96234]: INFO cinder.api.v3.volumes [None req-290f32ce-7e2b-4a16-9b7f-4fd88f20fa7a tempest-TaggedBootDevicesTest_v242-803120759 tempest-TaggedBootDevicesTest_v242-803120759-project-member] Delete volume with id: 51997969-ffc6-4656-af8d-9816ae524f88
May 22 08:07:04.093736 np0000001229 devstack@c-api.service[96233]: INFO cinder.api.openstack.wsgi [None req-3e0f48fd-b2b3-444b-b4d6-b3112e91d083 tempest-ServerStableDeviceRescueTest-169077358 tempest-ServerStableDeviceRescueTest-169077358-project-member] DELETE https://10.4.3.22/volume/v3/volumes/d4c25f42-0875-4dfa-b37a-e8f933d68b62
May 22 08:07:04.094780 np0000001229 devstack@c-api.service[96233]: DEBUG cinder.api.openstack.wsgi [None req-3e0f48fd-b2b3-444b-b4d6-b3112e91d083 tempest-ServerStableDeviceRescueTest-169077358 tempest-ServerStableDeviceRescueTest-169077358-project-member] Empty body provided in request {{(pid=96233) get_body /opt/stack/cinder/cinder/api/openstack/wsgi.py:725}}
May 22 08:07:04.094780 np0000001229 devstack@c-api.service[96233]: DEBUG cinder.api.openstack.wsgi [None req-3e0f48fd-b2b3-444b-b4d6-b3112e91d083 tempest-ServerStableDeviceRescueTest-169077358 tempest-ServerStableDeviceRescueTest-169077358-project-member] Calling method 'delete' {{(pid=96233) _process_stack /opt/stack/cinder/cinder/api/openstack/wsgi.py:878}}
May 22 08:07:04.094780 np0000001229 devstack@c-api.service[96233]: INFO cinder.api.v3.volumes [None req-3e0f48fd-b2b3-444b-b4d6-b3112e91d083 tempest-ServerStableDeviceRescueTest-169077358 tempest-ServerStableDeviceRescueTest-169077358-project-member] Delete volume with id: d4c25f42-0875-4dfa-b37a-e8f933d68b62
May 22 08:07:04.099343 np0000001229 devstack@c-api.service[96234]: /opt/stack/data/venv/lib/python3.12/site-packages/oslo_context/context.py:102: DeprecationWarning: Policy enforcement is depending on the value of is_admin. This key is deprecated. Please update your policy file to use the standard policy values.
May 22 08:07:04.099343 np0000001229 devstack@c-api.service[96234]: warnings.warn(
May 22 08:07:04.100025 np0000001229 devstack@c-api.service[96234]: INFO cinder.volume.api [None req-290f32ce-7e2b-4a16-9b7f-4fd88f20fa7a tempest-TaggedBootDevicesTest_v242-803120759 tempest-TaggedBootDevicesTest_v242-803120759-project-member] Volume info retrieved successfully.
May 22 08:07:04.104989 np0000001229 devstack@c-api.service[96233]: /opt/stack/data/venv/lib/python3.12/site-packages/oslo_context/context.py:102: DeprecationWarning: Policy enforcement is depending on the value of is_admin. This key is deprecated. Please update your policy file to use the standard policy values.
May 22 08:07:04.104989 np0000001229 devstack@c-api.service[96233]: warnings.warn(
May 22 08:07:04.105961 np0000001229 devstack@c-api.service[96233]: INFO cinder.volume.api [None req-3e0f48fd-b2b3-444b-b4d6-b3112e91d083 tempest-ServerStableDeviceRescueTest-169077358 tempest-ServerStableDeviceRescueTest-169077358-project-member] Volume info retrieved successfully.
May 22 08:07:04.123547 np0000001229 devstack@c-api.service[96234]: INFO cinder.volume.api [None req-290f32ce-7e2b-4a16-9b7f-4fd88f20fa7a tempest-TaggedBootDevicesTest_v242-803120759 tempest-TaggedBootDevicesTest_v242-803120759-project-member] Delete volume request issued successfully.
May 22 08:07:04.126849 np0000001229 devstack@c-api.service[96234]: INFO cinder.api.openstack.wsgi [None req-290f32ce-7e2b-4a16-9b7f-4fd88f20fa7a tempest-TaggedBootDevicesTest_v242-803120759 tempest-TaggedBootDevicesTest_v242-803120759-project-member] https://10.4.3.22/volume/v3/volumes/51997969-ffc6-4656-af8d-9816ae524f88 returned with HTTP 202
May 22 08:07:04.127892 np0000001229 devstack@c-api.service[96234]: [pid: 96234|app: 0|req: 128/258] 10.4.3.22 () {66 vars in 1344 bytes} [Fri May 22 08:07:04 2026] DELETE /volume/v3/volumes/51997969-ffc6-4656-af8d-9816ae524f88 => generated 0 bytes in 41 msecs (HTTP/1.1 202) 6 headers in 233 bytes (1 switches on core 0)
May 22 08:07:04.133067 np0000001229 devstack@c-api.service[96233]: INFO cinder.volume.api [None req-3e0f48fd-b2b3-444b-b4d6-b3112e91d083 tempest-ServerStableDeviceRescueTest-169077358 tempest-ServerStableDeviceRescueTest-169077358-project-member] Delete volume request issued successfully.
May 22 08:07:04.133820 np0000001229 devstack@c-api.service[96233]: INFO cinder.api.openstack.wsgi [None req-3e0f48fd-b2b3-444b-b4d6-b3112e91d083 tempest-ServerStableDeviceRescueTest-169077358 tempest-ServerStableDeviceRescueTest-169077358-project-member] https://10.4.3.22/volume/v3/volumes/d4c25f42-0875-4dfa-b37a-e8f933d68b62 returned with HTTP 202
May 22 08:07:04.134036 np0000001229 devstack@c-api.service[96233]: [pid: 96233|app: 0|req: 131/259] 10.4.3.22 () {66 vars in 1344 bytes} [Fri May 22 08:07:04 2026] DELETE /volume/v3/volumes/d4c25f42-0875-4dfa-b37a-e8f933d68b62 => generated 0 bytes in 45 msecs (HTTP/1.1 202) 6 headers in 233 bytes (1 switches on core 0)
May 22 08:07:04.141562 np0000001229 devstack@c-api.service[96234]: DEBUG cinder.api.middleware.request_id [None req-9d0fda40-29bd-4f61-915e-8903fa48d56b None None] RequestId filter calling following filter/app {{(pid=96234) _context_setter /opt/stack/cinder/cinder/api/middleware/request_id.py:62}}
May 22 08:07:04.147804 np0000001229 devstack@c-api.service[96233]: DEBUG cinder.api.middleware.request_id [None req-84d5d409-f1fb-4305-bff4-c2343e3233db None None] RequestId filter calling following filter/app {{(pid=96233) _context_setter /opt/stack/cinder/cinder/api/middleware/request_id.py:62}}
May 22 08:07:04.149456 np0000001229 devstack@c-api.service[96234]: INFO cinder.api.openstack.wsgi [None req-9d0fda40-29bd-4f61-915e-8903fa48d56b tempest-TaggedBootDevicesTest_v242-803120759 tempest-TaggedBootDevicesTest_v242-803120759-project-member] GET https://10.4.3.22/volume/v3/volumes/51997969-ffc6-4656-af8d-9816ae524f88
May 22 08:07:04.149735 np0000001229 devstack@c-api.service[96233]: INFO cinder.api.openstack.wsgi [None req-84d5d409-f1fb-4305-bff4-c2343e3233db tempest-ServerStableDeviceRescueTest-169077358 tempest-ServerStableDeviceRescueTest-169077358-project-member] GET https://10.4.3.22/volume/v3/volumes/d4c25f42-0875-4dfa-b37a-e8f933d68b62
May 22 08:07:04.149932 np0000001229 devstack@c-api.service[96234]: DEBUG cinder.api.openstack.wsgi [None req-9d0fda40-29bd-4f61-915e-8903fa48d56b tempest-TaggedBootDevicesTest_v242-803120759 tempest-TaggedBootDevicesTest_v242-803120759-project-member] Empty body provided in request {{(pid=96234) get_body /opt/stack/cinder/cinder/api/openstack/wsgi.py:725}}
May 22 08:07:04.150199 np0000001229 devstack@c-api.service[96234]: DEBUG cinder.api.openstack.wsgi [None req-9d0fda40-29bd-4f61-915e-8903fa48d56b tempest-TaggedBootDevicesTest_v242-803120759 tempest-TaggedBootDevicesTest_v242-803120759-project-member] Calling method 'show' {{(pid=96234) _process_stack /opt/stack/cinder/cinder/api/openstack/wsgi.py:878}}
May 22 08:07:04.150587 np0000001229 devstack@c-api.service[96233]: DEBUG cinder.api.openstack.wsgi [None req-84d5d409-f1fb-4305-bff4-c2343e3233db tempest-ServerStableDeviceRescueTest-169077358 tempest-ServerStableDeviceRescueTest-169077358-project-member] Empty body provided in request {{(pid=96233) get_body /opt/stack/cinder/cinder/api/openstack/wsgi.py:725}}
May 22 08:07:04.151726 np0000001229 devstack@c-api.service[96233]: DEBUG cinder.api.openstack.wsgi [None req-84d5d409-f1fb-4305-bff4-c2343e3233db tempest-ServerStableDeviceRescueTest-169077358 tempest-ServerStableDeviceRescueTest-169077358-project-member] Calling method 'show' {{(pid=96233) _process_stack /opt/stack/cinder/cinder/api/openstack/wsgi.py:878}}
May 22 08:07:04.162550 np0000001229 devstack@c-api.service[96233]: /opt/stack/data/venv/lib/python3.12/site-packages/oslo_context/context.py:102: DeprecationWarning: Policy enforcement is depending on the value of is_admin. This key is deprecated. Please update your policy file to use the standard policy values.
May 22 08:07:04.162550 np0000001229 devstack@c-api.service[96233]: warnings.warn(
May 22 08:07:04.165555 np0000001229 devstack@c-api.service[96234]: /opt/stack/data/venv/lib/python3.12/site-packages/oslo_context/context.py:102: DeprecationWarning: Policy enforcement is depending on the value of is_admin. This key is deprecated. Please update your policy file to use the standard policy values.
May 22 08:07:04.165555 np0000001229 devstack@c-api.service[96234]: warnings.warn(
