Aug 13 15:53:21.571019 np0000007226 devstack@g-api.service[99730]: DEBUG glance.api.middleware.version_negotiation [None req-97179032-d01c-427a-a051-c52d162118a0 tempest-ServerActionsV293TestJSON-1416785319 tempest-ServerActionsV293TestJSON-1416785319-project-member] Using url versioning {{(pid=99730) process_request /opt/stack/glance/glance/api/middleware/version_negotiation.py:57}}
Aug 13 15:53:21.571141 np0000007226 devstack@g-api.service[99730]: DEBUG glance.api.middleware.version_negotiation [None req-97179032-d01c-427a-a051-c52d162118a0 tempest-ServerActionsV293TestJSON-1416785319 tempest-ServerActionsV293TestJSON-1416785319-project-member] Matched version: v2 {{(pid=99730) process_request /opt/stack/glance/glance/api/middleware/version_negotiation.py:69}}
Aug 13 15:53:21.571231 np0000007226 devstack@g-api.service[99730]: DEBUG glance.api.middleware.version_negotiation [None req-97179032-d01c-427a-a051-c52d162118a0 tempest-ServerActionsV293TestJSON-1416785319 tempest-ServerActionsV293TestJSON-1416785319-project-member] new path /v2/schemas/image {{(pid=99730) process_request /opt/stack/glance/glance/api/middleware/version_negotiation.py:70}}
Aug 13 15:53:21.573659 np0000007226 devstack@g-api.service[99730]: [pid: 99730|app: 0|req: 60/173] 127.0.0.1 () {44 vars in 1055 bytes} [Thu Aug 13 15:53:21 2026] GET /v2/schemas/image => generated 6083 bytes in 3 msecs (HTTP/1.1 200) 4 headers in 158 bytes (1 switches on core 0)
Aug 13 15:53:21.594714 np0000007226 devstack@g-api.service[99732]: [pid: 99732|app: 0|req: 58/174] 127.0.0.1 () {42 vars in 786 bytes} [Thu Aug 13 15:53:20 2026] POST /v2/images => generated 690 bytes in 648 msecs (HTTP/1.1 201) 6 headers in 315 bytes (1 switches on core 0)
Aug 13 15:53:21.602102 np0000007226 devstack@g-api.service[99730]: DEBUG glance.api.middleware.version_negotiation [None req-97179032-d01c-427a-a051-c52d162118a0 tempest-ServerActionsV293TestJSON-1416785319 tempest-ServerActionsV293TestJSON-1416785319-project-member] Determining version of request: PUT /v2/images/73bd72a4-dc36-4246-b84a-dca68a3e60ad/file Accept: {{(pid=99730) process_request /opt/stack/glance/glance/api/middleware/version_negotiation.py:44}}
Aug 13 15:53:21.602267 np0000007226 devstack@g-api.service[99730]: DEBUG glance.api.middleware.version_negotiation [None req-97179032-d01c-427a-a051-c52d162118a0 tempest-ServerActionsV293TestJSON-1416785319 tempest-ServerActionsV293TestJSON-1416785319-project-member] Using url versioning {{(pid=99730) process_request /opt/stack/glance/glance/api/middleware/version_negotiation.py:57}}
Aug 13 15:53:21.602471 np0000007226 devstack@g-api.service[99730]: DEBUG glance.api.middleware.version_negotiation [None req-97179032-d01c-427a-a051-c52d162118a0 tempest-ServerActionsV293TestJSON-1416785319 tempest-ServerActionsV293TestJSON-1416785319-project-member] Matched version: v2 {{(pid=99730) process_request /opt/stack/glance/glance/api/middleware/version_negotiation.py:69}}
Aug 13 15:53:21.602622 np0000007226 devstack@g-api.service[99730]: DEBUG glance.api.middleware.version_negotiation [None req-97179032-d01c-427a-a051-c52d162118a0 tempest-ServerActionsV293TestJSON-1416785319 tempest-ServerActionsV293TestJSON-1416785319-project-member] new path /v2/images/73bd72a4-dc36-4246-b84a-dca68a3e60ad/file {{(pid=99730) process_request /opt/stack/glance/glance/api/middleware/version_negotiation.py:70}}
Aug 13 15:53:21.654940 np0000007226 devstack@g-api.service[99731]: [pid: 99731|app: 0|req: 57/175] 127.0.0.1 () {40 vars in 848 bytes} [Thu Aug 13 15:53:20 2026] GET /v2/images/2cc93965-59c7-46c8-abf9-46b5cbd4622c/file => generated 21692416 bytes in 975 msecs (HTTP/1.1 200) 5 headers in 217 bytes (340 switches on core 0)
Aug 13 15:53:21.715776 np0000007226 devstack@g-api.service[99732]: DEBUG glance.api.middleware.version_negotiation [None req-467cf419-216b-445a-bcb4-bff52be6f232 tempest-AttachSCSIVolumeTestJSON-2131880619 tempest-AttachSCSIVolumeTestJSON-2131880619-project-admin] Determining version of request: GET /v2/images/60629c38-3dac-482e-b67c-0285673ad283 Accept: */* {{(pid=99732) process_request /opt/stack/glance/glance/api/middleware/version_negotiation.py:44}}
Aug 13 15:53:21.715931 np0000007226 devstack@g-api.service[99732]: DEBUG glance.api.middleware.version_negotiation [None req-467cf419-216b-445a-bcb4-bff52be6f232 tempest-AttachSCSIVolumeTestJSON-2131880619 tempest-AttachSCSIVolumeTestJSON-2131880619-project-admin] Using url versioning {{(pid=99732) process_request /opt/stack/glance/glance/api/middleware/version_negotiation.py:57}}
Aug 13 15:53:21.716047 np0000007226 devstack@g-api.service[99732]: DEBUG glance.api.middleware.version_negotiation [None req-467cf419-216b-445a-bcb4-bff52be6f232 tempest-AttachSCSIVolumeTestJSON-2131880619 tempest-AttachSCSIVolumeTestJSON-2131880619-project-admin] Matched version: v2 {{(pid=99732) process_request /opt/stack/glance/glance/api/middleware/version_negotiation.py:69}}
Aug 13 15:53:21.716139 np0000007226 devstack@g-api.service[99732]: DEBUG glance.api.middleware.version_negotiation [None req-467cf419-216b-445a-bcb4-bff52be6f232 tempest-AttachSCSIVolumeTestJSON-2131880619 tempest-AttachSCSIVolumeTestJSON-2131880619-project-admin] new path /v2/images/60629c38-3dac-482e-b67c-0285673ad283 {{(pid=99732) process_request /opt/stack/glance/glance/api/middleware/version_negotiation.py:70}}
Aug 13 15:53:21.725007 np0000007226 devstack@g-api.service[99732]: [pid: 99732|app: 0|req: 59/176] 127.0.0.1 () {44 vars in 1115 bytes} [Thu Aug 13 15:53:21 2026] GET /v2/images/60629c38-3dac-482e-b67c-0285673ad283 => generated 1044 bytes in 9 msecs (HTTP/1.1 200) 4 headers in 158 bytes (1 switches on core 0)
Aug 13 15:53:21.768736 np0000007226 devstack@g-api.service[99731]: DEBUG glance.api.middleware.version_negotiation [None req-5c8a3897-892b-485d-ac8c-860869949e40 tempest-AttachSCSIVolumeTestJSON-2131880619 tempest-AttachSCSIVolumeTestJSON-2131880619-project-admin] Determining version of request: GET /v2/schemas/image Accept: */* {{(pid=99731) process_request /opt/stack/glance/glance/api/middleware/version_negotiation.py:44}}
Aug 13 15:53:21.769106 np0000007226 devstack@g-api.service[99731]: DEBUG glance.api.middleware.version_negotiation [None req-5c8a3897-892b-485d-ac8c-860869949e40 tempest-AttachSCSIVolumeTestJSON-2131880619 tempest-AttachSCSIVolumeTestJSON-2131880619-project-admin] Using url versioning {{(pid=99731) process_request /opt/stack/glance/glance/api/middleware/version_negotiation.py:57}}
Aug 13 15:53:21.769106 np0000007226 devstack@g-api.service[99731]: DEBUG glance.api.middleware.version_negotiation [None req-5c8a3897-892b-485d-ac8c-860869949e40 tempest-AttachSCSIVolumeTestJSON-2131880619 tempest-AttachSCSIVolumeTestJSON-2131880619-project-admin] Matched version: v2 {{(pid=99731) process_request /opt/stack/glance/glance/api/middleware/version_negotiation.py:69}}
Aug 13 15:53:21.769552 np0000007226 devstack@g-api.service[99731]: DEBUG glance.api.middleware.version_negotiation [None req-5c8a3897-892b-485d-ac8c-860869949e40 tempest-AttachSCSIVolumeTestJSON-2131880619 tempest-AttachSCSIVolumeTestJSON-2131880619-project-admin] new path /v2/schemas/image {{(pid=99731) process_request /opt/stack/glance/glance/api/middleware/version_negotiation.py:70}}
Aug 13 15:53:21.772126 np0000007226 devstack@g-api.service[99731]: [pid: 99731|app: 0|req: 58/177] 127.0.0.1 () {44 vars in 1055 bytes} [Thu Aug 13 15:53:21 2026] GET /v2/schemas/image => generated 6083 bytes in 4 msecs (HTTP/1.1 200) 4 headers in 158 bytes (1 switches on core 0)
Aug 13 15:53:22.275153 np0000007226 devstack@g-api.service[99730]: INFO glance.api.v2.image_data [None req-640fdd3e-89d3-47e7-965c-60bed0deaafd tempest-AttachSCSIVolumeTestJSON-2131880619 tempest-AttachSCSIVolumeTestJSON-2131880619-project-admin] Unable to create trust: no such option collect_timing in group [keystone_authtoken] Use the existing user token.
Aug 13 15:53:22.602500 np0000007226 devstack@g-api.service[99732]: DEBUG glance.api.middleware.version_negotiation [None req-97179032-d01c-427a-a051-c52d162118a0 tempest-ServerActionsV293TestJSON-1416785319 tempest-ServerActionsV293TestJSON-1416785319-project-member] Determining version of request: GET /v2/images/60629c38-3dac-482e-b67c-0285673ad283 Accept: */* {{(pid=99732) process_request /opt/stack/glance/glance/api/middleware/version_negotiation.py:44}}
Aug 13 15:53:22.602868 np0000007226 devstack@g-api.service[99732]: DEBUG glance.api.middleware.version_negotiation [None req-97179032-d01c-427a-a051-c52d162118a0 tempest-ServerActionsV293TestJSON-1416785319 tempest-ServerActionsV293TestJSON-1416785319-project-member] Using url versioning {{(pid=99732) process_request /opt/stack/glance/glance/api/middleware/version_negotiation.py:57}}
Aug 13 15:53:22.602868 np0000007226 devstack@g-api.service[99732]: DEBUG glance.api.middleware.version_negotiation [None req-97179032-d01c-427a-a051-c52d162118a0 tempest-ServerActionsV293TestJSON-1416785319 tempest-ServerActionsV293TestJSON-1416785319-project-member] Matched version: v2 {{(pid=99732) process_request /opt/stack/glance/glance/api/middleware/version_negotiation.py:69}}
Aug 13 15:53:22.602868 np0000007226 devstack@g-api.service[99732]: DEBUG glance.api.middleware.version_negotiation [None req-97179032-d01c-427a-a051-c52d162118a0 tempest-ServerActionsV293TestJSON-1416785319 tempest-ServerActionsV293TestJSON-1416785319-project-member] new path /v2/images/60629c38-3dac-482e-b67c-0285673ad283 {{(pid=99732) process_request /opt/stack/glance/glance/api/middleware/version_negotiation.py:70}}
Aug 13 15:53:22.613362 np0000007226 devstack@g-api.service[99732]: [pid: 99732|app: 0|req: 60/178] 127.0.0.1 () {44 vars in 1115 bytes} [Thu Aug 13 15:53:22 2026] GET /v2/images/60629c38-3dac-482e-b67c-0285673ad283 => generated 1044 bytes in 11 msecs (HTTP/1.1 200) 4 headers in 158 bytes (1 switches on core 0)
Aug 13 15:53:22.645226 np0000007226 devstack@g-api.service[99731]: DEBUG glance.api.middleware.version_negotiation [None req-97179032-d01c-427a-a051-c52d162118a0 tempest-ServerActionsV293TestJSON-1416785319 tempest-ServerActionsV293TestJSON-1416785319-project-member] Determining version of request: GET /v2/schemas/image Accept: */* {{(pid=99731) process_request /opt/stack/glance/glance/api/middleware/version_negotiation.py:44}}
Aug 13 15:53:22.645425 np0000007226 devstack@g-api.service[99731]: DEBUG glance.api.middleware.version_negotiation [None req-97179032-d01c-427a-a051-c52d162118a0 tempest-ServerActionsV293TestJSON-1416785319 tempest-ServerActionsV293TestJSON-1416785319-project-member] Using url versioning {{(pid=99731) process_request /opt/stack/glance/glance/api/middleware/version_negotiation.py:57}}
Aug 13 15:53:22.645599 np0000007226 devstack@g-api.service[99731]: DEBUG glance.api.middleware.version_negotiation [None req-97179032-d01c-427a-a051-c52d162118a0 tempest-ServerActionsV293TestJSON-1416785319 tempest-ServerActionsV293TestJSON-1416785319-project-member] Matched version: v2 {{(pid=99731) process_request /opt/stack/glance/glance/api/middleware/version_negotiation.py:69}}
Aug 13 15:53:22.645725 np0000007226 devstack@g-api.service[99731]: DEBUG glance.api.middleware.version_negotiation [None req-97179032-d01c-427a-a051-c52d162118a0 tempest-ServerActionsV293TestJSON-1416785319 tempest-ServerActionsV293TestJSON-1416785319-project-member] new path /v2/schemas/image {{(pid=99731) process_request /opt/stack/glance/glance/api/middleware/version_negotiation.py:70}}
Aug 13 15:53:22.652241 np0000007226 devstack@g-api.service[99731]: [pid: 99731|app: 0|req: 59/179] 127.0.0.1 () {44 vars in 1055 bytes} [Thu Aug 13 15:53:22 2026] GET /v2/schemas/image => generated 6083 bytes in 7 msecs (HTTP/1.1 200) 4 headers in 158 bytes (1 switches on core 0)
Aug 13 15:53:22.703704 np0000007226 devstack@g-api.service[99732]: DEBUG glance.api.middleware.version_negotiation [None req-97179032-d01c-427a-a051-c52d162118a0 tempest-ServerActionsV293TestJSON-1416785319 tempest-ServerActionsV293TestJSON-1416785319-project-member] Determining version of request: GET /v2/images/60629c38-3dac-482e-b67c-0285673ad283 Accept: */* {{(pid=99732) process_request /opt/stack/glance/glance/api/middleware/version_negotiation.py:44}}
Aug 13 15:53:22.703831 np0000007226 devstack@g-api.service[99732]: DEBUG glance.api.middleware.version_negotiation [None req-97179032-d01c-427a-a051-c52d162118a0 tempest-ServerActionsV293TestJSON-1416785319 tempest-ServerActionsV293TestJSON-1416785319-project-member] Using url versioning {{(pid=99732) process_request /opt/stack/glance/glance/api/middleware/version_negotiation.py:57}}
Aug 13 15:53:22.703954 np0000007226 devstack@g-api.service[99732]: DEBUG glance.api.middleware.version_negotiation [None req-97179032-d01c-427a-a051-c52d162118a0 tempest-ServerActionsV293TestJSON-1416785319 tempest-ServerActionsV293TestJSON-1416785319-project-member] Matched version: v2 {{(pid=99732) process_request /opt/stack/glance/glance/api/middleware/version_negotiation.py:69}}
Aug 13 15:53:22.704086 np0000007226 devstack@g-api.service[99732]: DEBUG glance.api.middleware.version_negotiation [None req-97179032-d01c-427a-a051-c52d162118a0 tempest-ServerActionsV293TestJSON-1416785319 tempest-ServerActionsV293TestJSON-1416785319-project-member] new path /v2/images/60629c38-3dac-482e-b67c-0285673ad283 {{(pid=99732) process_request /opt/stack/glance/glance/api/middleware/version_negotiation.py:70}}
Aug 13 15:53:22.721287 np0000007226 devstack@g-api.service[99732]: [pid: 99732|app: 0|req: 61/180] 127.0.0.1 () {44 vars in 1115 bytes} [Thu Aug 13 15:53:22 2026] GET /v2/images/60629c38-3dac-482e-b67c-0285673ad283 => generated 1044 bytes in 18 msecs (HTTP/1.1 200) 4 headers in 158 bytes (1 switches on core 0)
Aug 13 15:53:22.730433 np0000007226 devstack@g-api.service[99731]: DEBUG glance.api.middleware.version_negotiation [None req-97179032-d01c-427a-a051-c52d162118a0 tempest-ServerActionsV293TestJSON-1416785319 tempest-ServerActionsV293TestJSON-1416785319-project-member] Determining version of request: GET /v2/schemas/image Accept: */* {{(pid=99731) process_request /opt/stack/glance/glance/api/middleware/version_negotiation.py:44}}
Aug 13 15:53:22.730605 np0000007226 devstack@g-api.service[99731]: DEBUG glance.api.middleware.version_negotiation [None req-97179032-d01c-427a-a051-c52d162118a0 tempest-ServerActionsV293TestJSON-1416785319 tempest-ServerActionsV293TestJSON-1416785319-project-member] Using url versioning {{(pid=99731) process_request /opt/stack/glance/glance/api/middleware/version_negotiation.py:57}}
Aug 13 15:53:22.730937 np0000007226 devstack@g-api.service[99731]: DEBUG glance.api.middleware.version_negotiation [None req-97179032-d01c-427a-a051-c52d162118a0 tempest-ServerActionsV293TestJSON-1416785319 tempest-ServerActionsV293TestJSON-1416785319-project-member] Matched version: v2 {{(pid=99731) process_request /opt/stack/glance/glance/api/middleware/version_negotiation.py:69}}
Aug 13 15:53:22.730937 np0000007226 devstack@g-api.service[99731]: DEBUG glance.api.middleware.version_negotiation [None req-97179032-d01c-427a-a051-c52d162118a0 tempest-ServerActionsV293TestJSON-1416785319 tempest-ServerActionsV293TestJSON-1416785319-project-member] new path /v2/schemas/image {{(pid=99731) process_request /opt/stack/glance/glance/api/middleware/version_negotiation.py:70}}
Aug 13 15:53:22.733435 np0000007226 devstack@g-api.service[99731]: [pid: 99731|app: 0|req: 60/181] 127.0.0.1 () {44 vars in 1055 bytes} [Thu Aug 13 15:53:22 2026] GET /v2/schemas/image => generated 6083 bytes in 3 msecs (HTTP/1.1 200) 4 headers in 158 bytes (1 switches on core 0)
Aug 13 15:53:22.746604 np0000007226 devstack@g-api.service[99732]: DEBUG glance.api.middleware.version_negotiation [None req-97179032-d01c-427a-a051-c52d162118a0 tempest-ServerActionsV293TestJSON-1416785319 tempest-ServerActionsV293TestJSON-1416785319-project-member] Determining version of request: GET /v2/schemas/image Accept: */* {{(pid=99732) process_request /opt/stack/glance/glance/api/middleware/version_negotiation.py:44}}
Aug 13 15:53:22.747086 np0000007226 devstack@g-api.service[99732]: DEBUG glance.api.middleware.version_negotiation [None req-97179032-d01c-427a-a051-c52d162118a0 tempest-ServerActionsV293TestJSON-1416785319 tempest-ServerActionsV293TestJSON-1416785319-project-member] Using url versioning {{(pid=99732) process_request /opt/stack/glance/glance/api/middleware/version_negotiation.py:57}}
Aug 13 15:53:22.747086 np0000007226 devstack@g-api.service[99732]: DEBUG glance.api.middleware.version_negotiation [None req-97179032-d01c-427a-a051-c52d162118a0 tempest-ServerActionsV293TestJSON-1416785319 tempest-ServerActionsV293TestJSON-1416785319-project-member] Matched version: v2 {{(pid=99732) process_request /opt/stack/glance/glance/api/middleware/version_negotiation.py:69}}
Aug 13 15:53:22.747186 np0000007226 devstack@g-api.service[99732]: DEBUG glance.api.middleware.version_negotiation [None req-97179032-d01c-427a-a051-c52d162118a0 tempest-ServerActionsV293TestJSON-1416785319 tempest-ServerActionsV293TestJSON-1416785319-project-member] new path /v2/schemas/image {{(pid=99732) process_request /opt/stack/glance/glance/api/middleware/version_negotiation.py:70}}
Aug 13 15:53:22.755235 np0000007226 devstack@g-api.service[99732]: [pid: 99732|app: 0|req: 62/182] 127.0.0.1 () {44 vars in 1055 bytes} [Thu Aug 13 15:53:22 2026] GET /v2/schemas/image => generated 6083 bytes in 12 msecs (HTTP/1.1 200) 4 headers in 158 bytes (1 switches on core 0)
Aug 13 15:53:22.788050 np0000007226 devstack@g-api.service[99731]: DEBUG glance.api.middleware.version_negotiation [None req-97179032-d01c-427a-a051-c52d162118a0 tempest-ServerActionsV293TestJSON-1416785319 tempest-ServerActionsV293TestJSON-1416785319-project-member] Determining version of request: GET /v2/images/60629c38-3dac-482e-b67c-0285673ad283 Accept: */* {{(pid=99731) process_request /opt/stack/glance/glance/api/middleware/version_negotiation.py:44}}
Aug 13 15:53:22.788442 np0000007226 devstack@g-api.service[99731]: DEBUG glance.api.middleware.version_negotiation [None req-97179032-d01c-427a-a051-c52d162118a0 tempest-ServerActionsV293TestJSON-1416785319 tempest-ServerActionsV293TestJSON-1416785319-project-member] Using url versioning {{(pid=99731) process_request /opt/stack/glance/glance/api/middleware/version_negotiation.py:57}}
Aug 13 15:53:22.788442 np0000007226 devstack@g-api.service[99731]: DEBUG glance.api.middleware.version_negotiation [None req-97179032-d01c-427a-a051-c52d162118a0 tempest-ServerActionsV293TestJSON-1416785319 tempest-ServerActionsV293TestJSON-1416785319-project-member] Matched version: v2 {{(pid=99731) process_request /opt/stack/glance/glance/api/middleware/version_negotiation.py:69}}
Aug 13 15:53:22.788442 np0000007226 devstack@g-api.service[99731]: DEBUG glance.api.middleware.version_negotiation [None req-97179032-d01c-427a-a051-c52d162118a0 tempest-ServerActionsV293TestJSON-1416785319 tempest-ServerActionsV293TestJSON-1416785319-project-member] new path /v2/images/60629c38-3dac-482e-b67c-0285673ad283 {{(pid=99731) process_request /opt/stack/glance/glance/api/middleware/version_negotiation.py:70}}
Aug 13 15:53:22.797145 np0000007226 devstack@g-api.service[99731]: [pid: 99731|app: 0|req: 61/183] 127.0.0.1 () {44 vars in 1115 bytes} [Thu Aug 13 15:53:22 2026] GET /v2/images/60629c38-3dac-482e-b67c-0285673ad283 => generated 1044 bytes in 9 msecs (HTTP/1.1 200) 4 headers in 158 bytes (1 switches on core 0)
Aug 13 15:53:22.806535 np0000007226 devstack@g-api.service[99732]: DEBUG glance.api.middleware.version_negotiation [None req-97179032-d01c-427a-a051-c52d162118a0 tempest-ServerActionsV293TestJSON-1416785319 tempest-ServerActionsV293TestJSON-1416785319-project-member] Determining version of request: GET /v2/schemas/image Accept: */* {{(pid=99732) process_request /opt/stack/glance/glance/api/middleware/version_negotiation.py:44}}
Aug 13 15:53:22.806651 np0000007226 devstack@g-api.service[99732]: DEBUG glance.api.middleware.version_negotiation [None req-97179032-d01c-427a-a051-c52d162118a0 tempest-ServerActionsV293TestJSON-1416785319 tempest-ServerActionsV293TestJSON-1416785319-project-member] Using url versioning {{(pid=99732) process_request /opt/stack/glance/glance/api/middleware/version_negotiation.py:57}}
Aug 13 15:53:22.806776 np0000007226 devstack@g-api.service[99732]: DEBUG glance.api.middleware.version_negotiation [None req-97179032-d01c-427a-a051-c52d162118a0 tempest-ServerActionsV293TestJSON-1416785319 tempest-ServerActionsV293TestJSON-1416785319-project-member] Matched version: v2 {{(pid=99732) process_request /opt/stack/glance/glance/api/middleware/version_negotiation.py:69}}
Aug 13 15:53:22.806859 np0000007226 devstack@g-api.service[99732]: DEBUG glance.api.middleware.version_negotiation [None req-97179032-d01c-427a-a051-c52d162118a0 tempest-ServerActionsV293TestJSON-1416785319 tempest-ServerActionsV293TestJSON-1416785319-project-member] new path /v2/schemas/image {{(pid=99732) process_request /opt/stack/glance/glance/api/middleware/version_negotiation.py:70}}
Aug 13 15:53:22.808912 np0000007226 devstack@g-api.service[99732]: [pid: 99732|app: 0|req: 63/184] 127.0.0.1 () {44 vars in 1055 bytes} [Thu Aug 13 15:53:22 2026] GET /v2/schemas/image => generated 6083 bytes in 2 msecs (HTTP/1.1 200) 4 headers in 158 bytes (1 switches on core 0)
Aug 13 15:53:22.820263 np0000007226 devstack@g-api.service[99731]: DEBUG glance.api.middleware.version_negotiation [None req-97179032-d01c-427a-a051-c52d162118a0 tempest-ServerActionsV293TestJSON-1416785319 tempest-ServerActionsV293TestJSON-1416785319-project-member] Determining version of request: GET /v2/schemas/image Accept: */* {{(pid=99731) process_request /opt/stack/glance/glance/api/middleware/version_negotiation.py:44}}
Aug 13 15:53:22.820518 np0000007226 devstack@g-api.service[99731]: DEBUG glance.api.middleware.version_negotiation [None req-97179032-d01c-427a-a051-c52d162118a0 tempest-ServerActionsV293TestJSON-1416785319 tempest-ServerActionsV293TestJSON-1416785319-project-member] Using url versioning {{(pid=99731) process_request /opt/stack/glance/glance/api/middleware/version_negotiation.py:57}}
Aug 13 15:53:22.820718 np0000007226 devstack@g-api.service[99731]: DEBUG glance.api.middleware.version_negotiation [None req-97179032-d01c-427a-a051-c52d162118a0 tempest-ServerActionsV293TestJSON-1416785319 tempest-ServerActionsV293TestJSON-1416785319-project-member] Matched version: v2 {{(pid=99731) process_request /opt/stack/glance/glance/api/middleware/version_negotiation.py:69}}
Aug 13 15:53:22.820917 np0000007226 devstack@g-api.service[99731]: DEBUG glance.api.middleware.version_negotiation [None req-97179032-d01c-427a-a051-c52d162118a0 tempest-ServerActionsV293TestJSON-1416785319 tempest-ServerActionsV293TestJSON-1416785319-project-member] new path /v2/schemas/image {{(pid=99731) process_request /opt/stack/glance/glance/api/middleware/version_negotiation.py:70}}
Aug 13 15:53:22.827747 np0000007226 devstack@g-api.service[99731]: [pid: 99731|app: 0|req: 62/185] 127.0.0.1 () {44 vars in 1055 bytes} [Thu Aug 13 15:53:22 2026] GET /v2/schemas/image => generated 6083 bytes in 8 msecs (HTTP/1.1 200) 4 headers in 158 bytes (1 switches on core 0)
Aug 13 15:53:22.909864 np0000007226 devstack@g-api.service[99730]: DEBUG glance.location [None req-640fdd3e-89d3-47e7-965c-60bed0deaafd tempest-AttachSCSIVolumeTestJSON-2131880619 tempest-AttachSCSIVolumeTestJSON-2131880619-project-admin] Enabling in-flight format inspection for qcow2 {{(pid=99730) set_data /opt/stack/glance/glance/location.py:596}}
Aug 13 15:53:22.910475 np0000007226 devstack@g-api.service[99730]: DEBUG glance_store.backend [None req-640fdd3e-89d3-47e7-965c-60bed0deaafd tempest-AttachSCSIVolumeTestJSON-2131880619 tempest-AttachSCSIVolumeTestJSON-2131880619-project-admin] Attempting to import store swift {{(pid=99730) _load_store /opt/stack/data/venv/lib/python3.12/site-packages/glance_store/backend.py:215}}
Aug 13 15:53:22.912184 np0000007226 devstack@g-api.service[99730]: DEBUG glance_store.capabilities [None req-640fdd3e-89d3-47e7-965c-60bed0deaafd tempest-AttachSCSIVolumeTestJSON-2131880619 tempest-AttachSCSIVolumeTestJSON-2131880619-project-admin] Store glance_store._drivers.swift.store.SingleTenantStore doesn't support updating dynamic storage capabilities. Please overwrite 'update_capabilities' method of the store to implement updating logics if needed. {{(pid=99730) update_capabilities /opt/stack/data/venv/lib/python3.12/site-packages/glance_store/capabilities.py:91}}
Aug 13 15:53:22.912342 np0000007226 devstack@g-api.service[99730]: DEBUG glance_store.driver [None req-640fdd3e-89d3-47e7-965c-60bed0deaafd tempest-AttachSCSIVolumeTestJSON-2131880619 tempest-AttachSCSIVolumeTestJSON-2131880619-project-admin] Late loading location class glance_store._drivers.swift.store.StoreLocation {{(pid=99730) get_store_location_class /opt/stack/data/venv/lib/python3.12/site-packages/glance_store/driver.py:134}}
Aug 13 15:53:22.912503 np0000007226 devstack@g-api.service[99730]: DEBUG glance_store.location [None req-640fdd3e-89d3-47e7-965c-60bed0deaafd tempest-AttachSCSIVolumeTestJSON-2131880619 tempest-AttachSCSIVolumeTestJSON-2131880619-project-admin] Registering scheme swift+https with {'store': , 'location_class': , 'store_entry': 'swift'} {{(pid=99730) register_scheme_map /opt/stack/data/venv/lib/python3.12/site-packages/glance_store/location.py:146}}
Aug 13 15:53:22.912703 np0000007226 devstack@g-api.service[99730]: DEBUG glance_store.location [None req-640fdd3e-89d3-47e7-965c-60bed0deaafd tempest-AttachSCSIVolumeTestJSON-2131880619 tempest-AttachSCSIVolumeTestJSON-2131880619-project-admin] Registering scheme swift+https with {'store': , 'location_class': , 'store_entry': 'swift'} {{(pid=99730) register_scheme_map /opt/stack/data/venv/lib/python3.12/site-packages/glance_store/location.py:146}}
Aug 13 15:53:22.912868 np0000007226 devstack@g-api.service[99730]: DEBUG glance_store.location [None req-640fdd3e-89d3-47e7-965c-60bed0deaafd tempest-AttachSCSIVolumeTestJSON-2131880619 tempest-AttachSCSIVolumeTestJSON-2131880619-project-admin] Registering scheme swift with {'store': , 'location_class': , 'store_entry': 'swift'} {{(pid=99730) register_scheme_map /opt/stack/data/venv/lib/python3.12/site-packages/glance_store/location.py:146}}
Aug 13 15:53:22.912968 np0000007226 devstack@g-api.service[99730]: DEBUG glance_store.location [None req-640fdd3e-89d3-47e7-965c-60bed0deaafd tempest-AttachSCSIVolumeTestJSON-2131880619 tempest-AttachSCSIVolumeTestJSON-2131880619-project-admin] Registering scheme swift+https with {'store': , 'location_class': , 'store_entry': 'swift'} {{(pid=99730) register_scheme_map /opt/stack/data/venv/lib/python3.12/site-packages/glance_store/location.py:146}}
Aug 13 15:53:22.913072 np0000007226 devstack@g-api.service[99730]: DEBUG glance_store.location [None req-640fdd3e-89d3-47e7-965c-60bed0deaafd tempest-AttachSCSIVolumeTestJSON-2131880619 tempest-AttachSCSIVolumeTestJSON-2131880619-project-admin] Registering scheme swift with {'store': , 'location_class': , 'store_entry': 'swift'} {{(pid=99730) register_scheme_map /opt/stack/data/venv/lib/python3.12/site-packages/glance_store/location.py:146}}
Aug 13 15:53:22.913185 np0000007226 devstack@g-api.service[99730]: DEBUG glance_store.location [None req-640fdd3e-89d3-47e7-965c-60bed0deaafd tempest-AttachSCSIVolumeTestJSON-2131880619 tempest-AttachSCSIVolumeTestJSON-2131880619-project-admin] Registering scheme swift+http with {'store': , 'location_class': , 'store_entry': 'swift'} {{(pid=99730) register_scheme_map /opt/stack/data/venv/lib/python3.12/site-packages/glance_store/location.py:146}}
Aug 13 15:53:22.913299 np0000007226 devstack@g-api.service[99730]: DEBUG glance_store.location [None req-640fdd3e-89d3-47e7-965c-60bed0deaafd tempest-AttachSCSIVolumeTestJSON-2131880619 tempest-AttachSCSIVolumeTestJSON-2131880619-project-admin] Registering scheme swift+https with {'store': , 'location_class': , 'store_entry': 'swift'} {{(pid=99730) register_scheme_map /opt/stack/data/venv/lib/python3.12/site-packages/glance_store/location.py:146}}
Aug 13 15:53:22.913550 np0000007226 devstack@g-api.service[99730]: DEBUG glance_store.location [None req-640fdd3e-89d3-47e7-965c-60bed0deaafd tempest-AttachSCSIVolumeTestJSON-2131880619 tempest-AttachSCSIVolumeTestJSON-2131880619-project-admin] Registering scheme swift with {'store': , 'location_class': , 'store_entry': 'swift'} {{(pid=99730) register_scheme_map /opt/stack/data/venv/lib/python3.12/site-packages/glance_store/location.py:146}}
Aug 13 15:53:22.913686 np0000007226 devstack@g-api.service[99730]: DEBUG glance_store.location [None req-640fdd3e-89d3-47e7-965c-60bed0deaafd tempest-AttachSCSIVolumeTestJSON-2131880619 tempest-AttachSCSIVolumeTestJSON-2131880619-project-admin] Registering scheme swift+http with {'store': , 'location_class': , 'store_entry': 'swift'} {{(pid=99730) register_scheme_map /opt/stack/data/venv/lib/python3.12/site-packages/glance_store/location.py:146}}
Aug 13 15:53:22.913801 np0000007226 devstack@g-api.service[99730]: DEBUG glance_store.location [None req-640fdd3e-89d3-47e7-965c-60bed0deaafd tempest-AttachSCSIVolumeTestJSON-2131880619 tempest-AttachSCSIVolumeTestJSON-2131880619-project-admin] Registering scheme swift+config with {'store': , 'location_class': , 'store_entry': 'swift'} {{(pid=99730) register_scheme_map /opt/stack/data/venv/lib/python3.12/site-packages/glance_store/location.py:146}}
Aug 13 15:53:23.029177 np0000007226 devstack@g-api.service[99732]: DEBUG glance.api.middleware.version_negotiation [None req-97179032-d01c-427a-a051-c52d162118a0 tempest-ServerActionsV293TestJSON-1416785319 tempest-ServerActionsV293TestJSON-1416785319-project-member] Determining version of request: GET /versions Accept: */* {{(pid=99732) process_request /opt/stack/glance/glance/api/middleware/version_negotiation.py:44}}
Aug 13 15:53:23.030095 np0000007226 devstack@g-api.service[99732]: [pid: 99732|app: 0|req: 64/186] 127.0.0.1 () {44 vars in 1039 bytes} [Thu Aug 13 15:53:23 2026] GET /versions => generated 1515 bytes in 1 msecs (HTTP/1.1 200) 3 headers in 92 bytes (1 switches on core 0)
Aug 13 15:53:23.038317 np0000007226 devstack@g-api.service[99731]: DEBUG glance.api.middleware.version_negotiation [None req-97179032-d01c-427a-a051-c52d162118a0 tempest-ServerActionsV293TestJSON-1416785319 tempest-ServerActionsV293TestJSON-1416785319-project-member] Determining version of request: GET /v2/images/60629c38-3dac-482e-b67c-0285673ad283/locations Accept: */* {{(pid=99731) process_request /opt/stack/glance/glance/api/middleware/version_negotiation.py:44}}
Aug 13 15:53:23.038528 np0000007226 devstack@g-api.service[99731]: DEBUG glance.api.middleware.version_negotiation [None req-97179032-d01c-427a-a051-c52d162118a0 tempest-ServerActionsV293TestJSON-1416785319 tempest-ServerActionsV293TestJSON-1416785319-project-member] Using url versioning {{(pid=99731) process_request /opt/stack/glance/glance/api/middleware/version_negotiation.py:57}}
Aug 13 15:53:23.038655 np0000007226 devstack@g-api.service[99731]: DEBUG glance.api.middleware.version_negotiation [None req-97179032-d01c-427a-a051-c52d162118a0 tempest-ServerActionsV293TestJSON-1416785319 tempest-ServerActionsV293TestJSON-1416785319-project-member] Matched version: v2 {{(pid=99731) process_request /opt/stack/glance/glance/api/middleware/version_negotiation.py:69}}
Aug 13 15:53:23.038766 np0000007226 devstack@g-api.service[99731]: DEBUG glance.api.middleware.version_negotiation [None req-97179032-d01c-427a-a051-c52d162118a0 tempest-ServerActionsV293TestJSON-1416785319 tempest-ServerActionsV293TestJSON-1416785319-project-member] new path /v2/images/60629c38-3dac-482e-b67c-0285673ad283/locations {{(pid=99731) process_request /opt/stack/glance/glance/api/middleware/version_negotiation.py:70}}
Aug 13 15:53:23.267845 np0000007226 devstack@g-api.service[99730]: DEBUG swiftclient [None req-640fdd3e-89d3-47e7-965c-60bed0deaafd tempest-AttachSCSIVolumeTestJSON-2131880619 tempest-AttachSCSIVolumeTestJSON-2131880619-project-admin] REQ: curl -i https://10.4.3.244:8080/v1/AUTH_a62e1b8434d54eb98355612793ff277f/glance -I -H "X-Auth-Token: gAAAAABqfehyxZr8..." {{(pid=99730) http_log /opt/stack/data/venv/lib/python3.12/site-packages/swiftclient/client.py:160}}
Aug 13 15:53:23.267990 np0000007226 devstack@g-api.service[99730]: DEBUG swiftclient [None req-640fdd3e-89d3-47e7-965c-60bed0deaafd tempest-AttachSCSIVolumeTestJSON-2131880619 tempest-AttachSCSIVolumeTestJSON-2131880619-project-admin] RESP STATUS: 204 No Content {{(pid=99730) http_log /opt/stack/data/venv/lib/python3.12/site-packages/swiftclient/client.py:161}}
Aug 13 15:53:23.268211 np0000007226 devstack@g-api.service[99730]: DEBUG swiftclient [None req-640fdd3e-89d3-47e7-965c-60bed0deaafd tempest-AttachSCSIVolumeTestJSON-2131880619 tempest-AttachSCSIVolumeTestJSON-2131880619-project-admin] RESP HEADERS: {'Date': 'Thu, 13 Aug 2026 15:53:23 GMT', 'Server': 'Apache/2.4.58 (Ubuntu)', 'Content-Type': 'text/plain; charset=utf-8', 'X-Container-Object-Count': '5', 'X-Container-Bytes-Used': '117899264', 'X-Timestamp': '1786636205.33533', 'Last-Modified': 'Thu, 13 Aug 2026 15:50:06 GMT', 'Accept-Ranges': 'bytes', 'X-Storage-Policy': 'Policy-0', 'X-Container-Sharding': 'False', 'Vary': 'Accept', 'X-Trans-Id': 'tx70502cecda5740049b253-006a7de873', 'X-Openstack-Request-Id': 'tx70502cecda5740049b253-006a7de873', 'Connection': 'close'} {{(pid=99730) http_log /opt/stack/data/venv/lib/python3.12/site-packages/swiftclient/client.py:162}}
Aug 13 15:53:23.268573 np0000007226 devstack@g-api.service[99730]: DEBUG glance_store._drivers.swift.store [None req-640fdd3e-89d3-47e7-965c-60bed0deaafd tempest-AttachSCSIVolumeTestJSON-2131880619 tempest-AttachSCSIVolumeTestJSON-2131880619-project-admin] Adding image object '73bd72a4-dc36-4246-b84a-dca68a3e60ad' to Swift {{(pid=99730) add /opt/stack/data/venv/lib/python3.12/site-packages/glance_store/_drivers/swift/store.py:970}}
Aug 13 15:53:23.268703 np0000007226 devstack@g-api.service[99730]: DEBUG glance_store._drivers.swift.store [None req-640fdd3e-89d3-47e7-965c-60bed0deaafd tempest-AttachSCSIVolumeTestJSON-2131880619 tempest-AttachSCSIVolumeTestJSON-2131880619-project-admin] Cannot determine image size because it is either not provided in the request or chunked-transfer encoding is used. Adding image as a segmented object to Swift. {{(pid=99730) add /opt/stack/data/venv/lib/python3.12/site-packages/glance_store/_drivers/swift/store.py:994}}
Aug 13 15:53:23.274644 np0000007226 devstack@g-api.service[99731]: [pid: 99731|app: 0|req: 63/187] 127.0.0.1 () {44 vars in 1135 bytes} [Thu Aug 13 15:53:23 2026] GET /v2/images/60629c38-3dac-482e-b67c-0285673ad283/locations => generated 92 bytes in 236 msecs (HTTP/1.1 200) 4 headers in 156 bytes (1 switches on core 0)
Aug 13 15:53:23.277549 np0000007226 devstack@g-api.service[99730]: DEBUG oslo_utils.imageutils.format_inspector [None req-640fdd3e-89d3-47e7-965c-60bed0deaafd tempest-AttachSCSIVolumeTestJSON-2131880619 tempest-AttachSCSIVolumeTestJSON-2131880619-project-admin] Format inspector for vmdk does not match, excluding from consideration (Signature KDMV not found: b'QFI\xfb') {{(pid=99730) _process_chunk /opt/stack/data/venv/lib/python3.12/site-packages/oslo_utils/imageutils/format_inspector.py:1758}}
Aug 13 15:53:23.287287 np0000007226 devstack@g-api.service[99730]: DEBUG oslo_utils.imageutils.format_inspector [None req-640fdd3e-89d3-47e7-965c-60bed0deaafd tempest-AttachSCSIVolumeTestJSON-2131880619 tempest-AttachSCSIVolumeTestJSON-2131880619-project-admin] Format inspector for vhdx does not match, excluding from consideration (Region signature not found at 30000) {{(pid=99730) _process_chunk /opt/stack/data/venv/lib/python3.12/site-packages/oslo_utils/imageutils/format_inspector.py:1758}}
Aug 13 15:53:23.386935 np0000007226 devstack@g-api.service[99732]: DEBUG glance.api.middleware.version_negotiation [None req-97179032-d01c-427a-a051-c52d162118a0 tempest-ServerActionsV293TestJSON-1416785319 tempest-ServerActionsV293TestJSON-1416785319-project-member] Determining version of request: GET /v2/images/60629c38-3dac-482e-b67c-0285673ad283 Accept: */* {{(pid=99732) process_request /opt/stack/glance/glance/api/middleware/version_negotiation.py:44}}
Aug 13 15:53:23.387045 np0000007226 devstack@g-api.service[99732]: DEBUG glance.api.middleware.version_negotiation [None req-97179032-d01c-427a-a051-c52d162118a0 tempest-ServerActionsV293TestJSON-1416785319 tempest-ServerActionsV293TestJSON-1416785319-project-member] Using url versioning {{(pid=99732) process_request /opt/stack/glance/glance/api/middleware/version_negotiation.py:57}}
Aug 13 15:53:23.387164 np0000007226 devstack@g-api.service[99732]: DEBUG glance.api.middleware.version_negotiation [None req-97179032-d01c-427a-a051-c52d162118a0 tempest-ServerActionsV293TestJSON-1416785319 tempest-ServerActionsV293TestJSON-1416785319-project-member] Matched version: v2 {{(pid=99732) process_request /opt/stack/glance/glance/api/middleware/version_negotiation.py:69}}
Aug 13 15:53:23.387251 np0000007226 devstack@g-api.service[99732]: DEBUG glance.api.middleware.version_negotiation [None req-97179032-d01c-427a-a051-c52d162118a0 tempest-ServerActionsV293TestJSON-1416785319 tempest-ServerActionsV293TestJSON-1416785319-project-member] new path /v2/images/60629c38-3dac-482e-b67c-0285673ad283 {{(pid=99732) process_request /opt/stack/glance/glance/api/middleware/version_negotiation.py:70}}
Aug 13 15:53:23.405010 np0000007226 devstack@g-api.service[99732]: [pid: 99732|app: 0|req: 65/188] 127.0.0.1 () {44 vars in 1115 bytes} [Thu Aug 13 15:53:23 2026] GET /v2/images/60629c38-3dac-482e-b67c-0285673ad283 => generated 1044 bytes in 18 msecs (HTTP/1.1 200) 4 headers in 158 bytes (1 switches on core 0)
Aug 13 15:53:23.417233 np0000007226 devstack@g-api.service[99731]: DEBUG glance.api.middleware.version_negotiation [None req-97179032-d01c-427a-a051-c52d162118a0 service glance] Determining version of request: GET /v2/schemas/image Accept: */* {{(pid=99731) process_request /opt/stack/glance/glance/api/middleware/version_negotiation.py:44}}
Aug 13 15:53:23.417365 np0000007226 devstack@g-api.service[99731]: DEBUG glance.api.middleware.version_negotiation [None req-97179032-d01c-427a-a051-c52d162118a0 service glance] Using url versioning {{(pid=99731) process_request /opt/stack/glance/glance/api/middleware/version_negotiation.py:57}}
Aug 13 15:53:23.417559 np0000007226 devstack@g-api.service[99731]: DEBUG glance.api.middleware.version_negotiation [None req-97179032-d01c-427a-a051-c52d162118a0 service glance] Matched version: v2 {{(pid=99731) process_request /opt/stack/glance/glance/api/middleware/version_negotiation.py:69}}
Aug 13 15:53:23.417696 np0000007226 devstack@g-api.service[99731]: DEBUG glance.api.middleware.version_negotiation [None req-97179032-d01c-427a-a051-c52d162118a0 service glance] new path /v2/schemas/image {{(pid=99731) process_request /opt/stack/glance/glance/api/middleware/version_negotiation.py:70}}
Aug 13 15:53:23.422372 np0000007226 devstack@g-api.service[99731]: [pid: 99731|app: 0|req: 64/189] 127.0.0.1 () {44 vars in 1055 bytes} [Thu Aug 13 15:53:23 2026] GET /v2/schemas/image => generated 6083 bytes in 5 msecs (HTTP/1.1 200) 4 headers in 158 bytes (1 switches on core 0)
Aug 13 15:53:23.431847 np0000007226 devstack@g-api.service[99732]: DEBUG glance.api.middleware.version_negotiation [None req-97179032-d01c-427a-a051-c52d162118a0 tempest-ServerActionsV293TestJSON-1416785319 tempest-ServerActionsV293TestJSON-1416785319-project-member] Determining version of request: GET /v2/schemas/image Accept: */* {{(pid=99732) process_request /opt/stack/glance/glance/api/middleware/version_negotiation.py:44}}
Aug 13 15:53:23.432241 np0000007226 devstack@g-api.service[99732]: DEBUG glance.api.middleware.version_negotiation [None req-97179032-d01c-427a-a051-c52d162118a0 tempest-ServerActionsV293TestJSON-1416785319 tempest-ServerActionsV293TestJSON-1416785319-project-member] Using url versioning {{(pid=99732) process_request /opt/stack/glance/glance/api/middleware/version_negotiation.py:57}}
Aug 13 15:53:23.432241 np0000007226 devstack@g-api.service[99732]: DEBUG glance.api.middleware.version_negotiation [None req-97179032-d01c-427a-a051-c52d162118a0 tempest-ServerActionsV293TestJSON-1416785319 tempest-ServerActionsV293TestJSON-1416785319-project-member] Matched version: v2 {{(pid=99732) process_request /opt/stack/glance/glance/api/middleware/version_negotiation.py:69}}
Aug 13 15:53:23.432241 np0000007226 devstack@g-api.service[99732]: DEBUG glance.api.middleware.version_negotiation [None req-97179032-d01c-427a-a051-c52d162118a0 tempest-ServerActionsV293TestJSON-1416785319 tempest-ServerActionsV293TestJSON-1416785319-project-member] new path /v2/schemas/image {{(pid=99732) process_request /opt/stack/glance/glance/api/middleware/version_negotiation.py:70}}
Aug 13 15:53:23.436036 np0000007226 devstack@g-api.service[99732]: [pid: 99732|app: 0|req: 66/190] 127.0.0.1 () {44 vars in 1055 bytes} [Thu Aug 13 15:53:23 2026] GET /v2/schemas/image => generated 6083 bytes in 4 msecs (HTTP/1.1 200) 4 headers in 158 bytes (1 switches on core 0)
Aug 13 15:53:23.575028 np0000007226 devstack@g-api.service[99730]: DEBUG swiftclient [None req-640fdd3e-89d3-47e7-965c-60bed0deaafd tempest-AttachSCSIVolumeTestJSON-2131880619 tempest-AttachSCSIVolumeTestJSON-2131880619-project-admin] REQ: curl -i https://10.4.3.244:8080/v1/AUTH_a62e1b8434d54eb98355612793ff277f/glance/73bd72a4-dc36-4246-b84a-dca68a3e60ad-00001 -X PUT -H "X-Auth-Token: gAAAAABqfehyxZr8..." {{(pid=99730) http_log /opt/stack/data/venv/lib/python3.12/site-packages/swiftclient/client.py:160}}
Aug 13 15:53:23.575134 np0000007226 devstack@g-api.service[99730]: DEBUG swiftclient [None req-640fdd3e-89d3-47e7-965c-60bed0deaafd tempest-AttachSCSIVolumeTestJSON-2131880619 tempest-AttachSCSIVolumeTestJSON-2131880619-project-admin] RESP STATUS: 201 Created {{(pid=99730) http_log /opt/stack/data/venv/lib/python3.12/site-packages/swiftclient/client.py:161}}
Aug 13 15:53:23.575289 np0000007226 devstack@g-api.service[99730]: DEBUG swiftclient [None req-640fdd3e-89d3-47e7-965c-60bed0deaafd tempest-AttachSCSIVolumeTestJSON-2131880619 tempest-AttachSCSIVolumeTestJSON-2131880619-project-admin] RESP HEADERS: {'Date': 'Thu, 13 Aug 2026 15:53:23 GMT', 'Server': 'Apache/2.4.58 (Ubuntu)', 'Content-Type': 'text/html; charset=UTF-8', 'Content-Length': '0', 'Etag': '87617e24a5e30cb3b87fda8c0764838f', 'Last-Modified': 'Thu, 13 Aug 2026 15:53:24 GMT', 'X-Trans-Id': 'txc1778850b53c41a59880d-006a7de873', 'X-Openstack-Request-Id': 'txc1778850b53c41a59880d-006a7de873', 'Connection': 'close'} {{(pid=99730) http_log /opt/stack/data/venv/lib/python3.12/site-packages/swiftclient/client.py:162}}
Aug 13 15:53:23.575433 np0000007226 devstack@g-api.service[99730]: DEBUG glance_store._drivers.swift.store [None req-640fdd3e-89d3-47e7-965c-60bed0deaafd tempest-AttachSCSIVolumeTestJSON-2131880619 tempest-AttachSCSIVolumeTestJSON-2131880619-project-admin] Wrote chunk 73bd72a4-dc36-4246-b84a-dca68a3e60ad-00001 (1/?) of length 21692416 to Swift returning MD5 of content: 87617e24a5e30cb3b87fda8c0764838f {{(pid=99730) add /opt/stack/data/venv/lib/python3.12/site-packages/glance_store/_drivers/swift/store.py:1059}}
Aug 13 15:53:23.575726 np0000007226 devstack@g-api.service[99730]: DEBUG glance_store._drivers.swift.store [None req-640fdd3e-89d3-47e7-965c-60bed0deaafd tempest-AttachSCSIVolumeTestJSON-2131880619 tempest-AttachSCSIVolumeTestJSON-2131880619-project-admin] Not writing zero-length chunk. {{(pid=99730) add /opt/stack/data/venv/lib/python3.12/site-packages/glance_store/_drivers/swift/store.py:1028}}
Aug 13 15:53:23.610679 np0000007226 devstack@g-api.service[99730]: DEBUG swiftclient [None req-640fdd3e-89d3-47e7-965c-60bed0deaafd tempest-AttachSCSIVolumeTestJSON-2131880619 tempest-AttachSCSIVolumeTestJSON-2131880619-project-admin] REQ: curl -i https://10.4.3.244:8080/v1/AUTH_a62e1b8434d54eb98355612793ff277f/glance/73bd72a4-dc36-4246-b84a-dca68a3e60ad -X PUT -H "X-Object-Manifest: glance/73bd72a4-dc36-4246-b84a-dca68a3e60ad-" -H "X-Auth-Token: gAAAAABqfehyxZr8..." -H "Content-Length: 0" {{(pid=99730) http_log /opt/stack/data/venv/lib/python3.12/site-packages/swiftclient/client.py:160}}
Aug 13 15:53:23.610679 np0000007226 devstack@g-api.service[99730]: DEBUG swiftclient [None req-640fdd3e-89d3-47e7-965c-60bed0deaafd tempest-AttachSCSIVolumeTestJSON-2131880619 tempest-AttachSCSIVolumeTestJSON-2131880619-project-admin] RESP STATUS: 201 Created {{(pid=99730) http_log /opt/stack/data/venv/lib/python3.12/site-packages/swiftclient/client.py:161}}
Aug 13 15:53:23.610679 np0000007226 devstack@g-api.service[99730]: DEBUG swiftclient [None req-640fdd3e-89d3-47e7-965c-60bed0deaafd tempest-AttachSCSIVolumeTestJSON-2131880619 tempest-AttachSCSIVolumeTestJSON-2131880619-project-admin] RESP HEADERS: {'Date': 'Thu, 13 Aug 2026 15:53:23 GMT', 'Server': 'Apache/2.4.58 (Ubuntu)', 'Content-Type': 'text/html; charset=UTF-8', 'Content-Length': '0', 'Etag': 'd41d8cd98f00b204e9800998ecf8427e', 'Last-Modified': 'Thu, 13 Aug 2026 15:53:24 GMT', 'X-Trans-Id': 'txbca742f545684d8a91338-006a7de873', 'X-Openstack-Request-Id': 'txbca742f545684d8a91338-006a7de873', 'Connection': 'close'} {{(pid=99730) http_log /opt/stack/data/venv/lib/python3.12/site-packages/swiftclient/client.py:162}}
Aug 13 15:53:23.611274 np0000007226 devstack@g-api.service[99730]: INFO glance.location [None req-640fdd3e-89d3-47e7-965c-60bed0deaafd tempest-AttachSCSIVolumeTestJSON-2131880619 tempest-AttachSCSIVolumeTestJSON-2131880619-project-admin] Image format matched and virtual size computed: 117440512
Aug 13 15:53:23.643353 np0000007226 devstack@g-api.service[99730]: DEBUG glance_store.backend [None req-640fdd3e-89d3-47e7-965c-60bed0deaafd tempest-AttachSCSIVolumeTestJSON-2131880619 tempest-AttachSCSIVolumeTestJSON-2131880619-project-admin] Attempting to import store swift {{(pid=99730) _load_store /opt/stack/data/venv/lib/python3.12/site-packages/glance_store/backend.py:215}}
Aug 13 15:53:23.644672 np0000007226 devstack@g-api.service[99730]: DEBUG glance_store.capabilities [None req-640fdd3e-89d3-47e7-965c-60bed0deaafd tempest-AttachSCSIVolumeTestJSON-2131880619 tempest-AttachSCSIVolumeTestJSON-2131880619-project-admin] Store glance_store._drivers.swift.store.SingleTenantStore doesn't support updating dynamic storage capabilities. Please overwrite 'update_capabilities' method of the store to implement updating logics if needed. {{(pid=99730) update_capabilities /opt/stack/data/venv/lib/python3.12/site-packages/glance_store/capabilities.py:91}}
Aug 13 15:53:23.644749 np0000007226 devstack@g-api.service[99730]: DEBUG glance_store.driver [None req-640fdd3e-89d3-47e7-965c-60bed0deaafd tempest-AttachSCSIVolumeTestJSON-2131880619 tempest-AttachSCSIVolumeTestJSON-2131880619-project-admin] Late loading location class glance_store._drivers.swift.store.StoreLocation {{(pid=99730) get_store_location_class /opt/stack/data/venv/lib/python3.12/site-packages/glance_store/driver.py:134}}
Aug 13 15:53:23.644782 np0000007226 devstack@g-api.service[99730]: DEBUG glance_store.location [None req-640fdd3e-89d3-47e7-965c-60bed0deaafd tempest-AttachSCSIVolumeTestJSON-2131880619 tempest-AttachSCSIVolumeTestJSON-2131880619-project-admin] Registering scheme swift+https with {'store': , 'location_class': , 'store_entry': 'swift'} {{(pid=99730) register_scheme_map /opt/stack/data/venv/lib/python3.12/site-packages/glance_store/location.py:146}}
Aug 13 15:53:23.644886 np0000007226 devstack@g-api.service[99730]: DEBUG glance_store.location [None req-640fdd3e-89d3-47e7-965c-60bed0deaafd tempest-AttachSCSIVolumeTestJSON-2131880619 tempest-AttachSCSIVolumeTestJSON-2131880619-project-admin] Registering scheme swift+https with {'store': , 'location_class': , 'store_entry': 'swift'} {{(pid=99730) register_scheme_map /opt/stack/data/venv/lib/python3.12/site-packages/glance_store/location.py:146}}
Aug 13 15:53:23.644992 np0000007226 devstack@g-api.service[99730]: DEBUG glance_store.location [None req-640fdd3e-89d3-47e7-965c-60bed0deaafd tempest-AttachSCSIVolumeTestJSON-2131880619 tempest-AttachSCSIVolumeTestJSON-2131880619-project-admin] Registering scheme swift with {'store': , 'location_class': , 'store_entry': 'swift'} {{(pid=99730) register_scheme_map /opt/stack/data/venv/lib/python3.12/site-packages/glance_store/location.py:146}}
Aug 13 15:53:23.645057 np0000007226 devstack@g-api.service[99730]: DEBUG glance_store.location [None req-640fdd3e-89d3-47e7-965c-60bed0deaafd tempest-AttachSCSIVolumeTestJSON-2131880619 tempest-AttachSCSIVolumeTestJSON-2131880619-project-admin] Registering scheme swift+https with {'store': , 'location_class': , 'store_entry': 'swift'} {{(pid=99730) register_scheme_map /opt/stack/data/venv/lib/python3.12/site-packages/glance_store/location.py:146}}
Aug 13 15:53:23.645129 np0000007226 devstack@g-api.service[99730]: DEBUG glance_store.location [None req-640fdd3e-89d3-47e7-965c-60bed0deaafd tempest-AttachSCSIVolumeTestJSON-2131880619 tempest-AttachSCSIVolumeTestJSON-2131880619-project-admin] Registering scheme swift with {'store': , 'location_class': , 'store_entry': 'swift'} {{(pid=99730) register_scheme_map /opt/stack/data/venv/lib/python3.12/site-packages/glance_store/location.py:146}}
Aug 13 15:53:23.645196 np0000007226 devstack@g-api.service[99730]: DEBUG glance_store.location [None req-640fdd3e-89d3-47e7-965c-60bed0deaafd tempest-AttachSCSIVolumeTestJSON-2131880619 tempest-AttachSCSIVolumeTestJSON-2131880619-project-admin] Registering scheme swift+http with {'store': , 'location_class': , 'store_entry': 'swift'} {{(pid=99730) register_scheme_map /opt/stack/data/venv/lib/python3.12/site-packages/glance_store/location.py:146}}
