Jun 20 08:41:15.397068 np0000003326 nova-scheduler[95800]: DEBUG cotyledon.oslo_config_glue [-] oslo_limit.certfile = None {{(pid=95800) log_opt_values /opt/stack/data/venv/lib/python3.12/site-packages/oslo_config/cfg.py:3253}}
Jun 20 08:41:15.397068 np0000003326 nova-scheduler[95800]: DEBUG cotyledon.oslo_config_glue [-] oslo_limit.collect_timing = False {{(pid=95800) log_opt_values /opt/stack/data/venv/lib/python3.12/site-packages/oslo_config/cfg.py:3253}}
Jun 20 08:41:15.397068 np0000003326 nova-scheduler[95800]: DEBUG cotyledon.oslo_config_glue [-] oslo_limit.connect_retries = None {{(pid=95800) log_opt_values /opt/stack/data/venv/lib/python3.12/site-packages/oslo_config/cfg.py:3253}}
Jun 20 08:41:15.397068 np0000003326 nova-scheduler[95800]: DEBUG cotyledon.oslo_config_glue [-] oslo_limit.connect_retry_delay = None {{(pid=95800) log_opt_values /opt/stack/data/venv/lib/python3.12/site-packages/oslo_config/cfg.py:3253}}
Jun 20 08:41:15.397068 np0000003326 nova-scheduler[95800]: DEBUG cotyledon.oslo_config_glue [-] oslo_limit.endpoint_id = None {{(pid=95800) log_opt_values /opt/stack/data/venv/lib/python3.12/site-packages/oslo_config/cfg.py:3253}}
Jun 20 08:41:15.397068 np0000003326 nova-scheduler[95800]: DEBUG cotyledon.oslo_config_glue [-] oslo_limit.endpoint_interface = public {{(pid=95800) log_opt_values /opt/stack/data/venv/lib/python3.12/site-packages/oslo_config/cfg.py:3253}}
Jun 20 08:41:15.397068 np0000003326 nova-scheduler[95800]: DEBUG cotyledon.oslo_config_glue [-] oslo_limit.endpoint_override = None {{(pid=95800) log_opt_values /opt/stack/data/venv/lib/python3.12/site-packages/oslo_config/cfg.py:3253}}
Jun 20 08:41:15.397247 np0000003326 nova-scheduler[95800]: DEBUG cotyledon.oslo_config_glue [-] oslo_limit.endpoint_region_name = None {{(pid=95800) log_opt_values /opt/stack/data/venv/lib/python3.12/site-packages/oslo_config/cfg.py:3253}}
Jun 20 08:41:15.397247 np0000003326 nova-scheduler[95800]: DEBUG cotyledon.oslo_config_glue [-] oslo_limit.endpoint_service_name = None {{(pid=95800) log_opt_values /opt/stack/data/venv/lib/python3.12/site-packages/oslo_config/cfg.py:3253}}
Jun 20 08:41:15.397247 np0000003326 nova-scheduler[95800]: DEBUG cotyledon.oslo_config_glue [-] oslo_limit.endpoint_service_type = None {{(pid=95800) log_opt_values /opt/stack/data/venv/lib/python3.12/site-packages/oslo_config/cfg.py:3253}}
Jun 20 08:41:15.397247 np0000003326 nova-scheduler[95800]: DEBUG cotyledon.oslo_config_glue [-] oslo_limit.insecure = False {{(pid=95800) log_opt_values /opt/stack/data/venv/lib/python3.12/site-packages/oslo_config/cfg.py:3253}}
Jun 20 08:41:15.397247 np0000003326 nova-scheduler[95800]: DEBUG cotyledon.oslo_config_glue [-] oslo_limit.keyfile = None {{(pid=95800) log_opt_values /opt/stack/data/venv/lib/python3.12/site-packages/oslo_config/cfg.py:3253}}
Jun 20 08:41:15.397247 np0000003326 nova-scheduler[95800]: DEBUG cotyledon.oslo_config_glue [-] oslo_limit.max_version = None {{(pid=95800) log_opt_values /opt/stack/data/venv/lib/python3.12/site-packages/oslo_config/cfg.py:3253}}
Jun 20 08:41:15.397247 np0000003326 nova-scheduler[95800]: DEBUG cotyledon.oslo_config_glue [-] oslo_limit.min_version = None {{(pid=95800) log_opt_values /opt/stack/data/venv/lib/python3.12/site-packages/oslo_config/cfg.py:3253}}
Jun 20 08:41:15.397247 np0000003326 nova-scheduler[95800]: DEBUG cotyledon.oslo_config_glue [-] oslo_limit.region_name = None {{(pid=95800) log_opt_values /opt/stack/data/venv/lib/python3.12/site-packages/oslo_config/cfg.py:3253}}
Jun 20 08:41:15.397247 np0000003326 nova-scheduler[95800]: DEBUG cotyledon.oslo_config_glue [-] oslo_limit.retriable_status_codes = None {{(pid=95800) log_opt_values /opt/stack/data/venv/lib/python3.12/site-packages/oslo_config/cfg.py:3253}}
Jun 20 08:41:15.397467 np0000003326 nova-scheduler[95800]: DEBUG cotyledon.oslo_config_glue [-] oslo_limit.service_name = None {{(pid=95800) log_opt_values /opt/stack/data/venv/lib/python3.12/site-packages/oslo_config/cfg.py:3253}}
Jun 20 08:41:15.397467 np0000003326 nova-scheduler[95800]: DEBUG cotyledon.oslo_config_glue [-] oslo_limit.service_type = None {{(pid=95800) log_opt_values /opt/stack/data/venv/lib/python3.12/site-packages/oslo_config/cfg.py:3253}}
Jun 20 08:41:15.397467 np0000003326 nova-scheduler[95800]: DEBUG cotyledon.oslo_config_glue [-] oslo_limit.split_loggers = False {{(pid=95800) log_opt_values /opt/stack/data/venv/lib/python3.12/site-packages/oslo_config/cfg.py:3253}}
Jun 20 08:41:15.397467 np0000003326 nova-scheduler[95800]: DEBUG cotyledon.oslo_config_glue [-] oslo_limit.status_code_retries = None {{(pid=95800) log_opt_values /opt/stack/data/venv/lib/python3.12/site-packages/oslo_config/cfg.py:3253}}
Jun 20 08:41:15.397467 np0000003326 nova-scheduler[95800]: DEBUG cotyledon.oslo_config_glue [-] oslo_limit.status_code_retry_delay = None {{(pid=95800) log_opt_values /opt/stack/data/venv/lib/python3.12/site-packages/oslo_config/cfg.py:3253}}
Jun 20 08:41:15.397467 np0000003326 nova-scheduler[95800]: DEBUG cotyledon.oslo_config_glue [-] oslo_limit.timeout = None {{(pid=95800) log_opt_values /opt/stack/data/venv/lib/python3.12/site-packages/oslo_config/cfg.py:3253}}
Jun 20 08:41:15.397467 np0000003326 nova-scheduler[95800]: DEBUG cotyledon.oslo_config_glue [-] oslo_limit.valid_interfaces = None {{(pid=95800) log_opt_values /opt/stack/data/venv/lib/python3.12/site-packages/oslo_config/cfg.py:3253}}
Jun 20 08:41:15.397467 np0000003326 nova-scheduler[95800]: DEBUG cotyledon.oslo_config_glue [-] oslo_limit.version = None {{(pid=95800) log_opt_values /opt/stack/data/venv/lib/python3.12/site-packages/oslo_config/cfg.py:3253}}
Jun 20 08:41:15.397467 np0000003326 nova-scheduler[95800]: DEBUG cotyledon.oslo_config_glue [-] oslo_reports.file_event_handler = None {{(pid=95800) log_opt_values /opt/stack/data/venv/lib/python3.12/site-packages/oslo_config/cfg.py:3253}}
Jun 20 08:41:15.397696 np0000003326 nova-scheduler[95800]: DEBUG cotyledon.oslo_config_glue [-] oslo_reports.file_event_handler_interval = 1 {{(pid=95800) log_opt_values /opt/stack/data/venv/lib/python3.12/site-packages/oslo_config/cfg.py:3253}}
Jun 20 08:41:15.397696 np0000003326 nova-scheduler[95800]: DEBUG cotyledon.oslo_config_glue [-] oslo_reports.log_dir = None {{(pid=95800) log_opt_values /opt/stack/data/venv/lib/python3.12/site-packages/oslo_config/cfg.py:3253}}
Jun 20 08:41:15.397696 np0000003326 nova-scheduler[95800]: DEBUG cotyledon.oslo_config_glue [-] ******************************************************************************** {{(pid=95800) log_opt_values /opt/stack/data/venv/lib/python3.12/site-packages/oslo_config/cfg.py:3260}}
Jun 20 08:41:15.397696 np0000003326 nova-scheduler[95800]: DEBUG cotyledon._service_worker [-] Run service ServiceWrapper(2) [95800] {{(pid=95800) wait_forever /opt/stack/data/venv/lib/python3.12/site-packages/cotyledon/_service_worker.py:218}}
Jun 20 08:41:15.397696 np0000003326 nova-scheduler[95800]: INFO nova.service [-] Starting scheduler node (version 33.1.0)
Jun 20 08:41:15.397696 np0000003326 nova-scheduler[95800]: INFO dbcounter [None req-e01c7c7c-c7be-42ac-92f4-4aea0cac3938 None None] Registered counter for database nova_cell0
Jun 20 08:41:15.408117 np0000003326 nova-scheduler[95761]: DEBUG oslo_db.sqlalchemy.engines [None req-2f018543-e8fe-4f1f-a9fc-8bcc6cb24621 None None] MySQL server mode set to STRICT_TRANS_TABLES,STRICT_ALL_TABLES,NO_ZERO_IN_DATE,NO_ZERO_DATE,ERROR_FOR_DIVISION_BY_ZERO,TRADITIONAL,NO_ENGINE_SUBSTITUTION {{(pid=95761) _check_effective_sql_mode /opt/stack/data/venv/lib/python3.12/site-packages/oslo_db/sqlalchemy/engines.py:325}}
Jun 20 08:41:15.419146 np0000003326 nova-scheduler[95761]: DEBUG dbcounter [-] [95761] Writer thread running {{(pid=95761) stat_writer /opt/stack/data/venv/lib/python3.12/site-packages/dbcounter.py:102}}
Jun 20 08:41:15.424079 np0000003326 nova-scheduler[95768]: DEBUG oslo_db.sqlalchemy.engines [None req-a3bdfcfd-0692-4d32-b6c4-03fc7d02ef91 None None] MySQL server mode set to STRICT_TRANS_TABLES,STRICT_ALL_TABLES,NO_ZERO_IN_DATE,NO_ZERO_DATE,ERROR_FOR_DIVISION_BY_ZERO,TRADITIONAL,NO_ENGINE_SUBSTITUTION {{(pid=95768) _check_effective_sql_mode /opt/stack/data/venv/lib/python3.12/site-packages/oslo_db/sqlalchemy/engines.py:325}}
Jun 20 08:41:15.435243 np0000003326 nova-scheduler[95768]: DEBUG dbcounter [-] [95768] Writer thread running {{(pid=95768) stat_writer /opt/stack/data/venv/lib/python3.12/site-packages/dbcounter.py:102}}
Jun 20 08:41:15.446718 np0000003326 nova-scheduler[95800]: DEBUG oslo_db.sqlalchemy.engines [None req-e01c7c7c-c7be-42ac-92f4-4aea0cac3938 None None] MySQL server mode set to STRICT_TRANS_TABLES,STRICT_ALL_TABLES,NO_ZERO_IN_DATE,NO_ZERO_DATE,ERROR_FOR_DIVISION_BY_ZERO,TRADITIONAL,NO_ENGINE_SUBSTITUTION {{(pid=95800) _check_effective_sql_mode /opt/stack/data/venv/lib/python3.12/site-packages/oslo_db/sqlalchemy/engines.py:325}}
Jun 20 08:41:15.449315 np0000003326 nova-scheduler[95761]: DEBUG nova.service [None req-2f018543-e8fe-4f1f-a9fc-8bcc6cb24621 None None] Creating RPC server for service: nova-scheduler on topic: scheduler {{(pid=95761) start /opt/stack/nova/nova/service.py:196}}
Jun 20 08:41:15.458001 np0000003326 nova-scheduler[95800]: DEBUG dbcounter [-] [95800] Writer thread running {{(pid=95800) stat_writer /opt/stack/data/venv/lib/python3.12/site-packages/dbcounter.py:102}}
Jun 20 08:41:15.458888 np0000003326 nova-scheduler[95768]: DEBUG nova.service [None req-a3bdfcfd-0692-4d32-b6c4-03fc7d02ef91 None None] Creating RPC server for service: nova-scheduler on topic: scheduler {{(pid=95768) start /opt/stack/nova/nova/service.py:196}}
Jun 20 08:41:15.462240 np0000003326 nova-scheduler[95800]: DEBUG nova.service [None req-e01c7c7c-c7be-42ac-92f4-4aea0cac3938 None None] Creating RPC server for service: nova-scheduler on topic: scheduler {{(pid=95800) start /opt/stack/nova/nova/service.py:196}}
Jun 20 08:41:15.477240 np0000003326 nova-scheduler[95761]: DEBUG nova.service [None req-2f018543-e8fe-4f1f-a9fc-8bcc6cb24621 None None] Join ServiceGroup membership for this service scheduler {{(pid=95761) start /opt/stack/nova/nova/service.py:222}}
Jun 20 08:41:15.477468 np0000003326 nova-scheduler[95761]: DEBUG nova.servicegroup.drivers.db [None req-2f018543-e8fe-4f1f-a9fc-8bcc6cb24621 None None] DB_Driver: join new ServiceGroup member np0000003326 to the scheduler group, service = {{(pid=95761) join /opt/stack/nova/nova/servicegroup/drivers/db.py:44}}
Jun 20 08:41:15.478108 np0000003326 nova-scheduler[95768]: DEBUG nova.service [None req-a3bdfcfd-0692-4d32-b6c4-03fc7d02ef91 None None] Join ServiceGroup membership for this service scheduler {{(pid=95768) start /opt/stack/nova/nova/service.py:222}}
Jun 20 08:41:15.478108 np0000003326 nova-scheduler[95768]: DEBUG nova.servicegroup.drivers.db [None req-a3bdfcfd-0692-4d32-b6c4-03fc7d02ef91 None None] DB_Driver: join new ServiceGroup member np0000003326 to the scheduler group, service = {{(pid=95768) join /opt/stack/nova/nova/servicegroup/drivers/db.py:44}}
Jun 20 08:41:15.487605 np0000003326 nova-scheduler[95800]: DEBUG nova.service [None req-e01c7c7c-c7be-42ac-92f4-4aea0cac3938 None None] Join ServiceGroup membership for this service scheduler {{(pid=95800) start /opt/stack/nova/nova/service.py:222}}
Jun 20 08:41:15.487800 np0000003326 nova-scheduler[95800]: DEBUG nova.servicegroup.drivers.db [None req-e01c7c7c-c7be-42ac-92f4-4aea0cac3938 None None] DB_Driver: join new ServiceGroup member np0000003326 to the scheduler group, service = {{(pid=95800) join /opt/stack/nova/nova/servicegroup/drivers/db.py:44}}
Jun 20 08:41:20.505079 np0000003326 nova-scheduler[95761]: DEBUG oslo.service.backend._threading.loopingcall [-] Fixed interval looping call 'nova.servicegroup.drivers.db.DbDriver._report_state' sleeping for 119.97 seconds {{(pid=95761) _run_loop /opt/stack/data/venv/lib/python3.12/site-packages/oslo_service/backend/_threading/loopingcall.py:125}}
Jun 20 08:41:20.507586 np0000003326 nova-scheduler[95768]: DEBUG oslo.service.backend._threading.loopingcall [-] Fixed interval looping call 'nova.servicegroup.drivers.db.DbDriver._report_state' sleeping for 119.97 seconds {{(pid=95768) _run_loop /opt/stack/data/venv/lib/python3.12/site-packages/oslo_service/backend/_threading/loopingcall.py:125}}
Jun 20 08:41:20.524913 np0000003326 nova-scheduler[95800]: DEBUG oslo.service.backend._threading.loopingcall [-] Fixed interval looping call 'nova.servicegroup.drivers.db.DbDriver._report_state' sleeping for 119.96 seconds {{(pid=95800) _run_loop /opt/stack/data/venv/lib/python3.12/site-packages/oslo_service/backend/_threading/loopingcall.py:125}}
Jun 20 08:41:24.008250 np0000003326 nova-scheduler[94563]: DEBUG dbcounter [-] [94563] Writing DB stats nova_api:SELECT=3 {{(pid=94563) stat_writer /opt/stack/data/venv/lib/python3.12/site-packages/dbcounter.py:115}}
Jun 20 08:41:24.147909 np0000003326 nova-scheduler[94563]: DEBUG dbcounter [-] [94563] Writing DB stats nova_cell0:SELECT=1 {{(pid=94563) stat_writer /opt/stack/data/venv/lib/python3.12/site-packages/dbcounter.py:115}}
Jun 20 08:41:24.157116 np0000003326 nova-scheduler[94563]: DEBUG dbcounter [-] [94563] Writing DB stats nova_cell1:SELECT=1 {{(pid=94563) stat_writer /opt/stack/data/venv/lib/python3.12/site-packages/dbcounter.py:115}}
Jun 20 08:41:30.490829 np0000003326 nova-scheduler[95761]: DEBUG dbcounter [-] [95761] Writing DB stats nova_cell0:SELECT=4,nova_cell0:INSERT=1,nova_cell0:UPDATE=1 {{(pid=95761) stat_writer /opt/stack/data/venv/lib/python3.12/site-packages/dbcounter.py:115}}
Jun 20 08:41:30.493883 np0000003326 nova-scheduler[95768]: DEBUG dbcounter [-] [95768] Writing DB stats nova_cell0:SELECT=5,nova_cell0:INSERT=1,nova_cell0:UPDATE=1 {{(pid=95768) stat_writer /opt/stack/data/venv/lib/python3.12/site-packages/dbcounter.py:115}}
Jun 20 08:41:30.503188 np0000003326 nova-scheduler[95800]: DEBUG dbcounter [-] [95800] Writing DB stats nova_cell0:SELECT=3,nova_cell0:UPDATE=1 {{(pid=95800) stat_writer /opt/stack/data/venv/lib/python3.12/site-packages/dbcounter.py:115}}
Jun 20 08:41:47.480585 np0000003326 nova-scheduler[95768]: DEBUG oslo.service.backend._threading.loopingcall [None req-67440bda-9503-4859-b3e6-1b68af46e5f4 None None] Dynamic interval looping call 'nova.service.Service.periodic_tasks' sleeping for 60.00 seconds {{(pid=95768) _run_loop /opt/stack/data/venv/lib/python3.12/site-packages/oslo_service/backend/_threading/loopingcall.py:125}}
Jun 20 08:41:54.479552 np0000003326 nova-scheduler[95761]: DEBUG oslo.service.backend._threading.loopingcall [None req-b7542496-c72d-4979-a4fd-f4d240f13ff4 None None] Dynamic interval looping call 'nova.service.Service.periodic_tasks' sleeping for 60.00 seconds {{(pid=95761) _run_loop /opt/stack/data/venv/lib/python3.12/site-packages/oslo_service/backend/_threading/loopingcall.py:125}}
Jun 20 08:42:12.490079 np0000003326 nova-scheduler[95800]: DEBUG oslo.service.backend._threading.loopingcall [None req-806b64a3-005a-4d36-963b-72d6bd5a6583 None None] Dynamic interval looping call 'nova.service.Service.periodic_tasks' sleeping for 60.00 seconds {{(pid=95800) _run_loop /opt/stack/data/venv/lib/python3.12/site-packages/oslo_service/backend/_threading/loopingcall.py:125}}
Jun 20 08:42:47.481162 np0000003326 nova-scheduler[95768]: DEBUG oslo.service.backend._threading.loopingcall [None req-67440bda-9503-4859-b3e6-1b68af46e5f4 None None] Dynamic interval looping call 'nova.service.Service.periodic_tasks' sleeping for 60.00 seconds {{(pid=95768) _run_loop /opt/stack/data/venv/lib/python3.12/site-packages/oslo_service/backend/_threading/loopingcall.py:125}}
Jun 20 08:42:54.480004 np0000003326 nova-scheduler[95761]: DEBUG oslo.service.backend._threading.loopingcall [None req-b7542496-c72d-4979-a4fd-f4d240f13ff4 None None] Dynamic interval looping call 'nova.service.Service.periodic_tasks' sleeping for 60.00 seconds {{(pid=95761) _run_loop /opt/stack/data/venv/lib/python3.12/site-packages/oslo_service/backend/_threading/loopingcall.py:125}}
Jun 20 08:43:12.490656 np0000003326 nova-scheduler[95800]: DEBUG oslo.service.backend._threading.loopingcall [None req-806b64a3-005a-4d36-963b-72d6bd5a6583 None None] Dynamic interval looping call 'nova.service.Service.periodic_tasks' sleeping for 60.00 seconds {{(pid=95800) _run_loop /opt/stack/data/venv/lib/python3.12/site-packages/oslo_service/backend/_threading/loopingcall.py:125}}
Jun 20 08:43:20.489907 np0000003326 nova-scheduler[95761]: DEBUG oslo.service.backend._threading.loopingcall [-] Fixed interval looping call 'nova.servicegroup.drivers.db.DbDriver._report_state' sleeping for 119.99 seconds {{(pid=95761) _run_loop /opt/stack/data/venv/lib/python3.12/site-packages/oslo_service/backend/_threading/loopingcall.py:125}}
Jun 20 08:43:20.490450 np0000003326 nova-scheduler[95768]: DEBUG oslo.service.backend._threading.loopingcall [-] Fixed interval looping call 'nova.servicegroup.drivers.db.DbDriver._report_state' sleeping for 119.99 seconds {{(pid=95768) _run_loop /opt/stack/data/venv/lib/python3.12/site-packages/oslo_service/backend/_threading/loopingcall.py:125}}
Jun 20 08:43:20.491632 np0000003326 nova-scheduler[95800]: DEBUG oslo.service.backend._threading.loopingcall [-] Fixed interval looping call 'nova.servicegroup.drivers.db.DbDriver._report_state' sleeping for 119.99 seconds {{(pid=95800) _run_loop /opt/stack/data/venv/lib/python3.12/site-packages/oslo_service/backend/_threading/loopingcall.py:125}}
Jun 20 08:43:30.481274 np0000003326 nova-scheduler[95761]: DEBUG dbcounter [-] [95761] Writing DB stats nova_cell0:SELECT=1,nova_cell0:UPDATE=1 {{(pid=95761) stat_writer /opt/stack/data/venv/lib/python3.12/site-packages/dbcounter.py:115}}
Jun 20 08:43:30.481905 np0000003326 nova-scheduler[95768]: DEBUG dbcounter [-] [95768] Writing DB stats nova_cell0:SELECT=1,nova_cell0:UPDATE=1 {{(pid=95768) stat_writer /opt/stack/data/venv/lib/python3.12/site-packages/dbcounter.py:115}}
Jun 20 08:43:30.489373 np0000003326 nova-scheduler[95800]: DEBUG dbcounter [-] [95800] Writing DB stats nova_cell0:SELECT=1,nova_cell0:UPDATE=1 {{(pid=95800) stat_writer /opt/stack/data/venv/lib/python3.12/site-packages/dbcounter.py:115}}
Jun 20 08:43:47.481672 np0000003326 nova-scheduler[95768]: DEBUG oslo.service.backend._threading.loopingcall [None req-67440bda-9503-4859-b3e6-1b68af46e5f4 None None] Dynamic interval looping call 'nova.service.Service.periodic_tasks' sleeping for 60.00 seconds {{(pid=95768) _run_loop /opt/stack/data/venv/lib/python3.12/site-packages/oslo_service/backend/_threading/loopingcall.py:125}}
Jun 20 08:43:54.480648 np0000003326 nova-scheduler[95761]: DEBUG oslo.service.backend._threading.loopingcall [None req-b7542496-c72d-4979-a4fd-f4d240f13ff4 None None] Dynamic interval looping call 'nova.service.Service.periodic_tasks' sleeping for 60.00 seconds {{(pid=95761) _run_loop /opt/stack/data/venv/lib/python3.12/site-packages/oslo_service/backend/_threading/loopingcall.py:125}}
Jun 20 08:44:03.271713 np0000003326 nova-scheduler[95761]: DEBUG nova.scheduler.manager [None req-bfa41d6e-3cf3-45d6-af7c-64d84e54a681 tempest-AttachVolumeShelveTestJSON-1437365463 tempest-AttachVolumeShelveTestJSON-1437365463-project-member] Starting to schedule for instances: ['ad291154-f642-4dc5-a5e5-18e46c3728f9'] {{(pid=95761) select_destinations /opt/stack/nova/nova/scheduler/manager.py:210}}
Jun 20 08:44:03.272333 np0000003326 nova-scheduler[95761]: DEBUG nova.scheduler.request_filter [None req-bfa41d6e-3cf3-45d6-af7c-64d84e54a681 tempest-AttachVolumeShelveTestJSON-1437365463 tempest-AttachVolumeShelveTestJSON-1437365463-project-member] compute_status_filter request filter added forbidden trait COMPUTE_STATUS_DISABLED {{(pid=95761) compute_status_filter /opt/stack/nova/nova/scheduler/request_filter.py:253}}
Jun 20 08:44:03.272480 np0000003326 nova-scheduler[95761]: DEBUG nova.scheduler.request_filter [None req-bfa41d6e-3cf3-45d6-af7c-64d84e54a681 tempest-AttachVolumeShelveTestJSON-1437365463 tempest-AttachVolumeShelveTestJSON-1437365463-project-member] Request filter 'compute_status_filter' took 0.0 seconds {{(pid=95761) wrapper /opt/stack/nova/nova/scheduler/request_filter.py:46}}
Jun 20 08:44:03.273039 np0000003326 nova-scheduler[95761]: DEBUG nova.scheduler.request_filter [None req-bfa41d6e-3cf3-45d6-af7c-64d84e54a681 tempest-AttachVolumeShelveTestJSON-1437365463 tempest-AttachVolumeShelveTestJSON-1437365463-project-member] Request filter 'accelerators_filter' took 0.0 seconds {{(pid=95761) wrapper /opt/stack/nova/nova/scheduler/request_filter.py:46}}
Jun 20 08:44:03.273335 np0000003326 nova-scheduler[95761]: DEBUG nova.scheduler.request_filter [None req-bfa41d6e-3cf3-45d6-af7c-64d84e54a681 tempest-AttachVolumeShelveTestJSON-1437365463 tempest-AttachVolumeShelveTestJSON-1437365463-project-member] Request filter 'packed_virtqueue_filter' took 0.0 seconds {{(pid=95761) wrapper /opt/stack/nova/nova/scheduler/request_filter.py:46}}
Jun 20 08:44:03.273666 np0000003326 nova-scheduler[95761]: DEBUG nova.scheduler.request_filter [None req-bfa41d6e-3cf3-45d6-af7c-64d84e54a681 tempest-AttachVolumeShelveTestJSON-1437365463 tempest-AttachVolumeShelveTestJSON-1437365463-project-member] Request filter 'remote_managed_ports_filter' took 0.0 seconds {{(pid=95761) wrapper /opt/stack/nova/nova/scheduler/request_filter.py:46}}
Jun 20 08:44:03.273798 np0000003326 nova-scheduler[95761]: DEBUG nova.scheduler.request_filter [None req-bfa41d6e-3cf3-45d6-af7c-64d84e54a681 tempest-AttachVolumeShelveTestJSON-1437365463 tempest-AttachVolumeShelveTestJSON-1437365463-project-member] ephemeral_encryption_filter skipped {{(pid=95761) ephemeral_encryption_filter /opt/stack/nova/nova/scheduler/request_filter.py:426}}
Jun 20 08:44:03.273955 np0000003326 nova-scheduler[95761]: DEBUG nova.scheduler.request_filter [None req-bfa41d6e-3cf3-45d6-af7c-64d84e54a681 tempest-AttachVolumeShelveTestJSON-1437365463 tempest-AttachVolumeShelveTestJSON-1437365463-project-member] virtio_sound_filter skipped {{(pid=95761) virtio_sound_filter /opt/stack/nova/nova/scheduler/request_filter.py:460}}
Jun 20 08:44:03.274100 np0000003326 nova-scheduler[95761]: DEBUG nova.scheduler.request_filter [None req-bfa41d6e-3cf3-45d6-af7c-64d84e54a681 tempest-AttachVolumeShelveTestJSON-1437365463 tempest-AttachVolumeShelveTestJSON-1437365463-project-member] tpm_secret_security_filter skipped {{(pid=95761) tpm_secret_security_filter /opt/stack/nova/nova/scheduler/request_filter.py:477}}
Jun 20 08:44:03.889031 np0000003326 nova-scheduler[95761]: INFO nova.utils [None req-bfa41d6e-3cf3-45d6-af7c-64d84e54a681 tempest-AttachVolumeShelveTestJSON-1437365463 tempest-AttachVolumeShelveTestJSON-1437365463-project-member] The cell worker thread pool ForkProcess-1.cell_worker is initialized
Jun 20 08:44:03.890211 np0000003326 nova-scheduler[95761]: DEBUG oslo_concurrency.lockutils [None req-bfa41d6e-3cf3-45d6-af7c-64d84e54a681 tempest-AttachVolumeShelveTestJSON-1437365463 tempest-AttachVolumeShelveTestJSON-1437365463-project-member] Acquiring lock "6e6085c7-589d-48e6-91d4-622f8410c55d" by "nova.context.set_target_cell..get_or_set_cached_cell_and_set_connections" {{(pid=95761) inner /opt/stack/data/venv/lib/python3.12/site-packages/oslo_concurrency/lockutils.py:511}}
Jun 20 08:44:03.890488 np0000003326 nova-scheduler[95761]: DEBUG oslo_concurrency.lockutils [None req-bfa41d6e-3cf3-45d6-af7c-64d84e54a681 tempest-AttachVolumeShelveTestJSON-1437365463 tempest-AttachVolumeShelveTestJSON-1437365463-project-member] Lock "6e6085c7-589d-48e6-91d4-622f8410c55d" acquired by "nova.context.set_target_cell..get_or_set_cached_cell_and_set_connections" :: waited 0.000s {{(pid=95761) inner /opt/stack/data/venv/lib/python3.12/site-packages/oslo_concurrency/lockutils.py:524}}
Jun 20 08:44:03.892391 np0000003326 nova-scheduler[95761]: DEBUG oslo_concurrency.lockutils [None req-bfa41d6e-3cf3-45d6-af7c-64d84e54a681 tempest-AttachVolumeShelveTestJSON-1437365463 tempest-AttachVolumeShelveTestJSON-1437365463-project-member] Lock "6e6085c7-589d-48e6-91d4-622f8410c55d" "released" by "nova.context.set_target_cell..get_or_set_cached_cell_and_set_connections" :: held 0.002s {{(pid=95761) inner /opt/stack/data/venv/lib/python3.12/site-packages/oslo_concurrency/lockutils.py:543}}
Jun 20 08:44:03.894598 np0000003326 nova-scheduler[95761]: INFO dbcounter [None req-bfa41d6e-3cf3-45d6-af7c-64d84e54a681 tempest-AttachVolumeShelveTestJSON-1437365463 tempest-AttachVolumeShelveTestJSON-1437365463-project-member] Registered counter for database nova_cell1
Jun 20 08:44:03.932500 np0000003326 nova-scheduler[95761]: DEBUG oslo_db.sqlalchemy.engines [None req-bfa41d6e-3cf3-45d6-af7c-64d84e54a681 tempest-AttachVolumeShelveTestJSON-1437365463 tempest-AttachVolumeShelveTestJSON-1437365463-project-member] MySQL server mode set to STRICT_TRANS_TABLES,STRICT_ALL_TABLES,NO_ZERO_IN_DATE,NO_ZERO_DATE,ERROR_FOR_DIVISION_BY_ZERO,TRADITIONAL,NO_ENGINE_SUBSTITUTION {{(pid=95761) _check_effective_sql_mode /opt/stack/data/venv/lib/python3.12/site-packages/oslo_db/sqlalchemy/engines.py:325}}
Jun 20 08:44:03.937121 np0000003326 nova-scheduler[95761]: DEBUG dbcounter [-] [95761] Writer thread running {{(pid=95761) stat_writer /opt/stack/data/venv/lib/python3.12/site-packages/dbcounter.py:102}}
Jun 20 08:44:03.967497 np0000003326 nova-scheduler[95761]: DEBUG oslo_db.sqlalchemy.engines [None req-bfa41d6e-3cf3-45d6-af7c-64d84e54a681 tempest-AttachVolumeShelveTestJSON-1437365463 tempest-AttachVolumeShelveTestJSON-1437365463-project-member] Parent process 94563 forked (95761) with an open database connection, which is being discarded and recreated. {{(pid=95761) checkout /opt/stack/data/venv/lib/python3.12/site-packages/oslo_db/sqlalchemy/engines.py:402}}
Jun 20 08:44:04.009292 np0000003326 nova-scheduler[95761]: DEBUG dbcounter [-] [95761] Writer thread running {{(pid=95761) stat_writer /opt/stack/data/venv/lib/python3.12/site-packages/dbcounter.py:102}}
Jun 20 08:44:04.017557 np0000003326 nova-scheduler[95761]: DEBUG oslo_concurrency.lockutils [None req-bfa41d6e-3cf3-45d6-af7c-64d84e54a681 tempest-AttachVolumeShelveTestJSON-1437365463 tempest-AttachVolumeShelveTestJSON-1437365463-project-member] Acquiring lock "6e6085c7-589d-48e6-91d4-622f8410c55d" by "nova.context.set_target_cell..get_or_set_cached_cell_and_set_connections" {{(pid=95761) inner /opt/stack/data/venv/lib/python3.12/site-packages/oslo_concurrency/lockutils.py:511}}
Jun 20 08:44:04.017739 np0000003326 nova-scheduler[95761]: DEBUG oslo_concurrency.lockutils [None req-bfa41d6e-3cf3-45d6-af7c-64d84e54a681 tempest-AttachVolumeShelveTestJSON-1437365463 tempest-AttachVolumeShelveTestJSON-1437365463-project-member] Lock "6e6085c7-589d-48e6-91d4-622f8410c55d" acquired by "nova.context.set_target_cell..get_or_set_cached_cell_and_set_connections" :: waited 0.000s {{(pid=95761) inner /opt/stack/data/venv/lib/python3.12/site-packages/oslo_concurrency/lockutils.py:524}}
Jun 20 08:44:04.018134 np0000003326 nova-scheduler[95761]: DEBUG oslo_concurrency.lockutils [None req-bfa41d6e-3cf3-45d6-af7c-64d84e54a681 tempest-AttachVolumeShelveTestJSON-1437365463 tempest-AttachVolumeShelveTestJSON-1437365463-project-member] Lock "6e6085c7-589d-48e6-91d4-622f8410c55d" "released" by "nova.context.set_target_cell..get_or_set_cached_cell_and_set_connections" :: held 0.000s {{(pid=95761) inner /opt/stack/data/venv/lib/python3.12/site-packages/oslo_concurrency/lockutils.py:543}}
Jun 20 08:44:04.026350 np0000003326 nova-scheduler[95761]: DEBUG oslo_concurrency.lockutils [None req-bfa41d6e-3cf3-45d6-af7c-64d84e54a681 tempest-AttachVolumeShelveTestJSON-1437365463 tempest-AttachVolumeShelveTestJSON-1437365463-project-member] Acquiring lock "('np0000003326', 'np0000003326')" by "nova.scheduler.host_manager.HostState.update.._locked_update" {{(pid=95761) inner /opt/stack/data/venv/lib/python3.12/site-packages/oslo_concurrency/lockutils.py:511}}
Jun 20 08:44:04.026860 np0000003326 nova-scheduler[95761]: DEBUG oslo_concurrency.lockutils [None req-bfa41d6e-3cf3-45d6-af7c-64d84e54a681 tempest-AttachVolumeShelveTestJSON-1437365463 tempest-AttachVolumeShelveTestJSON-1437365463-project-member] Lock "('np0000003326', 'np0000003326')" acquired by "nova.scheduler.host_manager.HostState.update.._locked_update" :: waited 0.000s {{(pid=95761) inner /opt/stack/data/venv/lib/python3.12/site-packages/oslo_concurrency/lockutils.py:524}}
Jun 20 08:44:04.027948 np0000003326 nova-scheduler[95761]: DEBUG nova.scheduler.host_manager [None req-bfa41d6e-3cf3-45d6-af7c-64d84e54a681 tempest-AttachVolumeShelveTestJSON-1437365463 tempest-AttachVolumeShelveTestJSON-1437365463-project-member] Update host state from compute node: ComputeNode(cpu_allocation_ratio=4.0,cpu_info='{"arch": "x86_64", "model": "EPYC-Milan", "vendor": "AMD", "topology": {"cells": 1, "sockets": 12, "cores": 1, "threads": 1}, "maxphysaddr": {"mode": "emulate", "bits": 40}, "features": ["sha-ni", "bmi2", "mmx", "sse2", "pge", "clzero", "sse4a", "tsc", "tsc-scale", "cmov", "fma", "abm", "movbe", "pfthreshold", "osvw", "tsc_adjust", "ssse3", "vaes", "rdseed", "aes", "null-sel-clr-base", "mtrr", "ibpb", "lbrv", "lfence-always-serializing", "lm", "xsaveerptr", "xsave", "clflush", "cx16", "perfctr_core", "smep", "cmp_legacy", "clwb", "pcid", "msr", "adx", "arch-capabilities", "vme", "arat", "umip", "bmi1", "stibp-always-on", "vmcb-clean", "sse4.1", "cx8", "fxsr", "pni", "lahf_lm", "erms", "sse4.2", "ibrs", "cr8legacy", "nx", "svme-addr-chk", "xgetbv1", "3dnowprefetch", "spec-ctrl", "fpu", "amd-ssbd", "apic", "pku", "virt-ssbd", "rdrand", "fsgsbase", "tsc-deadline", "pclmuldq", "fxsr_opt", "sep", "pat", "pschange-mc-no", "syscall", "topoext", "de", "xsavec", "popcnt", "pse36", "pse", "xsaveopt", "mmxext", "f16c", "misalignsse", "stibp", "pdpe1gb", "hypervisor", "fsrm", "smap", "wbnoinvd", "invpcid", "vpclmulqdq", "mca", "vgif", "x2apic", "pae", "npt", "avx", "amd-psfd", "mce", "amd-stibp", "no-nested-data-bp", "rdtscp", "gds-no", "mds-no", "sse", "xsaves", "pause-filter", "skip-l1dfl-vmentry", "flushbyasid", "clflushopt", "rdpid", "ssbd", "rdctl-no", "avx2", "nrip-save", "svm", "v-vmsave-vmload"]}',created_at=2026-06-20T08:41:40Z,current_workload=0,deleted=False,deleted_at=None,disk_allocation_ratio=1.0,disk_available_least=74,free_disk_gb=95,free_ram_mb=23518,host='np0000003326',host_ip=10.4.3.55,hypervisor_hostname='np0000003326',hypervisor_type='QEMU',hypervisor_version=8002002,id=1,local_gb=95,local_gb_used=0,mapped=1,memory_mb=24030,memory_mb_used=512,metrics='[]',numa_topology='{"nova_object.name": "NUMATopology", "nova_object.namespace": "nova", "nova_object.version": "1.2", "nova_object.data": {"cells": [{"nova_object.name": "NUMACell", "nova_object.namespace": "nova", "nova_object.version": "1.5", "nova_object.data": {"id": 0, "cpuset": [0, 1, 2, 3, 4, 5, 6, 7, 8, 9, 10, 11], "pcpuset": [0, 1, 2, 3, 4, 5, 6, 7, 8, 9, 10, 11], "memory": 24030, "cpu_usage": 0, "memory_usage": 0, "pinned_cpus": [], "siblings": [[6], [2], [5], [11], [8], [4], [1], [7], [10], [0], [3], [9]], "mempages": [{"nova_object.name": "NUMAPagesTopology", "nova_object.namespace": "nova", "nova_object.version": "1.1", "nova_object.data": {"size_kb": 4, "total": 6151798, "used": 0, "reserved": 0}, "nova_object.changes": ["used", "total", "size_kb", "reserved"]}, {"nova_object.name": "NUMAPagesTopology", "nova_object.namespace": "nova", "nova_object.version": "1.1", "nova_object.data": {"size_kb": 2048, "total": 0, "used": 0, "reserved": 0}, "nova_object.changes": ["used", "total", "size_kb", "reserved"]}, {"nova_object.name": "NUMAPagesTopology", "nova_object.namespace": "nova", "nova_object.version": "1.1", "nova_object.data": {"size_kb": 1048576, "total": 0, "used": 0, "reserved": 0}, "nova_object.changes": ["used", "total", "size_kb", "reserved"]}], "network_metadata": {"nova_object.name": "NetworkMetadata", "nova_object.namespace": "nova", "nova_object.version": "1.0", "nova_object.data": {"physnets": [], "tunneled": false}, "nova_object.changes": ["physnets", "tunneled"]}, "socket": null}, "nova_object.changes": ["mempages", "siblings", "cpuset", "memory", "pcpuset", "network_metadata", "pinned_cpus", "id", "cpu_usage", "memory_usage", "socket"]}]}, "nova_object.changes": ["cells"]}',pci_device_pools=PciDevicePoolList,ram_allocation_ratio=1.0,running_vms=0,service_id=3,stats={failed_builds='0',uptime=' 08:43:26 up 26 min, 2 users, load average: 1.62, 1.79, 1.09
Jun 20 08:44:04.027948 np0000003326 nova-scheduler[95761]: '},supported_hv_specs=[HVSpec,HVSpec,HVSpec,HVSpec,HVSpec,HVSpec,HVSpec,HVSpec,HVSpec,HVSpec,HVSpec,HVSpec,HVSpec,HVSpec,HVSpec,HVSpec,HVSpec,HVSpec,HVSpec,HVSpec,HVSpec,HVSpec,HVSpec,HVSpec,HVSpec],updated_at=2026-06-20T08:43:28Z,uuid=2cd6a866-8488-4660-9c1c-aff004ac7df0,vcpus=12,vcpus_used=0) {{(pid=95761) _locked_update /opt/stack/nova/nova/scheduler/host_manager.py:168}}
Jun 20 08:44:04.028912 np0000003326 nova-scheduler[95761]: DEBUG nova.scheduler.host_manager [None req-bfa41d6e-3cf3-45d6-af7c-64d84e54a681 tempest-AttachVolumeShelveTestJSON-1437365463 tempest-AttachVolumeShelveTestJSON-1437365463-project-member] Update host state with aggregates: [] {{(pid=95761) _locked_update /opt/stack/nova/nova/scheduler/host_manager.py:171}}
Jun 20 08:44:04.029107 np0000003326 nova-scheduler[95761]: DEBUG nova.scheduler.host_manager [None req-bfa41d6e-3cf3-45d6-af7c-64d84e54a681 tempest-AttachVolumeShelveTestJSON-1437365463 tempest-AttachVolumeShelveTestJSON-1437365463-project-member] Update host state with service dict: {'id': 3, 'uuid': 'bf27c14b-25f4-4b81-94af-b4222e2797ca', 'host': 'np0000003326', 'binary': 'nova-compute', 'topic': 'compute', 'report_count': 2, 'disabled': False, 'disabled_reason': None, 'last_seen_up': datetime.datetime(2026, 6, 20, 8, 43, 49, tzinfo=datetime.timezone.utc), 'forced_down': False, 'version': 72, 'created_at': datetime.datetime(2026, 6, 20, 8, 41, 38, tzinfo=datetime.timezone.utc), 'updated_at': datetime.datetime(2026, 6, 20, 8, 43, 49, tzinfo=datetime.timezone.utc), 'deleted_at': None, 'deleted': False} {{(pid=95761) _locked_update /opt/stack/nova/nova/scheduler/host_manager.py:174}}
Jun 20 08:44:04.029276 np0000003326 nova-scheduler[95761]: DEBUG nova.scheduler.host_manager [None req-bfa41d6e-3cf3-45d6-af7c-64d84e54a681 tempest-AttachVolumeShelveTestJSON-1437365463 tempest-AttachVolumeShelveTestJSON-1437365463-project-member] Update host state with instances: [] {{(pid=95761) _locked_update /opt/stack/nova/nova/scheduler/host_manager.py:177}}
Jun 20 08:44:04.029438 np0000003326 nova-scheduler[95761]: DEBUG oslo_concurrency.lockutils [None req-bfa41d6e-3cf3-45d6-af7c-64d84e54a681 tempest-AttachVolumeShelveTestJSON-1437365463 tempest-AttachVolumeShelveTestJSON-1437365463-project-member] Lock "('np0000003326', 'np0000003326')" "released" by "nova.scheduler.host_manager.HostState.update.._locked_update" :: held 0.003s {{(pid=95761) inner /opt/stack/data/venv/lib/python3.12/site-packages/oslo_concurrency/lockutils.py:543}}
Jun 20 08:44:04.030215 np0000003326 nova-scheduler[95761]: DEBUG nova.filters [None req-bfa41d6e-3cf3-45d6-af7c-64d84e54a681 tempest-AttachVolumeShelveTestJSON-1437365463 tempest-AttachVolumeShelveTestJSON-1437365463-project-member] Starting with 1 host(s) {{(pid=95761) get_filtered_objects /opt/stack/nova/nova/filters.py:70}}
Jun 20 08:44:04.030457 np0000003326 nova-scheduler[95761]: DEBUG nova.filters [None req-bfa41d6e-3cf3-45d6-af7c-64d84e54a681 tempest-AttachVolumeShelveTestJSON-1437365463 tempest-AttachVolumeShelveTestJSON-1437365463-project-member] Filter ComputeFilter returned 1 host(s) {{(pid=95761) get_filtered_objects /opt/stack/nova/nova/filters.py:102}}
Jun 20 08:44:04.030644 np0000003326 nova-scheduler[95761]: DEBUG nova.filters [None req-bfa41d6e-3cf3-45d6-af7c-64d84e54a681 tempest-AttachVolumeShelveTestJSON-1437365463 tempest-AttachVolumeShelveTestJSON-1437365463-project-member] Filter ComputeCapabilitiesFilter returned 1 host(s) {{(pid=95761) get_filtered_objects /opt/stack/nova/nova/filters.py:102}}
Jun 20 08:44:04.030917 np0000003326 nova-scheduler[95761]: DEBUG nova.filters [None req-bfa41d6e-3cf3-45d6-af7c-64d84e54a681 tempest-AttachVolumeShelveTestJSON-1437365463 tempest-AttachVolumeShelveTestJSON-1437365463-project-member] Filter ImagePropertiesFilter returned 1 host(s) {{(pid=95761) get_filtered_objects /opt/stack/nova/nova/filters.py:102}}
Jun 20 08:44:04.031069 np0000003326 nova-scheduler[95761]: DEBUG nova.filters [None req-bfa41d6e-3cf3-45d6-af7c-64d84e54a681 tempest-AttachVolumeShelveTestJSON-1437365463 tempest-AttachVolumeShelveTestJSON-1437365463-project-member] Filter ServerGroupAntiAffinityFilter returned 1 host(s) {{(pid=95761) get_filtered_objects /opt/stack/nova/nova/filters.py:102}}
Jun 20 08:44:04.031230 np0000003326 nova-scheduler[95761]: DEBUG nova.filters [None req-bfa41d6e-3cf3-45d6-af7c-64d84e54a681 tempest-AttachVolumeShelveTestJSON-1437365463 tempest-AttachVolumeShelveTestJSON-1437365463-project-member] Filter ServerGroupAffinityFilter returned 1 host(s) {{(pid=95761) get_filtered_objects /opt/stack/nova/nova/filters.py:102}}
Jun 20 08:44:04.031410 np0000003326 nova-scheduler[95761]: DEBUG nova.filters [None req-bfa41d6e-3cf3-45d6-af7c-64d84e54a681 tempest-AttachVolumeShelveTestJSON-1437365463 tempest-AttachVolumeShelveTestJSON-1437365463-project-member] Filter SameHostFilter returned 1 host(s) {{(pid=95761) get_filtered_objects /opt/stack/nova/nova/filters.py:102}}
Jun 20 08:44:04.031585 np0000003326 nova-scheduler[95761]: DEBUG nova.filters [None req-bfa41d6e-3cf3-45d6-af7c-64d84e54a681 tempest-AttachVolumeShelveTestJSON-1437365463 tempest-AttachVolumeShelveTestJSON-1437365463-project-member] Filter DifferentHostFilter returned 1 host(s) {{(pid=95761) get_filtered_objects /opt/stack/nova/nova/filters.py:102}}
Jun 20 08:44:04.031754 np0000003326 nova-scheduler[95761]: DEBUG nova.scheduler.manager [None req-bfa41d6e-3cf3-45d6-af7c-64d84e54a681 tempest-AttachVolumeShelveTestJSON-1437365463 tempest-AttachVolumeShelveTestJSON-1437365463-project-member] Filtered [(np0000003326, np0000003326) ram: 23518MB disk: 75776MB io_ops: 0 instances: 0, allocation_candidates: 1] {{(pid=95761) _get_sorted_hosts /opt/stack/nova/nova/scheduler/manager.py:743}}
Jun 20 08:44:04.032570 np0000003326 nova-scheduler[95761]: DEBUG nova.scheduler.manager [None req-bfa41d6e-3cf3-45d6-af7c-64d84e54a681 tempest-AttachVolumeShelveTestJSON-1437365463 tempest-AttachVolumeShelveTestJSON-1437365463-project-member] Weighed [WeighedHost [host: (np0000003326, np0000003326) ram: 23518MB disk: 75776MB io_ops: 0 instances: 0, allocation_candidates: 1, weight: 0.0]] {{(pid=95761) _get_sorted_hosts /opt/stack/nova/nova/scheduler/manager.py:765}}
Jun 20 08:44:04.032570 np0000003326 nova-scheduler[95761]: DEBUG nova.scheduler.utils [None req-bfa41d6e-3cf3-45d6-af7c-64d84e54a681 tempest-AttachVolumeShelveTestJSON-1437365463 tempest-AttachVolumeShelveTestJSON-1437365463-project-member] Attempting to claim resources in the placement API for instance ad291154-f642-4dc5-a5e5-18e46c3728f9 {{(pid=95761) claim_resources /opt/stack/nova/nova/scheduler/utils.py:1345}}
Jun 20 08:44:04.230850 np0000003326 nova-scheduler[95761]: DEBUG nova.scheduler.manager [None req-bfa41d6e-3cf3-45d6-af7c-64d84e54a681 tempest-AttachVolumeShelveTestJSON-1437365463 tempest-AttachVolumeShelveTestJSON-1437365463-project-member] [instance: ad291154-f642-4dc5-a5e5-18e46c3728f9] Selected host: (np0000003326, np0000003326) ram: 23518MB disk: 75776MB io_ops: 0 instances: 0, allocation_candidates: 1 {{(pid=95761) _consume_selected_host /opt/stack/nova/nova/scheduler/manager.py:625}}
Jun 20 08:44:04.230850 np0000003326 nova-scheduler[95761]: DEBUG oslo_concurrency.lockutils [None req-bfa41d6e-3cf3-45d6-af7c-64d84e54a681 tempest-AttachVolumeShelveTestJSON-1437365463 tempest-AttachVolumeShelveTestJSON-1437365463-project-member] Acquiring lock "('np0000003326', 'np0000003326')" by "nova.scheduler.host_manager.HostState.consume_from_request.._locked" {{(pid=95761) inner /opt/stack/data/venv/lib/python3.12/site-packages/oslo_concurrency/lockutils.py:511}}
Jun 20 08:44:04.230850 np0000003326 nova-scheduler[95761]: DEBUG oslo_concurrency.lockutils [None req-bfa41d6e-3cf3-45d6-af7c-64d84e54a681 tempest-AttachVolumeShelveTestJSON-1437365463 tempest-AttachVolumeShelveTestJSON-1437365463-project-member] Lock "('np0000003326', 'np0000003326')" acquired by "nova.scheduler.host_manager.HostState.consume_from_request.._locked" :: waited 0.000s {{(pid=95761) inner /opt/stack/data/venv/lib/python3.12/site-packages/oslo_concurrency/lockutils.py:524}}
Jun 20 08:44:04.230850 np0000003326 nova-scheduler[95761]: DEBUG oslo_concurrency.lockutils [None req-bfa41d6e-3cf3-45d6-af7c-64d84e54a681 tempest-AttachVolumeShelveTestJSON-1437365463 tempest-AttachVolumeShelveTestJSON-1437365463-project-member] Lock "('np0000003326', 'np0000003326')" "released" by "nova.scheduler.host_manager.HostState.consume_from_request.._locked" :: held 0.000s {{(pid=95761) inner /opt/stack/data/venv/lib/python3.12/site-packages/oslo_concurrency/lockutils.py:543}}
Jun 20 08:44:05.701087 np0000003326 nova-scheduler[95768]: DEBUG nova.scheduler.manager [None req-c907e595-5b62-43dc-942e-905881d4dc96 tempest-ServerActionsTestOtherA-494677833 tempest-ServerActionsTestOtherA-494677833-project-member] Starting to schedule for instances: ['0c043ea9-9316-404a-a364-e59a3fba2680'] {{(pid=95768) select_destinations /opt/stack/nova/nova/scheduler/manager.py:210}}
Jun 20 08:44:05.701745 np0000003326 nova-scheduler[95768]: DEBUG nova.scheduler.request_filter [None req-c907e595-5b62-43dc-942e-905881d4dc96 tempest-ServerActionsTestOtherA-494677833 tempest-ServerActionsTestOtherA-494677833-project-member] compute_status_filter request filter added forbidden trait COMPUTE_STATUS_DISABLED {{(pid=95768) compute_status_filter /opt/stack/nova/nova/scheduler/request_filter.py:253}}
Jun 20 08:44:05.702108 np0000003326 nova-scheduler[95768]: DEBUG nova.scheduler.request_filter [None req-c907e595-5b62-43dc-942e-905881d4dc96 tempest-ServerActionsTestOtherA-494677833 tempest-ServerActionsTestOtherA-494677833-project-member] Request filter 'compute_status_filter' took 0.0 seconds {{(pid=95768) wrapper /opt/stack/nova/nova/scheduler/request_filter.py:46}}
Jun 20 08:44:05.702888 np0000003326 nova-scheduler[95768]: DEBUG nova.scheduler.request_filter [None req-c907e595-5b62-43dc-942e-905881d4dc96 tempest-ServerActionsTestOtherA-494677833 tempest-ServerActionsTestOtherA-494677833-project-member] Request filter 'accelerators_filter' took 0.0 seconds {{(pid=95768) wrapper /opt/stack/nova/nova/scheduler/request_filter.py:46}}
Jun 20 08:44:05.702888 np0000003326 nova-scheduler[95768]: DEBUG nova.scheduler.request_filter [None req-c907e595-5b62-43dc-942e-905881d4dc96 tempest-ServerActionsTestOtherA-494677833 tempest-ServerActionsTestOtherA-494677833-project-member] Request filter 'packed_virtqueue_filter' took 0.0 seconds {{(pid=95768) wrapper /opt/stack/nova/nova/scheduler/request_filter.py:46}}
Jun 20 08:44:05.703074 np0000003326 nova-scheduler[95768]: DEBUG nova.scheduler.request_filter [None req-c907e595-5b62-43dc-942e-905881d4dc96 tempest-ServerActionsTestOtherA-494677833 tempest-ServerActionsTestOtherA-494677833-project-member] Request filter 'remote_managed_ports_filter' took 0.0 seconds {{(pid=95768) wrapper /opt/stack/nova/nova/scheduler/request_filter.py:46}}
Jun 20 08:44:05.703311 np0000003326 nova-scheduler[95768]: DEBUG nova.scheduler.request_filter [None req-c907e595-5b62-43dc-942e-905881d4dc96 tempest-ServerActionsTestOtherA-494677833 tempest-ServerActionsTestOtherA-494677833-project-member] ephemeral_encryption_filter skipped {{(pid=95768) ephemeral_encryption_filter /opt/stack/nova/nova/scheduler/request_filter.py:426}}
Jun 20 08:44:05.703546 np0000003326 nova-scheduler[95768]: DEBUG nova.scheduler.request_filter [None req-c907e595-5b62-43dc-942e-905881d4dc96 tempest-ServerActionsTestOtherA-494677833 tempest-ServerActionsTestOtherA-494677833-project-member] virtio_sound_filter skipped {{(pid=95768) virtio_sound_filter /opt/stack/nova/nova/scheduler/request_filter.py:460}}
Jun 20 08:44:05.703710 np0000003326 nova-scheduler[95768]: DEBUG nova.scheduler.request_filter [None req-c907e595-5b62-43dc-942e-905881d4dc96 tempest-ServerActionsTestOtherA-494677833 tempest-ServerActionsTestOtherA-494677833-project-member] tpm_secret_security_filter skipped {{(pid=95768) tpm_secret_security_filter /opt/stack/nova/nova/scheduler/request_filter.py:477}}
Jun 20 08:44:05.873279 np0000003326 nova-scheduler[95768]: INFO nova.utils [None req-c907e595-5b62-43dc-942e-905881d4dc96 tempest-ServerActionsTestOtherA-494677833 tempest-ServerActionsTestOtherA-494677833-project-member] The cell worker thread pool ForkProcess-2.cell_worker is initialized
Jun 20 08:44:05.873279 np0000003326 nova-scheduler[95768]: DEBUG oslo_concurrency.lockutils [None req-c907e595-5b62-43dc-942e-905881d4dc96 tempest-ServerActionsTestOtherA-494677833 tempest-ServerActionsTestOtherA-494677833-project-member] Acquiring lock "6e6085c7-589d-48e6-91d4-622f8410c55d" by "nova.context.set_target_cell..get_or_set_cached_cell_and_set_connections" {{(pid=95768) inner /opt/stack/data/venv/lib/python3.12/site-packages/oslo_concurrency/lockutils.py:511}}
Jun 20 08:44:05.873279 np0000003326 nova-scheduler[95768]: DEBUG oslo_concurrency.lockutils [None req-c907e595-5b62-43dc-942e-905881d4dc96 tempest-ServerActionsTestOtherA-494677833 tempest-ServerActionsTestOtherA-494677833-project-member] Lock "6e6085c7-589d-48e6-91d4-622f8410c55d" acquired by "nova.context.set_target_cell..get_or_set_cached_cell_and_set_connections" :: waited 0.000s {{(pid=95768) inner /opt/stack/data/venv/lib/python3.12/site-packages/oslo_concurrency/lockutils.py:524}}
Jun 20 08:44:05.875401 np0000003326 nova-scheduler[95768]: DEBUG oslo_concurrency.lockutils [None req-c907e595-5b62-43dc-942e-905881d4dc96 tempest-ServerActionsTestOtherA-494677833 tempest-ServerActionsTestOtherA-494677833-project-member] Lock "6e6085c7-589d-48e6-91d4-622f8410c55d" "released" by "nova.context.set_target_cell..get_or_set_cached_cell_and_set_connections" :: held 0.002s {{(pid=95768) inner /opt/stack/data/venv/lib/python3.12/site-packages/oslo_concurrency/lockutils.py:543}}
Jun 20 08:44:05.878334 np0000003326 nova-scheduler[95768]: INFO dbcounter [None req-c907e595-5b62-43dc-942e-905881d4dc96 tempest-ServerActionsTestOtherA-494677833 tempest-ServerActionsTestOtherA-494677833-project-member] Registered counter for database nova_cell1
Jun 20 08:44:05.933277 np0000003326 nova-scheduler[95768]: DEBUG oslo_db.sqlalchemy.engines [None req-c907e595-5b62-43dc-942e-905881d4dc96 tempest-ServerActionsTestOtherA-494677833 tempest-ServerActionsTestOtherA-494677833-project-member] MySQL server mode set to STRICT_TRANS_TABLES,STRICT_ALL_TABLES,NO_ZERO_IN_DATE,NO_ZERO_DATE,ERROR_FOR_DIVISION_BY_ZERO,TRADITIONAL,NO_ENGINE_SUBSTITUTION {{(pid=95768) _check_effective_sql_mode /opt/stack/data/venv/lib/python3.12/site-packages/oslo_db/sqlalchemy/engines.py:325}}
Jun 20 08:44:05.941862 np0000003326 nova-scheduler[95768]: DEBUG dbcounter [-] [95768] Writer thread running {{(pid=95768) stat_writer /opt/stack/data/venv/lib/python3.12/site-packages/dbcounter.py:102}}
Jun 20 08:44:06.004857 np0000003326 nova-scheduler[95768]: DEBUG dbcounter [-] [95768] Writer thread running {{(pid=95768) stat_writer /opt/stack/data/venv/lib/python3.12/site-packages/dbcounter.py:102}}
Jun 20 08:44:06.007082 np0000003326 nova-scheduler[95768]: DEBUG oslo_concurrency.lockutils [None req-c907e595-5b62-43dc-942e-905881d4dc96 tempest-ServerActionsTestOtherA-494677833 tempest-ServerActionsTestOtherA-494677833-project-member] Acquiring lock "6e6085c7-589d-48e6-91d4-622f8410c55d" by "nova.context.set_target_cell..get_or_set_cached_cell_and_set_connections" {{(pid=95768) inner /opt/stack/data/venv/lib/python3.12/site-packages/oslo_concurrency/lockutils.py:511}}
Jun 20 08:44:06.007228 np0000003326 nova-scheduler[95768]: DEBUG oslo_concurrency.lockutils [None req-c907e595-5b62-43dc-942e-905881d4dc96 tempest-ServerActionsTestOtherA-494677833 tempest-ServerActionsTestOtherA-494677833-project-member] Lock "6e6085c7-589d-48e6-91d4-622f8410c55d" acquired by "nova.context.set_target_cell..get_or_set_cached_cell_and_set_connections" :: waited 0.000s {{(pid=95768) inner /opt/stack/data/venv/lib/python3.12/site-packages/oslo_concurrency/lockutils.py:524}}
Jun 20 08:44:06.007330 np0000003326 nova-scheduler[95768]: DEBUG oslo_concurrency.lockutils [None req-c907e595-5b62-43dc-942e-905881d4dc96 tempest-ServerActionsTestOtherA-494677833 tempest-ServerActionsTestOtherA-494677833-project-member] Lock "6e6085c7-589d-48e6-91d4-622f8410c55d" "released" by "nova.context.set_target_cell..get_or_set_cached_cell_and_set_connections" :: held 0.000s {{(pid=95768) inner /opt/stack/data/venv/lib/python3.12/site-packages/oslo_concurrency/lockutils.py:543}}
Jun 20 08:44:06.012400 np0000003326 nova-scheduler[95768]: DEBUG oslo_concurrency.lockutils [None req-c907e595-5b62-43dc-942e-905881d4dc96 tempest-ServerActionsTestOtherA-494677833 tempest-ServerActionsTestOtherA-494677833-project-member] Acquiring lock "('np0000003326', 'np0000003326')" by "nova.scheduler.host_manager.HostState.update.._locked_update" {{(pid=95768) inner /opt/stack/data/venv/lib/python3.12/site-packages/oslo_concurrency/lockutils.py:511}}
Jun 20 08:44:06.012541 np0000003326 nova-scheduler[95768]: DEBUG oslo_concurrency.lockutils [None req-c907e595-5b62-43dc-942e-905881d4dc96 tempest-ServerActionsTestOtherA-494677833 tempest-ServerActionsTestOtherA-494677833-project-member] Lock "('np0000003326', 'np0000003326')" acquired by "nova.scheduler.host_manager.HostState.update.._locked_update" :: waited 0.000s {{(pid=95768) inner /opt/stack/data/venv/lib/python3.12/site-packages/oslo_concurrency/lockutils.py:524}}
