Jun 20 08:40:49.497789 np0000003326 devstack@neutron-api.service[90021]: INFO neutron.plugins.ml2.drivers.ovn.mech_driver.mech_driver [None req-3be2db7a-805d-472a-8ec7-71314e750711 None None] WorkerService process has finished the post initialization
Jun 20 08:40:49.497932 np0000003326 devstack@neutron-api.service[90021]: DEBUG oslo_concurrency.processutils [None req-3be2db7a-805d-472a-8ec7-71314e750711 None None] Running cmd (subprocess): ovsdb-client transact ssl:10.4.3.55:6641 --timeout 180 -p /opt/stack/data/CA/int-ca/private/devstack-cert.key -c /opt/stack/data/CA/int-ca/devstack-cert.crt -C /opt/stack/data/CA/int-ca/ca-chain.pem ["OVN_Northbound", {"op": "wait", "timeout": 0, "table": "Port_Group", "where": [["name", "==", "pvlan_pg_drop"]], "until": "==", "rows": []}, {"op": "insert", "table": "ACL", "row": {"action": "drop", "direction": "to-lport", "match": "outport == @pvlan_pg_drop && ip", "priority": 1010}, "uuid-name": "pvlandroptoport"}, {"op": "insert", "table": "ACL", "row": {"action": "drop", "direction": "from-lport", "match": "inport == @pvlan_pg_drop && ip", "priority": 1010}, "uuid-name": "pvlandropfromport"}, {"op": "insert", "table": "Port_Group", "row": {"name": "pvlan_pg_drop", "acls": ["set", [["named-uuid", "pvlandroptoport"], ["named-uuid", "pvlandropfromport"]]]}}] {{(pid=90021) execute /opt/stack/data/venv/lib/python3.12/site-packages/oslo_concurrency/processutils.py:440}}
Jun 20 08:40:49.499765 np0000003326 devstack@neutron-api.service[90019]: DEBUG ovsdbapp.backend.ovs_idl [None req-322306d2-2529-4e97-abed-090cbf22a921 None None] Created lookup_table index Chassis.name {{(pid=90019) autocreate_indices /opt/stack/data/venv/lib/python3.12/site-packages/ovsdbapp/backend/ovs_idl/__init__.py:87}}
Jun 20 08:40:49.499899 np0000003326 devstack@neutron-api.service[90019]: DEBUG ovsdbapp.backend.ovs_idl [None req-322306d2-2529-4e97-abed-090cbf22a921 None None] Created lookup_table index Port_Binding.logical_port {{(pid=90019) autocreate_indices /opt/stack/data/venv/lib/python3.12/site-packages/ovsdbapp/backend/ovs_idl/__init__.py:87}}
Jun 20 08:40:49.500015 np0000003326 devstack@neutron-api.service[90019]: DEBUG ovsdbapp.backend.ovs_idl [None req-322306d2-2529-4e97-abed-090cbf22a921 None None] Created schema index Chassis_Private.name {{(pid=90019) autocreate_indices /opt/stack/data/venv/lib/python3.12/site-packages/ovsdbapp/backend/ovs_idl/__init__.py:106}}
Jun 20 08:40:49.500097 np0000003326 devstack@neutron-api.service[90019]: DEBUG ovsdbapp.backend.ovs_idl [None req-322306d2-2529-4e97-abed-090cbf22a921 None None] Created schema index Datapath_Binding.tunnel_key {{(pid=90019) autocreate_indices /opt/stack/data/venv/lib/python3.12/site-packages/ovsdbapp/backend/ovs_idl/__init__.py:106}}
Jun 20 08:40:49.502207 np0000003326 devstack@neutron-api.service[90019]: INFO ovsdbapp.backend.ovs_idl.vlog [None req-322306d2-2529-4e97-abed-090cbf22a921 None None] ssl:10.4.3.55:6642: connecting...
Jun 20 08:40:49.506908 np0000003326 devstack@neutron-api.service[90019]: INFO ovsdbapp.backend.ovs_idl.vlog [None req-322306d2-2529-4e97-abed-090cbf22a921 None None] ssl:10.4.3.55:6642: connected
Jun 20 08:40:49.523605 np0000003326 devstack@neutron-api.service[90021]: DEBUG oslo_concurrency.processutils [None req-3be2db7a-805d-472a-8ec7-71314e750711 None None] CMD "ovsdb-client transact ssl:10.4.3.55:6641 --timeout 180 -p /opt/stack/data/CA/int-ca/private/devstack-cert.key -c /opt/stack/data/CA/int-ca/devstack-cert.crt -C /opt/stack/data/CA/int-ca/ca-chain.pem ["OVN_Northbound", {"op": "wait", "timeout": 0, "table": "Port_Group", "where": [["name", "==", "pvlan_pg_drop"]], "until": "==", "rows": []}, {"op": "insert", "table": "ACL", "row": {"action": "drop", "direction": "to-lport", "match": "outport == @pvlan_pg_drop && ip", "priority": 1010}, "uuid-name": "pvlandroptoport"}, {"op": "insert", "table": "ACL", "row": {"action": "drop", "direction": "from-lport", "match": "inport == @pvlan_pg_drop && ip", "priority": 1010}, "uuid-name": "pvlandropfromport"}, {"op": "insert", "table": "Port_Group", "row": {"name": "pvlan_pg_drop", "acls": ["set", [["named-uuid", "pvlandroptoport"], ["named-uuid", "pvlandropfromport"]]]}}]" returned: 0 in 0.025s {{(pid=90021) execute /opt/stack/data/venv/lib/python3.12/site-packages/oslo_concurrency/processutils.py:468}}
Jun 20 08:40:49.525840 np0000003326 devstack@neutron-api.service[90021]: WSGI app 0 (mountpoint='') ready in 6 seconds on interpreter 0x7c2fd7ca3668 pid: 90021 (default app)
Jun 20 08:40:49.537767 np0000003326 devstack@neutron-api.service[90019]: DEBUG neutron.common.ovn.hash_ring_manager [None req-322306d2-2529-4e97-abed-090cbf22a921 None None] Allow caching, nodes 3>=3 {{(pid=90019) _wait_startup_before_caching /opt/stack/neutron/neutron/common/ovn/hash_ring_manager.py:71}}
Jun 20 08:40:49.542436 np0000003326 devstack@neutron-api.service[90019]: DEBUG neutron.common.ovn.hash_ring_manager [None req-322306d2-2529-4e97-abed-090cbf22a921 None None] Hash Ring loaded. 3 active nodes. 0 offline nodes {{(pid=90019) _load_hash_ring /opt/stack/neutron/neutron/common/ovn/hash_ring_manager.py:110}}
Jun 20 08:40:49.542609 np0000003326 devstack@neutron-api.service[90019]: DEBUG neutron.plugins.ml2.drivers.ovn.mech_driver.ovsdb.ovsdb_monitor [None req-322306d2-2529-4e97-abed-090cbf22a921 None None] Hash Ring: Node 6297bd001be75903907fd3644f13cbe2 (host: np0000003326) handling event "create" for row 206fd0fe-8e3b-4301-9c7a-4f807c797909 (table: Chassis) {{(pid=90019) notify /opt/stack/neutron/neutron/plugins/ml2/drivers/ovn/mech_driver/ovsdb/ovsdb_monitor.py:1015}}
Jun 20 08:40:49.543352 np0000003326 devstack@neutron-api.service[90019]: DEBUG ovsdbapp.backend.ovs_idl.event [None req-322306d2-2529-4e97-abed-090cbf22a921 None None] Matched CREATE: ChassisBandwidthConfigEvent(events=('create', 'update'), table='Chassis', conditions=None, old_conditions=None), priority=20 to row=Chassis(uuid=206fd0fe-8e3b-4301-9c7a-4f807c797909, encaps=[189a2fc1-37b9-447e-aeec-ee00b1ab43e2], external_ids={}, hostname='np0000003326', name='7443d7ab-d4b5-4dce-9d2f-7b6f5b483a6a', nb_cfg=0, other_config={'ct-commit-nat-v2': 'true', 'ct-commit-to-zone': 'true', 'ct-next-zone': 'true', 'ct-no-masked-label': 'true', 'ct-state-save': 'true', 'datapath-type': 'system', 'fdb-timestamp': 'true', 'iface-types': 'afxdp,afxdp-nonpmd,bareudp,erspan,geneve,gre,gtpu,internal,ip6erspan,ip6gre,lisp,patch,srv6,stt,system,tap,vxlan', 'is-interconn': 'false', 'ls-dpg-column': 'true', 'mac-binding-timestamp': 'true', 'ovn-bridge-mappings': 'public:br-ex', 'ovn-chassis-mac-mappings': '', 'ovn-cms-options': 'enable-chassis-as-gw', 'ovn-ct-lb-related': 'true', 'ovn-enable-lflow-cache': 'true', 'ovn-limit-lflow-cache': '', 'ovn-memlimit-lflow-cache-kb': '', 'ovn-monitor-all': 'false', 'ovn-trim-limit-lflow-cache': '', 'ovn-trim-timeout-ms': '', 'ovn-trim-wmark-perc-lflow-cache': '', 'port-up-notif': 'true'}, transport_zones=[], vtep_logical_switches=[]) old= {{(pid=90019) matches /opt/stack/data/venv/lib/python3.12/site-packages/ovsdbapp/backend/ovs_idl/event.py:55}}
Jun 20 08:40:49.543818 np0000003326 devstack@neutron-api.service[90019]: DEBUG neutron.plugins.ml2.drivers.ovn.mech_driver.ovsdb.ovsdb_monitor [None req-322306d2-2529-4e97-abed-090cbf22a921 None None] ChassisAgentWriteEvent : Matched Chassis_Private, create, None None {{(pid=90019) matches /opt/stack/neutron/neutron/plugins/ml2/drivers/ovn/mech_driver/ovsdb/ovsdb_monitor.py:64}}
Jun 20 08:40:49.544016 np0000003326 devstack@neutron-api.service[90019]: DEBUG neutron.plugins.ml2.drivers.ovn.mech_driver.ovsdb.ovsdb_monitor [None req-322306d2-2529-4e97-abed-090cbf22a921 None None] ChassisOVNAgentWriteEvent : Matched Chassis_Private, create, None None {{(pid=90019) matches /opt/stack/neutron/neutron/plugins/ml2/drivers/ovn/mech_driver/ovsdb/ovsdb_monitor.py:64}}
Jun 20 08:40:49.544336 np0000003326 devstack@neutron-api.service[90019]: DEBUG neutron.plugins.ml2.drivers.ovn.mech_driver.ovsdb.ovsdb_monitor [None req-322306d2-2529-4e97-abed-090cbf22a921 None None] Hash Ring: Node 6297bd001be75903907fd3644f13cbe2 (host: np0000003326) handling event "create" for row 189a2fc1-37b9-447e-aeec-ee00b1ab43e2 (table: Encap) {{(pid=90019) notify /opt/stack/neutron/neutron/plugins/ml2/drivers/ovn/mech_driver/ovsdb/ovsdb_monitor.py:1015}}
Jun 20 08:40:49.545344 np0000003326 devstack@neutron-api.service[90019]: INFO neutron.plugins.ml2.drivers.ovn.mech_driver.mech_driver [None req-322306d2-2529-4e97-abed-090cbf22a921 None None] WorkerService process has finished the post initialization
Jun 20 08:40:49.546029 np0000003326 devstack@neutron-api.service[90019]: INFO neutron.plugins.ml2.drivers.ovn.mech_driver.ovsdb.extensions.qos [-] Starting OVNClientQosExtension
Jun 20 08:40:49.546267 np0000003326 devstack@neutron-api.service[90019]: DEBUG oslo_concurrency.processutils [None req-322306d2-2529-4e97-abed-090cbf22a921 None None] Running cmd (subprocess): ovsdb-client transact ssl:10.4.3.55:6641 --timeout 180 -p /opt/stack/data/CA/int-ca/private/devstack-cert.key -c /opt/stack/data/CA/int-ca/devstack-cert.crt -C /opt/stack/data/CA/int-ca/ca-chain.pem ["OVN_Northbound", {"op": "wait", "timeout": 0, "table": "Port_Group", "where": [["name", "==", "pvlan_pg_drop"]], "until": "==", "rows": []}, {"op": "insert", "table": "ACL", "row": {"action": "drop", "direction": "to-lport", "match": "outport == @pvlan_pg_drop && ip", "priority": 1010}, "uuid-name": "pvlandroptoport"}, {"op": "insert", "table": "ACL", "row": {"action": "drop", "direction": "from-lport", "match": "inport == @pvlan_pg_drop && ip", "priority": 1010}, "uuid-name": "pvlandropfromport"}, {"op": "insert", "table": "Port_Group", "row": {"name": "pvlan_pg_drop", "acls": ["set", [["named-uuid", "pvlandroptoport"], ["named-uuid", "pvlandropfromport"]]]}}] {{(pid=90019) execute /opt/stack/data/venv/lib/python3.12/site-packages/oslo_concurrency/processutils.py:440}}
Jun 20 08:40:49.546388 np0000003326 devstack@neutron-api.service[90019]: INFO neutron.plugins.ml2.drivers.ovn.mech_driver.ovsdb.extensions.placement [-] Starting OVNClientPlacementExtension
Jun 20 08:40:49.574145 np0000003326 devstack@neutron-api.service[90019]: DEBUG oslo_concurrency.processutils [None req-322306d2-2529-4e97-abed-090cbf22a921 None None] CMD "ovsdb-client transact ssl:10.4.3.55:6641 --timeout 180 -p /opt/stack/data/CA/int-ca/private/devstack-cert.key -c /opt/stack/data/CA/int-ca/devstack-cert.crt -C /opt/stack/data/CA/int-ca/ca-chain.pem ["OVN_Northbound", {"op": "wait", "timeout": 0, "table": "Port_Group", "where": [["name", "==", "pvlan_pg_drop"]], "until": "==", "rows": []}, {"op": "insert", "table": "ACL", "row": {"action": "drop", "direction": "to-lport", "match": "outport == @pvlan_pg_drop && ip", "priority": 1010}, "uuid-name": "pvlandroptoport"}, {"op": "insert", "table": "ACL", "row": {"action": "drop", "direction": "from-lport", "match": "inport == @pvlan_pg_drop && ip", "priority": 1010}, "uuid-name": "pvlandropfromport"}, {"op": "insert", "table": "Port_Group", "row": {"name": "pvlan_pg_drop", "acls": ["set", [["named-uuid", "pvlandroptoport"], ["named-uuid", "pvlandropfromport"]]]}}]" returned: 0 in 0.028s {{(pid=90019) execute /opt/stack/data/venv/lib/python3.12/site-packages/oslo_concurrency/processutils.py:468}}
Jun 20 08:40:49.576091 np0000003326 devstack@neutron-api.service[90019]: WSGI app 0 (mountpoint='') ready in 6 seconds on interpreter 0x7c2fd7ca3668 pid: 90019 (default app)
Jun 20 08:40:50.106570 np0000003326 devstack@neutron-api.service[90020]: DEBUG neutron.common.ovn.hash_ring_manager [-] Allow caching, nodes 3>=3 {{(pid=90020) _wait_startup_before_caching /opt/stack/neutron/neutron/common/ovn/hash_ring_manager.py:71}}
Jun 20 08:40:50.106780 np0000003326 devstack@neutron-api.service[90020]: DEBUG neutron.plugins.ml2.drivers.ovn.mech_driver.ovsdb.ovsdb_monitor [-] Hash Ring: Node 6ced2cd6833e573283f5aa342670767e (host: np0000003326) handling event "update" for row d220f95d-6b8b-4004-8140-b7c086744bb8 (table: Connection) {{(pid=90020) notify /opt/stack/neutron/neutron/plugins/ml2/drivers/ovn/mech_driver/ovsdb/ovsdb_monitor.py:1015}}
Jun 20 08:40:52.603857 np0000003326 devstack@neutron-api.service[90020]: DEBUG neutron.plugins.ml2.drivers.ovn.mech_driver.ovsdb.ovsdb_monitor [-] Hash Ring: Node 6ced2cd6833e573283f5aa342670767e (host: np0000003326) handling event "update" for row d220f95d-6b8b-4004-8140-b7c086744bb8 (table: Connection) {{(pid=90020) notify /opt/stack/neutron/neutron/plugins/ml2/drivers/ovn/mech_driver/ovsdb/ovsdb_monitor.py:1015}}
Jun 20 08:40:53.548837 np0000003326 devstack@neutron-api.service[90020]: DEBUG neutron.api.wsgi [None req-990c2145-29eb-4ab4-b024-bdb8a8f7d607 admin admin] Missing Content-Type {{(pid=90020) get_content_type /opt/stack/neutron/neutron/api/wsgi.py:80}}
Jun 20 08:40:53.549161 np0000003326 devstack@neutron-api.service[90020]: DEBUG neutron.api.wsgi [None req-990c2145-29eb-4ab4-b024-bdb8a8f7d607 admin admin] https://10.4.3.55/networking/v2.0/extensions returned with HTTP 200 {{(pid=90020) __call__ /opt/stack/neutron/neutron/api/wsgi.py:540}}
Jun 20 08:40:53.549574 np0000003326 devstack@neutron-api.service[90020]: [pid: 90020|app: 0|req: 2/2] 10.4.3.55 () {64 vars in 1285 bytes} [Sat Jun 20 08:40:52 2026] GET /networking/v2.0/extensions => generated 16171 bytes in 555 msecs (HTTP/1.1 200) 4 headers in 159 bytes (1 switches on core 0)
Jun 20 08:40:53.916175 np0000003326 devstack@neutron-api.service[90021]: DEBUG neutron.api.v2.base [None req-c49f9d59-fbae-430d-af1f-69fbadc69924 admin admin] Request body: {'subnetpool': {'default_prefixlen': 26, 'prefixes': ['10.1.0.0/20'], 'name': 'shared-default-subnetpool-v4', 'is_default': True, 'shared': True}} {{(pid=90021) prepare_request_body /opt/stack/neutron/neutron/api/v2/base.py:727}}
Jun 20 08:40:54.117163 np0000003326 devstack@neutron-api.service[90021]: DEBUG neutron.policy [None req-c49f9d59-fbae-430d-af1f-69fbadc69924 admin admin] Loaded default policies from ['neutron'] under neutron.policies entry points {{(pid=90021) register_rules /opt/stack/neutron/neutron/policy.py:65}}
Jun 20 08:40:54.255074 np0000003326 devstack@neutron-api.service[90021]: DEBUG neutron_lib.callbacks.manager [None req-c49f9d59-fbae-430d-af1f-69fbadc69924 admin admin] Publish callbacks ['neutron.objects.securitygroup.RbacNeutronDbObjectMixin.validate_rbac_policy_change-1669214541970', 'neutron.objects.address_group.RbacNeutronDbObjectMixin.validate_rbac_policy_change-1669214519419', 'neutron.objects.network.RbacNeutronDbObjectMixin.validate_rbac_policy_change-1669214401772', 'neutron.objects.qos.policy.RbacNeutronDbObjectMixin.validate_rbac_policy_change-1669214492623', 'neutron.objects.subnetpool.RbacNeutronDbObjectMixin.validate_rbac_policy_change-1669214499575', 'neutron.objects.address_scope.RbacNeutronDbObjectMixin.validate_rbac_policy_change-1669214472564', 'neutron.plugins.ml2.plugin.External_net_db_mixin._process_ext_policy_create-75927', 'neutron.plugins.ml2.plugin.NeutronDbPluginV2.validate_network_rbac_policy_change-2016379'] for rbac-policy (None), before_create {{(pid=90021) _notify_loop /opt/stack/data/venv/lib/python3.12/site-packages/neutron_lib/callbacks/manager.py:184}}
Jun 20 08:40:54.301061 np0000003326 devstack@neutron-api.service[90021]: DEBUG neutron_lib.callbacks.manager [None req-c49f9d59-fbae-430d-af1f-69fbadc69924 admin admin] Publish callbacks [] for subnetpool (None), before_response {{(pid=90021) _notify_loop /opt/stack/data/venv/lib/python3.12/site-packages/neutron_lib/callbacks/manager.py:184}}
Jun 20 08:40:54.301555 np0000003326 devstack@neutron-api.service[90021]: [pid: 90021|app: 0|req: 1/3] 10.4.3.55 () {68 vars in 1329 bytes} [Sat Jun 20 08:40:53 2026] POST /networking/v2.0/subnetpools => generated 533 bytes in 478 msecs (HTTP/1.1 201) 4 headers in 162 bytes (1 switches on core 0)
Jun 20 08:40:54.639967 np0000003326 devstack@neutron-api.service[90019]: DEBUG neutron.api.v2.base [None req-7f04ea5f-7740-4165-8225-42da01ceddad admin admin] Request body: {'subnetpool': {'default_prefixlen': 64, 'prefixes': ['fd77:8047:6ad8::/56'], 'name': 'shared-default-subnetpool-v6', 'is_default': True, 'shared': True}} {{(pid=90019) prepare_request_body /opt/stack/neutron/neutron/api/v2/base.py:727}}
Jun 20 08:40:54.812029 np0000003326 devstack@neutron-api.service[90019]: DEBUG neutron.policy [None req-7f04ea5f-7740-4165-8225-42da01ceddad admin admin] Loaded default policies from ['neutron'] under neutron.policies entry points {{(pid=90019) register_rules /opt/stack/neutron/neutron/policy.py:65}}
Jun 20 08:40:54.950247 np0000003326 devstack@neutron-api.service[90019]: DEBUG neutron_lib.callbacks.manager [None req-7f04ea5f-7740-4165-8225-42da01ceddad admin admin] Publish callbacks ['neutron.objects.securitygroup.RbacNeutronDbObjectMixin.validate_rbac_policy_change-1669214375762', 'neutron.objects.address_group.RbacNeutronDbObjectMixin.validate_rbac_policy_change-1669214394008', 'neutron.objects.network.RbacNeutronDbObjectMixin.validate_rbac_policy_change-1669214412415', 'neutron.objects.qos.policy.RbacNeutronDbObjectMixin.validate_rbac_policy_change-1669214416170', 'neutron.objects.subnetpool.RbacNeutronDbObjectMixin.validate_rbac_policy_change-1669214433845', 'neutron.objects.address_scope.RbacNeutronDbObjectMixin.validate_rbac_policy_change-1669214437781', 'neutron.plugins.ml2.plugin.External_net_db_mixin._process_ext_policy_create-169864', 'neutron.plugins.ml2.plugin.NeutronDbPluginV2.validate_network_rbac_policy_change-1887996'] for rbac-policy (None), before_create {{(pid=90019) _notify_loop /opt/stack/data/venv/lib/python3.12/site-packages/neutron_lib/callbacks/manager.py:184}}
Jun 20 08:40:54.996553 np0000003326 devstack@neutron-api.service[90019]: DEBUG neutron_lib.callbacks.manager [None req-7f04ea5f-7740-4165-8225-42da01ceddad admin admin] Publish callbacks [] for subnetpool (None), before_response {{(pid=90019) _notify_loop /opt/stack/data/venv/lib/python3.12/site-packages/neutron_lib/callbacks/manager.py:184}}
Jun 20 08:40:54.997058 np0000003326 devstack@neutron-api.service[90019]: [pid: 90019|app: 0|req: 1/4] 10.4.3.55 () {68 vars in 1329 bytes} [Sat Jun 20 08:40:54 2026] POST /networking/v2.0/subnetpools => generated 543 bytes in 473 msecs (HTTP/1.1 201) 4 headers in 162 bytes (1 switches on core 0)
Jun 20 08:40:55.225603 np0000003326 devstack@neutron-api.service[90020]: DEBUG neutron.api.v2.base [None req-1c74d33a-e6c8-478a-8a36-c22fc978a55d admin admin] Request body: {'network': {'name': 'private', 'admin_state_up': True}} {{(pid=90020) prepare_request_body /opt/stack/neutron/neutron/api/v2/base.py:727}}
Jun 20 08:40:55.259968 np0000003326 devstack@neutron-api.service[90020]: DEBUG neutron.pecan_wsgi.hooks.quota_enforcement [None req-1c74d33a-e6c8-478a-8a36-c22fc978a55d admin admin] Made reservation on behalf of 10b8f04b59eb4bb4aaf314b9e33915ff for: {'network': 1} {{(pid=90020) before /opt/stack/neutron/neutron/pecan_wsgi/hooks/quota_enforcement.py:66}}
Jun 20 08:40:55.430154 np0000003326 devstack@neutron-api.service[90020]: DEBUG neutron.policy [None req-1c74d33a-e6c8-478a-8a36-c22fc978a55d admin admin] Loaded default policies from ['neutron'] under neutron.policies entry points {{(pid=90020) register_rules /opt/stack/neutron/neutron/policy.py:65}}
Jun 20 08:40:55.516724 np0000003326 devstack@neutron-api.service[90020]: DEBUG neutron_lib.callbacks.manager [None req-1c74d33a-e6c8-478a-8a36-c22fc978a55d admin admin] Publish callbacks ['neutron.plugins.ml2.plugin.SecurityGroupDbMixin._ensure_default_security_group_handler-3273111'] for network (None), before_create {{(pid=90020) _notify_loop /opt/stack/data/venv/lib/python3.12/site-packages/neutron_lib/callbacks/manager.py:184}}
Jun 20 08:40:55.535370 np0000003326 devstack@neutron-api.service[90020]: DEBUG neutron_lib.callbacks.manager [None req-1c74d33a-e6c8-478a-8a36-c22fc978a55d admin admin] Publish callbacks [] for security_group (None), before_create {{(pid=90020) _notify_loop /opt/stack/data/venv/lib/python3.12/site-packages/neutron_lib/callbacks/manager.py:184}}
Jun 20 08:40:55.625575 np0000003326 devstack@neutron-api.service[90020]: DEBUG neutron_lib.callbacks.manager [None req-1c74d33a-e6c8-478a-8a36-c22fc978a55d admin admin] Publish callbacks ['neutron.plugins.ml2.drivers.ovn.mech_driver.mech_driver.OVNMechanismDriver._create_security_group_precommit-341122'] for security_group (ee71de0c-b2ab-4674-a8df-d0d775c0223e), precommit_create {{(pid=90020) _notify_loop /opt/stack/data/venv/lib/python3.12/site-packages/neutron_lib/callbacks/manager.py:184}}
Jun 20 08:40:55.625709 np0000003326 devstack@neutron-api.service[90020]: DEBUG neutron.db.ovn_revision_numbers_db [None req-1c74d33a-e6c8-478a-8a36-c22fc978a55d admin admin] create_initial_revision uuid=ee71de0c-b2ab-4674-a8df-d0d775c0223e, type=security_groups, rev=-1 {{(pid=90020) create_initial_revision /opt/stack/neutron/neutron/db/ovn_revision_numbers_db.py:98}}
Jun 20 08:40:55.627905 np0000003326 devstack@neutron-api.service[90020]: DEBUG neutron.db.ovn_revision_numbers_db [None req-1c74d33a-e6c8-478a-8a36-c22fc978a55d admin admin] create_initial_revision uuid=1cb6de1f-11b6-476e-9975-3f3e2f4a30ba, type=security_group_rules, rev=-1 {{(pid=90020) create_initial_revision /opt/stack/neutron/neutron/db/ovn_revision_numbers_db.py:98}}
Jun 20 08:40:55.628909 np0000003326 devstack@neutron-api.service[90020]: DEBUG neutron.db.ovn_revision_numbers_db [None req-1c74d33a-e6c8-478a-8a36-c22fc978a55d admin admin] create_initial_revision uuid=47b651ea-d9b4-4ee6-8635-16dda0a8a161, type=security_group_rules, rev=-1 {{(pid=90020) create_initial_revision /opt/stack/neutron/neutron/db/ovn_revision_numbers_db.py:98}}
Jun 20 08:40:55.629726 np0000003326 devstack@neutron-api.service[90020]: DEBUG neutron.db.ovn_revision_numbers_db [None req-1c74d33a-e6c8-478a-8a36-c22fc978a55d admin admin] create_initial_revision uuid=af53fd4b-8971-4aca-a6cd-a661d8837914, type=security_group_rules, rev=-1 {{(pid=90020) create_initial_revision /opt/stack/neutron/neutron/db/ovn_revision_numbers_db.py:98}}
Jun 20 08:40:55.630629 np0000003326 devstack@neutron-api.service[90020]: DEBUG neutron.db.ovn_revision_numbers_db [None req-1c74d33a-e6c8-478a-8a36-c22fc978a55d admin admin] create_initial_revision uuid=b4016683-78ca-4de5-965e-f491a365be78, type=security_group_rules, rev=-1 {{(pid=90020) create_initial_revision /opt/stack/neutron/neutron/db/ovn_revision_numbers_db.py:98}}
Jun 20 08:40:55.635659 np0000003326 devstack@neutron-api.service[90020]: DEBUG neutron_lib.callbacks.manager [None req-1c74d33a-e6c8-478a-8a36-c22fc978a55d admin admin] Publish callbacks ['neutron.plugins.ml2.drivers.ovn.mech_driver.mech_driver.OVNMechanismDriver._create_security_group-341180', 'neutron.plugins.ml2.ovo_rpc._ObjectChangeHandler.handle_event-32518394'] for security_group (ee71de0c-b2ab-4674-a8df-d0d775c0223e), after_create {{(pid=90020) _notify_loop /opt/stack/data/venv/lib/python3.12/site-packages/neutron_lib/callbacks/manager.py:184}}
Jun 20 08:40:55.636551 np0000003326 devstack@neutron-api.service[90020]: DEBUG ovsdbapp.backend.ovs_idl.transaction [-] Running txn n=1 command(idx=0): PgAddCommand(_result=None, name=pg_ee71de0c_b2ab_4674_a8df_d0d775c0223e, may_exist=False, columns={'acls': [], 'external_ids': {'neutron:security_group_id': 'ee71de0c-b2ab-4674-a8df-d0d775c0223e'}}) {{(pid=90020) do_commit /opt/stack/data/venv/lib/python3.12/site-packages/ovsdbapp/backend/ovs_idl/transaction.py:89}}
Jun 20 08:40:55.637706 np0000003326 devstack@neutron-api.service[90020]: DEBUG ovsdbapp.backend.ovs_idl.transaction [-] Running txn n=1 command(idx=1): PgAclAddCommand(_result=None, entity=pg_ee71de0c_b2ab_4674_a8df_d0d775c0223e, direction=from-lport, priority=1002, match=inport == @pg_ee71de0c_b2ab_4674_a8df_d0d775c0223e && ip6, action=allow-related, log=False, may_exist=True, severity=[], name=[], meter=[], external_ids={'neutron:security_group_rule_id': '1cb6de1f-11b6-476e-9975-3f3e2f4a30ba'}) {{(pid=90020) do_commit /opt/stack/data/venv/lib/python3.12/site-packages/ovsdbapp/backend/ovs_idl/transaction.py:89}}
Jun 20 08:40:55.638096 np0000003326 devstack@neutron-api.service[90020]: DEBUG ovsdbapp.backend.ovs_idl.transaction [-] Running txn n=1 command(idx=2): PgAclAddCommand(_result=None, entity=pg_ee71de0c_b2ab_4674_a8df_d0d775c0223e, direction=from-lport, priority=1002, match=inport == @pg_ee71de0c_b2ab_4674_a8df_d0d775c0223e && ip4, action=allow-related, log=False, may_exist=True, severity=[], name=[], meter=[], external_ids={'neutron:security_group_rule_id': '47b651ea-d9b4-4ee6-8635-16dda0a8a161'}) {{(pid=90020) do_commit /opt/stack/data/venv/lib/python3.12/site-packages/ovsdbapp/backend/ovs_idl/transaction.py:89}}
Jun 20 08:40:55.638385 np0000003326 devstack@neutron-api.service[90020]: DEBUG ovsdbapp.backend.ovs_idl.transaction [-] Running txn n=1 command(idx=3): PgAclAddCommand(_result=None, entity=pg_ee71de0c_b2ab_4674_a8df_d0d775c0223e, direction=to-lport, priority=1002, match=outport == @pg_ee71de0c_b2ab_4674_a8df_d0d775c0223e && ip6 && ip6.src == $pg_ee71de0c_b2ab_4674_a8df_d0d775c0223e_ip6, action=allow-related, log=False, may_exist=True, severity=[], name=[], meter=[], external_ids={'neutron:security_group_rule_id': 'af53fd4b-8971-4aca-a6cd-a661d8837914'}) {{(pid=90020) do_commit /opt/stack/data/venv/lib/python3.12/site-packages/ovsdbapp/backend/ovs_idl/transaction.py:89}}
Jun 20 08:40:55.638662 np0000003326 devstack@neutron-api.service[90020]: DEBUG ovsdbapp.backend.ovs_idl.transaction [-] Running txn n=1 command(idx=4): PgAclAddCommand(_result=None, entity=pg_ee71de0c_b2ab_4674_a8df_d0d775c0223e, direction=to-lport, priority=1002, match=outport == @pg_ee71de0c_b2ab_4674_a8df_d0d775c0223e && ip4 && ip4.src == $pg_ee71de0c_b2ab_4674_a8df_d0d775c0223e_ip4, action=allow-related, log=False, may_exist=True, severity=[], name=[], meter=[], external_ids={'neutron:security_group_rule_id': 'b4016683-78ca-4de5-965e-f491a365be78'}) {{(pid=90020) do_commit /opt/stack/data/venv/lib/python3.12/site-packages/ovsdbapp/backend/ovs_idl/transaction.py:89}}
Jun 20 08:40:55.643933 np0000003326 devstack@neutron-api.service[90020]: DEBUG neutron.plugins.ml2.drivers.ovn.mech_driver.ovsdb.ovsdb_monitor [-] Hash Ring: Node 6ced2cd6833e573283f5aa342670767e (host: np0000003326) handling event "create" for row 08c6132b-8765-45c6-b31d-c80ff1e6dd06 (table: ACL) {{(pid=90020) notify /opt/stack/neutron/neutron/plugins/ml2/drivers/ovn/mech_driver/ovsdb/ovsdb_monitor.py:1015}}
Jun 20 08:40:55.643933 np0000003326 devstack@neutron-api.service[90020]: DEBUG neutron.plugins.ml2.drivers.ovn.mech_driver.ovsdb.ovsdb_monitor [-] Hash Ring: Node 6ced2cd6833e573283f5aa342670767e (host: np0000003326) handling event "create" for row 1df38e07-addc-4b6d-bbe0-6110144c30ec (table: ACL) {{(pid=90020) notify /opt/stack/neutron/neutron/plugins/ml2/drivers/ovn/mech_driver/ovsdb/ovsdb_monitor.py:1015}}
Jun 20 08:40:55.643933 np0000003326 devstack@neutron-api.service[90020]: DEBUG neutron.plugins.ml2.drivers.ovn.mech_driver.ovsdb.ovsdb_monitor [-] Hash Ring: Node 6ced2cd6833e573283f5aa342670767e (host: np0000003326) handling event "create" for row 9520bfca-2ce3-4b86-853e-8bd7eaf1def3 (table: ACL) {{(pid=90020) notify /opt/stack/neutron/neutron/plugins/ml2/drivers/ovn/mech_driver/ovsdb/ovsdb_monitor.py:1015}}
Jun 20 08:40:55.643933 np0000003326 devstack@neutron-api.service[90020]: DEBUG neutron.plugins.ml2.drivers.ovn.mech_driver.ovsdb.ovsdb_monitor [-] Hash Ring: Node 6ced2cd6833e573283f5aa342670767e (host: np0000003326) handling event "create" for row 9ed0c8ff-7469-41b3-90b5-acbf9c2e740b (table: ACL) {{(pid=90020) notify /opt/stack/neutron/neutron/plugins/ml2/drivers/ovn/mech_driver/ovsdb/ovsdb_monitor.py:1015}}
Jun 20 08:40:55.644206 np0000003326 devstack@neutron-api.service[90020]: DEBUG neutron.plugins.ml2.drivers.ovn.mech_driver.ovsdb.ovsdb_monitor [-] Hash Ring: Node 6ced2cd6833e573283f5aa342670767e (host: np0000003326) handling event "create" for row a4b2e784-3101-4d85-ab1a-e16e1471b719 (table: Port_Group) {{(pid=90020) notify /opt/stack/neutron/neutron/plugins/ml2/drivers/ovn/mech_driver/ovsdb/ovsdb_monitor.py:1015}}
Jun 20 08:40:55.645245 np0000003326 devstack@neutron-api.service[90021]: DEBUG neutron.plugins.ml2.drivers.ovn.mech_driver.ovsdb.ovsdb_monitor [-] Hash Ring: Node 04022545ac165892b8cb62545cd9c57c (host: np0000003326) handling event "create" for row 9ed0c8ff-7469-41b3-90b5-acbf9c2e740b (table: ACL) {{(pid=90021) notify /opt/stack/neutron/neutron/plugins/ml2/drivers/ovn/mech_driver/ovsdb/ovsdb_monitor.py:1015}}
Jun 20 08:40:55.645245 np0000003326 devstack@neutron-api.service[90021]: DEBUG neutron.plugins.ml2.drivers.ovn.mech_driver.ovsdb.ovsdb_monitor [-] Hash Ring: Node 04022545ac165892b8cb62545cd9c57c (host: np0000003326) handling event "create" for row a4b2e784-3101-4d85-ab1a-e16e1471b719 (table: Port_Group) {{(pid=90021) notify /opt/stack/neutron/neutron/plugins/ml2/drivers/ovn/mech_driver/ovsdb/ovsdb_monitor.py:1015}}
Jun 20 08:40:55.645713 np0000003326 devstack@neutron-api.service[90019]: DEBUG neutron.plugins.ml2.drivers.ovn.mech_driver.ovsdb.ovsdb_monitor [-] Hash Ring: Node 6297bd001be75903907fd3644f13cbe2 (host: np0000003326) handling event "create" for row 08c6132b-8765-45c6-b31d-c80ff1e6dd06 (table: ACL) {{(pid=90019) notify /opt/stack/neutron/neutron/plugins/ml2/drivers/ovn/mech_driver/ovsdb/ovsdb_monitor.py:1015}}
Jun 20 08:40:55.677993 np0000003326 devstack@neutron-api.service[90020]: INFO neutron.db.ovn_revision_numbers_db [None req-1c74d33a-e6c8-478a-8a36-c22fc978a55d admin admin] Successfully bumped revision number for resource ee71de0c-b2ab-4674-a8df-d0d775c0223e (type: security_groups) to 1
Jun 20 08:40:55.694630 np0000003326 devstack@neutron-api.service[90020]: INFO neutron.db.ovn_revision_numbers_db [None req-1c74d33a-e6c8-478a-8a36-c22fc978a55d admin admin] Successfully bumped revision number for resource 1cb6de1f-11b6-476e-9975-3f3e2f4a30ba (type: security_group_rules) to 0
Jun 20 08:40:55.704330 np0000003326 devstack@neutron-api.service[90020]: INFO neutron.db.ovn_revision_numbers_db [None req-1c74d33a-e6c8-478a-8a36-c22fc978a55d admin admin] Successfully bumped revision number for resource 47b651ea-d9b4-4ee6-8635-16dda0a8a161 (type: security_group_rules) to 0
Jun 20 08:40:55.714141 np0000003326 devstack@neutron-api.service[90020]: INFO neutron.db.ovn_revision_numbers_db [None req-1c74d33a-e6c8-478a-8a36-c22fc978a55d admin admin] Successfully bumped revision number for resource af53fd4b-8971-4aca-a6cd-a661d8837914 (type: security_group_rules) to 0
Jun 20 08:40:55.725566 np0000003326 devstack@neutron-api.service[90020]: INFO neutron.db.ovn_revision_numbers_db [None req-1c74d33a-e6c8-478a-8a36-c22fc978a55d admin admin] Successfully bumped revision number for resource b4016683-78ca-4de5-965e-f491a365be78 (type: security_group_rules) to 0
Jun 20 08:40:55.749063 np0000003326 devstack@neutron-api.service[90020]: DEBUG neutron.api.rpc.handlers.resources_rpc [None req-1c74d33a-e6c8-478a-8a36-c22fc978a55d admin admin] Pushing event updated for resources: {'SecurityGroup': ['ID=ee71de0c-b2ab-4674-a8df-d0d775c0223e,revision_number=1']} {{(pid=90020) push /opt/stack/neutron/neutron/api/rpc/handlers/resources_rpc.py:237}}
Jun 20 08:40:55.756229 np0000003326 devstack@neutron-api.service[90020]: DEBUG ovsdbapp.backend.ovs_idl.transaction [-] Running txn n=1 command(idx=0): CheckLivenessCommand(_result=None) {{(pid=90020) do_commit /opt/stack/data/venv/lib/python3.12/site-packages/ovsdbapp/backend/ovs_idl/transaction.py:89}}
Jun 20 08:40:55.758482 np0000003326 devstack@neutron-api.service[90020]: DEBUG neutron.plugins.ml2.drivers.ovn.mech_driver.ovsdb.ovsdb_monitor [-] Hash Ring: Node 6ced2cd6833e573283f5aa342670767e (host: np0000003326) handling event "update" for row 22d28cf8-7d6f-422e-aa78-374f238c5932 (table: NB_Global) {{(pid=90020) notify /opt/stack/neutron/neutron/plugins/ml2/drivers/ovn/mech_driver/ovsdb/ovsdb_monitor.py:1015}}
Jun 20 08:40:55.759854 np0000003326 devstack@neutron-api.service[90021]: DEBUG neutron.plugins.ml2.drivers.ovn.mech_driver.ovsdb.ovsdb_monitor [-] Hash Ring: Node 04022545ac165892b8cb62545cd9c57c (host: np0000003326) handling event "update" for row 22d28cf8-7d6f-422e-aa78-374f238c5932 (table: NB_Global) {{(pid=90021) notify /opt/stack/neutron/neutron/plugins/ml2/drivers/ovn/mech_driver/ovsdb/ovsdb_monitor.py:1015}}
Jun 20 08:40:55.760612 np0000003326 devstack@neutron-api.service[90020]: DEBUG neutron.plugins.ml2.drivers.ovn.mech_driver.ovsdb.ovsdb_monitor [-] Hash Ring: Node 6ced2cd6833e573283f5aa342670767e (host: np0000003326) handling event "update" for row 22d28cf8-7d6f-422e-aa78-374f238c5932 (table: NB_Global) {{(pid=90020) notify /opt/stack/neutron/neutron/plugins/ml2/drivers/ovn/mech_driver/ovsdb/ovsdb_monitor.py:1015}}
Jun 20 08:40:55.761170 np0000003326 devstack@neutron-api.service[90021]: DEBUG neutron.plugins.ml2.drivers.ovn.mech_driver.ovsdb.ovsdb_monitor [-] Hash Ring: Node 04022545ac165892b8cb62545cd9c57c (host: np0000003326) handling event "update" for row 22d28cf8-7d6f-422e-aa78-374f238c5932 (table: NB_Global) {{(pid=90021) notify /opt/stack/neutron/neutron/plugins/ml2/drivers/ovn/mech_driver/ovsdb/ovsdb_monitor.py:1015}}
Jun 20 08:40:55.761693 np0000003326 devstack@neutron-api.service[90020]: DEBUG neutron.plugins.ml2.drivers.ovn.mech_driver.ovsdb.ovsdb_monitor [-] Hash Ring: Node 6ced2cd6833e573283f5aa342670767e (host: np0000003326) handling event "update" for row 22d28cf8-7d6f-422e-aa78-374f238c5932 (table: NB_Global) {{(pid=90020) notify /opt/stack/neutron/neutron/plugins/ml2/drivers/ovn/mech_driver/ovsdb/ovsdb_monitor.py:1015}}
Jun 20 08:40:55.762222 np0000003326 devstack@neutron-api.service[90021]: DEBUG neutron.plugins.ml2.drivers.ovn.mech_driver.ovsdb.ovsdb_monitor [-] Hash Ring: Node 04022545ac165892b8cb62545cd9c57c (host: np0000003326) handling event "update" for row 22d28cf8-7d6f-422e-aa78-374f238c5932 (table: NB_Global) {{(pid=90021) notify /opt/stack/neutron/neutron/plugins/ml2/drivers/ovn/mech_driver/ovsdb/ovsdb_monitor.py:1015}}
Jun 20 08:40:55.762912 np0000003326 devstack@neutron-api.service[90019]: DEBUG neutron.plugins.ml2.drivers.ovn.mech_driver.ovsdb.ovsdb_monitor [-] ChassisAgentWriteEvent : Matched Chassis_Private, update, None None {{(pid=90019) matches /opt/stack/neutron/neutron/plugins/ml2/drivers/ovn/mech_driver/ovsdb/ovsdb_monitor.py:64}}
Jun 20 08:40:55.763091 np0000003326 devstack@neutron-api.service[90021]: DEBUG neutron.plugins.ml2.drivers.ovn.mech_driver.ovsdb.ovsdb_monitor [-] ChassisAgentWriteEvent : Matched Chassis_Private, update, None None {{(pid=90021) matches /opt/stack/neutron/neutron/plugins/ml2/drivers/ovn/mech_driver/ovsdb/ovsdb_monitor.py:64}}
Jun 20 08:40:55.763091 np0000003326 devstack@neutron-api.service[90021]: DEBUG neutron.plugins.ml2.drivers.ovn.mech_driver.ovsdb.ovsdb_monitor [-] Hash Ring: Node 04022545ac165892b8cb62545cd9c57c (host: np0000003326) handling event "update" for row 3940bf8c-17b9-4221-a8a5-18a88c127405 (table: Chassis_Private) {{(pid=90021) notify /opt/stack/neutron/neutron/plugins/ml2/drivers/ovn/mech_driver/ovsdb/ovsdb_monitor.py:1015}}
Jun 20 08:40:55.764729 np0000003326 devstack@neutron-api.service[90021]: DEBUG neutron.plugins.ml2.drivers.ovn.mech_driver.ovsdb.ovsdb_monitor [-] Hash Ring: Node 04022545ac165892b8cb62545cd9c57c (host: np0000003326) handling event "update" for row 22d28cf8-7d6f-422e-aa78-374f238c5932 (table: NB_Global) {{(pid=90021) notify /opt/stack/neutron/neutron/plugins/ml2/drivers/ovn/mech_driver/ovsdb/ovsdb_monitor.py:1015}}
Jun 20 08:40:55.764907 np0000003326 devstack@neutron-api.service[90020]: DEBUG neutron.api.rpc.callbacks.version_manager [None req-1c74d33a-e6c8-478a-8a36-c22fc978a55d admin admin] Tracked resource versions report:
Jun 20 08:40:55.764907 np0000003326 devstack@neutron-api.service[90020]: pushed versions:
Jun 20 08:40:55.764907 np0000003326 devstack@neutron-api.service[90020]: { 'AddressGroup': {'1.2'},
Jun 20 08:40:55.764907 np0000003326 devstack@neutron-api.service[90020]: 'Agent': {'1.1'},
Jun 20 08:40:55.764907 np0000003326 devstack@neutron-api.service[90020]: 'ConntrackHelper': {'1.0'},
Jun 20 08:40:55.764907 np0000003326 devstack@neutron-api.service[90020]: 'LocalIPAssociation': {'1.0'},
Jun 20 08:40:55.764907 np0000003326 devstack@neutron-api.service[90020]: 'Log': {'1.0'},
Jun 20 08:40:55.764907 np0000003326 devstack@neutron-api.service[90020]: 'NDPProxy': {'1.0'},
Jun 20 08:40:55.764907 np0000003326 devstack@neutron-api.service[90020]: 'Network': {'1.3'},
Jun 20 08:40:55.764907 np0000003326 devstack@neutron-api.service[90020]: 'Port': {'1.11'},
Jun 20 08:40:55.764907 np0000003326 devstack@neutron-api.service[90020]: 'PortForwarding': {'1.3'},
Jun 20 08:40:55.764907 np0000003326 devstack@neutron-api.service[90020]: 'QosPolicy': {'1.10'},
Jun 20 08:40:55.764907 np0000003326 devstack@neutron-api.service[90020]: 'SecurityGroup': {'1.6'},
Jun 20 08:40:55.764907 np0000003326 devstack@neutron-api.service[90020]: 'SecurityGroupRule': {'1.3'},
Jun 20 08:40:55.764907 np0000003326 devstack@neutron-api.service[90020]: 'SubPort': {'1.0'},
Jun 20 08:40:55.764907 np0000003326 devstack@neutron-api.service[90020]: 'Subnet': {'1.2'},
Jun 20 08:40:55.764907 np0000003326 devstack@neutron-api.service[90020]: 'Trunk': {'1.1'}}
Jun 20 08:40:55.764907 np0000003326 devstack@neutron-api.service[90020]: consumer versions:
Jun 20 08:40:55.764907 np0000003326 devstack@neutron-api.service[90020]: {}
Jun 20 08:40:55.764907 np0000003326 devstack@neutron-api.service[90020]: {{(pid=90020) report /opt/stack/neutron/neutron/api/rpc/callbacks/version_manager.py:183}}
Jun 20 08:40:55.767656 np0000003326 devstack@neutron-api.service[90019]: DEBUG neutron.plugins.ml2.drivers.ovn.mech_driver.ovsdb.ovsdb_monitor [-] ChassisOVNAgentWriteEvent : Matched Chassis_Private, update, None None {{(pid=90019) matches /opt/stack/neutron/neutron/plugins/ml2/drivers/ovn/mech_driver/ovsdb/ovsdb_monitor.py:64}}
Jun 20 08:40:55.768139 np0000003326 devstack@neutron-api.service[90021]: DEBUG neutron.plugins.ml2.drivers.ovn.mech_driver.ovsdb.ovsdb_monitor [-] ChassisOVNAgentWriteEvent : Matched Chassis_Private, update, None None {{(pid=90021) matches /opt/stack/neutron/neutron/plugins/ml2/drivers/ovn/mech_driver/ovsdb/ovsdb_monitor.py:64}}
Jun 20 08:40:55.768774 np0000003326 devstack@neutron-api.service[90021]: DEBUG neutron.plugins.ml2.drivers.ovn.mech_driver.ovsdb.ovsdb_monitor [-] Hash Ring: Node 04022545ac165892b8cb62545cd9c57c (host: np0000003326) handling event "update" for row 3940bf8c-17b9-4221-a8a5-18a88c127405 (table: Chassis_Private) {{(pid=90021) notify /opt/stack/neutron/neutron/plugins/ml2/drivers/ovn/mech_driver/ovsdb/ovsdb_monitor.py:1015}}
Jun 20 08:40:55.770013 np0000003326 devstack@neutron-api.service[90020]: DEBUG neutron.plugins.ml2.drivers.ovn.mech_driver.ovsdb.ovsdb_monitor [-] ChassisAgentWriteEvent : Matched Chassis_Private, update, None None {{(pid=90020) matches /opt/stack/neutron/neutron/plugins/ml2/drivers/ovn/mech_driver/ovsdb/ovsdb_monitor.py:64}}
Jun 20 08:40:55.774472 np0000003326 devstack@neutron-api.service[90020]: DEBUG neutron.plugins.ml2.drivers.ovn.mech_driver.ovsdb.ovsdb_monitor [-] Hash Ring: Node 6ced2cd6833e573283f5aa342670767e (host: np0000003326) handling event "update" for row 22d28cf8-7d6f-422e-aa78-374f238c5932 (table: NB_Global) {{(pid=90020) notify /opt/stack/neutron/neutron/plugins/ml2/drivers/ovn/mech_driver/ovsdb/ovsdb_monitor.py:1015}}
Jun 20 08:40:55.779301 np0000003326 devstack@neutron-api.service[90020]: DEBUG neutron.common.ovn.hash_ring_manager [-] Allow caching, nodes 3>=3 {{(pid=90020) _wait_startup_before_caching /opt/stack/neutron/neutron/common/ovn/hash_ring_manager.py:71}}
Jun 20 08:40:55.779456 np0000003326 devstack@neutron-api.service[90020]: DEBUG neutron.plugins.ml2.drivers.ovn.mech_driver.ovsdb.ovsdb_monitor [-] Hash Ring: Node 6ced2cd6833e573283f5aa342670767e (host: np0000003326) handling event "update" for row 3940bf8c-17b9-4221-a8a5-18a88c127405 (table: Chassis_Private) {{(pid=90020) notify /opt/stack/neutron/neutron/plugins/ml2/drivers/ovn/mech_driver/ovsdb/ovsdb_monitor.py:1015}}
Jun 20 08:40:55.780559 np0000003326 devstack@neutron-api.service[90020]: DEBUG neutron.plugins.ml2.drivers.ovn.mech_driver.ovsdb.ovsdb_monitor [-] ChassisOVNAgentWriteEvent : Matched Chassis_Private, update, None None {{(pid=90020) matches /opt/stack/neutron/neutron/plugins/ml2/drivers/ovn/mech_driver/ovsdb/ovsdb_monitor.py:64}}
Jun 20 08:40:55.780908 np0000003326 devstack@neutron-api.service[90020]: DEBUG neutron.plugins.ml2.drivers.ovn.mech_driver.ovsdb.ovsdb_monitor [-] Hash Ring: Node 6ced2cd6833e573283f5aa342670767e (host: np0000003326) handling event "update" for row 3940bf8c-17b9-4221-a8a5-18a88c127405 (table: Chassis_Private) {{(pid=90020) notify /opt/stack/neutron/neutron/plugins/ml2/drivers/ovn/mech_driver/ovsdb/ovsdb_monitor.py:1015}}
Jun 20 08:40:55.814978 np0000003326 devstack@neutron-api.service[90020]: DEBUG neutron.plugins.ml2.drivers.helpers [None req-1c74d33a-e6c8-478a-8a36-c22fc978a55d admin admin] geneve segment allocate from pool success with {'geneve_vni': 36675} {{(pid=90020) allocate_partially_specified_segment /opt/stack/neutron/neutron/plugins/ml2/drivers/helpers.py:142}}
Jun 20 08:40:55.825837 np0000003326 devstack@neutron-api.service[90020]: DEBUG neutron_lib.callbacks.manager [None req-1c74d33a-e6c8-478a-8a36-c22fc978a55d admin admin] Publish callbacks ['neutron.services.segments.db._add_segment_host_mapping_for_segment-8534050733046', 'neutron.plugins.ml2.plugin.Ml2Plugin._handle_segment_change-2993375'] for segment (f3a669ea-f5a2-45fe-a4f7-91974b67ea44), precommit_create {{(pid=90020) _notify_loop /opt/stack/data/venv/lib/python3.12/site-packages/neutron_lib/callbacks/manager.py:184}}
Jun 20 08:40:55.826030 np0000003326 devstack@neutron-api.service[90020]: INFO neutron.db.segments_db [None req-1c74d33a-e6c8-478a-8a36-c22fc978a55d admin admin] Added segment f3a669ea-f5a2-45fe-a4f7-91974b67ea44 of type geneve for network 2f1b7d6d-a652-4054-928e-46bcd79fc75e
Jun 20 08:40:55.872776 np0000003326 devstack@neutron-api.service[90020]: DEBUG neutron_lib.callbacks.manager [None req-1c74d33a-e6c8-478a-8a36-c22fc978a55d admin admin] Publish callbacks ['neutron.services.auto_allocate.db._ensure_external_network_default_value_callback-8534049079246'] for network (2f1b7d6d-a652-4054-928e-46bcd79fc75e), precommit_create {{(pid=90020) _notify_loop /opt/stack/data/venv/lib/python3.12/site-packages/neutron_lib/callbacks/manager.py:184}}
Jun 20 08:40:55.889994 np0000003326 devstack@neutron-api.service[90020]: DEBUG neutron.plugins.ml2.drivers.ovn.mech_driver.mech_driver [None req-1c74d33a-e6c8-478a-8a36-c22fc978a55d admin admin] Validating network segment with type geneve, segmentation ID 36675, physical network None {{(pid=90020) _validate_network_segments /opt/stack/neutron/neutron/plugins/ml2/drivers/ovn/mech_driver/mech_driver.py:646}}
Jun 20 08:40:55.890100 np0000003326 devstack@neutron-api.service[90020]: DEBUG neutron.db.ovn_revision_numbers_db [None req-1c74d33a-e6c8-478a-8a36-c22fc978a55d admin admin] create_initial_revision uuid=2f1b7d6d-a652-4054-928e-46bcd79fc75e, type=networks, rev=-1 {{(pid=90020) create_initial_revision /opt/stack/neutron/neutron/db/ovn_revision_numbers_db.py:98}}
Jun 20 08:40:55.905581 np0000003326 devstack@neutron-api.service[90020]: DEBUG neutron_lib.callbacks.manager [None req-1c74d33a-e6c8-478a-8a36-c22fc978a55d admin admin] Publish callbacks ['neutron.plugins.ml2.ovo_rpc._ObjectChangeHandler.handle_event-32518346'] for network (2f1b7d6d-a652-4054-928e-46bcd79fc75e), after_create {{(pid=90020) _notify_loop /opt/stack/data/venv/lib/python3.12/site-packages/neutron_lib/callbacks/manager.py:184}}
Jun 20 08:40:55.953078 np0000003326 devstack@neutron-api.service[90020]: DEBUG neutron.api.rpc.handlers.resources_rpc [None req-1c74d33a-e6c8-478a-8a36-c22fc978a55d admin admin] Pushing event updated for resources: {'Network': ['ID=2f1b7d6d-a652-4054-928e-46bcd79fc75e,revision_number=1']} {{(pid=90020) push /opt/stack/neutron/neutron/api/rpc/handlers/resources_rpc.py:237}}
Jun 20 08:40:55.960970 np0000003326 devstack@neutron-api.service[90020]: DEBUG ovsdbapp.backend.ovs_idl.transaction [-] Running txn n=1 command(idx=0): AddNetworkCommand(_result=None, network_uuid=2f1b7d6d-a652-4054-928e-46bcd79fc75e, may_exist=True, columns={'external_ids': {'neutron:network_name': 'private', 'neutron:mtu': '1372', 'neutron:revision_number': '1', 'neutron:availability_zone_hints': '', 'neutron:provnet-network-type': 'geneve'}, 'other_config': {'mcast_snoop': 'false', 'mcast_flood_unregistered': 'false', 'vlan-passthru': 'false'}}) {{(pid=90020) do_commit /opt/stack/data/venv/lib/python3.12/site-packages/ovsdbapp/backend/ovs_idl/transaction.py:89}}
Jun 20 08:40:55.961167 np0000003326 devstack@neutron-api.service[90020]: DEBUG neutron.common.ovn.utils [-] OVS persist_uuid supported=True {{(pid=90020) ovs_persist_uuid_supported /opt/stack/neutron/neutron/common/ovn/utils.py:1544}}
Jun 20 08:40:55.963584 np0000003326 devstack@neutron-api.service[90020]: DEBUG neutron.plugins.ml2.drivers.ovn.mech_driver.ovsdb.ovsdb_monitor [-] Hash Ring: Node 6ced2cd6833e573283f5aa342670767e (host: np0000003326) handling event "create" for row 2f1b7d6d-a652-4054-928e-46bcd79fc75e (table: Logical_Switch) {{(pid=90020) notify /opt/stack/neutron/neutron/plugins/ml2/drivers/ovn/mech_driver/ovsdb/ovsdb_monitor.py:1015}}
Jun 20 08:40:55.964651 np0000003326 devstack@neutron-api.service[90021]: DEBUG neutron.plugins.ml2.drivers.ovn.mech_driver.ovsdb.ovsdb_monitor [-] Hash Ring: Node 04022545ac165892b8cb62545cd9c57c (host: np0000003326) handling event "create" for row 2f1b7d6d-a652-4054-928e-46bcd79fc75e (table: Logical_Switch) {{(pid=90021) notify /opt/stack/neutron/neutron/plugins/ml2/drivers/ovn/mech_driver/ovsdb/ovsdb_monitor.py:1015}}
Jun 20 08:40:55.971168 np0000003326 devstack@neutron-api.service[90019]: DEBUG neutron.plugins.ml2.drivers.ovn.mech_driver.ovsdb.ovsdb_monitor [-] Hash Ring: Node 6297bd001be75903907fd3644f13cbe2 (host: np0000003326) handling event "create" for row ca25e1dc-3325-4a86-8046-3041eb900115 (table: Datapath_Binding) {{(pid=90019) notify /opt/stack/neutron/neutron/plugins/ml2/drivers/ovn/mech_driver/ovsdb/ovsdb_monitor.py:1015}}
Jun 20 08:40:55.976957 np0000003326 devstack@neutron-api.service[90020]: DEBUG neutron.plugins.ml2.drivers.ovn.mech_driver.ovsdb.ovsdb_monitor [-] Hash Ring: Node 6ced2cd6833e573283f5aa342670767e (host: np0000003326) handling event "create" for row ca25e1dc-3325-4a86-8046-3041eb900115 (table: Datapath_Binding) {{(pid=90020) notify /opt/stack/neutron/neutron/plugins/ml2/drivers/ovn/mech_driver/ovsdb/ovsdb_monitor.py:1015}}
Jun 20 08:40:55.994953 np0000003326 devstack@neutron-api.service[90020]: INFO neutron.db.ovn_revision_numbers_db [None req-1c74d33a-e6c8-478a-8a36-c22fc978a55d admin admin] Successfully bumped revision number for resource 2f1b7d6d-a652-4054-928e-46bcd79fc75e (type: networks) to 1
Jun 20 08:40:56.053201 np0000003326 devstack@neutron-api.service[90020]: DEBUG neutron_lib.callbacks.manager [None req-1c74d33a-e6c8-478a-8a36-c22fc978a55d admin admin] Publish callbacks ['neutron.plugins.ml2.plugin.SecurityGroupDbMixin._ensure_default_security_group_handler-3273111'] for port (None), before_create {{(pid=90020) _notify_loop /opt/stack/data/venv/lib/python3.12/site-packages/neutron_lib/callbacks/manager.py:184}}
Jun 20 08:40:56.147618 np0000003326 devstack@neutron-api.service[90020]: DEBUG neutron_lib.callbacks.manager [None req-1c74d33a-e6c8-478a-8a36-c22fc978a55d admin admin] Publish callbacks ['neutron.plugins.ml2.drivers.ovn.mech_driver.mech_driver.OVNMechanismDriver._validate_allowed_address_pairs-341770'] for allowed_address_pair (a99a117e-9e17-4279-8747-7073718b0468), before_create {{(pid=90020) _notify_loop /opt/stack/data/venv/lib/python3.12/site-packages/neutron_lib/callbacks/manager.py:184}}
Jun 20 08:40:56.148306 np0000003326 devstack@neutron-api.service[90020]: DEBUG neutron_lib.callbacks.manager [None req-1c74d33a-e6c8-478a-8a36-c22fc978a55d admin admin] Publish callbacks [] for port (a99a117e-9e17-4279-8747-7073718b0468), precommit_create {{(pid=90020) _notify_loop /opt/stack/data/venv/lib/python3.12/site-packages/neutron_lib/callbacks/manager.py:184}}
Jun 20 08:40:56.148555 np0000003326 devstack@neutron-api.service[90020]: DEBUG neutron.plugins.ml2.drivers.ovn.mech_driver.mech_driver [None req-1c74d33a-e6c8-478a-8a36-c22fc978a55d admin admin] No provisioning block for port a99a117e-9e17-4279-8747-7073718b0468 since it does not have a host {{(pid=90020) _is_port_provisioning_required /opt/stack/neutron/neutron/plugins/ml2/drivers/ovn/mech_driver/mech_driver.py:899}}
Jun 20 08:40:56.148705 np0000003326 devstack@neutron-api.service[90020]: DEBUG neutron.db.ovn_revision_numbers_db [None req-1c74d33a-e6c8-478a-8a36-c22fc978a55d admin admin] create_initial_revision uuid=a99a117e-9e17-4279-8747-7073718b0468, type=ports, rev=-1 {{(pid=90020) create_initial_revision /opt/stack/neutron/neutron/db/ovn_revision_numbers_db.py:98}}
Jun 20 08:40:56.203197 np0000003326 devstack@neutron-api.service[90020]: DEBUG neutron_lib.callbacks.manager [None req-1c74d33a-e6c8-478a-8a36-c22fc978a55d admin admin] Publish callbacks ['neutron.plugins.ml2.ovo_rpc._ObjectChangeHandler.handle_event-32518297'] for port (a99a117e-9e17-4279-8747-7073718b0468), after_create {{(pid=90020) _notify_loop /opt/stack/data/venv/lib/python3.12/site-packages/neutron_lib/callbacks/manager.py:184}}
Jun 20 08:40:56.257421 np0000003326 devstack@neutron-api.service[90020]: DEBUG neutron.api.rpc.handlers.resources_rpc [None req-1c74d33a-e6c8-478a-8a36-c22fc978a55d admin admin] Pushing event updated for resources: {'Port': ['ID=a99a117e-9e17-4279-8747-7073718b0468,revision_number=1']} {{(pid=90020) push /opt/stack/neutron/neutron/api/rpc/handlers/resources_rpc.py:237}}
