Jun 20 08:40:49.273208 np0000003326 devstack@neutron-api.service[90019]: INFO neutron.quota.resource_registry [None req-322306d2-2529-4e97-abed-090cbf22a921 None None] Creating instance of TrackedResource for resource:floatingip
Jun 20 08:40:49.273426 np0000003326 devstack@neutron-api.service[90019]: INFO neutron.quota.resource_registry [None req-322306d2-2529-4e97-abed-090cbf22a921 None None] Creating instance of CountableResource for resource:rbac_policy
Jun 20 08:40:49.273503 np0000003326 devstack@neutron-api.service[90021]: DEBUG neutron_lib.callbacks.manager [None req-3be2db7a-805d-472a-8ec7-71314e750711 None None] Publish callbacks ['neutron.plugins.ml2.drivers.ovn.mech_driver.mech_driver.OVNMechanismDriver.pre_fork_initialize-336795'] for process (None), before_spawn {{(pid=90021) _notify_loop /opt/stack/data/venv/lib/python3.12/site-packages/neutron_lib/callbacks/manager.py:184}}
Jun 20 08:40:49.273563 np0000003326 devstack@neutron-api.service[90019]: INFO neutron.quota.resource_registry [None req-322306d2-2529-4e97-abed-090cbf22a921 None None] Creating instance of TrackedResource for resource:security_group
Jun 20 08:40:49.273621 np0000003326 devstack@neutron-api.service[90021]: DEBUG oslo_concurrency.processutils [None req-3be2db7a-805d-472a-8ec7-71314e750711 None None] Running cmd (subprocess): ovsdb-client transact ssl:10.4.3.55:6641 --timeout 180 -p /opt/stack/data/CA/int-ca/private/devstack-cert.key -c /opt/stack/data/CA/int-ca/devstack-cert.crt -C /opt/stack/data/CA/int-ca/ca-chain.pem ["OVN_Northbound", {"op": "wait", "timeout": 0, "table": "Port_Group", "where": [["name", "==", "neutron_pg_drop"]], "until": "==", "rows": []}, {"op": "insert", "table": "ACL", "row": {"action": "drop", "direction": "to-lport", "match": "outport == @neutron_pg_drop && ip", "priority": 1001}, "uuid-name": "droptoport"}, {"op": "insert", "table": "ACL", "row": {"action": "drop", "direction": "from-lport", "match": "inport == @neutron_pg_drop && ip", "priority": 1001}, "uuid-name": "dropfromport"}, {"op": "insert", "table": "Port_Group", "row": {"name": "neutron_pg_drop", "acls": ["set", [["named-uuid", "droptoport"], ["named-uuid", "dropfromport"]]]}}] {{(pid=90021) execute /opt/stack/data/venv/lib/python3.12/site-packages/oslo_concurrency/processutils.py:440}}
Jun 20 08:40:49.273754 np0000003326 devstack@neutron-api.service[90019]: INFO neutron.quota.resource_registry [None req-322306d2-2529-4e97-abed-090cbf22a921 None None] Creating instance of TrackedResource for resource:security_group_rule
Jun 20 08:40:49.273754 np0000003326 devstack@neutron-api.service[90019]: DEBUG neutron.api.v2.resource_helper [None req-322306d2-2529-4e97-abed-090cbf22a921 None None] Service CORE assigned prefix: {{(pid=90019) build_resource_info /opt/stack/neutron/neutron/api/v2/resource_helper.py:77}}
Jun 20 08:40:49.273754 np0000003326 devstack@neutron-api.service[90019]: INFO neutron.quota.resource_registry [None req-322306d2-2529-4e97-abed-090cbf22a921 None None] Creating instance of TrackedResource for resource:subnetpool
Jun 20 08:40:49.273754 np0000003326 devstack@neutron-api.service[90019]: WARNING neutron.quota.resource_registry [None req-322306d2-2529-4e97-abed-090cbf22a921 None None] subnetpool is already registered
Jun 20 08:40:49.273754 np0000003326 devstack@neutron-api.service[90019]: DEBUG neutron.api.v2.resource_helper [None req-322306d2-2529-4e97-abed-090cbf22a921 None None] Service CORE assigned prefix: {{(pid=90019) build_resource_info /opt/stack/neutron/neutron/api/v2/resource_helper.py:77}}
Jun 20 08:40:49.273754 np0000003326 devstack@neutron-api.service[90019]: INFO neutron.quota.resource_registry [None req-322306d2-2529-4e97-abed-090cbf22a921 None None] Creating instance of TrackedResource for resource:subnetpool
Jun 20 08:40:49.273754 np0000003326 devstack@neutron-api.service[90019]: WARNING neutron.quota.resource_registry [None req-322306d2-2529-4e97-abed-090cbf22a921 None None] subnetpool is already registered
Jun 20 08:40:49.273754 np0000003326 devstack@neutron-api.service[90019]: DEBUG neutron.api.v2.resource_helper [None req-322306d2-2529-4e97-abed-090cbf22a921 None None] Service L3_ROUTER_NAT assigned prefix: {{(pid=90019) build_resource_info /opt/stack/neutron/neutron/api/v2/resource_helper.py:77}}
Jun 20 08:40:49.273754 np0000003326 devstack@neutron-api.service[90019]: DEBUG neutron.api.v2.resource_helper [None req-322306d2-2529-4e97-abed-090cbf22a921 None None] Service FLAVORS assigned prefix: {{(pid=90019) build_resource_info /opt/stack/neutron/neutron/api/v2/resource_helper.py:77}}
Jun 20 08:40:49.274046 np0000003326 devstack@neutron-api.service[90019]: DEBUG neutron.api.v2.resource_helper [None req-322306d2-2529-4e97-abed-090cbf22a921 None None] Service L3_ROUTER_NAT assigned prefix: {{(pid=90019) build_resource_info /opt/stack/neutron/neutron/api/v2/resource_helper.py:77}}
Jun 20 08:40:49.274046 np0000003326 devstack@neutron-api.service[90019]: DEBUG neutron.api.v2.resource_helper [None req-322306d2-2529-4e97-abed-090cbf22a921 None None] Service L3_ROUTER_NAT assigned prefix: {{(pid=90019) build_resource_info /opt/stack/neutron/neutron/api/v2/resource_helper.py:77}}
Jun 20 08:40:49.274046 np0000003326 devstack@neutron-api.service[90019]: INFO neutron.quota.resource_registry [None req-322306d2-2529-4e97-abed-090cbf22a921 None None] Creating instance of TrackedResource for resource:router
Jun 20 08:40:49.274046 np0000003326 devstack@neutron-api.service[90019]: WARNING neutron.quota.resource_registry [None req-322306d2-2529-4e97-abed-090cbf22a921 None None] router is already registered
Jun 20 08:40:49.274046 np0000003326 devstack@neutron-api.service[90019]: INFO neutron.quota.resource_registry [None req-322306d2-2529-4e97-abed-090cbf22a921 None None] Creating instance of TrackedResource for resource:floatingip
Jun 20 08:40:49.274046 np0000003326 devstack@neutron-api.service[90019]: WARNING neutron.quota.resource_registry [None req-322306d2-2529-4e97-abed-090cbf22a921 None None] floatingip is already registered
Jun 20 08:40:49.274046 np0000003326 devstack@neutron-api.service[90019]: INFO neutron.quota.resource_registry [None req-322306d2-2529-4e97-abed-090cbf22a921 None None] Creating instance of CountableResource for resource:rbac_policy
Jun 20 08:40:49.274046 np0000003326 devstack@neutron-api.service[90019]: WARNING neutron.quota.resource_registry [None req-322306d2-2529-4e97-abed-090cbf22a921 None None] rbac_policy is already registered
Jun 20 08:40:49.274046 np0000003326 devstack@neutron-api.service[90019]: INFO neutron.quota.resource_registry [None req-322306d2-2529-4e97-abed-090cbf22a921 None None] Creating instance of TrackedResource for resource:security_group
Jun 20 08:40:49.274046 np0000003326 devstack@neutron-api.service[90019]: WARNING neutron.quota.resource_registry [None req-322306d2-2529-4e97-abed-090cbf22a921 None None] security_group is already registered
Jun 20 08:40:49.274259 np0000003326 devstack@neutron-api.service[90019]: INFO neutron.quota.resource_registry [None req-322306d2-2529-4e97-abed-090cbf22a921 None None] Creating instance of TrackedResource for resource:security_group_rule
Jun 20 08:40:49.274259 np0000003326 devstack@neutron-api.service[90019]: WARNING neutron.quota.resource_registry [None req-322306d2-2529-4e97-abed-090cbf22a921 None None] security_group_rule is already registered
Jun 20 08:40:49.274259 np0000003326 devstack@neutron-api.service[90019]: DEBUG neutron.api.v2.resource_helper [None req-322306d2-2529-4e97-abed-090cbf22a921 None None] Service CORE assigned prefix: {{(pid=90019) build_resource_info /opt/stack/neutron/neutron/api/v2/resource_helper.py:77}}
Jun 20 08:40:49.274259 np0000003326 devstack@neutron-api.service[90019]: INFO neutron.quota.resource_registry [None req-322306d2-2529-4e97-abed-090cbf22a921 None None] Creating instance of TrackedResource for resource:subnetpool
Jun 20 08:40:49.274259 np0000003326 devstack@neutron-api.service[90019]: WARNING neutron.quota.resource_registry [None req-322306d2-2529-4e97-abed-090cbf22a921 None None] subnetpool is already registered
Jun 20 08:40:49.274259 np0000003326 devstack@neutron-api.service[90019]: DEBUG neutron.api.v2.resource_helper [None req-322306d2-2529-4e97-abed-090cbf22a921 None None] Service CORE assigned prefix: {{(pid=90019) build_resource_info /opt/stack/neutron/neutron/api/v2/resource_helper.py:77}}
Jun 20 08:40:49.274259 np0000003326 devstack@neutron-api.service[90019]: INFO neutron.quota.resource_registry [None req-322306d2-2529-4e97-abed-090cbf22a921 None None] Creating instance of TrackedResource for resource:subnetpool
Jun 20 08:40:49.274259 np0000003326 devstack@neutron-api.service[90019]: WARNING neutron.quota.resource_registry [None req-322306d2-2529-4e97-abed-090cbf22a921 None None] subnetpool is already registered
Jun 20 08:40:49.274259 np0000003326 devstack@neutron-api.service[90019]: DEBUG neutron.api.extensions [None req-322306d2-2529-4e97-abed-090cbf22a921 None None] Extended resource: extensions {{(pid=90019) __init__ /opt/stack/neutron/neutron/api/extensions.py:156}}
Jun 20 08:40:49.274259 np0000003326 devstack@neutron-api.service[90019]: DEBUG neutron.api.extensions [None req-322306d2-2529-4e97-abed-090cbf22a921 None None] Extended resource: address-groups {{(pid=90019) __init__ /opt/stack/neutron/neutron/api/extensions.py:156}}
Jun 20 08:40:49.274504 np0000003326 devstack@neutron-api.service[90019]: DEBUG neutron.api.extensions [None req-322306d2-2529-4e97-abed-090cbf22a921 None None] Extended resource: address-scopes {{(pid=90019) __init__ /opt/stack/neutron/neutron/api/extensions.py:156}}
Jun 20 08:40:49.274504 np0000003326 devstack@neutron-api.service[90019]: DEBUG neutron.api.extensions [None req-322306d2-2529-4e97-abed-090cbf22a921 None None] Extended resource: agents {{(pid=90019) __init__ /opt/stack/neutron/neutron/api/extensions.py:156}}
Jun 20 08:40:49.274504 np0000003326 devstack@neutron-api.service[90019]: DEBUG neutron.api.extensions [None req-322306d2-2529-4e97-abed-090cbf22a921 None None] Extended resource: auto-allocated-topology {{(pid=90019) __init__ /opt/stack/neutron/neutron/api/extensions.py:156}}
Jun 20 08:40:49.274504 np0000003326 devstack@neutron-api.service[90019]: DEBUG neutron.api.extensions [None req-322306d2-2529-4e97-abed-090cbf22a921 None None] Extended resource: availability_zones {{(pid=90019) __init__ /opt/stack/neutron/neutron/api/extensions.py:156}}
Jun 20 08:40:49.274504 np0000003326 devstack@neutron-api.service[90019]: DEBUG neutron.api.extensions [None req-322306d2-2529-4e97-abed-090cbf22a921 None None] Extended resource: dhcp-networks {{(pid=90019) __init__ /opt/stack/neutron/neutron/api/extensions.py:156}}
Jun 20 08:40:49.274504 np0000003326 devstack@neutron-api.service[90019]: DEBUG neutron.api.extensions [None req-322306d2-2529-4e97-abed-090cbf22a921 None None] Extended resource: dhcp-agents {{(pid=90019) __init__ /opt/stack/neutron/neutron/api/extensions.py:156}}
Jun 20 08:40:49.274504 np0000003326 devstack@neutron-api.service[90019]: DEBUG neutron.api.extensions [None req-322306d2-2529-4e97-abed-090cbf22a921 None None] Extended resource: routers {{(pid=90019) __init__ /opt/stack/neutron/neutron/api/extensions.py:156}}
Jun 20 08:40:49.274504 np0000003326 devstack@neutron-api.service[90019]: DEBUG neutron.api.extensions [None req-322306d2-2529-4e97-abed-090cbf22a921 None None] Extended resource: flavors {{(pid=90019) __init__ /opt/stack/neutron/neutron/api/extensions.py:156}}
Jun 20 08:40:49.274783 np0000003326 devstack@neutron-api.service[90019]: DEBUG neutron.api.extensions [None req-322306d2-2529-4e97-abed-090cbf22a921 None None] Extended resource: service_profiles {{(pid=90019) __init__ /opt/stack/neutron/neutron/api/extensions.py:156}}
Jun 20 08:40:49.274783 np0000003326 devstack@neutron-api.service[90019]: DEBUG neutron.api.extensions [None req-322306d2-2529-4e97-abed-090cbf22a921 None None] Extended resource: next_providers {{(pid=90019) __init__ /opt/stack/neutron/neutron/api/extensions.py:156}}
Jun 20 08:40:49.274783 np0000003326 devstack@neutron-api.service[90019]: DEBUG neutron.api.extensions [None req-322306d2-2529-4e97-abed-090cbf22a921 None None] Extended resource: service_profiles {{(pid=90019) __init__ /opt/stack/neutron/neutron/api/extensions.py:156}}
Jun 20 08:40:49.274783 np0000003326 devstack@neutron-api.service[90019]: DEBUG neutron.api.extensions [None req-322306d2-2529-4e97-abed-090cbf22a921 None None] Extended resource: floatingip-pools {{(pid=90019) __init__ /opt/stack/neutron/neutron/api/extensions.py:156}}
Jun 20 08:40:49.274783 np0000003326 devstack@neutron-api.service[90019]: DEBUG neutron.api.extensions [None req-322306d2-2529-4e97-abed-090cbf22a921 None None] Extended resource: routers {{(pid=90019) __init__ /opt/stack/neutron/neutron/api/extensions.py:156}}
Jun 20 08:40:49.274783 np0000003326 devstack@neutron-api.service[90019]: DEBUG neutron.api.extensions [None req-322306d2-2529-4e97-abed-090cbf22a921 None None] Extended resource: floatingips {{(pid=90019) __init__ /opt/stack/neutron/neutron/api/extensions.py:156}}
Jun 20 08:40:49.274783 np0000003326 devstack@neutron-api.service[90019]: DEBUG neutron.api.extensions [None req-322306d2-2529-4e97-abed-090cbf22a921 None None] Extended resource: l3-routers {{(pid=90019) __init__ /opt/stack/neutron/neutron/api/extensions.py:156}}
Jun 20 08:40:49.274783 np0000003326 devstack@neutron-api.service[90019]: DEBUG neutron.api.extensions [None req-322306d2-2529-4e97-abed-090cbf22a921 None None] Extended resource: l3-agents {{(pid=90019) __init__ /opt/stack/neutron/neutron/api/extensions.py:156}}
Jun 20 08:40:49.275036 np0000003326 devstack@neutron-api.service[90019]: DEBUG neutron.api.extensions [None req-322306d2-2529-4e97-abed-090cbf22a921 None None] Extended resource: network-ip-availabilities {{(pid=90019) __init__ /opt/stack/neutron/neutron/api/extensions.py:156}}
Jun 20 08:40:49.275036 np0000003326 devstack@neutron-api.service[90019]: DEBUG neutron.api.extensions [None req-322306d2-2529-4e97-abed-090cbf22a921 None None] Extended resource: network-ip-availabilities {{(pid=90019) __init__ /opt/stack/neutron/neutron/api/extensions.py:156}}
Jun 20 08:40:49.275036 np0000003326 devstack@neutron-api.service[90019]: DEBUG neutron.api.extensions [None req-322306d2-2529-4e97-abed-090cbf22a921 None None] Extended resource: bindings {{(pid=90019) __init__ /opt/stack/neutron/neutron/api/extensions.py:156}}
Jun 20 08:40:49.275036 np0000003326 devstack@neutron-api.service[90019]: DEBUG neutron.api.extensions [None req-322306d2-2529-4e97-abed-090cbf22a921 None None] Extended resource: quotas {{(pid=90019) __init__ /opt/stack/neutron/neutron/api/extensions.py:156}}
Jun 20 08:40:49.275036 np0000003326 devstack@neutron-api.service[90019]: DEBUG neutron.api.extensions [None req-322306d2-2529-4e97-abed-090cbf22a921 None None] Extended resource: quotas {{(pid=90019) __init__ /opt/stack/neutron/neutron/api/extensions.py:156}}
Jun 20 08:40:49.275036 np0000003326 devstack@neutron-api.service[90019]: DEBUG neutron.api.extensions [None req-322306d2-2529-4e97-abed-090cbf22a921 None None] Extended resource: rbac-policies {{(pid=90019) __init__ /opt/stack/neutron/neutron/api/extensions.py:156}}
Jun 20 08:40:49.275036 np0000003326 devstack@neutron-api.service[90019]: DEBUG neutron.api.extensions [None req-322306d2-2529-4e97-abed-090cbf22a921 None None] Extended resource: default-security-group-rules {{(pid=90019) __init__ /opt/stack/neutron/neutron/api/extensions.py:156}}
Jun 20 08:40:49.275036 np0000003326 devstack@neutron-api.service[90019]: DEBUG neutron.api.extensions [None req-322306d2-2529-4e97-abed-090cbf22a921 None None] Extended resource: security-groups-default-statefulness {{(pid=90019) __init__ /opt/stack/neutron/neutron/api/extensions.py:156}}
Jun 20 08:40:49.275207 np0000003326 devstack@neutron-api.service[90019]: DEBUG neutron.api.extensions [None req-322306d2-2529-4e97-abed-090cbf22a921 None None] Extended resource: security-groups {{(pid=90019) __init__ /opt/stack/neutron/neutron/api/extensions.py:156}}
Jun 20 08:40:49.275207 np0000003326 devstack@neutron-api.service[90019]: DEBUG neutron.api.extensions [None req-322306d2-2529-4e97-abed-090cbf22a921 None None] Extended resource: security-group-rules {{(pid=90019) __init__ /opt/stack/neutron/neutron/api/extensions.py:156}}
Jun 20 08:40:49.275207 np0000003326 devstack@neutron-api.service[90019]: DEBUG neutron.api.extensions [None req-322306d2-2529-4e97-abed-090cbf22a921 None None] Extended resource: service-providers {{(pid=90019) __init__ /opt/stack/neutron/neutron/api/extensions.py:156}}
Jun 20 08:40:49.275207 np0000003326 devstack@neutron-api.service[90019]: DEBUG neutron.api.extensions [None req-322306d2-2529-4e97-abed-090cbf22a921 None None] Extended resource: subnetpools {{(pid=90019) __init__ /opt/stack/neutron/neutron/api/extensions.py:156}}
Jun 20 08:40:49.275207 np0000003326 devstack@neutron-api.service[90019]: DEBUG neutron.api.extensions [None req-322306d2-2529-4e97-abed-090cbf22a921 None None] Extended resource: subnetpools {{(pid=90019) __init__ /opt/stack/neutron/neutron/api/extensions.py:156}}
Jun 20 08:40:49.275207 np0000003326 devstack@neutron-api.service[90019]: DEBUG neutron.api.extensions [None req-322306d2-2529-4e97-abed-090cbf22a921 None None] Extended resource: tags {{(pid=90019) __init__ /opt/stack/neutron/neutron/api/extensions.py:156}}
Jun 20 08:40:49.275207 np0000003326 devstack@neutron-api.service[90019]: DEBUG neutron.api.extensions [None req-322306d2-2529-4e97-abed-090cbf22a921 None None] Extended resource: tags {{(pid=90019) __init__ /opt/stack/neutron/neutron/api/extensions.py:156}}
Jun 20 08:40:49.275207 np0000003326 devstack@neutron-api.service[90019]: DEBUG neutron.api.extensions [None req-322306d2-2529-4e97-abed-090cbf22a921 None None] Extended resource: tags {{(pid=90019) __init__ /opt/stack/neutron/neutron/api/extensions.py:156}}
Jun 20 08:40:49.275365 np0000003326 devstack@neutron-api.service[90019]: DEBUG neutron.api.extensions [None req-322306d2-2529-4e97-abed-090cbf22a921 None None] Extended resource: tags {{(pid=90019) __init__ /opt/stack/neutron/neutron/api/extensions.py:156}}
Jun 20 08:40:49.275365 np0000003326 devstack@neutron-api.service[90019]: DEBUG neutron.api.extensions [None req-322306d2-2529-4e97-abed-090cbf22a921 None None] Extended resource: tags {{(pid=90019) __init__ /opt/stack/neutron/neutron/api/extensions.py:156}}
Jun 20 08:40:49.275365 np0000003326 devstack@neutron-api.service[90019]: DEBUG neutron.api.extensions [None req-322306d2-2529-4e97-abed-090cbf22a921 None None] Extended resource: tags {{(pid=90019) __init__ /opt/stack/neutron/neutron/api/extensions.py:156}}
Jun 20 08:40:49.275365 np0000003326 devstack@neutron-api.service[90019]: DEBUG neutron.api.extensions [None req-322306d2-2529-4e97-abed-090cbf22a921 None None] Extended resource: tags {{(pid=90019) __init__ /opt/stack/neutron/neutron/api/extensions.py:156}}
Jun 20 08:40:49.275469 np0000003326 devstack@neutron-api.service[90021]: DEBUG oslo_concurrency.processutils [None req-3be2db7a-805d-472a-8ec7-71314e750711 None None] CMD "ovsdb-client transact ssl:10.4.3.55:6641 --timeout 180 -p /opt/stack/data/CA/int-ca/private/devstack-cert.key -c /opt/stack/data/CA/int-ca/devstack-cert.crt -C /opt/stack/data/CA/int-ca/ca-chain.pem ["OVN_Northbound", {"op": "wait", "timeout": 0, "table": "Port_Group", "where": [["name", "==", "neutron_pg_drop"]], "until": "==", "rows": []}, {"op": "insert", "table": "ACL", "row": {"action": "drop", "direction": "to-lport", "match": "outport == @neutron_pg_drop && ip", "priority": 1001}, "uuid-name": "droptoport"}, {"op": "insert", "table": "ACL", "row": {"action": "drop", "direction": "from-lport", "match": "inport == @neutron_pg_drop && ip", "priority": 1001}, "uuid-name": "dropfromport"}, {"op": "insert", "table": "Port_Group", "row": {"name": "neutron_pg_drop", "acls": ["set", [["named-uuid", "droptoport"], ["named-uuid", "dropfromport"]]]}}]" returned: 0 in 0.040s {{(pid=90021) execute /opt/stack/data/venv/lib/python3.12/site-packages/oslo_concurrency/processutils.py:468}}
Jun 20 08:40:49.275549 np0000003326 devstack@neutron-api.service[90019]: DEBUG neutron.api.extensions [None req-322306d2-2529-4e97-abed-090cbf22a921 None None] Extended resource: tags {{(pid=90019) __init__ /opt/stack/neutron/neutron/api/extensions.py:156}}
Jun 20 08:40:49.275599 np0000003326 devstack@neutron-api.service[90021]: DEBUG neutron_lib.callbacks.manager [None req-3be2db7a-805d-472a-8ec7-71314e750711 None None] Publish callbacks ['neutron.plugins.ml2.drivers.ovn.mech_driver.mech_driver.OVNMechanismDriver.post_fork_initialize-336483', 'neutron.services.pvlan.drivers.ovn.driver._initialize_pvlan_pg_drop-8534050312896', 'neutron.services.ovn_l3.plugin.OVNL3RouterPlugin._post_fork_initialize-859741'] for process (None), after_init {{(pid=90021) _notify_loop /opt/stack/data/venv/lib/python3.12/site-packages/neutron_lib/callbacks/manager.py:184}}
Jun 20 08:40:49.275599 np0000003326 devstack@neutron-api.service[90021]: DEBUG oslo_concurrency.lockutils [None req-3be2db7a-805d-472a-8ec7-71314e750711 None None] Acquiring lock "singleton_lock" {{(pid=90021) lock /opt/stack/data/venv/lib/python3.12/site-packages/oslo_concurrency/lockutils.py:395}}
Jun 20 08:40:49.275599 np0000003326 devstack@neutron-api.service[90021]: DEBUG oslo_concurrency.lockutils [None req-3be2db7a-805d-472a-8ec7-71314e750711 None None] Acquired lock "singleton_lock" {{(pid=90021) lock /opt/stack/data/venv/lib/python3.12/site-packages/oslo_concurrency/lockutils.py:398}}
Jun 20 08:40:49.275773 np0000003326 devstack@neutron-api.service[90019]: DEBUG neutron.api.extensions [None req-322306d2-2529-4e97-abed-090cbf22a921 None None] Extended resource: tags {{(pid=90019) __init__ /opt/stack/neutron/neutron/api/extensions.py:156}}
Jun 20 08:40:49.277738 np0000003326 devstack@neutron-api.service[90021]: DEBUG oslo_concurrency.lockutils [None req-3be2db7a-805d-472a-8ec7-71314e750711 None None] Releasing lock "singleton_lock" {{(pid=90021) lock /opt/stack/data/venv/lib/python3.12/site-packages/oslo_concurrency/lockutils.py:418}}
Jun 20 08:40:49.277842 np0000003326 devstack@neutron-api.service[90019]: DEBUG neutron.api.extensions [None req-322306d2-2529-4e97-abed-090cbf22a921 None None] Extended resource: tags {{(pid=90019) __init__ /opt/stack/neutron/neutron/api/extensions.py:156}}
Jun 20 08:40:49.277921 np0000003326 devstack@neutron-api.service[90021]: DEBUG neutron.plugins.ml2.drivers.ovn.mech_driver.mech_driver [None req-3be2db7a-805d-472a-8ec7-71314e750711 None None] Hash Ring setup using WSGI start time 2026-06-20 08:40:43+00:00 {{(pid=90021) _init_hash_ring /opt/stack/neutron/neutron/plugins/ml2/drivers/ovn/mech_driver/mech_driver.py:404}}
Jun 20 08:40:49.277921 np0000003326 devstack@neutron-api.service[90021]: INFO neutron.db.ovn_hash_ring_db [None req-3be2db7a-805d-472a-8ec7-71314e750711 None None] Nodes from host "np0000003326" and group "mechanism_driver" removed from the Hash Ring created at 2026-06-20 08:40:43+00:00
Jun 20 08:40:49.278064 np0000003326 devstack@neutron-api.service[90019]: DEBUG neutron_lib.callbacks.manager [None req-322306d2-2529-4e97-abed-090cbf22a921 None None] Publish callbacks ['neutron.plugins.ml2.drivers.ovn.mech_driver.mech_driver.OVNMechanismDriver.pre_fork_initialize-508192'] for process (None), before_spawn {{(pid=90019) _notify_loop /opt/stack/data/venv/lib/python3.12/site-packages/neutron_lib/callbacks/manager.py:184}}
Jun 20 08:40:49.278064 np0000003326 devstack@neutron-api.service[90019]: DEBUG oslo_concurrency.processutils [None req-322306d2-2529-4e97-abed-090cbf22a921 None None] Running cmd (subprocess): ovsdb-client transact ssl:10.4.3.55:6641 --timeout 180 -p /opt/stack/data/CA/int-ca/private/devstack-cert.key -c /opt/stack/data/CA/int-ca/devstack-cert.crt -C /opt/stack/data/CA/int-ca/ca-chain.pem ["OVN_Northbound", {"op": "wait", "timeout": 0, "table": "Port_Group", "where": [["name", "==", "neutron_pg_drop"]], "until": "==", "rows": []}, {"op": "insert", "table": "ACL", "row": {"action": "drop", "direction": "to-lport", "match": "outport == @neutron_pg_drop && ip", "priority": 1001}, "uuid-name": "droptoport"}, {"op": "insert", "table": "ACL", "row": {"action": "drop", "direction": "from-lport", "match": "inport == @neutron_pg_drop && ip", "priority": 1001}, "uuid-name": "dropfromport"}, {"op": "insert", "table": "Port_Group", "row": {"name": "neutron_pg_drop", "acls": ["set", [["named-uuid", "droptoport"], ["named-uuid", "dropfromport"]]]}}] {{(pid=90019) execute /opt/stack/data/venv/lib/python3.12/site-packages/oslo_concurrency/processutils.py:440}}
Jun 20 08:40:49.278178 np0000003326 devstack@neutron-api.service[90021]: INFO neutron.db.ovn_hash_ring_db [None req-3be2db7a-805d-472a-8ec7-71314e750711 None None] Node 04022545ac165892b8cb62545cd9c57c from host "np0000003326" and group "mechanism_driver" added to the Hash Ring
Jun 20 08:40:49.283735 np0000003326 devstack@neutron-api.service[90021]: DEBUG neutron.plugins.ml2.drivers.ovn.mech_driver.mech_driver [None req-3be2db7a-805d-472a-8ec7-71314e750711 None None] Hash Ring setup, this worker has detected 2 OVN hash ring registers in the database {{(pid=90021) _init_hash_ring /opt/stack/neutron/neutron/plugins/ml2/drivers/ovn/mech_driver/mech_driver.py:414}}
Jun 20 08:40:49.301915 np0000003326 devstack@neutron-api.service[90021]: DEBUG neutron.plugins.ml2.drivers.ovn.mech_driver.ovsdb.maintenance [None req-3be2db7a-805d-472a-8ec7-71314e750711 None None] Periodic task found: HashRingHealthCheckPeriodics.touch_hash_ring_node {{(pid=90021) add_periodics /opt/stack/neutron/neutron/plugins/ml2/drivers/ovn/mech_driver/ovsdb/maintenance.py:146}}
Jun 20 08:40:49.304459 np0000003326 devstack@neutron-api.service[90021]: INFO neutron.plugins.ml2.drivers.ovn.mech_driver.mech_driver [None req-3be2db7a-805d-472a-8ec7-71314e750711 None None] Hash Ring probing thread for node 04022545ac165892b8cb62545cd9c57c has started
Jun 20 08:40:49.305259 np0000003326 devstack@neutron-api.service[90021]: INFO neutron.plugins.ml2.drivers.ovn.mech_driver.ovsdb.impl_idl_ovn [None req-3be2db7a-805d-472a-8ec7-71314e750711 None None] Getting OvsdbNbOvnIdl for WorkerService with retry
Jun 20 08:40:49.309896 np0000003326 devstack@neutron-api.service[90019]: DEBUG oslo_concurrency.processutils [None req-322306d2-2529-4e97-abed-090cbf22a921 None None] CMD "ovsdb-client transact ssl:10.4.3.55:6641 --timeout 180 -p /opt/stack/data/CA/int-ca/private/devstack-cert.key -c /opt/stack/data/CA/int-ca/devstack-cert.crt -C /opt/stack/data/CA/int-ca/ca-chain.pem ["OVN_Northbound", {"op": "wait", "timeout": 0, "table": "Port_Group", "where": [["name", "==", "neutron_pg_drop"]], "until": "==", "rows": []}, {"op": "insert", "table": "ACL", "row": {"action": "drop", "direction": "to-lport", "match": "outport == @neutron_pg_drop && ip", "priority": 1001}, "uuid-name": "droptoport"}, {"op": "insert", "table": "ACL", "row": {"action": "drop", "direction": "from-lport", "match": "inport == @neutron_pg_drop && ip", "priority": 1001}, "uuid-name": "dropfromport"}, {"op": "insert", "table": "Port_Group", "row": {"name": "neutron_pg_drop", "acls": ["set", [["named-uuid", "droptoport"], ["named-uuid", "dropfromport"]]]}}]" returned: 0 in 0.036s {{(pid=90019) execute /opt/stack/data/venv/lib/python3.12/site-packages/oslo_concurrency/processutils.py:468}}
Jun 20 08:40:49.310497 np0000003326 devstack@neutron-api.service[90019]: DEBUG neutron_lib.callbacks.manager [None req-322306d2-2529-4e97-abed-090cbf22a921 None None] Publish callbacks ['neutron.plugins.ml2.drivers.ovn.mech_driver.mech_driver.OVNMechanismDriver.post_fork_initialize-508168', 'neutron.services.pvlan.drivers.ovn.driver._initialize_pvlan_pg_drop-8534050306982', 'neutron.services.ovn_l3.plugin.OVNL3RouterPlugin._post_fork_initialize-1455355'] for process (None), after_init {{(pid=90019) _notify_loop /opt/stack/data/venv/lib/python3.12/site-packages/neutron_lib/callbacks/manager.py:184}}
Jun 20 08:40:49.311141 np0000003326 devstack@neutron-api.service[90019]: DEBUG oslo_concurrency.lockutils [None req-322306d2-2529-4e97-abed-090cbf22a921 None None] Acquiring lock "singleton_lock" {{(pid=90019) lock /opt/stack/data/venv/lib/python3.12/site-packages/oslo_concurrency/lockutils.py:395}}
Jun 20 08:40:49.311141 np0000003326 devstack@neutron-api.service[90019]: DEBUG oslo_concurrency.lockutils [None req-322306d2-2529-4e97-abed-090cbf22a921 None None] Acquired lock "singleton_lock" {{(pid=90019) lock /opt/stack/data/venv/lib/python3.12/site-packages/oslo_concurrency/lockutils.py:398}}
Jun 20 08:40:49.311550 np0000003326 devstack@neutron-api.service[90019]: DEBUG oslo_concurrency.lockutils [None req-322306d2-2529-4e97-abed-090cbf22a921 None None] Releasing lock "singleton_lock" {{(pid=90019) lock /opt/stack/data/venv/lib/python3.12/site-packages/oslo_concurrency/lockutils.py:418}}
Jun 20 08:40:49.313985 np0000003326 devstack@neutron-api.service[90019]: DEBUG neutron.plugins.ml2.drivers.ovn.mech_driver.mech_driver [None req-322306d2-2529-4e97-abed-090cbf22a921 None None] Hash Ring setup using WSGI start time 2026-06-20 08:40:43+00:00 {{(pid=90019) _init_hash_ring /opt/stack/neutron/neutron/plugins/ml2/drivers/ovn/mech_driver/mech_driver.py:404}}
Jun 20 08:40:49.321680 np0000003326 devstack@neutron-api.service[90019]: INFO neutron.db.ovn_hash_ring_db [None req-322306d2-2529-4e97-abed-090cbf22a921 None None] Nodes from host "np0000003326" and group "mechanism_driver" removed from the Hash Ring created at 2026-06-20 08:40:43+00:00
Jun 20 08:40:49.327786 np0000003326 devstack@neutron-api.service[90019]: INFO neutron.db.ovn_hash_ring_db [None req-322306d2-2529-4e97-abed-090cbf22a921 None None] Node 6297bd001be75903907fd3644f13cbe2 from host "np0000003326" and group "mechanism_driver" added to the Hash Ring
Jun 20 08:40:49.333013 np0000003326 devstack@neutron-api.service[90019]: DEBUG neutron.plugins.ml2.drivers.ovn.mech_driver.mech_driver [None req-322306d2-2529-4e97-abed-090cbf22a921 None None] Hash Ring setup, this worker has detected 3 OVN hash ring registers in the database {{(pid=90019) _init_hash_ring /opt/stack/neutron/neutron/plugins/ml2/drivers/ovn/mech_driver/mech_driver.py:414}}
Jun 20 08:40:49.347386 np0000003326 devstack@neutron-api.service[90019]: DEBUG neutron.plugins.ml2.drivers.ovn.mech_driver.ovsdb.maintenance [None req-322306d2-2529-4e97-abed-090cbf22a921 None None] Periodic task found: HashRingHealthCheckPeriodics.touch_hash_ring_node {{(pid=90019) add_periodics /opt/stack/neutron/neutron/plugins/ml2/drivers/ovn/mech_driver/ovsdb/maintenance.py:146}}
Jun 20 08:40:49.348283 np0000003326 devstack@neutron-api.service[90021]: DEBUG ovsdbapp.backend.ovs_idl [None req-3be2db7a-805d-472a-8ec7-71314e750711 None None] Created lookup_table index Logical_Switch.name {{(pid=90021) autocreate_indices /opt/stack/data/venv/lib/python3.12/site-packages/ovsdbapp/backend/ovs_idl/__init__.py:87}}
Jun 20 08:40:49.348283 np0000003326 devstack@neutron-api.service[90021]: DEBUG ovsdbapp.backend.ovs_idl [None req-3be2db7a-805d-472a-8ec7-71314e750711 None None] Created lookup_table index Logical_Router.name {{(pid=90021) autocreate_indices /opt/stack/data/venv/lib/python3.12/site-packages/ovsdbapp/backend/ovs_idl/__init__.py:87}}
Jun 20 08:40:49.348283 np0000003326 devstack@neutron-api.service[90021]: DEBUG ovsdbapp.backend.ovs_idl [None req-3be2db7a-805d-472a-8ec7-71314e750711 None None] Created lookup_table index Load_Balancer.name {{(pid=90021) autocreate_indices /opt/stack/data/venv/lib/python3.12/site-packages/ovsdbapp/backend/ovs_idl/__init__.py:87}}
Jun 20 08:40:49.348283 np0000003326 devstack@neutron-api.service[90021]: DEBUG ovsdbapp.backend.ovs_idl [None req-3be2db7a-805d-472a-8ec7-71314e750711 None None] Created schema index Copp.name {{(pid=90021) autocreate_indices /opt/stack/data/venv/lib/python3.12/site-packages/ovsdbapp/backend/ovs_idl/__init__.py:106}}
Jun 20 08:40:49.348283 np0000003326 devstack@neutron-api.service[90021]: DEBUG ovsdbapp.backend.ovs_idl [None req-3be2db7a-805d-472a-8ec7-71314e750711 None None] Created schema index Meter.name {{(pid=90021) autocreate_indices /opt/stack/data/venv/lib/python3.12/site-packages/ovsdbapp/backend/ovs_idl/__init__.py:106}}
Jun 20 08:40:49.348283 np0000003326 devstack@neutron-api.service[90021]: DEBUG ovsdbapp.backend.ovs_idl [None req-3be2db7a-805d-472a-8ec7-71314e750711 None None] Created schema index Load_Balancer_Group.name {{(pid=90021) autocreate_indices /opt/stack/data/venv/lib/python3.12/site-packages/ovsdbapp/backend/ovs_idl/__init__.py:106}}
Jun 20 08:40:49.348461 np0000003326 devstack@neutron-api.service[90021]: DEBUG ovsdbapp.backend.ovs_idl [None req-3be2db7a-805d-472a-8ec7-71314e750711 None None] Created schema index HA_Chassis_Group.name {{(pid=90021) autocreate_indices /opt/stack/data/venv/lib/python3.12/site-packages/ovsdbapp/backend/ovs_idl/__init__.py:106}}
Jun 20 08:40:49.348461 np0000003326 devstack@neutron-api.service[90021]: DEBUG ovsdbapp.backend.ovs_idl [None req-3be2db7a-805d-472a-8ec7-71314e750711 None None] Created schema index Address_Set.name {{(pid=90021) autocreate_indices /opt/stack/data/venv/lib/python3.12/site-packages/ovsdbapp/backend/ovs_idl/__init__.py:106}}
Jun 20 08:40:49.348461 np0000003326 devstack@neutron-api.service[90021]: DEBUG ovsdbapp.backend.ovs_idl [None req-3be2db7a-805d-472a-8ec7-71314e750711 None None] Created schema index Connection.target {{(pid=90021) autocreate_indices /opt/stack/data/venv/lib/python3.12/site-packages/ovsdbapp/backend/ovs_idl/__init__.py:106}}
Jun 20 08:40:49.348461 np0000003326 devstack@neutron-api.service[90021]: DEBUG ovsdbapp.backend.ovs_idl [None req-3be2db7a-805d-472a-8ec7-71314e750711 None None] Created schema index Gateway_Chassis.name {{(pid=90021) autocreate_indices /opt/stack/data/venv/lib/python3.12/site-packages/ovsdbapp/backend/ovs_idl/__init__.py:106}}
Jun 20 08:40:49.348461 np0000003326 devstack@neutron-api.service[90021]: DEBUG ovsdbapp.backend.ovs_idl [None req-3be2db7a-805d-472a-8ec7-71314e750711 None None] Created schema index Mirror.name {{(pid=90021) autocreate_indices /opt/stack/data/venv/lib/python3.12/site-packages/ovsdbapp/backend/ovs_idl/__init__.py:106}}
Jun 20 08:40:49.348461 np0000003326 devstack@neutron-api.service[90021]: DEBUG ovsdbapp.backend.ovs_idl [None req-3be2db7a-805d-472a-8ec7-71314e750711 None None] Created schema index Chassis_Template_Var.chassis {{(pid=90021) autocreate_indices /opt/stack/data/venv/lib/python3.12/site-packages/ovsdbapp/backend/ovs_idl/__init__.py:106}}
Jun 20 08:40:49.348566 np0000003326 devstack@neutron-api.service[90021]: DEBUG ovsdbapp.backend.ovs_idl [None req-3be2db7a-805d-472a-8ec7-71314e750711 None None] Created schema index Logical_Router_Port.name {{(pid=90021) autocreate_indices /opt/stack/data/venv/lib/python3.12/site-packages/ovsdbapp/backend/ovs_idl/__init__.py:106}}
Jun 20 08:40:49.348596 np0000003326 devstack@neutron-api.service[90021]: DEBUG ovsdbapp.backend.ovs_idl [None req-3be2db7a-805d-472a-8ec7-71314e750711 None None] Created schema index Port_Group.name {{(pid=90021) autocreate_indices /opt/stack/data/venv/lib/python3.12/site-packages/ovsdbapp/backend/ovs_idl/__init__.py:106}}
Jun 20 08:40:49.348713 np0000003326 devstack@neutron-api.service[90021]: DEBUG ovsdbapp.backend.ovs_idl [None req-3be2db7a-805d-472a-8ec7-71314e750711 None None] Created schema index Logical_Switch_Port.name {{(pid=90021) autocreate_indices /opt/stack/data/venv/lib/python3.12/site-packages/ovsdbapp/backend/ovs_idl/__init__.py:106}}
Jun 20 08:40:49.349131 np0000003326 devstack@neutron-api.service[90019]: INFO neutron.plugins.ml2.drivers.ovn.mech_driver.mech_driver [None req-322306d2-2529-4e97-abed-090cbf22a921 None None] Hash Ring probing thread for node 6297bd001be75903907fd3644f13cbe2 has started
Jun 20 08:40:49.349987 np0000003326 devstack@neutron-api.service[90019]: INFO neutron.plugins.ml2.drivers.ovn.mech_driver.ovsdb.impl_idl_ovn [None req-322306d2-2529-4e97-abed-090cbf22a921 None None] Getting OvsdbNbOvnIdl for WorkerService with retry
Jun 20 08:40:49.358272 np0000003326 devstack@neutron-api.service[90021]: INFO ovsdbapp.backend.ovs_idl.vlog [None req-3be2db7a-805d-472a-8ec7-71314e750711 None None] ssl:10.4.3.55:6641: connecting...
Jun 20 08:40:49.370039 np0000003326 devstack@neutron-api.service[90021]: INFO ovsdbapp.backend.ovs_idl.vlog [None req-3be2db7a-805d-472a-8ec7-71314e750711 None None] ssl:10.4.3.55:6641: connected
Jun 20 08:40:49.408341 np0000003326 devstack@neutron-api.service[90021]: DEBUG neutron.common.ovn.hash_ring_manager [None req-3be2db7a-805d-472a-8ec7-71314e750711 None None] Allow caching, nodes 3>=3 {{(pid=90021) _wait_startup_before_caching /opt/stack/neutron/neutron/common/ovn/hash_ring_manager.py:71}}
Jun 20 08:40:49.415366 np0000003326 devstack@neutron-api.service[90019]: DEBUG ovsdbapp.backend.ovs_idl [None req-322306d2-2529-4e97-abed-090cbf22a921 None None] Created lookup_table index Logical_Switch.name {{(pid=90019) autocreate_indices /opt/stack/data/venv/lib/python3.12/site-packages/ovsdbapp/backend/ovs_idl/__init__.py:87}}
Jun 20 08:40:49.415436 np0000003326 devstack@neutron-api.service[90019]: DEBUG ovsdbapp.backend.ovs_idl [None req-322306d2-2529-4e97-abed-090cbf22a921 None None] Created lookup_table index Logical_Router.name {{(pid=90019) autocreate_indices /opt/stack/data/venv/lib/python3.12/site-packages/ovsdbapp/backend/ovs_idl/__init__.py:87}}
Jun 20 08:40:49.416164 np0000003326 devstack@neutron-api.service[90019]: DEBUG ovsdbapp.backend.ovs_idl [None req-322306d2-2529-4e97-abed-090cbf22a921 None None] Created lookup_table index Load_Balancer.name {{(pid=90019) autocreate_indices /opt/stack/data/venv/lib/python3.12/site-packages/ovsdbapp/backend/ovs_idl/__init__.py:87}}
Jun 20 08:40:49.416164 np0000003326 devstack@neutron-api.service[90019]: DEBUG ovsdbapp.backend.ovs_idl [None req-322306d2-2529-4e97-abed-090cbf22a921 None None] Created schema index Copp.name {{(pid=90019) autocreate_indices /opt/stack/data/venv/lib/python3.12/site-packages/ovsdbapp/backend/ovs_idl/__init__.py:106}}
Jun 20 08:40:49.416164 np0000003326 devstack@neutron-api.service[90019]: DEBUG ovsdbapp.backend.ovs_idl [None req-322306d2-2529-4e97-abed-090cbf22a921 None None] Created schema index Meter.name {{(pid=90019) autocreate_indices /opt/stack/data/venv/lib/python3.12/site-packages/ovsdbapp/backend/ovs_idl/__init__.py:106}}
Jun 20 08:40:49.416164 np0000003326 devstack@neutron-api.service[90019]: DEBUG ovsdbapp.backend.ovs_idl [None req-322306d2-2529-4e97-abed-090cbf22a921 None None] Created schema index Load_Balancer_Group.name {{(pid=90019) autocreate_indices /opt/stack/data/venv/lib/python3.12/site-packages/ovsdbapp/backend/ovs_idl/__init__.py:106}}
Jun 20 08:40:49.416164 np0000003326 devstack@neutron-api.service[90019]: DEBUG ovsdbapp.backend.ovs_idl [None req-322306d2-2529-4e97-abed-090cbf22a921 None None] Created schema index HA_Chassis_Group.name {{(pid=90019) autocreate_indices /opt/stack/data/venv/lib/python3.12/site-packages/ovsdbapp/backend/ovs_idl/__init__.py:106}}
Jun 20 08:40:49.416164 np0000003326 devstack@neutron-api.service[90019]: DEBUG ovsdbapp.backend.ovs_idl [None req-322306d2-2529-4e97-abed-090cbf22a921 None None] Created schema index Address_Set.name {{(pid=90019) autocreate_indices /opt/stack/data/venv/lib/python3.12/site-packages/ovsdbapp/backend/ovs_idl/__init__.py:106}}
Jun 20 08:40:49.416667 np0000003326 devstack@neutron-api.service[90019]: DEBUG ovsdbapp.backend.ovs_idl [None req-322306d2-2529-4e97-abed-090cbf22a921 None None] Created schema index Connection.target {{(pid=90019) autocreate_indices /opt/stack/data/venv/lib/python3.12/site-packages/ovsdbapp/backend/ovs_idl/__init__.py:106}}
Jun 20 08:40:49.416725 np0000003326 devstack@neutron-api.service[90021]: DEBUG neutron.common.ovn.hash_ring_manager [None req-3be2db7a-805d-472a-8ec7-71314e750711 None None] Hash Ring loaded. 3 active nodes. 0 offline nodes {{(pid=90021) _load_hash_ring /opt/stack/neutron/neutron/common/ovn/hash_ring_manager.py:110}}
Jun 20 08:40:49.416772 np0000003326 devstack@neutron-api.service[90019]: DEBUG ovsdbapp.backend.ovs_idl [None req-322306d2-2529-4e97-abed-090cbf22a921 None None] Created schema index Gateway_Chassis.name {{(pid=90019) autocreate_indices /opt/stack/data/venv/lib/python3.12/site-packages/ovsdbapp/backend/ovs_idl/__init__.py:106}}
Jun 20 08:40:49.416772 np0000003326 devstack@neutron-api.service[90019]: DEBUG ovsdbapp.backend.ovs_idl [None req-322306d2-2529-4e97-abed-090cbf22a921 None None] Created schema index Mirror.name {{(pid=90019) autocreate_indices /opt/stack/data/venv/lib/python3.12/site-packages/ovsdbapp/backend/ovs_idl/__init__.py:106}}
Jun 20 08:40:49.416772 np0000003326 devstack@neutron-api.service[90019]: DEBUG ovsdbapp.backend.ovs_idl [None req-322306d2-2529-4e97-abed-090cbf22a921 None None] Created schema index Chassis_Template_Var.chassis {{(pid=90019) autocreate_indices /opt/stack/data/venv/lib/python3.12/site-packages/ovsdbapp/backend/ovs_idl/__init__.py:106}}
Jun 20 08:40:49.416896 np0000003326 devstack@neutron-api.service[90021]: DEBUG neutron.plugins.ml2.drivers.ovn.mech_driver.ovsdb.ovsdb_monitor [None req-3be2db7a-805d-472a-8ec7-71314e750711 None None] Hash Ring: Node 04022545ac165892b8cb62545cd9c57c (host: np0000003326) handling event "create" for row a3b4a592-858a-468e-b944-c3625c78ede3 (table: ACL) {{(pid=90021) notify /opt/stack/neutron/neutron/plugins/ml2/drivers/ovn/mech_driver/ovsdb/ovsdb_monitor.py:1015}}
Jun 20 08:40:49.416927 np0000003326 devstack@neutron-api.service[90019]: DEBUG ovsdbapp.backend.ovs_idl [None req-322306d2-2529-4e97-abed-090cbf22a921 None None] Created schema index Logical_Router_Port.name {{(pid=90019) autocreate_indices /opt/stack/data/venv/lib/python3.12/site-packages/ovsdbapp/backend/ovs_idl/__init__.py:106}}
Jun 20 08:40:49.416958 np0000003326 devstack@neutron-api.service[90019]: DEBUG ovsdbapp.backend.ovs_idl [None req-322306d2-2529-4e97-abed-090cbf22a921 None None] Created schema index Port_Group.name {{(pid=90019) autocreate_indices /opt/stack/data/venv/lib/python3.12/site-packages/ovsdbapp/backend/ovs_idl/__init__.py:106}}
Jun 20 08:40:49.417452 np0000003326 devstack@neutron-api.service[90021]: DEBUG neutron.plugins.ml2.drivers.ovn.mech_driver.ovsdb.ovsdb_monitor [None req-3be2db7a-805d-472a-8ec7-71314e750711 None None] Hash Ring: Node 04022545ac165892b8cb62545cd9c57c (host: np0000003326) handling event "create" for row 22d28cf8-7d6f-422e-aa78-374f238c5932 (table: NB_Global) {{(pid=90021) notify /opt/stack/neutron/neutron/plugins/ml2/drivers/ovn/mech_driver/ovsdb/ovsdb_monitor.py:1015}}
Jun 20 08:40:49.417506 np0000003326 devstack@neutron-api.service[90019]: DEBUG ovsdbapp.backend.ovs_idl [None req-322306d2-2529-4e97-abed-090cbf22a921 None None] Created schema index Logical_Switch_Port.name {{(pid=90019) autocreate_indices /opt/stack/data/venv/lib/python3.12/site-packages/ovsdbapp/backend/ovs_idl/__init__.py:106}}
Jun 20 08:40:49.417537 np0000003326 devstack@neutron-api.service[90021]: DEBUG neutron.plugins.ml2.drivers.ovn.mech_driver.ovsdb.ovsdb_monitor [None req-3be2db7a-805d-472a-8ec7-71314e750711 None None] Hash Ring: Node 04022545ac165892b8cb62545cd9c57c (host: np0000003326) handling event "create" for row f599048b-1faf-48ef-979d-fcdb7856e4c5 (table: Port_Group) {{(pid=90021) notify /opt/stack/neutron/neutron/plugins/ml2/drivers/ovn/mech_driver/ovsdb/ovsdb_monitor.py:1015}}
Jun 20 08:40:49.417537 np0000003326 devstack@neutron-api.service[90021]: DEBUG neutron.plugins.ml2.drivers.ovn.mech_driver.ovsdb.ovsdb_monitor [None req-3be2db7a-805d-472a-8ec7-71314e750711 None None] Hash Ring: Node 04022545ac165892b8cb62545cd9c57c (host: np0000003326) handling event "create" for row b8cf6682-27d1-45e5-9128-4eba2a99608f (table: SSL) {{(pid=90021) notify /opt/stack/neutron/neutron/plugins/ml2/drivers/ovn/mech_driver/ovsdb/ovsdb_monitor.py:1015}}
Jun 20 08:40:49.418835 np0000003326 devstack@neutron-api.service[90021]: INFO neutron.plugins.ml2.drivers.ovn.mech_driver.ovsdb.impl_idl_ovn [None req-3be2db7a-805d-472a-8ec7-71314e750711 None None] Getting OvsdbSbOvnIdl for WorkerService with retry
Jun 20 08:40:49.420028 np0000003326 devstack@neutron-api.service[90019]: INFO ovsdbapp.backend.ovs_idl.vlog [None req-322306d2-2529-4e97-abed-090cbf22a921 None None] ssl:10.4.3.55:6641: connecting...
Jun 20 08:40:49.431453 np0000003326 devstack@neutron-api.service[90019]: INFO ovsdbapp.backend.ovs_idl.vlog [None req-322306d2-2529-4e97-abed-090cbf22a921 None None] ssl:10.4.3.55:6641: connected
Jun 20 08:40:49.454317 np0000003326 devstack@neutron-api.service[90021]: DEBUG ovsdbapp.backend.ovs_idl [None req-3be2db7a-805d-472a-8ec7-71314e750711 None None] Created lookup_table index Chassis.name {{(pid=90021) autocreate_indices /opt/stack/data/venv/lib/python3.12/site-packages/ovsdbapp/backend/ovs_idl/__init__.py:87}}
Jun 20 08:40:49.454491 np0000003326 devstack@neutron-api.service[90021]: DEBUG ovsdbapp.backend.ovs_idl [None req-3be2db7a-805d-472a-8ec7-71314e750711 None None] Created lookup_table index Port_Binding.logical_port {{(pid=90021) autocreate_indices /opt/stack/data/venv/lib/python3.12/site-packages/ovsdbapp/backend/ovs_idl/__init__.py:87}}
Jun 20 08:40:49.454604 np0000003326 devstack@neutron-api.service[90021]: DEBUG ovsdbapp.backend.ovs_idl [None req-3be2db7a-805d-472a-8ec7-71314e750711 None None] Created schema index Chassis_Private.name {{(pid=90021) autocreate_indices /opt/stack/data/venv/lib/python3.12/site-packages/ovsdbapp/backend/ovs_idl/__init__.py:106}}
Jun 20 08:40:49.454744 np0000003326 devstack@neutron-api.service[90021]: DEBUG ovsdbapp.backend.ovs_idl [None req-3be2db7a-805d-472a-8ec7-71314e750711 None None] Created schema index Datapath_Binding.tunnel_key {{(pid=90021) autocreate_indices /opt/stack/data/venv/lib/python3.12/site-packages/ovsdbapp/backend/ovs_idl/__init__.py:106}}
Jun 20 08:40:49.457876 np0000003326 devstack@neutron-api.service[90021]: INFO ovsdbapp.backend.ovs_idl.vlog [None req-3be2db7a-805d-472a-8ec7-71314e750711 None None] ssl:10.4.3.55:6642: connecting...
Jun 20 08:40:49.464185 np0000003326 devstack@neutron-api.service[90021]: INFO ovsdbapp.backend.ovs_idl.vlog [None req-3be2db7a-805d-472a-8ec7-71314e750711 None None] ssl:10.4.3.55:6642: connected
Jun 20 08:40:49.467050 np0000003326 devstack@neutron-api.service[90019]: DEBUG neutron.common.ovn.hash_ring_manager [None req-322306d2-2529-4e97-abed-090cbf22a921 None None] Allow caching, nodes 3>=3 {{(pid=90019) _wait_startup_before_caching /opt/stack/neutron/neutron/common/ovn/hash_ring_manager.py:71}}
Jun 20 08:40:49.474266 np0000003326 devstack@neutron-api.service[90019]: DEBUG neutron.common.ovn.hash_ring_manager [None req-322306d2-2529-4e97-abed-090cbf22a921 None None] Hash Ring loaded. 3 active nodes. 0 offline nodes {{(pid=90019) _load_hash_ring /opt/stack/neutron/neutron/common/ovn/hash_ring_manager.py:110}}
Jun 20 08:40:49.474607 np0000003326 devstack@neutron-api.service[90019]: DEBUG neutron.plugins.ml2.drivers.ovn.mech_driver.ovsdb.ovsdb_monitor [None req-322306d2-2529-4e97-abed-090cbf22a921 None None] Hash Ring: Node 6297bd001be75903907fd3644f13cbe2 (host: np0000003326) handling event "create" for row 4ce32bec-4901-44dd-b53d-fa85ac2e2022 (table: ACL) {{(pid=90019) notify /opt/stack/neutron/neutron/plugins/ml2/drivers/ovn/mech_driver/ovsdb/ovsdb_monitor.py:1015}}
Jun 20 08:40:49.474897 np0000003326 devstack@neutron-api.service[90019]: DEBUG neutron.plugins.ml2.drivers.ovn.mech_driver.ovsdb.ovsdb_monitor [None req-322306d2-2529-4e97-abed-090cbf22a921 None None] Hash Ring: Node 6297bd001be75903907fd3644f13cbe2 (host: np0000003326) handling event "create" for row c50418d4-51bf-41ba-ba57-98a873af7755 (table: ACL) {{(pid=90019) notify /opt/stack/neutron/neutron/plugins/ml2/drivers/ovn/mech_driver/ovsdb/ovsdb_monitor.py:1015}}
Jun 20 08:40:49.475852 np0000003326 devstack@neutron-api.service[90019]: INFO neutron.plugins.ml2.drivers.ovn.mech_driver.ovsdb.impl_idl_ovn [None req-322306d2-2529-4e97-abed-090cbf22a921 None None] Getting OvsdbSbOvnIdl for WorkerService with retry
Jun 20 08:40:49.491161 np0000003326 devstack@neutron-api.service[90021]: DEBUG neutron.common.ovn.hash_ring_manager [None req-3be2db7a-805d-472a-8ec7-71314e750711 None None] Allow caching, nodes 3>=3 {{(pid=90021) _wait_startup_before_caching /opt/stack/neutron/neutron/common/ovn/hash_ring_manager.py:71}}
Jun 20 08:40:49.495135 np0000003326 devstack@neutron-api.service[90021]: DEBUG neutron.common.ovn.hash_ring_manager [None req-3be2db7a-805d-472a-8ec7-71314e750711 None None] Hash Ring loaded. 3 active nodes. 0 offline nodes {{(pid=90021) _load_hash_ring /opt/stack/neutron/neutron/common/ovn/hash_ring_manager.py:110}}
Jun 20 08:40:49.495412 np0000003326 devstack@neutron-api.service[90021]: DEBUG neutron.plugins.ml2.drivers.ovn.mech_driver.ovsdb.ovsdb_monitor [None req-3be2db7a-805d-472a-8ec7-71314e750711 None None] ChassisOVNAgentWriteEvent : Matched Chassis_Private, create, None None {{(pid=90021) matches /opt/stack/neutron/neutron/plugins/ml2/drivers/ovn/mech_driver/ovsdb/ovsdb_monitor.py:64}}
Jun 20 08:40:49.495528 np0000003326 devstack@neutron-api.service[90021]: DEBUG neutron.plugins.ml2.drivers.ovn.mech_driver.ovsdb.ovsdb_monitor [None req-3be2db7a-805d-472a-8ec7-71314e750711 None None] ChassisAgentWriteEvent : Matched Chassis_Private, create, None None {{(pid=90021) matches /opt/stack/neutron/neutron/plugins/ml2/drivers/ovn/mech_driver/ovsdb/ovsdb_monitor.py:64}}
Jun 20 08:40:49.495852 np0000003326 devstack@neutron-api.service[90021]: DEBUG neutron.plugins.ml2.drivers.ovn.mech_driver.ovsdb.ovsdb_monitor [None req-3be2db7a-805d-472a-8ec7-71314e750711 None None] Hash Ring: Node 04022545ac165892b8cb62545cd9c57c (host: np0000003326) handling event "create" for row 3940bf8c-17b9-4221-a8a5-18a88c127405 (table: Chassis_Private) {{(pid=90021) notify /opt/stack/neutron/neutron/plugins/ml2/drivers/ovn/mech_driver/ovsdb/ovsdb_monitor.py:1015}}
