Jun 30 12:35:03.329696 np0000003983 devstack@g-api.service[99578]: DEBUG glance_store.location [-] Registering scheme filesystem with {'store': , 'location_class': , 'store_entry': 'file'} {{(pid=99578) register_scheme_map /opt/stack/data/venv/lib/python3.12/site-packages/glance_store/location.py:146}}
Jun 30 12:35:03.329779 np0000003983 devstack@g-api.service[99578]: DEBUG glance_store.backend [-] Attempting to import store swift {{(pid=99578) _load_store /opt/stack/data/venv/lib/python3.12/site-packages/glance_store/backend.py:215}}
Jun 30 12:35:03.330090 np0000003983 devstack@g-api.service[99578]: WARNING oslo_config.cfg [-] Deprecated: Option "default_store" from group "glance_store" is deprecated for removal (
Jun 30 12:35:03.330090 np0000003983 devstack@g-api.service[99578]: This option is deprecated against new config option
Jun 30 12:35:03.330090 np0000003983 devstack@g-api.service[99578]: ``default_backend`` which acts similar to ``default_store`` config
Jun 30 12:35:03.330090 np0000003983 devstack@g-api.service[99578]: option.
Jun 30 12:35:03.330090 np0000003983 devstack@g-api.service[99578]: This option is scheduled for removal in the U development
Jun 30 12:35:03.330090 np0000003983 devstack@g-api.service[99578]: cycle.
Jun 30 12:35:03.330090 np0000003983 devstack@g-api.service[99578]: ). Its value may be silently ignored in the future.
Jun 30 12:35:03.331948 np0000003983 devstack@g-api.service[99578]: DEBUG glance_store.capabilities [-] Store glance_store._drivers.swift.store.SingleTenantStore doesn't support updating dynamic storage capabilities. Please overwrite 'update_capabilities' method of the store to implement updating logics if needed. {{(pid=99578) update_capabilities /opt/stack/data/venv/lib/python3.12/site-packages/glance_store/capabilities.py:91}}
Jun 30 12:35:03.332050 np0000003983 devstack@g-api.service[99578]: DEBUG glance_store.backend [-] Registering store swift with schemes ('swift+https', 'swift', 'swift+http', 'swift+config') {{(pid=99578) create_stores /opt/stack/data/venv/lib/python3.12/site-packages/glance_store/backend.py:261}}
Jun 30 12:35:03.332050 np0000003983 devstack@g-api.service[99578]: DEBUG glance_store.driver [-] Late loading location class glance_store._drivers.swift.store.StoreLocation {{(pid=99578) get_store_location_class /opt/stack/data/venv/lib/python3.12/site-packages/glance_store/driver.py:134}}
Jun 30 12:35:03.332137 np0000003983 devstack@g-api.service[99578]: DEBUG glance_store.location [-] Registering scheme swift+https with {'store': , 'location_class': , 'store_entry': 'swift'} {{(pid=99578) register_scheme_map /opt/stack/data/venv/lib/python3.12/site-packages/glance_store/location.py:146}}
Jun 30 12:35:03.332137 np0000003983 devstack@g-api.service[99578]: DEBUG glance_store.location [-] Registering scheme swift with {'store': , 'location_class': , 'store_entry': 'swift'} {{(pid=99578) register_scheme_map /opt/stack/data/venv/lib/python3.12/site-packages/glance_store/location.py:146}}
Jun 30 12:35:03.332212 np0000003983 devstack@g-api.service[99578]: DEBUG glance_store.location [-] Registering scheme swift+http with {'store': , 'location_class': , 'store_entry': 'swift'} {{(pid=99578) register_scheme_map /opt/stack/data/venv/lib/python3.12/site-packages/glance_store/location.py:146}}
Jun 30 12:35:03.332265 np0000003983 devstack@g-api.service[99578]: DEBUG glance_store.location [-] Registering scheme swift+config with {'store': , 'location_class': , 'store_entry': 'swift'} {{(pid=99578) register_scheme_map /opt/stack/data/venv/lib/python3.12/site-packages/glance_store/location.py:146}}
Jun 30 12:35:03.332378 np0000003983 devstack@g-api.service[99578]: DEBUG glance_store.backend [-] Attempting to import store swift {{(pid=99578) _load_store /opt/stack/data/venv/lib/python3.12/site-packages/glance_store/backend.py:215}}
Jun 30 12:35:03.333729 np0000003983 devstack@g-api.service[99578]: DEBUG glance_store.capabilities [-] Store glance_store._drivers.swift.store.SingleTenantStore doesn't support updating dynamic storage capabilities. Please overwrite 'update_capabilities' method of the store to implement updating logics if needed. {{(pid=99578) update_capabilities /opt/stack/data/venv/lib/python3.12/site-packages/glance_store/capabilities.py:91}}
Jun 30 12:35:03.333793 np0000003983 devstack@g-api.service[99578]: DEBUG glance_store.driver [-] Late loading location class glance_store._drivers.swift.store.StoreLocation {{(pid=99578) get_store_location_class /opt/stack/data/venv/lib/python3.12/site-packages/glance_store/driver.py:134}}
Jun 30 12:35:03.333858 np0000003983 devstack@g-api.service[99578]: DEBUG glance_store.location [-] Registering scheme swift+https with {'store': , 'location_class': , 'store_entry': 'swift'} {{(pid=99578) register_scheme_map /opt/stack/data/venv/lib/python3.12/site-packages/glance_store/location.py:146}}
Jun 30 12:35:03.333909 np0000003983 devstack@g-api.service[99578]: DEBUG glance_store.location [-] Registering scheme swift+https with {'store': , 'location_class': , 'store_entry': 'swift'} {{(pid=99578) register_scheme_map /opt/stack/data/venv/lib/python3.12/site-packages/glance_store/location.py:146}}
Jun 30 12:35:03.333954 np0000003983 devstack@g-api.service[99578]: DEBUG glance_store.location [-] Registering scheme swift with {'store': , 'location_class': , 'store_entry': 'swift'} {{(pid=99578) register_scheme_map /opt/stack/data/venv/lib/python3.12/site-packages/glance_store/location.py:146}}
Jun 30 12:35:03.334005 np0000003983 devstack@g-api.service[99578]: DEBUG glance_store.location [-] Registering scheme swift+https with {'store': , 'location_class': , 'store_entry': 'swift'} {{(pid=99578) register_scheme_map /opt/stack/data/venv/lib/python3.12/site-packages/glance_store/location.py:146}}
Jun 30 12:35:03.334053 np0000003983 devstack@g-api.service[99578]: DEBUG glance_store.location [-] Registering scheme swift with {'store': , 'location_class': , 'store_entry': 'swift'} {{(pid=99578) register_scheme_map /opt/stack/data/venv/lib/python3.12/site-packages/glance_store/location.py:146}}
Jun 30 12:35:03.334096 np0000003983 devstack@g-api.service[99578]: DEBUG glance_store.location [-] Registering scheme swift+http with {'store': , 'location_class': , 'store_entry': 'swift'} {{(pid=99578) register_scheme_map /opt/stack/data/venv/lib/python3.12/site-packages/glance_store/location.py:146}}
Jun 30 12:35:03.334194 np0000003983 devstack@g-api.service[99578]: DEBUG glance_store.location [-] Registering scheme swift+https with {'store': , 'location_class': , 'store_entry': 'swift'} {{(pid=99578) register_scheme_map /opt/stack/data/venv/lib/python3.12/site-packages/glance_store/location.py:146}}
Jun 30 12:35:03.334249 np0000003983 devstack@g-api.service[99578]: DEBUG glance_store.location [-] Registering scheme swift with {'store': , 'location_class': , 'store_entry': 'swift'} {{(pid=99578) register_scheme_map /opt/stack/data/venv/lib/python3.12/site-packages/glance_store/location.py:146}}
Jun 30 12:35:03.334376 np0000003983 devstack@g-api.service[99578]: DEBUG glance_store.location [-] Registering scheme swift+http with {'store': , 'location_class': , 'store_entry': 'swift'} {{(pid=99578) register_scheme_map /opt/stack/data/venv/lib/python3.12/site-packages/glance_store/location.py:146}}
Jun 30 12:35:03.334456 np0000003983 devstack@g-api.service[99578]: DEBUG glance_store.location [-] Registering scheme swift+config with {'store': , 'location_class': , 'store_entry': 'swift'} {{(pid=99578) register_scheme_map /opt/stack/data/venv/lib/python3.12/site-packages/glance_store/location.py:146}}
Jun 30 12:35:03.334871 np0000003983 devstack@g-api.service[99578]: DEBUG glance.sqlite_migration [-] SQLite caching database not located, skipping migration {{(pid=99578) get_db_path /opt/stack/glance/glance/sqlite_migration.py:68}}
Jun 30 12:35:03.335146 np0000003983 devstack@g-api.service[99578]: WARNING glance.common.wsgi_app [-] Import methods are enabled but staging directory /tmp/staging/ does not exist; Imports will fail!
Jun 30 12:35:03.475745 np0000003983 devstack@g-api.service[99576]: DEBUG glance.common.config [None req-9f579f12-8c10-4742-9f9a-030bf897f251 None None] Loading glance-api-keystone+cachemanagement from /etc/glance/glance-api-paste.ini {{(pid=99576) load_paste_app /opt/stack/glance/glance/common/config.py:759}}
Jun 30 12:35:03.494573 np0000003983 devstack@g-api.service[99577]: DEBUG glance.common.config [None req-2311b6e9-89f4-4713-b51a-3101be2ddbf8 None None] Loading glance-api-keystone+cachemanagement from /etc/glance/glance-api-paste.ini {{(pid=99577) load_paste_app /opt/stack/glance/glance/common/config.py:759}}
Jun 30 12:35:03.521308 np0000003983 devstack@g-api.service[99578]: DEBUG glance.common.config [None req-284d2945-46bb-4dbd-a7cc-1393dde90854 None None] Loading glance-api-keystone+cachemanagement from /etc/glance/glance-api-paste.ini {{(pid=99578) load_paste_app /opt/stack/glance/glance/common/config.py:759}}
Jun 30 12:35:04.147301 np0000003983 devstack@g-api.service[99577]: INFO glance.image_cache [None req-2311b6e9-89f4-4713-b51a-3101be2ddbf8 None None] Image cache loaded driver 'centralized_db'.
Jun 30 12:35:04.158316 np0000003983 devstack@g-api.service[99576]: INFO glance.image_cache [None req-9f579f12-8c10-4742-9f9a-030bf897f251 None None] Image cache loaded driver 'centralized_db'.
Jun 30 12:35:04.197633 np0000003983 devstack@g-api.service[99577]: INFO dbcounter [None req-2311b6e9-89f4-4713-b51a-3101be2ddbf8 None None] Registered counter for database glance
Jun 30 12:35:04.206072 np0000003983 devstack@g-api.service[99576]: INFO dbcounter [None req-9f579f12-8c10-4742-9f9a-030bf897f251 None None] Registered counter for database glance
Jun 30 12:35:04.222354 np0000003983 devstack@g-api.service[99578]: INFO glance.image_cache [None req-284d2945-46bb-4dbd-a7cc-1393dde90854 None None] Image cache loaded driver 'centralized_db'.
Jun 30 12:35:04.245929 np0000003983 devstack@g-api.service[99577]: DEBUG oslo_db.sqlalchemy.engines [None req-2311b6e9-89f4-4713-b51a-3101be2ddbf8 None None] MySQL server mode set to STRICT_TRANS_TABLES,STRICT_ALL_TABLES,NO_ZERO_IN_DATE,NO_ZERO_DATE,ERROR_FOR_DIVISION_BY_ZERO,TRADITIONAL,NO_ENGINE_SUBSTITUTION {{(pid=99577) _check_effective_sql_mode /opt/stack/data/venv/lib/python3.12/site-packages/oslo_db/sqlalchemy/engines.py:325}}
Jun 30 12:35:04.249377 np0000003983 devstack@g-api.service[99576]: DEBUG oslo_db.sqlalchemy.engines [None req-9f579f12-8c10-4742-9f9a-030bf897f251 None None] MySQL server mode set to STRICT_TRANS_TABLES,STRICT_ALL_TABLES,NO_ZERO_IN_DATE,NO_ZERO_DATE,ERROR_FOR_DIVISION_BY_ZERO,TRADITIONAL,NO_ENGINE_SUBSTITUTION {{(pid=99576) _check_effective_sql_mode /opt/stack/data/venv/lib/python3.12/site-packages/oslo_db/sqlalchemy/engines.py:325}}
Jun 30 12:35:04.270173 np0000003983 devstack@g-api.service[99577]: DEBUG dbcounter [-] [99577] Writer thread running {{(pid=99577) stat_writer /opt/stack/data/venv/lib/python3.12/site-packages/dbcounter.py:102}}
Jun 30 12:35:04.274136 np0000003983 devstack@g-api.service[99576]: DEBUG dbcounter [-] [99576] Writer thread running {{(pid=99576) stat_writer /opt/stack/data/venv/lib/python3.12/site-packages/dbcounter.py:102}}
Jun 30 12:35:04.278942 np0000003983 devstack@g-api.service[99578]: INFO dbcounter [None req-284d2945-46bb-4dbd-a7cc-1393dde90854 None None] Registered counter for database glance
Jun 30 12:35:04.279467 np0000003983 devstack@g-api.service[99576]: DEBUG glance.image_cache.drivers.centralized_db [None req-9f579f12-8c10-4742-9f9a-030bf897f251 None None] Node reference is already recorded, ignoring it {{(pid=99576) configure /opt/stack/glance/glance/image_cache/drivers/centralized_db.py:71}}
Jun 30 12:35:04.284441 np0000003983 devstack@g-api.service[99577]: INFO glance.image_cache [None req-2311b6e9-89f4-4713-b51a-3101be2ddbf8 None None] Image cache loaded driver 'centralized_db'.
Jun 30 12:35:04.289383 np0000003983 devstack@g-api.service[99576]: INFO glance.image_cache [None req-9f579f12-8c10-4742-9f9a-030bf897f251 None None] Image cache loaded driver 'centralized_db'.
Jun 30 12:35:04.294811 np0000003983 devstack@g-api.service[99577]: DEBUG glance.image_cache.drivers.centralized_db [None req-2311b6e9-89f4-4713-b51a-3101be2ddbf8 None None] Node reference is already recorded, ignoring it {{(pid=99577) configure /opt/stack/glance/glance/image_cache/drivers/centralized_db.py:71}}
Jun 30 12:35:04.325119 np0000003983 devstack@g-api.service[99578]: DEBUG oslo_db.sqlalchemy.engines [None req-284d2945-46bb-4dbd-a7cc-1393dde90854 None None] MySQL server mode set to STRICT_TRANS_TABLES,STRICT_ALL_TABLES,NO_ZERO_IN_DATE,NO_ZERO_DATE,ERROR_FOR_DIVISION_BY_ZERO,TRADITIONAL,NO_ENGINE_SUBSTITUTION {{(pid=99578) _check_effective_sql_mode /opt/stack/data/venv/lib/python3.12/site-packages/oslo_db/sqlalchemy/engines.py:325}}
Jun 30 12:35:04.351224 np0000003983 devstack@g-api.service[99578]: DEBUG dbcounter [-] [99578] Writer thread running {{(pid=99578) stat_writer /opt/stack/data/venv/lib/python3.12/site-packages/dbcounter.py:102}}
Jun 30 12:35:04.355883 np0000003983 devstack@g-api.service[99578]: DEBUG glance.image_cache.drivers.centralized_db [None req-284d2945-46bb-4dbd-a7cc-1393dde90854 None None] Node reference is already recorded, ignoring it {{(pid=99578) configure /opt/stack/glance/glance/image_cache/drivers/centralized_db.py:71}}
Jun 30 12:35:04.364184 np0000003983 devstack@g-api.service[99578]: INFO glance.image_cache [None req-284d2945-46bb-4dbd-a7cc-1393dde90854 None None] Image cache loaded driver 'centralized_db'.
Jun 30 12:35:04.378076 np0000003983 devstack@g-api.service[99578]: DEBUG glance.image_cache.drivers.centralized_db [None req-284d2945-46bb-4dbd-a7cc-1393dde90854 None None] Node reference is already recorded, ignoring it {{(pid=99578) configure /opt/stack/glance/glance/image_cache/drivers/centralized_db.py:71}}
Jun 30 12:35:04.403336 np0000003983 devstack@g-api.service[99577]: DEBUG glance.api.v2.cached_images [None req-2311b6e9-89f4-4713-b51a-3101be2ddbf8 None None] Started cache worker thread {{(pid=99577) __init__ /opt/stack/glance/glance/api/v2/cached_images.py:69}}
Jun 30 12:35:04.403992 np0000003983 devstack@g-api.service[99577]: INFO glance.image_cache [None req-2311b6e9-89f4-4713-b51a-3101be2ddbf8 None None] Image cache loaded driver 'centralized_db'.
Jun 30 12:35:04.412447 np0000003983 devstack@g-api.service[99577]: DEBUG glance.image_cache.drivers.centralized_db [None req-2311b6e9-89f4-4713-b51a-3101be2ddbf8 None None] Node reference is already recorded, ignoring it {{(pid=99577) configure /opt/stack/glance/glance/image_cache/drivers/centralized_db.py:71}}
Jun 30 12:35:04.414261 np0000003983 devstack@g-api.service[99576]: DEBUG glance.image_cache.drivers.centralized_db [None req-9f579f12-8c10-4742-9f9a-030bf897f251 None None] Node reference is already recorded, ignoring it {{(pid=99576) configure /opt/stack/glance/glance/image_cache/drivers/centralized_db.py:71}}
Jun 30 12:35:04.417307 np0000003983 devstack@g-api.service[99577]: INFO glance.api.middleware.cache_manage [None req-2311b6e9-89f4-4713-b51a-3101be2ddbf8 None None] Initialized image cache management middleware
Jun 30 12:35:04.417486 np0000003983 devstack@g-api.service[99577]: INFO glance.image_cache [None req-2311b6e9-89f4-4713-b51a-3101be2ddbf8 None None] Image cache loaded driver 'centralized_db'.
Jun 30 12:35:04.419506 np0000003983 devstack@g-api.service[99576]: DEBUG glance.api.v2.cached_images [None req-9f579f12-8c10-4742-9f9a-030bf897f251 None None] Started cache worker thread {{(pid=99576) __init__ /opt/stack/glance/glance/api/v2/cached_images.py:69}}
Jun 30 12:35:04.420193 np0000003983 devstack@g-api.service[99576]: INFO glance.image_cache [None req-9f579f12-8c10-4742-9f9a-030bf897f251 None None] Image cache loaded driver 'centralized_db'.
Jun 30 12:35:04.427973 np0000003983 devstack@g-api.service[99577]: DEBUG glance.image_cache.drivers.centralized_db [None req-2311b6e9-89f4-4713-b51a-3101be2ddbf8 None None] Node reference is already recorded, ignoring it {{(pid=99577) configure /opt/stack/glance/glance/image_cache/drivers/centralized_db.py:71}}
Jun 30 12:35:04.428736 np0000003983 devstack@g-api.service[99576]: DEBUG glance.image_cache.drivers.centralized_db [None req-9f579f12-8c10-4742-9f9a-030bf897f251 None None] Node reference is already recorded, ignoring it {{(pid=99576) configure /opt/stack/glance/glance/image_cache/drivers/centralized_db.py:71}}
Jun 30 12:35:04.431774 np0000003983 devstack@g-api.service[99577]: INFO glance.api.middleware.cache [None req-2311b6e9-89f4-4713-b51a-3101be2ddbf8 None None] Initialized image cache middleware
Jun 30 12:35:04.434579 np0000003983 devstack@g-api.service[99576]: INFO glance.api.middleware.cache_manage [None req-9f579f12-8c10-4742-9f9a-030bf897f251 None None] Initialized image cache management middleware
Jun 30 12:35:04.434810 np0000003983 devstack@g-api.service[99576]: INFO glance.image_cache [None req-9f579f12-8c10-4742-9f9a-030bf897f251 None None] Image cache loaded driver 'centralized_db'.
Jun 30 12:35:04.443519 np0000003983 devstack@g-api.service[99576]: DEBUG glance.image_cache.drivers.centralized_db [None req-9f579f12-8c10-4742-9f9a-030bf897f251 None None] Node reference is already recorded, ignoring it {{(pid=99576) configure /opt/stack/glance/glance/image_cache/drivers/centralized_db.py:71}}
Jun 30 12:35:04.445817 np0000003983 devstack@g-api.service[99577]: DEBUG glance.common.config [None req-2311b6e9-89f4-4713-b51a-3101be2ddbf8 None None] ******************************************************************************** {{(pid=99577) log_opt_values /opt/stack/data/venv/lib/python3.12/site-packages/oslo_config/cfg.py:3226}}
Jun 30 12:35:04.445817 np0000003983 devstack@g-api.service[99577]: DEBUG glance.common.config [None req-2311b6e9-89f4-4713-b51a-3101be2ddbf8 None None] Configuration options gathered from: {{(pid=99577) log_opt_values /opt/stack/data/venv/lib/python3.12/site-packages/oslo_config/cfg.py:3227}}
Jun 30 12:35:04.446173 np0000003983 devstack@g-api.service[99577]: DEBUG glance.common.config [None req-2311b6e9-89f4-4713-b51a-3101be2ddbf8 None None] command line args: [] {{(pid=99577) log_opt_values /opt/stack/data/venv/lib/python3.12/site-packages/oslo_config/cfg.py:3228}}
Jun 30 12:35:04.446346 np0000003983 devstack@g-api.service[99577]: DEBUG glance.common.config [None req-2311b6e9-89f4-4713-b51a-3101be2ddbf8 None None] config files: ['/etc/glance/glance-image-import.conf', '/etc/glance/glance-api.conf'] {{(pid=99577) log_opt_values /opt/stack/data/venv/lib/python3.12/site-packages/oslo_config/cfg.py:3229}}
Jun 30 12:35:04.446391 np0000003983 devstack@g-api.service[99577]: DEBUG glance.common.config [None req-2311b6e9-89f4-4713-b51a-3101be2ddbf8 None None] ================================================================================ {{(pid=99577) log_opt_values /opt/stack/data/venv/lib/python3.12/site-packages/oslo_config/cfg.py:3234}}
Jun 30 12:35:04.446506 np0000003983 devstack@g-api.service[99577]: DEBUG glance.common.config [None req-2311b6e9-89f4-4713-b51a-3101be2ddbf8 None None] allow_anonymous_access = False {{(pid=99577) log_opt_values /opt/stack/data/venv/lib/python3.12/site-packages/oslo_config/cfg.py:3242}}
Jun 30 12:35:04.446602 np0000003983 devstack@g-api.service[99577]: DEBUG glance.common.config [None req-2311b6e9-89f4-4713-b51a-3101be2ddbf8 None None] api_limit_max = 1000 {{(pid=99577) log_opt_values /opt/stack/data/venv/lib/python3.12/site-packages/oslo_config/cfg.py:3242}}
Jun 30 12:35:04.446711 np0000003983 devstack@g-api.service[99577]: DEBUG glance.common.config [None req-2311b6e9-89f4-4713-b51a-3101be2ddbf8 None None] backlog = 4096 {{(pid=99577) log_opt_values /opt/stack/data/venv/lib/python3.12/site-packages/oslo_config/cfg.py:3242}}
Jun 30 12:35:04.446843 np0000003983 devstack@g-api.service[99577]: DEBUG glance.common.config [None req-2311b6e9-89f4-4713-b51a-3101be2ddbf8 None None] bind_host = 0.0.0.0 {{(pid=99577) log_opt_values /opt/stack/data/venv/lib/python3.12/site-packages/oslo_config/cfg.py:3242}}
Jun 30 12:35:04.446968 np0000003983 devstack@g-api.service[99577]: DEBUG glance.common.config [None req-2311b6e9-89f4-4713-b51a-3101be2ddbf8 None None] bind_port = 19292 {{(pid=99577) log_opt_values /opt/stack/data/venv/lib/python3.12/site-packages/oslo_config/cfg.py:3242}}
Jun 30 12:35:04.447123 np0000003983 devstack@g-api.service[99577]: DEBUG glance.common.config [None req-2311b6e9-89f4-4713-b51a-3101be2ddbf8 None None] client_socket_timeout = 900 {{(pid=99577) log_opt_values /opt/stack/data/venv/lib/python3.12/site-packages/oslo_config/cfg.py:3242}}
Jun 30 12:35:04.447230 np0000003983 devstack@g-api.service[99577]: DEBUG glance.common.config [None req-2311b6e9-89f4-4713-b51a-3101be2ddbf8 None None] config_dir = [] {{(pid=99577) log_opt_values /opt/stack/data/venv/lib/python3.12/site-packages/oslo_config/cfg.py:3242}}
Jun 30 12:35:04.447349 np0000003983 devstack@g-api.service[99577]: DEBUG glance.common.config [None req-2311b6e9-89f4-4713-b51a-3101be2ddbf8 None None] config_file = ['/etc/glance/glance-image-import.conf', '/etc/glance/glance-api.conf'] {{(pid=99577) log_opt_values /opt/stack/data/venv/lib/python3.12/site-packages/oslo_config/cfg.py:3242}}
Jun 30 12:35:04.447512 np0000003983 devstack@g-api.service[99577]: DEBUG glance.common.config [None req-2311b6e9-89f4-4713-b51a-3101be2ddbf8 None None] config_source = [] {{(pid=99577) log_opt_values /opt/stack/data/venv/lib/python3.12/site-packages/oslo_config/cfg.py:3242}}
Jun 30 12:35:04.447563 np0000003983 devstack@g-api.service[99577]: DEBUG glance.common.config [None req-2311b6e9-89f4-4713-b51a-3101be2ddbf8 None None] control_exchange = glance {{(pid=99577) log_opt_values /opt/stack/data/venv/lib/python3.12/site-packages/oslo_config/cfg.py:3242}}
Jun 30 12:35:04.447685 np0000003983 devstack@g-api.service[99577]: DEBUG glance.common.config [None req-2311b6e9-89f4-4713-b51a-3101be2ddbf8 None None] debug = True {{(pid=99577) log_opt_values /opt/stack/data/venv/lib/python3.12/site-packages/oslo_config/cfg.py:3242}}
Jun 30 12:35:04.447875 np0000003983 devstack@g-api.service[99577]: DEBUG glance.common.config [None req-2311b6e9-89f4-4713-b51a-3101be2ddbf8 None None] default_log_levels = ['amqp=WARN', 'boto=WARN', 'sqlalchemy=WARN', 'suds=INFO', 'oslo.messaging=INFO', 'oslo_messaging=INFO', 'iso8601=WARN', 'requests.packages.urllib3.connectionpool=WARN', 'urllib3.connectionpool=WARN', 'websocket=WARN', 'requests.packages.urllib3.util.retry=WARN', 'urllib3.util.retry=WARN', 'keystonemiddleware=WARN', 'routes.middleware=WARN', 'stevedore=WARN', 'taskflow=WARN', 'keystoneauth=WARN', 'oslo.cache=INFO', 'oslo_policy=INFO', 'dogpile.core.dogpile=INFO'] {{(pid=99577) log_opt_values /opt/stack/data/venv/lib/python3.12/site-packages/oslo_config/cfg.py:3242}}
Jun 30 12:35:04.447996 np0000003983 devstack@g-api.service[99577]: DEBUG glance.common.config [None req-2311b6e9-89f4-4713-b51a-3101be2ddbf8 None None] default_publisher_id = image.localhost {{(pid=99577) log_opt_values /opt/stack/data/venv/lib/python3.12/site-packages/oslo_config/cfg.py:3242}}
Jun 30 12:35:04.448134 np0000003983 devstack@g-api.service[99577]: DEBUG glance.common.config [None req-2311b6e9-89f4-4713-b51a-3101be2ddbf8 None None] delayed_delete = False {{(pid=99577) log_opt_values /opt/stack/data/venv/lib/python3.12/site-packages/oslo_config/cfg.py:3242}}
Jun 30 12:35:04.448263 np0000003983 devstack@g-api.service[99577]: DEBUG glance.common.config [None req-2311b6e9-89f4-4713-b51a-3101be2ddbf8 None None] digest_algorithm = sha256 {{(pid=99577) log_opt_values /opt/stack/data/venv/lib/python3.12/site-packages/oslo_config/cfg.py:3242}}
Jun 30 12:35:04.448372 np0000003983 devstack@g-api.service[99577]: DEBUG glance.common.config [None req-2311b6e9-89f4-4713-b51a-3101be2ddbf8 None None] disabled_notifications = [] {{(pid=99577) log_opt_values /opt/stack/data/venv/lib/python3.12/site-packages/oslo_config/cfg.py:3242}}
Jun 30 12:35:04.448462 np0000003983 devstack@g-api.service[99577]: DEBUG glance.common.config [None req-2311b6e9-89f4-4713-b51a-3101be2ddbf8 None None] do_secure_hash = True {{(pid=99577) log_opt_values /opt/stack/data/venv/lib/python3.12/site-packages/oslo_config/cfg.py:3242}}
Jun 30 12:35:04.448553 np0000003983 devstack@g-api.service[99577]: DEBUG glance.common.config [None req-2311b6e9-89f4-4713-b51a-3101be2ddbf8 None None] enabled_backends = None {{(pid=99577) log_opt_values /opt/stack/data/venv/lib/python3.12/site-packages/oslo_config/cfg.py:3242}}
Jun 30 12:35:04.448676 np0000003983 devstack@g-api.service[99577]: DEBUG glance.common.config [None req-2311b6e9-89f4-4713-b51a-3101be2ddbf8 None None] enabled_import_methods = ['glance-direct', 'web-download', 'copy-image'] {{(pid=99577) log_opt_values /opt/stack/data/venv/lib/python3.12/site-packages/oslo_config/cfg.py:3242}}
Jun 30 12:35:04.448762 np0000003983 devstack@g-api.service[99577]: DEBUG glance.common.config [None req-2311b6e9-89f4-4713-b51a-3101be2ddbf8 None None] fatal_deprecations = False {{(pid=99577) log_opt_values /opt/stack/data/venv/lib/python3.12/site-packages/oslo_config/cfg.py:3242}}
Jun 30 12:35:04.448857 np0000003983 devstack@g-api.service[99577]: DEBUG glance.common.config [None req-2311b6e9-89f4-4713-b51a-3101be2ddbf8 None None] hashing_algorithm = sha512 {{(pid=99577) log_opt_values /opt/stack/data/venv/lib/python3.12/site-packages/oslo_config/cfg.py:3242}}
Jun 30 12:35:04.448964 np0000003983 devstack@g-api.service[99577]: DEBUG glance.common.config [None req-2311b6e9-89f4-4713-b51a-3101be2ddbf8 None None] http_keepalive = True {{(pid=99577) log_opt_values /opt/stack/data/venv/lib/python3.12/site-packages/oslo_config/cfg.py:3242}}
Jun 30 12:35:04.449057 np0000003983 devstack@g-api.service[99577]: DEBUG glance.common.config [None req-2311b6e9-89f4-4713-b51a-3101be2ddbf8 None None] http_retries = 3 {{(pid=99577) log_opt_values /opt/stack/data/venv/lib/python3.12/site-packages/oslo_config/cfg.py:3242}}
Jun 30 12:35:04.449170 np0000003983 devstack@g-api.service[99577]: DEBUG glance.common.config [None req-2311b6e9-89f4-4713-b51a-3101be2ddbf8 None None] image_cache_dir = /opt/stack/data/glance/cache/ {{(pid=99577) log_opt_values /opt/stack/data/venv/lib/python3.12/site-packages/oslo_config/cfg.py:3242}}
Jun 30 12:35:04.449327 np0000003983 devstack@g-api.service[99577]: DEBUG glance.common.config [None req-2311b6e9-89f4-4713-b51a-3101be2ddbf8 None None] image_cache_driver = centralized_db {{(pid=99577) log_opt_values /opt/stack/data/venv/lib/python3.12/site-packages/oslo_config/cfg.py:3242}}
Jun 30 12:35:04.449389 np0000003983 devstack@g-api.service[99577]: DEBUG glance.common.config [None req-2311b6e9-89f4-4713-b51a-3101be2ddbf8 None None] image_cache_max_size = 10737418240 {{(pid=99577) log_opt_values /opt/stack/data/venv/lib/python3.12/site-packages/oslo_config/cfg.py:3242}}
Jun 30 12:35:04.449506 np0000003983 devstack@g-api.service[99577]: DEBUG glance.common.config [None req-2311b6e9-89f4-4713-b51a-3101be2ddbf8 None None] image_cache_sqlite_db = cache.db {{(pid=99577) log_opt_values /opt/stack/data/venv/lib/python3.12/site-packages/oslo_config/cfg.py:3242}}
Jun 30 12:35:04.449589 np0000003983 devstack@g-api.service[99577]: DEBUG glance.common.config [None req-2311b6e9-89f4-4713-b51a-3101be2ddbf8 None None] image_cache_stall_time = 86400 {{(pid=99577) log_opt_values /opt/stack/data/venv/lib/python3.12/site-packages/oslo_config/cfg.py:3242}}
Jun 30 12:35:04.449694 np0000003983 devstack@g-api.service[99577]: DEBUG glance.common.config [None req-2311b6e9-89f4-4713-b51a-3101be2ddbf8 None None] image_location_quota = 10 {{(pid=99577) log_opt_values /opt/stack/data/venv/lib/python3.12/site-packages/oslo_config/cfg.py:3242}}
Jun 30 12:35:04.449822 np0000003983 devstack@g-api.service[99576]: INFO glance.api.middleware.cache [None req-9f579f12-8c10-4742-9f9a-030bf897f251 None None] Initialized image cache middleware
Jun 30 12:35:04.449878 np0000003983 devstack@g-api.service[99577]: DEBUG glance.common.config [None req-2311b6e9-89f4-4713-b51a-3101be2ddbf8 None None] image_member_quota = 128 {{(pid=99577) log_opt_values /opt/stack/data/venv/lib/python3.12/site-packages/oslo_config/cfg.py:3242}}
Jun 30 12:35:04.449922 np0000003983 devstack@g-api.service[99577]: DEBUG glance.common.config [None req-2311b6e9-89f4-4713-b51a-3101be2ddbf8 None None] image_property_quota = 128 {{(pid=99577) log_opt_values /opt/stack/data/venv/lib/python3.12/site-packages/oslo_config/cfg.py:3242}}
Jun 30 12:35:04.450079 np0000003983 devstack@g-api.service[99577]: DEBUG glance.common.config [None req-2311b6e9-89f4-4713-b51a-3101be2ddbf8 None None] image_size_cap = 1099511627776 {{(pid=99577) log_opt_values /opt/stack/data/venv/lib/python3.12/site-packages/oslo_config/cfg.py:3242}}
Jun 30 12:35:04.450219 np0000003983 devstack@g-api.service[99577]: DEBUG glance.common.config [None req-2311b6e9-89f4-4713-b51a-3101be2ddbf8 None None] image_tag_quota = 128 {{(pid=99577) log_opt_values /opt/stack/data/venv/lib/python3.12/site-packages/oslo_config/cfg.py:3242}}
Jun 30 12:35:04.450347 np0000003983 devstack@g-api.service[99577]: DEBUG glance.common.config [None req-2311b6e9-89f4-4713-b51a-3101be2ddbf8 None None] instance_format = [instance: %(uuid)s] {{(pid=99577) log_opt_values /opt/stack/data/venv/lib/python3.12/site-packages/oslo_config/cfg.py:3242}}
Jun 30 12:35:04.450436 np0000003983 devstack@g-api.service[99577]: DEBUG glance.common.config [None req-2311b6e9-89f4-4713-b51a-3101be2ddbf8 None None] instance_uuid_format = [instance: %(uuid)s] {{(pid=99577) log_opt_values /opt/stack/data/venv/lib/python3.12/site-packages/oslo_config/cfg.py:3242}}
Jun 30 12:35:04.450524 np0000003983 devstack@g-api.service[99577]: DEBUG glance.common.config [None req-2311b6e9-89f4-4713-b51a-3101be2ddbf8 None None] limit_param_default = 25 {{(pid=99577) log_opt_values /opt/stack/data/venv/lib/python3.12/site-packages/oslo_config/cfg.py:3242}}
Jun 30 12:35:04.450679 np0000003983 devstack@g-api.service[99577]: DEBUG glance.common.config [None req-2311b6e9-89f4-4713-b51a-3101be2ddbf8 None None] log_color = False {{(pid=99577) log_opt_values /opt/stack/data/venv/lib/python3.12/site-packages/oslo_config/cfg.py:3242}}
Jun 30 12:35:04.450777 np0000003983 devstack@g-api.service[99577]: DEBUG glance.common.config [None req-2311b6e9-89f4-4713-b51a-3101be2ddbf8 None None] log_config_append = None {{(pid=99577) log_opt_values /opt/stack/data/venv/lib/python3.12/site-packages/oslo_config/cfg.py:3242}}
Jun 30 12:35:04.450873 np0000003983 devstack@g-api.service[99577]: DEBUG glance.common.config [None req-2311b6e9-89f4-4713-b51a-3101be2ddbf8 None None] log_date_format = %Y-%m-%d %H:%M:%S {{(pid=99577) log_opt_values /opt/stack/data/venv/lib/python3.12/site-packages/oslo_config/cfg.py:3242}}
Jun 30 12:35:04.451020 np0000003983 devstack@g-api.service[99577]: DEBUG glance.common.config [None req-2311b6e9-89f4-4713-b51a-3101be2ddbf8 None None] log_dir = None {{(pid=99577) log_opt_values /opt/stack/data/venv/lib/python3.12/site-packages/oslo_config/cfg.py:3242}}
Jun 30 12:35:04.451136 np0000003983 devstack@g-api.service[99577]: DEBUG glance.common.config [None req-2311b6e9-89f4-4713-b51a-3101be2ddbf8 None None] log_file = None {{(pid=99577) log_opt_values /opt/stack/data/venv/lib/python3.12/site-packages/oslo_config/cfg.py:3242}}
Jun 30 12:35:04.451255 np0000003983 devstack@g-api.service[99577]: DEBUG glance.common.config [None req-2311b6e9-89f4-4713-b51a-3101be2ddbf8 None None] log_rotate_interval = 1 {{(pid=99577) log_opt_values /opt/stack/data/venv/lib/python3.12/site-packages/oslo_config/cfg.py:3242}}
Jun 30 12:35:04.451374 np0000003983 devstack@g-api.service[99577]: DEBUG glance.common.config [None req-2311b6e9-89f4-4713-b51a-3101be2ddbf8 None None] log_rotate_interval_type = days {{(pid=99577) log_opt_values /opt/stack/data/venv/lib/python3.12/site-packages/oslo_config/cfg.py:3242}}
Jun 30 12:35:04.451471 np0000003983 devstack@g-api.service[99577]: DEBUG glance.common.config [None req-2311b6e9-89f4-4713-b51a-3101be2ddbf8 None None] log_rotation_type = none {{(pid=99577) log_opt_values /opt/stack/data/venv/lib/python3.12/site-packages/oslo_config/cfg.py:3242}}
Jun 30 12:35:04.451544 np0000003983 devstack@g-api.service[99577]: DEBUG glance.common.config [None req-2311b6e9-89f4-4713-b51a-3101be2ddbf8 None None] logging_context_format_string = %(color)s%(levelname)s %(name)s [%(global_request_id)s %(request_id)s %(project_name)s %(user_name)s%(color)s] %(instance)s%(color)s%(message)s {{(pid=99577) log_opt_values /opt/stack/data/venv/lib/python3.12/site-packages/oslo_config/cfg.py:3242}}
Jun 30 12:35:04.451631 np0000003983 devstack@g-api.service[99577]: DEBUG glance.common.config [None req-2311b6e9-89f4-4713-b51a-3101be2ddbf8 None None] logging_debug_format_suffix = {{(pid=%(process)d) %(funcName)s %(pathname)s:%(lineno)d}} {{(pid=99577) log_opt_values /opt/stack/data/venv/lib/python3.12/site-packages/oslo_config/cfg.py:3242}}
Jun 30 12:35:04.451751 np0000003983 devstack@g-api.service[99577]: DEBUG glance.common.config [None req-2311b6e9-89f4-4713-b51a-3101be2ddbf8 None None] logging_default_format_string = %(color)s%(levelname)s %(name)s [-%(color)s] %(instance)s%(color)s%(message)s {{(pid=99577) log_opt_values /opt/stack/data/venv/lib/python3.12/site-packages/oslo_config/cfg.py:3242}}
Jun 30 12:35:04.451846 np0000003983 devstack@g-api.service[99577]: DEBUG glance.common.config [None req-2311b6e9-89f4-4713-b51a-3101be2ddbf8 None None] logging_exception_prefix = ERROR %(name)s %(instance)s {{(pid=99577) log_opt_values /opt/stack/data/venv/lib/python3.12/site-packages/oslo_config/cfg.py:3242}}
Jun 30 12:35:04.451919 np0000003983 devstack@g-api.service[99577]: DEBUG glance.common.config [None req-2311b6e9-89f4-4713-b51a-3101be2ddbf8 None None] logging_user_identity_format = %(user)s %(project)s %(domain)s %(system_scope)s %(user_domain)s %(project_domain)s {{(pid=99577) log_opt_values /opt/stack/data/venv/lib/python3.12/site-packages/oslo_config/cfg.py:3242}}
Jun 30 12:35:04.452035 np0000003983 devstack@g-api.service[99577]: DEBUG glance.common.config [None req-2311b6e9-89f4-4713-b51a-3101be2ddbf8 None None] max_header_line = 16384 {{(pid=99577) log_opt_values /opt/stack/data/venv/lib/python3.12/site-packages/oslo_config/cfg.py:3242}}
Jun 30 12:35:04.452189 np0000003983 devstack@g-api.service[99577]: DEBUG glance.common.config [None req-2311b6e9-89f4-4713-b51a-3101be2ddbf8 None None] max_logfile_count = 30 {{(pid=99577) log_opt_values /opt/stack/data/venv/lib/python3.12/site-packages/oslo_config/cfg.py:3242}}
Jun 30 12:35:04.452375 np0000003983 devstack@g-api.service[99577]: DEBUG glance.common.config [None req-2311b6e9-89f4-4713-b51a-3101be2ddbf8 None None] max_logfile_size_mb = 200 {{(pid=99577) log_opt_values /opt/stack/data/venv/lib/python3.12/site-packages/oslo_config/cfg.py:3242}}
Jun 30 12:35:04.452519 np0000003983 devstack@g-api.service[99577]: DEBUG glance.common.config [None req-2311b6e9-89f4-4713-b51a-3101be2ddbf8 None None] max_request_id_length = 64 {{(pid=99577) log_opt_values /opt/stack/data/venv/lib/python3.12/site-packages/oslo_config/cfg.py:3242}}
Jun 30 12:35:04.452667 np0000003983 devstack@g-api.service[99577]: DEBUG glance.common.config [None req-2311b6e9-89f4-4713-b51a-3101be2ddbf8 None None] metadata_encryption_key = **** {{(pid=99577) log_opt_values /opt/stack/data/venv/lib/python3.12/site-packages/oslo_config/cfg.py:3242}}
Jun 30 12:35:04.452814 np0000003983 devstack@g-api.service[99577]: DEBUG glance.common.config [None req-2311b6e9-89f4-4713-b51a-3101be2ddbf8 None None] node_staging_uri = file:///tmp/staging/ {{(pid=99577) log_opt_values /opt/stack/data/venv/lib/python3.12/site-packages/oslo_config/cfg.py:3242}}
Jun 30 12:35:04.452939 np0000003983 devstack@g-api.service[99577]: DEBUG glance.common.config [None req-2311b6e9-89f4-4713-b51a-3101be2ddbf8 None None] property_protection_file = None {{(pid=99577) log_opt_values /opt/stack/data/venv/lib/python3.12/site-packages/oslo_config/cfg.py:3242}}
Jun 30 12:35:04.453081 np0000003983 devstack@g-api.service[99577]: DEBUG glance.common.config [None req-2311b6e9-89f4-4713-b51a-3101be2ddbf8 None None] property_protection_rule_format = roles {{(pid=99577) log_opt_values /opt/stack/data/venv/lib/python3.12/site-packages/oslo_config/cfg.py:3242}}
Jun 30 12:35:04.453243 np0000003983 devstack@g-api.service[99577]: DEBUG glance.common.config [None req-2311b6e9-89f4-4713-b51a-3101be2ddbf8 None None] public_endpoint = https://10.4.3.219/image {{(pid=99577) log_opt_values /opt/stack/data/venv/lib/python3.12/site-packages/oslo_config/cfg.py:3242}}
Jun 30 12:35:04.453382 np0000003983 devstack@g-api.service[99577]: DEBUG glance.common.config [None req-2311b6e9-89f4-4713-b51a-3101be2ddbf8 None None] publish_errors = False {{(pid=99577) log_opt_values /opt/stack/data/venv/lib/python3.12/site-packages/oslo_config/cfg.py:3242}}
Jun 30 12:35:04.453475 np0000003983 devstack@g-api.service[99577]: DEBUG glance.common.config [None req-2311b6e9-89f4-4713-b51a-3101be2ddbf8 None None] pydev_worker_debug_host = None {{(pid=99577) log_opt_values /opt/stack/data/venv/lib/python3.12/site-packages/oslo_config/cfg.py:3242}}
Jun 30 12:35:04.453570 np0000003983 devstack@g-api.service[99577]: DEBUG glance.common.config [None req-2311b6e9-89f4-4713-b51a-3101be2ddbf8 None None] pydev_worker_debug_port = 5678 {{(pid=99577) log_opt_values /opt/stack/data/venv/lib/python3.12/site-packages/oslo_config/cfg.py:3242}}
Jun 30 12:35:04.453670 np0000003983 devstack@g-api.service[99577]: DEBUG glance.common.config [None req-2311b6e9-89f4-4713-b51a-3101be2ddbf8 None None] rate_limit_burst = 0 {{(pid=99577) log_opt_values /opt/stack/data/venv/lib/python3.12/site-packages/oslo_config/cfg.py:3242}}
Jun 30 12:35:04.453770 np0000003983 devstack@g-api.service[99577]: DEBUG glance.common.config [None req-2311b6e9-89f4-4713-b51a-3101be2ddbf8 None None] rate_limit_except_level = CRITICAL {{(pid=99577) log_opt_values /opt/stack/data/venv/lib/python3.12/site-packages/oslo_config/cfg.py:3242}}
Jun 30 12:35:04.453859 np0000003983 devstack@g-api.service[99577]: DEBUG glance.common.config [None req-2311b6e9-89f4-4713-b51a-3101be2ddbf8 None None] rate_limit_interval = 0 {{(pid=99577) log_opt_values /opt/stack/data/venv/lib/python3.12/site-packages/oslo_config/cfg.py:3242}}
Jun 30 12:35:04.453966 np0000003983 devstack@g-api.service[99577]: DEBUG glance.common.config [None req-2311b6e9-89f4-4713-b51a-3101be2ddbf8 None None] scrub_pool_size = 1 {{(pid=99577) log_opt_values /opt/stack/data/venv/lib/python3.12/site-packages/oslo_config/cfg.py:3242}}
Jun 30 12:35:04.454110 np0000003983 devstack@g-api.service[99577]: DEBUG glance.common.config [None req-2311b6e9-89f4-4713-b51a-3101be2ddbf8 None None] scrub_time = 0 {{(pid=99577) log_opt_values /opt/stack/data/venv/lib/python3.12/site-packages/oslo_config/cfg.py:3242}}
Jun 30 12:35:04.454251 np0000003983 devstack@g-api.service[99577]: DEBUG glance.common.config [None req-2311b6e9-89f4-4713-b51a-3101be2ddbf8 None None] shell_completion = None {{(pid=99577) log_opt_values /opt/stack/data/venv/lib/python3.12/site-packages/oslo_config/cfg.py:3242}}
Jun 30 12:35:04.454437 np0000003983 devstack@g-api.service[99577]: DEBUG glance.common.config [None req-2311b6e9-89f4-4713-b51a-3101be2ddbf8 None None] show_image_direct_url = False {{(pid=99577) log_opt_values /opt/stack/data/venv/lib/python3.12/site-packages/oslo_config/cfg.py:3242}}
Jun 30 12:35:04.454683 np0000003983 devstack@g-api.service[99577]: WARNING oslo_config.cfg [None req-2311b6e9-89f4-4713-b51a-3101be2ddbf8 None None] Deprecated: Option "show_multiple_locations" from group "DEFAULT" is deprecated for removal (Use of this option, deprecated since Newton, is a security risk and will be removed once we figure out a way to satisfy those use cases that currently require it. An earlier announcement that the same functionality can be achieved with greater granularity by using policies is incorrect. You cannot work around this option via policy configuration at the present time, though that is the direction we believe the fix will take. Please keep an eye on the Glance release notes to stay up to date on progress in addressing this issue.). Its value may be silently ignored in the future.
Jun 30 12:35:04.454848 np0000003983 devstack@g-api.service[99577]: DEBUG glance.common.config [None req-2311b6e9-89f4-4713-b51a-3101be2ddbf8 None None] show_multiple_locations = False {{(pid=99577) log_opt_values /opt/stack/data/venv/lib/python3.12/site-packages/oslo_config/cfg.py:3242}}
Jun 30 12:35:04.454964 np0000003983 devstack@g-api.service[99577]: DEBUG glance.common.config [None req-2311b6e9-89f4-4713-b51a-3101be2ddbf8 None None] syslog_log_facility = LOG_USER {{(pid=99577) log_opt_values /opt/stack/data/venv/lib/python3.12/site-packages/oslo_config/cfg.py:3242}}
Jun 30 12:35:04.455056 np0000003983 devstack@g-api.service[99577]: DEBUG glance.common.config [None req-2311b6e9-89f4-4713-b51a-3101be2ddbf8 None None] tcp_keepidle = 600 {{(pid=99577) log_opt_values /opt/stack/data/venv/lib/python3.12/site-packages/oslo_config/cfg.py:3242}}
Jun 30 12:35:04.455152 np0000003983 devstack@g-api.service[99577]: DEBUG glance.common.config [None req-2311b6e9-89f4-4713-b51a-3101be2ddbf8 None None] transport_url = **** {{(pid=99577) log_opt_values /opt/stack/data/venv/lib/python3.12/site-packages/oslo_config/cfg.py:3242}}
Jun 30 12:35:04.455257 np0000003983 devstack@g-api.service[99577]: DEBUG glance.common.config [None req-2311b6e9-89f4-4713-b51a-3101be2ddbf8 None None] use_journal = False {{(pid=99577) log_opt_values /opt/stack/data/venv/lib/python3.12/site-packages/oslo_config/cfg.py:3242}}
Jun 30 12:35:04.455383 np0000003983 devstack@g-api.service[99577]: DEBUG glance.common.config [None req-2311b6e9-89f4-4713-b51a-3101be2ddbf8 None None] use_json = False {{(pid=99577) log_opt_values /opt/stack/data/venv/lib/python3.12/site-packages/oslo_config/cfg.py:3242}}
Jun 30 12:35:04.455481 np0000003983 devstack@g-api.service[99577]: DEBUG glance.common.config [None req-2311b6e9-89f4-4713-b51a-3101be2ddbf8 None None] use_keystone_limits = True {{(pid=99577) log_opt_values /opt/stack/data/venv/lib/python3.12/site-packages/oslo_config/cfg.py:3242}}
Jun 30 12:35:04.455572 np0000003983 devstack@g-api.service[99577]: DEBUG glance.common.config [None req-2311b6e9-89f4-4713-b51a-3101be2ddbf8 None None] use_stderr = False {{(pid=99577) log_opt_values /opt/stack/data/venv/lib/python3.12/site-packages/oslo_config/cfg.py:3242}}
Jun 30 12:35:04.455707 np0000003983 devstack@g-api.service[99577]: DEBUG glance.common.config [None req-2311b6e9-89f4-4713-b51a-3101be2ddbf8 None None] use_syslog = False {{(pid=99577) log_opt_values /opt/stack/data/venv/lib/python3.12/site-packages/oslo_config/cfg.py:3242}}
Jun 30 12:35:04.455831 np0000003983 devstack@g-api.service[99577]: DEBUG glance.common.config [None req-2311b6e9-89f4-4713-b51a-3101be2ddbf8 None None] user_storage_quota = 0 {{(pid=99577) log_opt_values /opt/stack/data/venv/lib/python3.12/site-packages/oslo_config/cfg.py:3242}}
Jun 30 12:35:04.455976 np0000003983 devstack@g-api.service[99577]: DEBUG glance.common.config [None req-2311b6e9-89f4-4713-b51a-3101be2ddbf8 None None] worker_self_reference_url = http://127.0.0.1:60999 {{(pid=99577) log_opt_values /opt/stack/data/venv/lib/python3.12/site-packages/oslo_config/cfg.py:3242}}
Jun 30 12:35:04.456111 np0000003983 devstack@g-api.service[99577]: DEBUG glance.common.config [None req-2311b6e9-89f4-4713-b51a-3101be2ddbf8 None None] workers = None {{(pid=99577) log_opt_values /opt/stack/data/venv/lib/python3.12/site-packages/oslo_config/cfg.py:3242}}
Jun 30 12:35:04.456268 np0000003983 devstack@g-api.service[99577]: DEBUG glance.common.config [None req-2311b6e9-89f4-4713-b51a-3101be2ddbf8 None None] oslo_concurrency.disable_process_locking = False {{(pid=99577) log_opt_values /opt/stack/data/venv/lib/python3.12/site-packages/oslo_config/cfg.py:3253}}
Jun 30 12:35:04.456428 np0000003983 devstack@g-api.service[99577]: DEBUG glance.common.config [None req-2311b6e9-89f4-4713-b51a-3101be2ddbf8 None None] oslo_concurrency.lock_path = /opt/stack/data/glance/locks {{(pid=99577) log_opt_values /opt/stack/data/venv/lib/python3.12/site-packages/oslo_config/cfg.py:3253}}
Jun 30 12:35:04.456562 np0000003983 devstack@g-api.service[99577]: DEBUG glance.common.config [None req-2311b6e9-89f4-4713-b51a-3101be2ddbf8 None None] oslo_middleware.enable_proxy_headers_parsing = False {{(pid=99577) log_opt_values /opt/stack/data/venv/lib/python3.12/site-packages/oslo_config/cfg.py:3253}}
Jun 30 12:35:04.456711 np0000003983 devstack@g-api.service[99577]: DEBUG glance.common.config [None req-2311b6e9-89f4-4713-b51a-3101be2ddbf8 None None] oslo_middleware.http_basic_auth_user_file = /etc/htpasswd {{(pid=99577) log_opt_values /opt/stack/data/venv/lib/python3.12/site-packages/oslo_config/cfg.py:3253}}
Jun 30 12:35:04.456848 np0000003983 devstack@g-api.service[99577]: DEBUG glance.common.config [None req-2311b6e9-89f4-4713-b51a-3101be2ddbf8 None None] paste_deploy.config_file = None {{(pid=99577) log_opt_values /opt/stack/data/venv/lib/python3.12/site-packages/oslo_config/cfg.py:3253}}
Jun 30 12:35:04.456996 np0000003983 devstack@g-api.service[99577]: DEBUG glance.common.config [None req-2311b6e9-89f4-4713-b51a-3101be2ddbf8 None None] paste_deploy.flavor = keystone+cachemanagement {{(pid=99577) log_opt_values /opt/stack/data/venv/lib/python3.12/site-packages/oslo_config/cfg.py:3253}}
Jun 30 12:35:04.457138 np0000003983 devstack@g-api.service[99577]: DEBUG glance.common.config [None req-2311b6e9-89f4-4713-b51a-3101be2ddbf8 None None] image_format.container_formats = ['ami', 'ari', 'aki', 'bare', 'ovf', 'ova', 'docker', 'compressed'] {{(pid=99577) log_opt_values /opt/stack/data/venv/lib/python3.12/site-packages/oslo_config/cfg.py:3253}}
Jun 30 12:35:04.457310 np0000003983 devstack@g-api.service[99577]: DEBUG glance.common.config [None req-2311b6e9-89f4-4713-b51a-3101be2ddbf8 None None] image_format.disk_formats = ['ami', 'ari', 'aki', 'vhd', 'vhdx', 'vmdk', 'raw', 'qcow2', 'vdi', 'iso', 'ploop'] {{(pid=99577) log_opt_values /opt/stack/data/venv/lib/python3.12/site-packages/oslo_config/cfg.py:3253}}
Jun 30 12:35:04.457432 np0000003983 devstack@g-api.service[99577]: DEBUG glance.common.config [None req-2311b6e9-89f4-4713-b51a-3101be2ddbf8 None None] image_format.gpt_safety_checks_nonfatal = [] {{(pid=99577) log_opt_values /opt/stack/data/venv/lib/python3.12/site-packages/oslo_config/cfg.py:3253}}
Jun 30 12:35:04.457528 np0000003983 devstack@g-api.service[99577]: DEBUG glance.common.config [None req-2311b6e9-89f4-4713-b51a-3101be2ddbf8 None None] image_format.require_image_format_match = True {{(pid=99577) log_opt_values /opt/stack/data/venv/lib/python3.12/site-packages/oslo_config/cfg.py:3253}}
Jun 30 12:35:04.457633 np0000003983 devstack@g-api.service[99577]: DEBUG glance.common.config [None req-2311b6e9-89f4-4713-b51a-3101be2ddbf8 None None] image_format.vmdk_allowed_types = ['streamOptimized', 'monolithicSparse'] {{(pid=99577) log_opt_values /opt/stack/data/venv/lib/python3.12/site-packages/oslo_config/cfg.py:3253}}
Jun 30 12:35:04.457755 np0000003983 devstack@g-api.service[99577]: DEBUG glance.common.config [None req-2311b6e9-89f4-4713-b51a-3101be2ddbf8 None None] task.task_executor = taskflow {{(pid=99577) log_opt_values /opt/stack/data/venv/lib/python3.12/site-packages/oslo_config/cfg.py:3253}}
Jun 30 12:35:04.457848 np0000003983 devstack@g-api.service[99577]: DEBUG glance.common.config [None req-2311b6e9-89f4-4713-b51a-3101be2ddbf8 None None] task.task_time_to_live = 48 {{(pid=99577) log_opt_values /opt/stack/data/venv/lib/python3.12/site-packages/oslo_config/cfg.py:3253}}
Jun 30 12:35:04.457933 np0000003983 devstack@g-api.service[99577]: DEBUG glance.common.config [None req-2311b6e9-89f4-4713-b51a-3101be2ddbf8 None None] task.work_dir = None {{(pid=99577) log_opt_values /opt/stack/data/venv/lib/python3.12/site-packages/oslo_config/cfg.py:3253}}
Jun 30 12:35:04.458068 np0000003983 devstack@g-api.service[99577]: DEBUG glance.common.config [None req-2311b6e9-89f4-4713-b51a-3101be2ddbf8 None None] wsgi.python_interpreter = /opt/stack/data/venv/bin/python3 {{(pid=99577) log_opt_values /opt/stack/data/venv/lib/python3.12/site-packages/oslo_config/cfg.py:3253}}
Jun 30 12:35:04.458161 np0000003983 devstack@g-api.service[99577]: DEBUG glance.common.config [None req-2311b6e9-89f4-4713-b51a-3101be2ddbf8 None None] wsgi.task_pool_threads = 16 {{(pid=99577) log_opt_values /opt/stack/data/venv/lib/python3.12/site-packages/oslo_config/cfg.py:3253}}
Jun 30 12:35:04.458265 np0000003983 devstack@g-api.service[99577]: DEBUG glance.common.config [None req-2311b6e9-89f4-4713-b51a-3101be2ddbf8 None None] import_filtering_opts.allowed_hosts = [] {{(pid=99577) log_opt_values /opt/stack/data/venv/lib/python3.12/site-packages/oslo_config/cfg.py:3253}}
Jun 30 12:35:04.458393 np0000003983 devstack@g-api.service[99577]: DEBUG glance.common.config [None req-2311b6e9-89f4-4713-b51a-3101be2ddbf8 None None] import_filtering_opts.allowed_ports = [80, 443] {{(pid=99577) log_opt_values /opt/stack/data/venv/lib/python3.12/site-packages/oslo_config/cfg.py:3253}}
Jun 30 12:35:04.458501 np0000003983 devstack@g-api.service[99577]: DEBUG glance.common.config [None req-2311b6e9-89f4-4713-b51a-3101be2ddbf8 None None] import_filtering_opts.allowed_schemes = ['http', 'https'] {{(pid=99577) log_opt_values /opt/stack/data/venv/lib/python3.12/site-packages/oslo_config/cfg.py:3253}}
Jun 30 12:35:04.458595 np0000003983 devstack@g-api.service[99577]: DEBUG glance.common.config [None req-2311b6e9-89f4-4713-b51a-3101be2ddbf8 None None] import_filtering_opts.disallowed_hosts = [] {{(pid=99577) log_opt_values /opt/stack/data/venv/lib/python3.12/site-packages/oslo_config/cfg.py:3253}}
