Jun 30 12:34:38.780856 np0000003983 nova-scheduler[93333]: DEBUG cotyledon.oslo_config_glue [-] oslo_limit.auth_type = None {{(pid=93333) log_opt_values /opt/stack/data/venv/lib/python3.12/site-packages/oslo_config/cfg.py:3253}}
Jun 30 12:34:38.780856 np0000003983 nova-scheduler[93333]: DEBUG cotyledon.oslo_config_glue [-] oslo_limit.cafile = None {{(pid=93333) log_opt_values /opt/stack/data/venv/lib/python3.12/site-packages/oslo_config/cfg.py:3253}}
Jun 30 12:34:38.780856 np0000003983 nova-scheduler[93333]: DEBUG cotyledon.oslo_config_glue [-] oslo_limit.certfile = None {{(pid=93333) log_opt_values /opt/stack/data/venv/lib/python3.12/site-packages/oslo_config/cfg.py:3253}}
Jun 30 12:34:38.780856 np0000003983 nova-scheduler[93333]: DEBUG cotyledon.oslo_config_glue [-] oslo_limit.collect_timing = False {{(pid=93333) log_opt_values /opt/stack/data/venv/lib/python3.12/site-packages/oslo_config/cfg.py:3253}}
Jun 30 12:34:38.780856 np0000003983 nova-scheduler[93333]: DEBUG cotyledon.oslo_config_glue [-] oslo_limit.connect_retries = None {{(pid=93333) log_opt_values /opt/stack/data/venv/lib/python3.12/site-packages/oslo_config/cfg.py:3253}}
Jun 30 12:34:38.780856 np0000003983 nova-scheduler[93333]: DEBUG cotyledon.oslo_config_glue [-] oslo_limit.connect_retry_delay = None {{(pid=93333) log_opt_values /opt/stack/data/venv/lib/python3.12/site-packages/oslo_config/cfg.py:3253}}
Jun 30 12:34:38.780856 np0000003983 nova-scheduler[93333]: DEBUG cotyledon.oslo_config_glue [-] oslo_limit.endpoint_id = None {{(pid=93333) log_opt_values /opt/stack/data/venv/lib/python3.12/site-packages/oslo_config/cfg.py:3253}}
Jun 30 12:34:38.780856 np0000003983 nova-scheduler[93333]: DEBUG cotyledon.oslo_config_glue [-] oslo_limit.endpoint_interface = public {{(pid=93333) log_opt_values /opt/stack/data/venv/lib/python3.12/site-packages/oslo_config/cfg.py:3253}}
Jun 30 12:34:38.781117 np0000003983 nova-scheduler[93333]: DEBUG cotyledon.oslo_config_glue [-] oslo_limit.endpoint_override = None {{(pid=93333) log_opt_values /opt/stack/data/venv/lib/python3.12/site-packages/oslo_config/cfg.py:3253}}
Jun 30 12:34:38.781117 np0000003983 nova-scheduler[93333]: DEBUG cotyledon.oslo_config_glue [-] oslo_limit.endpoint_region_name = None {{(pid=93333) log_opt_values /opt/stack/data/venv/lib/python3.12/site-packages/oslo_config/cfg.py:3253}}
Jun 30 12:34:38.781117 np0000003983 nova-scheduler[93333]: DEBUG cotyledon.oslo_config_glue [-] oslo_limit.endpoint_service_name = None {{(pid=93333) log_opt_values /opt/stack/data/venv/lib/python3.12/site-packages/oslo_config/cfg.py:3253}}
Jun 30 12:34:38.781117 np0000003983 nova-scheduler[93333]: DEBUG cotyledon.oslo_config_glue [-] oslo_limit.endpoint_service_type = None {{(pid=93333) log_opt_values /opt/stack/data/venv/lib/python3.12/site-packages/oslo_config/cfg.py:3253}}
Jun 30 12:34:38.781117 np0000003983 nova-scheduler[93333]: DEBUG cotyledon.oslo_config_glue [-] oslo_limit.insecure = False {{(pid=93333) log_opt_values /opt/stack/data/venv/lib/python3.12/site-packages/oslo_config/cfg.py:3253}}
Jun 30 12:34:38.781117 np0000003983 nova-scheduler[93333]: DEBUG cotyledon.oslo_config_glue [-] oslo_limit.keyfile = None {{(pid=93333) log_opt_values /opt/stack/data/venv/lib/python3.12/site-packages/oslo_config/cfg.py:3253}}
Jun 30 12:34:38.781117 np0000003983 nova-scheduler[93333]: DEBUG cotyledon.oslo_config_glue [-] oslo_limit.max_version = None {{(pid=93333) log_opt_values /opt/stack/data/venv/lib/python3.12/site-packages/oslo_config/cfg.py:3253}}
Jun 30 12:34:38.781117 np0000003983 nova-scheduler[93333]: DEBUG cotyledon.oslo_config_glue [-] oslo_limit.min_version = None {{(pid=93333) log_opt_values /opt/stack/data/venv/lib/python3.12/site-packages/oslo_config/cfg.py:3253}}
Jun 30 12:34:38.781117 np0000003983 nova-scheduler[93333]: DEBUG cotyledon.oslo_config_glue [-] oslo_limit.region_name = None {{(pid=93333) log_opt_values /opt/stack/data/venv/lib/python3.12/site-packages/oslo_config/cfg.py:3253}}
Jun 30 12:34:38.781441 np0000003983 nova-scheduler[93333]: DEBUG cotyledon.oslo_config_glue [-] oslo_limit.retriable_status_codes = None {{(pid=93333) log_opt_values /opt/stack/data/venv/lib/python3.12/site-packages/oslo_config/cfg.py:3253}}
Jun 30 12:34:38.781441 np0000003983 nova-scheduler[93333]: DEBUG cotyledon.oslo_config_glue [-] oslo_limit.service_name = None {{(pid=93333) log_opt_values /opt/stack/data/venv/lib/python3.12/site-packages/oslo_config/cfg.py:3253}}
Jun 30 12:34:38.781441 np0000003983 nova-scheduler[93333]: DEBUG cotyledon.oslo_config_glue [-] oslo_limit.service_type = None {{(pid=93333) log_opt_values /opt/stack/data/venv/lib/python3.12/site-packages/oslo_config/cfg.py:3253}}
Jun 30 12:34:38.781441 np0000003983 nova-scheduler[93333]: DEBUG cotyledon.oslo_config_glue [-] oslo_limit.split_loggers = False {{(pid=93333) log_opt_values /opt/stack/data/venv/lib/python3.12/site-packages/oslo_config/cfg.py:3253}}
Jun 30 12:34:38.781441 np0000003983 nova-scheduler[93333]: DEBUG cotyledon.oslo_config_glue [-] oslo_limit.status_code_retries = None {{(pid=93333) log_opt_values /opt/stack/data/venv/lib/python3.12/site-packages/oslo_config/cfg.py:3253}}
Jun 30 12:34:38.781441 np0000003983 nova-scheduler[93333]: DEBUG cotyledon.oslo_config_glue [-] oslo_limit.status_code_retry_delay = None {{(pid=93333) log_opt_values /opt/stack/data/venv/lib/python3.12/site-packages/oslo_config/cfg.py:3253}}
Jun 30 12:34:38.781441 np0000003983 nova-scheduler[93333]: DEBUG cotyledon.oslo_config_glue [-] oslo_limit.timeout = None {{(pid=93333) log_opt_values /opt/stack/data/venv/lib/python3.12/site-packages/oslo_config/cfg.py:3253}}
Jun 30 12:34:38.781441 np0000003983 nova-scheduler[93333]: DEBUG cotyledon.oslo_config_glue [-] oslo_limit.valid_interfaces = None {{(pid=93333) log_opt_values /opt/stack/data/venv/lib/python3.12/site-packages/oslo_config/cfg.py:3253}}
Jun 30 12:34:38.781441 np0000003983 nova-scheduler[93333]: DEBUG cotyledon.oslo_config_glue [-] oslo_limit.version = None {{(pid=93333) log_opt_values /opt/stack/data/venv/lib/python3.12/site-packages/oslo_config/cfg.py:3253}}
Jun 30 12:34:38.781725 np0000003983 nova-scheduler[93333]: DEBUG cotyledon.oslo_config_glue [-] oslo_reports.file_event_handler = None {{(pid=93333) log_opt_values /opt/stack/data/venv/lib/python3.12/site-packages/oslo_config/cfg.py:3253}}
Jun 30 12:34:38.781725 np0000003983 nova-scheduler[93333]: DEBUG cotyledon.oslo_config_glue [-] oslo_reports.file_event_handler_interval = 1 {{(pid=93333) log_opt_values /opt/stack/data/venv/lib/python3.12/site-packages/oslo_config/cfg.py:3253}}
Jun 30 12:34:38.781725 np0000003983 nova-scheduler[93333]: DEBUG cotyledon.oslo_config_glue [-] oslo_reports.log_dir = None {{(pid=93333) log_opt_values /opt/stack/data/venv/lib/python3.12/site-packages/oslo_config/cfg.py:3253}}
Jun 30 12:34:38.781725 np0000003983 nova-scheduler[93333]: DEBUG cotyledon.oslo_config_glue [-] ******************************************************************************** {{(pid=93333) log_opt_values /opt/stack/data/venv/lib/python3.12/site-packages/oslo_config/cfg.py:3260}}
Jun 30 12:34:38.781725 np0000003983 nova-scheduler[93333]: DEBUG cotyledon._service_worker [-] Run service ServiceWrapper(1) [93333] {{(pid=93333) wait_forever /opt/stack/data/venv/lib/python3.12/site-packages/cotyledon/_service_worker.py:218}}
Jun 30 12:34:38.781725 np0000003983 nova-scheduler[93333]: INFO nova.service [-] Starting scheduler node (version 33.1.0)
Jun 30 12:34:38.781948 np0000003983 nova-scheduler[93335]: INFO dbcounter [None req-b6844e2f-5c27-45a3-a565-5cc7e4c471b5 None None] Registered counter for database nova_cell0
Jun 30 12:34:38.781978 np0000003983 nova-scheduler[93333]: INFO dbcounter [None req-fb0122fd-0336-40dc-ab53-8994d61f4910 None None] Registered counter for database nova_cell0
Jun 30 12:34:38.788233 np0000003983 nova-scheduler[93320]: DEBUG oslo_db.sqlalchemy.engines [None req-ee8fa37c-041f-4ccb-adc1-0a58e58c7fd1 None None] MySQL server mode set to STRICT_TRANS_TABLES,STRICT_ALL_TABLES,NO_ZERO_IN_DATE,NO_ZERO_DATE,ERROR_FOR_DIVISION_BY_ZERO,TRADITIONAL,NO_ENGINE_SUBSTITUTION {{(pid=93320) _check_effective_sql_mode /opt/stack/data/venv/lib/python3.12/site-packages/oslo_db/sqlalchemy/engines.py:325}}
Jun 30 12:34:38.800880 np0000003983 nova-scheduler[93320]: DEBUG dbcounter [-] [93320] Writer thread running {{(pid=93320) stat_writer /opt/stack/data/venv/lib/python3.12/site-packages/dbcounter.py:102}}
Jun 30 12:34:38.812726 np0000003983 nova-scheduler[93335]: DEBUG oslo_db.sqlalchemy.engines [None req-b6844e2f-5c27-45a3-a565-5cc7e4c471b5 None None] MySQL server mode set to STRICT_TRANS_TABLES,STRICT_ALL_TABLES,NO_ZERO_IN_DATE,NO_ZERO_DATE,ERROR_FOR_DIVISION_BY_ZERO,TRADITIONAL,NO_ENGINE_SUBSTITUTION {{(pid=93335) _check_effective_sql_mode /opt/stack/data/venv/lib/python3.12/site-packages/oslo_db/sqlalchemy/engines.py:325}}
Jun 30 12:34:38.820364 np0000003983 nova-scheduler[93333]: DEBUG oslo_db.sqlalchemy.engines [None req-fb0122fd-0336-40dc-ab53-8994d61f4910 None None] MySQL server mode set to STRICT_TRANS_TABLES,STRICT_ALL_TABLES,NO_ZERO_IN_DATE,NO_ZERO_DATE,ERROR_FOR_DIVISION_BY_ZERO,TRADITIONAL,NO_ENGINE_SUBSTITUTION {{(pid=93333) _check_effective_sql_mode /opt/stack/data/venv/lib/python3.12/site-packages/oslo_db/sqlalchemy/engines.py:325}}
Jun 30 12:34:38.822333 np0000003983 nova-scheduler[93320]: DEBUG nova.service [None req-ee8fa37c-041f-4ccb-adc1-0a58e58c7fd1 None None] Creating RPC server for service: nova-scheduler on topic: scheduler {{(pid=93320) start /opt/stack/nova/nova/service.py:196}}
Jun 30 12:34:38.825123 np0000003983 nova-scheduler[93335]: DEBUG dbcounter [-] [93335] Writer thread running {{(pid=93335) stat_writer /opt/stack/data/venv/lib/python3.12/site-packages/dbcounter.py:102}}
Jun 30 12:34:38.828955 np0000003983 nova-scheduler[93335]: DEBUG nova.service [None req-b6844e2f-5c27-45a3-a565-5cc7e4c471b5 None None] Creating RPC server for service: nova-scheduler on topic: scheduler {{(pid=93335) start /opt/stack/nova/nova/service.py:196}}
Jun 30 12:34:38.834446 np0000003983 nova-scheduler[93333]: DEBUG dbcounter [-] [93333] Writer thread running {{(pid=93333) stat_writer /opt/stack/data/venv/lib/python3.12/site-packages/dbcounter.py:102}}
Jun 30 12:34:38.838392 np0000003983 nova-scheduler[93333]: DEBUG nova.service [None req-fb0122fd-0336-40dc-ab53-8994d61f4910 None None] Creating RPC server for service: nova-scheduler on topic: scheduler {{(pid=93333) start /opt/stack/nova/nova/service.py:196}}
Jun 30 12:34:38.853919 np0000003983 nova-scheduler[93335]: DEBUG nova.service [None req-b6844e2f-5c27-45a3-a565-5cc7e4c471b5 None None] Join ServiceGroup membership for this service scheduler {{(pid=93335) start /opt/stack/nova/nova/service.py:222}}
Jun 30 12:34:38.854181 np0000003983 nova-scheduler[93335]: DEBUG nova.servicegroup.drivers.db [None req-b6844e2f-5c27-45a3-a565-5cc7e4c471b5 None None] DB_Driver: join new ServiceGroup member np0000003983 to the scheduler group, service = {{(pid=93335) join /opt/stack/nova/nova/servicegroup/drivers/db.py:44}}
Jun 30 12:34:38.855483 np0000003983 nova-scheduler[93320]: DEBUG nova.service [None req-ee8fa37c-041f-4ccb-adc1-0a58e58c7fd1 None None] Join ServiceGroup membership for this service scheduler {{(pid=93320) start /opt/stack/nova/nova/service.py:222}}
Jun 30 12:34:38.855949 np0000003983 nova-scheduler[93320]: DEBUG nova.servicegroup.drivers.db [None req-ee8fa37c-041f-4ccb-adc1-0a58e58c7fd1 None None] DB_Driver: join new ServiceGroup member np0000003983 to the scheduler group, service = {{(pid=93320) join /opt/stack/nova/nova/servicegroup/drivers/db.py:44}}
Jun 30 12:34:38.859655 np0000003983 nova-scheduler[93333]: DEBUG nova.service [None req-fb0122fd-0336-40dc-ab53-8994d61f4910 None None] Join ServiceGroup membership for this service scheduler {{(pid=93333) start /opt/stack/nova/nova/service.py:222}}
Jun 30 12:34:38.859655 np0000003983 nova-scheduler[93333]: DEBUG nova.servicegroup.drivers.db [None req-fb0122fd-0336-40dc-ab53-8994d61f4910 None None] DB_Driver: join new ServiceGroup member np0000003983 to the scheduler group, service = {{(pid=93333) join /opt/stack/nova/nova/servicegroup/drivers/db.py:44}}
Jun 30 12:34:43.872578 np0000003983 nova-scheduler[93320]: DEBUG oslo.service.backend._threading.loopingcall [-] Fixed interval looping call 'nova.servicegroup.drivers.db.DbDriver._report_state' sleeping for 119.98 seconds {{(pid=93320) _run_loop /opt/stack/data/venv/lib/python3.12/site-packages/oslo_service/backend/_threading/loopingcall.py:125}}
Jun 30 12:34:43.875624 np0000003983 nova-scheduler[93333]: DEBUG oslo.service.backend._threading.loopingcall [-] Fixed interval looping call 'nova.servicegroup.drivers.db.DbDriver._report_state' sleeping for 119.99 seconds {{(pid=93333) _run_loop /opt/stack/data/venv/lib/python3.12/site-packages/oslo_service/backend/_threading/loopingcall.py:125}}
Jun 30 12:34:43.876854 np0000003983 nova-scheduler[93335]: DEBUG oslo.service.backend._threading.loopingcall [-] Fixed interval looping call 'nova.servicegroup.drivers.db.DbDriver._report_state' sleeping for 119.98 seconds {{(pid=93335) _run_loop /opt/stack/data/venv/lib/python3.12/site-packages/oslo_service/backend/_threading/loopingcall.py:125}}
Jun 30 12:34:47.348045 np0000003983 nova-scheduler[92060]: DEBUG dbcounter [-] [92060] Writing DB stats nova_api:SELECT=3 {{(pid=92060) stat_writer /opt/stack/data/venv/lib/python3.12/site-packages/dbcounter.py:115}}
Jun 30 12:34:47.490867 np0000003983 nova-scheduler[92060]: DEBUG dbcounter [-] [92060] Writing DB stats nova_cell0:SELECT=1 {{(pid=92060) stat_writer /opt/stack/data/venv/lib/python3.12/site-packages/dbcounter.py:115}}
Jun 30 12:34:47.495167 np0000003983 nova-scheduler[92060]: DEBUG dbcounter [-] [92060] Writing DB stats nova_cell1:SELECT=1 {{(pid=92060) stat_writer /opt/stack/data/venv/lib/python3.12/site-packages/dbcounter.py:115}}
Jun 30 12:34:53.865544 np0000003983 nova-scheduler[93320]: DEBUG dbcounter [-] [93320] Writing DB stats nova_cell0:SELECT=4,nova_cell0:INSERT=1,nova_cell0:UPDATE=1 {{(pid=93320) stat_writer /opt/stack/data/venv/lib/python3.12/site-packages/dbcounter.py:115}}
Jun 30 12:34:53.871701 np0000003983 nova-scheduler[93333]: DEBUG dbcounter [-] [93333] Writing DB stats nova_cell0:SELECT=3 {{(pid=93333) stat_writer /opt/stack/data/venv/lib/python3.12/site-packages/dbcounter.py:115}}
Jun 30 12:34:53.872994 np0000003983 nova-scheduler[93335]: DEBUG dbcounter [-] [93335] Writing DB stats nova_cell0:SELECT=3 {{(pid=93335) stat_writer /opt/stack/data/venv/lib/python3.12/site-packages/dbcounter.py:115}}
Jun 30 12:35:15.856896 np0000003983 nova-scheduler[93335]: DEBUG oslo.service.backend._threading.loopingcall [None req-890c0fd5-5c8e-473b-b4e6-a16ffc62cac5 None None] Dynamic interval looping call 'nova.service.Service.periodic_tasks' sleeping for 60.00 seconds {{(pid=93335) _run_loop /opt/stack/data/venv/lib/python3.12/site-packages/oslo_service/backend/_threading/loopingcall.py:125}}
Jun 30 12:35:16.862317 np0000003983 nova-scheduler[93333]: DEBUG oslo.service.backend._threading.loopingcall [None req-79fdba58-d807-4899-8b45-79f8ec3a3ae9 None None] Dynamic interval looping call 'nova.service.Service.periodic_tasks' sleeping for 60.00 seconds {{(pid=93333) _run_loop /opt/stack/data/venv/lib/python3.12/site-packages/oslo_service/backend/_threading/loopingcall.py:125}}
Jun 30 12:35:20.858501 np0000003983 nova-scheduler[93320]: DEBUG oslo.service.backend._threading.loopingcall [None req-2fe11dac-d7ed-4b75-8bd8-ef6dceda7d7b None None] Dynamic interval looping call 'nova.service.Service.periodic_tasks' sleeping for 60.00 seconds {{(pid=93320) _run_loop /opt/stack/data/venv/lib/python3.12/site-packages/oslo_service/backend/_threading/loopingcall.py:125}}
Jun 30 12:36:15.857419 np0000003983 nova-scheduler[93335]: DEBUG oslo.service.backend._threading.loopingcall [None req-890c0fd5-5c8e-473b-b4e6-a16ffc62cac5 None None] Dynamic interval looping call 'nova.service.Service.periodic_tasks' sleeping for 60.00 seconds {{(pid=93335) _run_loop /opt/stack/data/venv/lib/python3.12/site-packages/oslo_service/backend/_threading/loopingcall.py:125}}
Jun 30 12:36:16.862399 np0000003983 nova-scheduler[93333]: DEBUG oslo.service.backend._threading.loopingcall [None req-79fdba58-d807-4899-8b45-79f8ec3a3ae9 None None] Dynamic interval looping call 'nova.service.Service.periodic_tasks' sleeping for 60.00 seconds {{(pid=93333) _run_loop /opt/stack/data/venv/lib/python3.12/site-packages/oslo_service/backend/_threading/loopingcall.py:125}}
Jun 30 12:36:20.858994 np0000003983 nova-scheduler[93320]: DEBUG oslo.service.backend._threading.loopingcall [None req-2fe11dac-d7ed-4b75-8bd8-ef6dceda7d7b None None] Dynamic interval looping call 'nova.service.Service.periodic_tasks' sleeping for 60.00 seconds {{(pid=93320) _run_loop /opt/stack/data/venv/lib/python3.12/site-packages/oslo_service/backend/_threading/loopingcall.py:125}}
Jun 30 12:36:43.862941 np0000003983 nova-scheduler[93320]: DEBUG oslo.service.backend._threading.loopingcall [-] Fixed interval looping call 'nova.servicegroup.drivers.db.DbDriver._report_state' sleeping for 119.99 seconds {{(pid=93320) _run_loop /opt/stack/data/venv/lib/python3.12/site-packages/oslo_service/backend/_threading/loopingcall.py:125}}
Jun 30 12:36:43.863540 np0000003983 nova-scheduler[93335]: DEBUG oslo.service.backend._threading.loopingcall [-] Fixed interval looping call 'nova.servicegroup.drivers.db.DbDriver._report_state' sleeping for 119.99 seconds {{(pid=93335) _run_loop /opt/stack/data/venv/lib/python3.12/site-packages/oslo_service/backend/_threading/loopingcall.py:125}}
Jun 30 12:36:43.869120 np0000003983 nova-scheduler[93333]: DEBUG oslo.service.backend._threading.loopingcall [-] Fixed interval looping call 'nova.servicegroup.drivers.db.DbDriver._report_state' sleeping for 120.00 seconds {{(pid=93333) _run_loop /opt/stack/data/venv/lib/python3.12/site-packages/oslo_service/backend/_threading/loopingcall.py:125}}
Jun 30 12:36:53.857437 np0000003983 nova-scheduler[93320]: DEBUG dbcounter [-] [93320] Writing DB stats nova_cell0:SELECT=1,nova_cell0:UPDATE=1 {{(pid=93320) stat_writer /opt/stack/data/venv/lib/python3.12/site-packages/dbcounter.py:115}}
Jun 30 12:36:53.862938 np0000003983 nova-scheduler[93335]: DEBUG dbcounter [-] [93335] Writing DB stats nova_cell0:SELECT=1,nova_cell0:UPDATE=1 {{(pid=93335) stat_writer /opt/stack/data/venv/lib/python3.12/site-packages/dbcounter.py:115}}
Jun 30 12:36:53.867629 np0000003983 nova-scheduler[93333]: DEBUG dbcounter [-] [93333] Writing DB stats nova_cell0:SELECT=1 {{(pid=93333) stat_writer /opt/stack/data/venv/lib/python3.12/site-packages/dbcounter.py:115}}
Jun 30 12:37:15.858047 np0000003983 nova-scheduler[93335]: DEBUG oslo.service.backend._threading.loopingcall [None req-890c0fd5-5c8e-473b-b4e6-a16ffc62cac5 None None] Dynamic interval looping call 'nova.service.Service.periodic_tasks' sleeping for 60.00 seconds {{(pid=93335) _run_loop /opt/stack/data/venv/lib/python3.12/site-packages/oslo_service/backend/_threading/loopingcall.py:125}}
Jun 30 12:37:16.862884 np0000003983 nova-scheduler[93333]: DEBUG oslo.service.backend._threading.loopingcall [None req-79fdba58-d807-4899-8b45-79f8ec3a3ae9 None None] Dynamic interval looping call 'nova.service.Service.periodic_tasks' sleeping for 60.00 seconds {{(pid=93333) _run_loop /opt/stack/data/venv/lib/python3.12/site-packages/oslo_service/backend/_threading/loopingcall.py:125}}
Jun 30 12:37:20.859516 np0000003983 nova-scheduler[93320]: DEBUG oslo.service.backend._threading.loopingcall [None req-2fe11dac-d7ed-4b75-8bd8-ef6dceda7d7b None None] Dynamic interval looping call 'nova.service.Service.periodic_tasks' sleeping for 60.00 seconds {{(pid=93320) _run_loop /opt/stack/data/venv/lib/python3.12/site-packages/oslo_service/backend/_threading/loopingcall.py:125}}
Jun 30 12:37:30.144135 np0000003983 nova-scheduler[93335]: DEBUG nova.scheduler.manager [None req-1a86c5dd-ebc7-4ec5-9421-d9f3bc6ed4c7 tempest-ServerActionsTestOtherA-1342024732 tempest-ServerActionsTestOtherA-1342024732-project-member] Starting to schedule for instances: ['e4305d53-8520-4070-aab9-d407b9dac6ca'] {{(pid=93335) select_destinations /opt/stack/nova/nova/scheduler/manager.py:209}}
Jun 30 12:37:30.145718 np0000003983 nova-scheduler[93335]: DEBUG nova.scheduler.request_filter [None req-1a86c5dd-ebc7-4ec5-9421-d9f3bc6ed4c7 tempest-ServerActionsTestOtherA-1342024732 tempest-ServerActionsTestOtherA-1342024732-project-member] compute_status_filter request filter added forbidden trait COMPUTE_STATUS_DISABLED {{(pid=93335) compute_status_filter /opt/stack/nova/nova/scheduler/request_filter.py:253}}
Jun 30 12:37:30.145718 np0000003983 nova-scheduler[93335]: DEBUG nova.scheduler.request_filter [None req-1a86c5dd-ebc7-4ec5-9421-d9f3bc6ed4c7 tempest-ServerActionsTestOtherA-1342024732 tempest-ServerActionsTestOtherA-1342024732-project-member] Request filter 'compute_status_filter' took 0.0 seconds {{(pid=93335) wrapper /opt/stack/nova/nova/scheduler/request_filter.py:46}}
Jun 30 12:37:30.145908 np0000003983 nova-scheduler[93335]: DEBUG nova.scheduler.request_filter [None req-1a86c5dd-ebc7-4ec5-9421-d9f3bc6ed4c7 tempest-ServerActionsTestOtherA-1342024732 tempest-ServerActionsTestOtherA-1342024732-project-member] Request filter 'accelerators_filter' took 0.0 seconds {{(pid=93335) wrapper /opt/stack/nova/nova/scheduler/request_filter.py:46}}
Jun 30 12:37:30.146160 np0000003983 nova-scheduler[93335]: DEBUG nova.scheduler.request_filter [None req-1a86c5dd-ebc7-4ec5-9421-d9f3bc6ed4c7 tempest-ServerActionsTestOtherA-1342024732 tempest-ServerActionsTestOtherA-1342024732-project-member] Request filter 'packed_virtqueue_filter' took 0.0 seconds {{(pid=93335) wrapper /opt/stack/nova/nova/scheduler/request_filter.py:46}}
Jun 30 12:37:30.147053 np0000003983 nova-scheduler[93335]: DEBUG nova.scheduler.request_filter [None req-1a86c5dd-ebc7-4ec5-9421-d9f3bc6ed4c7 tempest-ServerActionsTestOtherA-1342024732 tempest-ServerActionsTestOtherA-1342024732-project-member] Request filter 'remote_managed_ports_filter' took 0.0 seconds {{(pid=93335) wrapper /opt/stack/nova/nova/scheduler/request_filter.py:46}}
Jun 30 12:37:30.147255 np0000003983 nova-scheduler[93335]: DEBUG nova.scheduler.request_filter [None req-1a86c5dd-ebc7-4ec5-9421-d9f3bc6ed4c7 tempest-ServerActionsTestOtherA-1342024732 tempest-ServerActionsTestOtherA-1342024732-project-member] ephemeral_encryption_filter skipped {{(pid=93335) ephemeral_encryption_filter /opt/stack/nova/nova/scheduler/request_filter.py:426}}
Jun 30 12:37:30.147515 np0000003983 nova-scheduler[93335]: DEBUG nova.scheduler.request_filter [None req-1a86c5dd-ebc7-4ec5-9421-d9f3bc6ed4c7 tempest-ServerActionsTestOtherA-1342024732 tempest-ServerActionsTestOtherA-1342024732-project-member] virtio_sound_filter skipped {{(pid=93335) virtio_sound_filter /opt/stack/nova/nova/scheduler/request_filter.py:460}}
Jun 30 12:37:30.147979 np0000003983 nova-scheduler[93335]: DEBUG nova.scheduler.request_filter [None req-1a86c5dd-ebc7-4ec5-9421-d9f3bc6ed4c7 tempest-ServerActionsTestOtherA-1342024732 tempest-ServerActionsTestOtherA-1342024732-project-member] tpm_secret_security_filter skipped {{(pid=93335) tpm_secret_security_filter /opt/stack/nova/nova/scheduler/request_filter.py:477}}
Jun 30 12:37:30.999060 np0000003983 nova-scheduler[93335]: INFO nova.utils [None req-1a86c5dd-ebc7-4ec5-9421-d9f3bc6ed4c7 tempest-ServerActionsTestOtherA-1342024732 tempest-ServerActionsTestOtherA-1342024732-project-member] The cell worker thread pool ForkProcess-3.cell_worker is initialized
Jun 30 12:37:30.999060 np0000003983 nova-scheduler[93335]: DEBUG oslo_concurrency.lockutils [None req-1a86c5dd-ebc7-4ec5-9421-d9f3bc6ed4c7 tempest-ServerActionsTestOtherA-1342024732 tempest-ServerActionsTestOtherA-1342024732-project-member] Acquiring lock "6229a591-4ab4-4b6d-a164-b32ebc72f5b5" by "nova.context.set_target_cell..get_or_set_cached_cell_and_set_connections" {{(pid=93335) inner /opt/stack/data/venv/lib/python3.12/site-packages/oslo_concurrency/lockutils.py:511}}
Jun 30 12:37:30.999261 np0000003983 nova-scheduler[93335]: DEBUG oslo_concurrency.lockutils [None req-1a86c5dd-ebc7-4ec5-9421-d9f3bc6ed4c7 tempest-ServerActionsTestOtherA-1342024732 tempest-ServerActionsTestOtherA-1342024732-project-member] Lock "6229a591-4ab4-4b6d-a164-b32ebc72f5b5" acquired by "nova.context.set_target_cell..get_or_set_cached_cell_and_set_connections" :: waited 0.000s {{(pid=93335) inner /opt/stack/data/venv/lib/python3.12/site-packages/oslo_concurrency/lockutils.py:524}}
Jun 30 12:37:31.001948 np0000003983 nova-scheduler[93335]: DEBUG oslo_concurrency.lockutils [None req-1a86c5dd-ebc7-4ec5-9421-d9f3bc6ed4c7 tempest-ServerActionsTestOtherA-1342024732 tempest-ServerActionsTestOtherA-1342024732-project-member] Lock "6229a591-4ab4-4b6d-a164-b32ebc72f5b5" "released" by "nova.context.set_target_cell..get_or_set_cached_cell_and_set_connections" :: held 0.002s {{(pid=93335) inner /opt/stack/data/venv/lib/python3.12/site-packages/oslo_concurrency/lockutils.py:543}}
Jun 30 12:37:31.003277 np0000003983 nova-scheduler[93335]: INFO dbcounter [None req-1a86c5dd-ebc7-4ec5-9421-d9f3bc6ed4c7 tempest-ServerActionsTestOtherA-1342024732 tempest-ServerActionsTestOtherA-1342024732-project-member] Registered counter for database nova_cell1
Jun 30 12:37:31.052206 np0000003983 nova-scheduler[93335]: DEBUG oslo_db.sqlalchemy.engines [None req-1a86c5dd-ebc7-4ec5-9421-d9f3bc6ed4c7 tempest-ServerActionsTestOtherA-1342024732 tempest-ServerActionsTestOtherA-1342024732-project-member] MySQL server mode set to STRICT_TRANS_TABLES,STRICT_ALL_TABLES,NO_ZERO_IN_DATE,NO_ZERO_DATE,ERROR_FOR_DIVISION_BY_ZERO,TRADITIONAL,NO_ENGINE_SUBSTITUTION {{(pid=93335) _check_effective_sql_mode /opt/stack/data/venv/lib/python3.12/site-packages/oslo_db/sqlalchemy/engines.py:325}}
Jun 30 12:37:31.059445 np0000003983 nova-scheduler[93335]: DEBUG dbcounter [-] [93335] Writer thread running {{(pid=93335) stat_writer /opt/stack/data/venv/lib/python3.12/site-packages/dbcounter.py:102}}
Jun 30 12:37:31.079635 np0000003983 nova-scheduler[93335]: DEBUG oslo_db.sqlalchemy.engines [None req-1a86c5dd-ebc7-4ec5-9421-d9f3bc6ed4c7 tempest-ServerActionsTestOtherA-1342024732 tempest-ServerActionsTestOtherA-1342024732-project-member] Parent process 92060 forked (93335) with an open database connection, which is being discarded and recreated. {{(pid=93335) checkout /opt/stack/data/venv/lib/python3.12/site-packages/oslo_db/sqlalchemy/engines.py:402}}
Jun 30 12:37:31.121422 np0000003983 nova-scheduler[93335]: DEBUG dbcounter [-] [93335] Writer thread running {{(pid=93335) stat_writer /opt/stack/data/venv/lib/python3.12/site-packages/dbcounter.py:102}}
Jun 30 12:37:31.123921 np0000003983 nova-scheduler[93335]: DEBUG oslo_concurrency.lockutils [None req-1a86c5dd-ebc7-4ec5-9421-d9f3bc6ed4c7 tempest-ServerActionsTestOtherA-1342024732 tempest-ServerActionsTestOtherA-1342024732-project-member] Acquiring lock "6229a591-4ab4-4b6d-a164-b32ebc72f5b5" by "nova.context.set_target_cell..get_or_set_cached_cell_and_set_connections" {{(pid=93335) inner /opt/stack/data/venv/lib/python3.12/site-packages/oslo_concurrency/lockutils.py:511}}
Jun 30 12:37:31.124055 np0000003983 nova-scheduler[93335]: DEBUG oslo_concurrency.lockutils [None req-1a86c5dd-ebc7-4ec5-9421-d9f3bc6ed4c7 tempest-ServerActionsTestOtherA-1342024732 tempest-ServerActionsTestOtherA-1342024732-project-member] Lock "6229a591-4ab4-4b6d-a164-b32ebc72f5b5" acquired by "nova.context.set_target_cell..get_or_set_cached_cell_and_set_connections" :: waited 0.000s {{(pid=93335) inner /opt/stack/data/venv/lib/python3.12/site-packages/oslo_concurrency/lockutils.py:524}}
Jun 30 12:37:31.124055 np0000003983 nova-scheduler[93335]: DEBUG oslo_concurrency.lockutils [None req-1a86c5dd-ebc7-4ec5-9421-d9f3bc6ed4c7 tempest-ServerActionsTestOtherA-1342024732 tempest-ServerActionsTestOtherA-1342024732-project-member] Lock "6229a591-4ab4-4b6d-a164-b32ebc72f5b5" "released" by "nova.context.set_target_cell..get_or_set_cached_cell_and_set_connections" :: held 0.000s {{(pid=93335) inner /opt/stack/data/venv/lib/python3.12/site-packages/oslo_concurrency/lockutils.py:543}}
Jun 30 12:37:31.128429 np0000003983 nova-scheduler[93335]: DEBUG oslo_concurrency.lockutils [None req-1a86c5dd-ebc7-4ec5-9421-d9f3bc6ed4c7 tempest-ServerActionsTestOtherA-1342024732 tempest-ServerActionsTestOtherA-1342024732-project-member] Acquiring lock "np0000003983-np0000003983" by "nova.scheduler.host_manager.HostState.update.._locked_update" {{(pid=93335) inner /opt/stack/data/venv/lib/python3.12/site-packages/oslo_concurrency/lockutils.py:511}}
Jun 30 12:37:31.128682 np0000003983 nova-scheduler[93335]: DEBUG oslo_concurrency.lockutils [None req-1a86c5dd-ebc7-4ec5-9421-d9f3bc6ed4c7 tempest-ServerActionsTestOtherA-1342024732 tempest-ServerActionsTestOtherA-1342024732-project-member] Lock "np0000003983-np0000003983" acquired by "nova.scheduler.host_manager.HostState.update.._locked_update" :: waited 0.000s {{(pid=93335) inner /opt/stack/data/venv/lib/python3.12/site-packages/oslo_concurrency/lockutils.py:524}}
Jun 30 12:37:31.129607 np0000003983 nova-scheduler[93335]: DEBUG nova.scheduler.host_manager [None req-1a86c5dd-ebc7-4ec5-9421-d9f3bc6ed4c7 tempest-ServerActionsTestOtherA-1342024732 tempest-ServerActionsTestOtherA-1342024732-project-member] Update host state from compute node: ComputeNode(cpu_allocation_ratio=4.0,cpu_info='{"arch": "x86_64", "model": "EPYC-Milan", "vendor": "AMD", "topology": {"cells": 1, "sockets": 16, "cores": 1, "threads": 1}, "maxphysaddr": {"mode": "emulate", "bits": 40}, "features": ["smap", "xsaves", "mce", "fsgsbase", "stibp", "3dnowprefetch", "cr8legacy", "arat", "syscall", "umip", "xsaveerptr", "tsc-deadline", "xsave", "vmcb-clean", "svm", "fsrm", "npt", "pclmuldq", "movbe", "apic", "gds-no", "pge", "pcid", "vgif", "sha-ni", "avx2", "pse", "spec-ctrl", "sep", "erms", "rdpid", "wbnoinvd", "clflush", "lfence-always-serializing", "perfctr_core", "mmx", "tsc_adjust", "virt-ssbd", "msr", "fpu", "v-vmsave-vmload", "ssse3", "de", "stibp-always-on", "sse4a", "abm", "clflushopt", "vpclmulqdq", "rdtscp", "ibrs", "f16c", "pause-filter", "avx", "xsavec", "ibpb", "nrip-save", "sse", "lm", "pae", "pse36", "amd-stibp", "mmxext", "bmi1", "fma", "sse2", "tsc", "rdseed", "misalignsse", "cmov", "hypervisor", "osvw", "null-sel-clr-base", "vaes", "topoext", "rdctl-no", "mca", "mtrr", "pschange-mc-no", "pfthreshold", "xsaveopt", "adx", "aes", "no-nested-data-bp", "bmi2", "lahf_lm", "rdrand", "arch-capabilities", "amd-ssbd", "pni", "clwb", "vme", "smep", "cx16", "cmp_legacy", "fxsr", "pat", "popcnt", "x2apic", "skip-l1dfl-vmentry", "tsc-scale", "amd-psfd", "fxsr_opt", "mds-no", "sse4.1", "cx8", "invpcid", "pku", "sse4.2", "ssbd", "xgetbv1", "clzero", "lbrv", "pdpe1gb", "svme-addr-chk", "flushbyasid", "nx"]}',created_at=2026-06-30T12:35:07Z,current_workload=0,deleted=False,deleted_at=None,disk_allocation_ratio=1.0,disk_available_least=73,free_disk_gb=95,free_ram_mb=62765,host='np0000003983',host_ip=10.4.3.219,hypervisor_hostname='np0000003983',hypervisor_type='QEMU',hypervisor_version=8002002,id=1,local_gb=95,local_gb_used=0,mapped=1,memory_mb=63277,memory_mb_used=512,metrics='[]',numa_topology='{"nova_object.name": "NUMATopology", "nova_object.namespace": "nova", "nova_object.version": "1.2", "nova_object.data": {"cells": [{"nova_object.name": "NUMACell", "nova_object.namespace": "nova", "nova_object.version": "1.5", "nova_object.data": {"id": 0, "cpuset": [0, 1, 2, 3, 4, 5, 6, 7, 8, 9, 10, 11, 12, 13, 14, 15], "pcpuset": [0, 1, 2, 3, 4, 5, 6, 7, 8, 9, 10, 11, 12, 13, 14, 15], "memory": 63277, "cpu_usage": 0, "memory_usage": 0, "pinned_cpus": [], "siblings": [[6], [12], [2], [15], [5], [11], [8], [14], [4], [1], [7], [10], [0], [13], [3], [9]], "mempages": [{"nova_object.name": "NUMAPagesTopology", "nova_object.namespace": "nova", "nova_object.version": "1.1", "nova_object.data": {"size_kb": 4, "total": 16177928, "used": 0, "reserved": 0}, "nova_object.changes": ["used", "total", "size_kb", "reserved"]}, {"nova_object.name": "NUMAPagesTopology", "nova_object.namespace": "nova", "nova_object.version": "1.1", "nova_object.data": {"size_kb": 2048, "total": 41, "used": 0, "reserved": 0}, "nova_object.changes": ["used", "total", "size_kb", "reserved"]}, {"nova_object.name": "NUMAPagesTopology", "nova_object.namespace": "nova", "nova_object.version": "1.1", "nova_object.data": {"size_kb": 1048576, "total": 0, "used": 0, "reserved": 0}, "nova_object.changes": ["used", "total", "size_kb", "reserved"]}], "network_metadata": {"nova_object.name": "NetworkMetadata", "nova_object.namespace": "nova", "nova_object.version": "1.0", "nova_object.data": {"physnets": [], "tunneled": false}, "nova_object.changes": ["tunneled", "physnets"]}, "socket": null}, "nova_object.changes": ["cpuset", "memory", "cpu_usage", "memory_usage", "pcpuset", "pinned_cpus", "id", "siblings", "mempages", "socket", "network_metadata"]}]}, "nova_object.changes": ["cells"]}',pci_device_pools=PciDevicePoolList,ram_allocation_ratio=1.0,running_vms=0,service_id=2,stats={failed_builds='0',uptime=' 12:36:51 up 13 min, 2 users, load average: 1.39, 1.66, 0.93
Jun 30 12:37:31.129607 np0000003983 nova-scheduler[93335]: '},supported_hv_specs=[HVSpec,HVSpec,HVSpec,HVSpec,HVSpec,HVSpec,HVSpec,HVSpec,HVSpec,HVSpec,HVSpec,HVSpec,HVSpec,HVSpec,HVSpec,HVSpec,HVSpec,HVSpec,HVSpec,HVSpec,HVSpec,HVSpec,HVSpec,HVSpec,HVSpec],updated_at=2026-06-30T12:36:53Z,uuid=657c2464-44ca-4885-b3c4-7bc402bf9936,vcpus=16,vcpus_used=0) {{(pid=93335) _locked_update /opt/stack/nova/nova/scheduler/host_manager.py:168}}
Jun 30 12:37:31.130440 np0000003983 nova-scheduler[93335]: DEBUG nova.scheduler.host_manager [None req-1a86c5dd-ebc7-4ec5-9421-d9f3bc6ed4c7 tempest-ServerActionsTestOtherA-1342024732 tempest-ServerActionsTestOtherA-1342024732-project-member] Update host state with aggregates: [] {{(pid=93335) _locked_update /opt/stack/nova/nova/scheduler/host_manager.py:171}}
Jun 30 12:37:31.130505 np0000003983 nova-scheduler[93335]: DEBUG nova.scheduler.host_manager [None req-1a86c5dd-ebc7-4ec5-9421-d9f3bc6ed4c7 tempest-ServerActionsTestOtherA-1342024732 tempest-ServerActionsTestOtherA-1342024732-project-member] Update host state with service dict: {'id': 2, 'uuid': '970e85e0-ec00-402f-86ed-36c46ec5eeda', 'host': 'np0000003983', 'binary': 'nova-compute', 'topic': 'compute', 'report_count': 2, 'disabled': False, 'disabled_reason': None, 'last_seen_up': datetime.datetime(2026, 6, 30, 12, 37, 16, tzinfo=datetime.timezone.utc), 'forced_down': False, 'version': 72, 'created_at': datetime.datetime(2026, 6, 30, 12, 35, 5, tzinfo=datetime.timezone.utc), 'updated_at': datetime.datetime(2026, 6, 30, 12, 37, 16, tzinfo=datetime.timezone.utc), 'deleted_at': None, 'deleted': False} {{(pid=93335) _locked_update /opt/stack/nova/nova/scheduler/host_manager.py:174}}
Jun 30 12:37:31.130626 np0000003983 nova-scheduler[93335]: DEBUG nova.scheduler.host_manager [None req-1a86c5dd-ebc7-4ec5-9421-d9f3bc6ed4c7 tempest-ServerActionsTestOtherA-1342024732 tempest-ServerActionsTestOtherA-1342024732-project-member] Update host state with instances: [] {{(pid=93335) _locked_update /opt/stack/nova/nova/scheduler/host_manager.py:177}}
Jun 30 12:37:31.130799 np0000003983 nova-scheduler[93335]: DEBUG oslo_concurrency.lockutils [None req-1a86c5dd-ebc7-4ec5-9421-d9f3bc6ed4c7 tempest-ServerActionsTestOtherA-1342024732 tempest-ServerActionsTestOtherA-1342024732-project-member] Lock "np0000003983-np0000003983" "released" by "nova.scheduler.host_manager.HostState.update.._locked_update" :: held 0.002s {{(pid=93335) inner /opt/stack/data/venv/lib/python3.12/site-packages/oslo_concurrency/lockutils.py:543}}
Jun 30 12:37:31.131378 np0000003983 nova-scheduler[93335]: DEBUG nova.filters [None req-1a86c5dd-ebc7-4ec5-9421-d9f3bc6ed4c7 tempest-ServerActionsTestOtherA-1342024732 tempest-ServerActionsTestOtherA-1342024732-project-member] Starting with 1 host(s) {{(pid=93335) get_filtered_objects /opt/stack/nova/nova/filters.py:70}}
Jun 30 12:37:31.131890 np0000003983 nova-scheduler[93335]: DEBUG nova.filters [None req-1a86c5dd-ebc7-4ec5-9421-d9f3bc6ed4c7 tempest-ServerActionsTestOtherA-1342024732 tempest-ServerActionsTestOtherA-1342024732-project-member] Filter ComputeFilter returned 1 host(s) {{(pid=93335) get_filtered_objects /opt/stack/nova/nova/filters.py:102}}
Jun 30 12:37:31.132312 np0000003983 nova-scheduler[93335]: DEBUG nova.filters [None req-1a86c5dd-ebc7-4ec5-9421-d9f3bc6ed4c7 tempest-ServerActionsTestOtherA-1342024732 tempest-ServerActionsTestOtherA-1342024732-project-member] Filter ComputeCapabilitiesFilter returned 1 host(s) {{(pid=93335) get_filtered_objects /opt/stack/nova/nova/filters.py:102}}
Jun 30 12:37:31.132312 np0000003983 nova-scheduler[93335]: DEBUG nova.filters [None req-1a86c5dd-ebc7-4ec5-9421-d9f3bc6ed4c7 tempest-ServerActionsTestOtherA-1342024732 tempest-ServerActionsTestOtherA-1342024732-project-member] Filter ImagePropertiesFilter returned 1 host(s) {{(pid=93335) get_filtered_objects /opt/stack/nova/nova/filters.py:102}}
Jun 30 12:37:31.132395 np0000003983 nova-scheduler[93335]: DEBUG nova.filters [None req-1a86c5dd-ebc7-4ec5-9421-d9f3bc6ed4c7 tempest-ServerActionsTestOtherA-1342024732 tempest-ServerActionsTestOtherA-1342024732-project-member] Filter ServerGroupAntiAffinityFilter returned 1 host(s) {{(pid=93335) get_filtered_objects /opt/stack/nova/nova/filters.py:102}}
Jun 30 12:37:31.132459 np0000003983 nova-scheduler[93335]: DEBUG nova.filters [None req-1a86c5dd-ebc7-4ec5-9421-d9f3bc6ed4c7 tempest-ServerActionsTestOtherA-1342024732 tempest-ServerActionsTestOtherA-1342024732-project-member] Filter ServerGroupAffinityFilter returned 1 host(s) {{(pid=93335) get_filtered_objects /opt/stack/nova/nova/filters.py:102}}
Jun 30 12:37:31.132604 np0000003983 nova-scheduler[93335]: DEBUG nova.filters [None req-1a86c5dd-ebc7-4ec5-9421-d9f3bc6ed4c7 tempest-ServerActionsTestOtherA-1342024732 tempest-ServerActionsTestOtherA-1342024732-project-member] Filter SameHostFilter returned 1 host(s) {{(pid=93335) get_filtered_objects /opt/stack/nova/nova/filters.py:102}}
Jun 30 12:37:31.132711 np0000003983 nova-scheduler[93335]: DEBUG nova.filters [None req-1a86c5dd-ebc7-4ec5-9421-d9f3bc6ed4c7 tempest-ServerActionsTestOtherA-1342024732 tempest-ServerActionsTestOtherA-1342024732-project-member] Filter DifferentHostFilter returned 1 host(s) {{(pid=93335) get_filtered_objects /opt/stack/nova/nova/filters.py:102}}
Jun 30 12:37:31.132830 np0000003983 nova-scheduler[93335]: DEBUG nova.scheduler.manager [None req-1a86c5dd-ebc7-4ec5-9421-d9f3bc6ed4c7 tempest-ServerActionsTestOtherA-1342024732 tempest-ServerActionsTestOtherA-1342024732-project-member] Filtered [(np0000003983, np0000003983) ram: 62765MB disk: 74752MB io_ops: 0 instances: 0, allocation_candidates: 1] {{(pid=93335) _get_sorted_hosts /opt/stack/nova/nova/scheduler/manager.py:742}}
Jun 30 12:37:31.133165 np0000003983 nova-scheduler[93335]: DEBUG nova.scheduler.manager [None req-1a86c5dd-ebc7-4ec5-9421-d9f3bc6ed4c7 tempest-ServerActionsTestOtherA-1342024732 tempest-ServerActionsTestOtherA-1342024732-project-member] Weighed [WeighedHost [host: (np0000003983, np0000003983) ram: 62765MB disk: 74752MB io_ops: 0 instances: 0, allocation_candidates: 1, weight: 0.0]] {{(pid=93335) _get_sorted_hosts /opt/stack/nova/nova/scheduler/manager.py:764}}
Jun 30 12:37:31.133165 np0000003983 nova-scheduler[93335]: DEBUG nova.scheduler.utils [None req-1a86c5dd-ebc7-4ec5-9421-d9f3bc6ed4c7 tempest-ServerActionsTestOtherA-1342024732 tempest-ServerActionsTestOtherA-1342024732-project-member] Attempting to claim resources in the placement API for instance e4305d53-8520-4070-aab9-d407b9dac6ca {{(pid=93335) claim_resources /opt/stack/nova/nova/scheduler/utils.py:1345}}
Jun 30 12:37:31.381211 np0000003983 nova-scheduler[93335]: DEBUG nova.scheduler.manager [None req-1a86c5dd-ebc7-4ec5-9421-d9f3bc6ed4c7 tempest-ServerActionsTestOtherA-1342024732 tempest-ServerActionsTestOtherA-1342024732-project-member] [instance: e4305d53-8520-4070-aab9-d407b9dac6ca] Selected host: (np0000003983, np0000003983) ram: 62765MB disk: 74752MB io_ops: 0 instances: 0, allocation_candidates: 1 {{(pid=93335) _consume_selected_host /opt/stack/nova/nova/scheduler/manager.py:624}}
Jun 30 12:37:31.381211 np0000003983 nova-scheduler[93335]: DEBUG oslo_concurrency.lockutils [None req-1a86c5dd-ebc7-4ec5-9421-d9f3bc6ed4c7 tempest-ServerActionsTestOtherA-1342024732 tempest-ServerActionsTestOtherA-1342024732-project-member] Acquiring lock "np0000003983-np0000003983" by "nova.scheduler.host_manager.HostState.consume_from_request.._locked" {{(pid=93335) inner /opt/stack/data/venv/lib/python3.12/site-packages/oslo_concurrency/lockutils.py:511}}
Jun 30 12:37:31.381211 np0000003983 nova-scheduler[93335]: DEBUG oslo_concurrency.lockutils [None req-1a86c5dd-ebc7-4ec5-9421-d9f3bc6ed4c7 tempest-ServerActionsTestOtherA-1342024732 tempest-ServerActionsTestOtherA-1342024732-project-member] Lock "np0000003983-np0000003983" acquired by "nova.scheduler.host_manager.HostState.consume_from_request.._locked" :: waited 0.000s {{(pid=93335) inner /opt/stack/data/venv/lib/python3.12/site-packages/oslo_concurrency/lockutils.py:524}}
Jun 30 12:37:31.381211 np0000003983 nova-scheduler[93335]: DEBUG oslo_concurrency.lockutils [None req-1a86c5dd-ebc7-4ec5-9421-d9f3bc6ed4c7 tempest-ServerActionsTestOtherA-1342024732 tempest-ServerActionsTestOtherA-1342024732-project-member] Lock "np0000003983-np0000003983" "released" by "nova.scheduler.host_manager.HostState.consume_from_request.._locked" :: held 0.000s {{(pid=93335) inner /opt/stack/data/venv/lib/python3.12/site-packages/oslo_concurrency/lockutils.py:543}}
Jun 30 12:37:31.850854 np0000003983 nova-scheduler[93320]: DEBUG nova.scheduler.manager [None req-1cbfdeb1-f953-4f19-badb-dbf41cc5fd27 tempest-ServerStableDeviceRescueTest-1147190893 tempest-ServerStableDeviceRescueTest-1147190893-project-member] Starting to schedule for instances: ['cec21e53-82bf-44da-8222-877422d8c22a'] {{(pid=93320) select_destinations /opt/stack/nova/nova/scheduler/manager.py:209}}
Jun 30 12:37:31.850854 np0000003983 nova-scheduler[93320]: DEBUG nova.scheduler.request_filter [None req-1cbfdeb1-f953-4f19-badb-dbf41cc5fd27 tempest-ServerStableDeviceRescueTest-1147190893 tempest-ServerStableDeviceRescueTest-1147190893-project-member] compute_status_filter request filter added forbidden trait COMPUTE_STATUS_DISABLED {{(pid=93320) compute_status_filter /opt/stack/nova/nova/scheduler/request_filter.py:253}}
Jun 30 12:37:31.850854 np0000003983 nova-scheduler[93320]: DEBUG nova.scheduler.request_filter [None req-1cbfdeb1-f953-4f19-badb-dbf41cc5fd27 tempest-ServerStableDeviceRescueTest-1147190893 tempest-ServerStableDeviceRescueTest-1147190893-project-member] Request filter 'compute_status_filter' took 0.0 seconds {{(pid=93320) wrapper /opt/stack/nova/nova/scheduler/request_filter.py:46}}
Jun 30 12:37:31.850854 np0000003983 nova-scheduler[93320]: DEBUG nova.scheduler.request_filter [None req-1cbfdeb1-f953-4f19-badb-dbf41cc5fd27 tempest-ServerStableDeviceRescueTest-1147190893 tempest-ServerStableDeviceRescueTest-1147190893-project-member] Request filter 'accelerators_filter' took 0.0 seconds {{(pid=93320) wrapper /opt/stack/nova/nova/scheduler/request_filter.py:46}}
Jun 30 12:37:31.850854 np0000003983 nova-scheduler[93320]: DEBUG nova.scheduler.request_filter [None req-1cbfdeb1-f953-4f19-badb-dbf41cc5fd27 tempest-ServerStableDeviceRescueTest-1147190893 tempest-ServerStableDeviceRescueTest-1147190893-project-member] Request filter 'packed_virtqueue_filter' took 0.0 seconds {{(pid=93320) wrapper /opt/stack/nova/nova/scheduler/request_filter.py:46}}
Jun 30 12:37:31.850854 np0000003983 nova-scheduler[93320]: DEBUG nova.scheduler.request_filter [None req-1cbfdeb1-f953-4f19-badb-dbf41cc5fd27 tempest-ServerStableDeviceRescueTest-1147190893 tempest-ServerStableDeviceRescueTest-1147190893-project-member] Request filter 'remote_managed_ports_filter' took 0.0 seconds {{(pid=93320) wrapper /opt/stack/nova/nova/scheduler/request_filter.py:46}}
Jun 30 12:37:31.850854 np0000003983 nova-scheduler[93320]: DEBUG nova.scheduler.request_filter [None req-1cbfdeb1-f953-4f19-badb-dbf41cc5fd27 tempest-ServerStableDeviceRescueTest-1147190893 tempest-ServerStableDeviceRescueTest-1147190893-project-member] ephemeral_encryption_filter skipped {{(pid=93320) ephemeral_encryption_filter /opt/stack/nova/nova/scheduler/request_filter.py:426}}
Jun 30 12:37:31.850854 np0000003983 nova-scheduler[93320]: DEBUG nova.scheduler.request_filter [None req-1cbfdeb1-f953-4f19-badb-dbf41cc5fd27 tempest-ServerStableDeviceRescueTest-1147190893 tempest-ServerStableDeviceRescueTest-1147190893-project-member] virtio_sound_filter skipped {{(pid=93320) virtio_sound_filter /opt/stack/nova/nova/scheduler/request_filter.py:460}}
Jun 30 12:37:31.850854 np0000003983 nova-scheduler[93320]: DEBUG nova.scheduler.request_filter [None req-1cbfdeb1-f953-4f19-badb-dbf41cc5fd27 tempest-ServerStableDeviceRescueTest-1147190893 tempest-ServerStableDeviceRescueTest-1147190893-project-member] tpm_secret_security_filter skipped {{(pid=93320) tpm_secret_security_filter /opt/stack/nova/nova/scheduler/request_filter.py:477}}
Jun 30 12:37:31.969094 np0000003983 nova-scheduler[93320]: INFO nova.utils [None req-1cbfdeb1-f953-4f19-badb-dbf41cc5fd27 tempest-ServerStableDeviceRescueTest-1147190893 tempest-ServerStableDeviceRescueTest-1147190893-project-member] The cell worker thread pool ForkProcess-1.cell_worker is initialized
Jun 30 12:37:31.969447 np0000003983 nova-scheduler[93320]: DEBUG oslo_concurrency.lockutils [None req-1cbfdeb1-f953-4f19-badb-dbf41cc5fd27 tempest-ServerStableDeviceRescueTest-1147190893 tempest-ServerStableDeviceRescueTest-1147190893-project-member] Acquiring lock "6229a591-4ab4-4b6d-a164-b32ebc72f5b5" by "nova.context.set_target_cell..get_or_set_cached_cell_and_set_connections" {{(pid=93320) inner /opt/stack/data/venv/lib/python3.12/site-packages/oslo_concurrency/lockutils.py:511}}
Jun 30 12:37:31.969681 np0000003983 nova-scheduler[93320]: DEBUG oslo_concurrency.lockutils [None req-1cbfdeb1-f953-4f19-badb-dbf41cc5fd27 tempest-ServerStableDeviceRescueTest-1147190893 tempest-ServerStableDeviceRescueTest-1147190893-project-member] Lock "6229a591-4ab4-4b6d-a164-b32ebc72f5b5" acquired by "nova.context.set_target_cell..get_or_set_cached_cell_and_set_connections" :: waited 0.000s {{(pid=93320) inner /opt/stack/data/venv/lib/python3.12/site-packages/oslo_concurrency/lockutils.py:524}}
Jun 30 12:37:31.970981 np0000003983 nova-scheduler[93320]: DEBUG oslo_concurrency.lockutils [None req-1cbfdeb1-f953-4f19-badb-dbf41cc5fd27 tempest-ServerStableDeviceRescueTest-1147190893 tempest-ServerStableDeviceRescueTest-1147190893-project-member] Lock "6229a591-4ab4-4b6d-a164-b32ebc72f5b5" "released" by "nova.context.set_target_cell..get_or_set_cached_cell_and_set_connections" :: held 0.001s {{(pid=93320) inner /opt/stack/data/venv/lib/python3.12/site-packages/oslo_concurrency/lockutils.py:543}}
Jun 30 12:37:31.972610 np0000003983 nova-scheduler[93320]: INFO dbcounter [None req-1cbfdeb1-f953-4f19-badb-dbf41cc5fd27 tempest-ServerStableDeviceRescueTest-1147190893 tempest-ServerStableDeviceRescueTest-1147190893-project-member] Registered counter for database nova_cell1
Jun 30 12:37:32.012693 np0000003983 nova-scheduler[93320]: DEBUG oslo_db.sqlalchemy.engines [None req-1cbfdeb1-f953-4f19-badb-dbf41cc5fd27 tempest-ServerStableDeviceRescueTest-1147190893 tempest-ServerStableDeviceRescueTest-1147190893-project-member] MySQL server mode set to STRICT_TRANS_TABLES,STRICT_ALL_TABLES,NO_ZERO_IN_DATE,NO_ZERO_DATE,ERROR_FOR_DIVISION_BY_ZERO,TRADITIONAL,NO_ENGINE_SUBSTITUTION {{(pid=93320) _check_effective_sql_mode /opt/stack/data/venv/lib/python3.12/site-packages/oslo_db/sqlalchemy/engines.py:325}}
Jun 30 12:37:32.025947 np0000003983 nova-scheduler[93320]: DEBUG dbcounter [-] [93320] Writer thread running {{(pid=93320) stat_writer /opt/stack/data/venv/lib/python3.12/site-packages/dbcounter.py:102}}
Jun 30 12:37:32.105930 np0000003983 nova-scheduler[93320]: DEBUG dbcounter [-] [93320] Writer thread running {{(pid=93320) stat_writer /opt/stack/data/venv/lib/python3.12/site-packages/dbcounter.py:102}}
Jun 30 12:37:32.111530 np0000003983 nova-scheduler[93320]: DEBUG oslo_concurrency.lockutils [None req-1cbfdeb1-f953-4f19-badb-dbf41cc5fd27 tempest-ServerStableDeviceRescueTest-1147190893 tempest-ServerStableDeviceRescueTest-1147190893-project-member] Acquiring lock "6229a591-4ab4-4b6d-a164-b32ebc72f5b5" by "nova.context.set_target_cell..get_or_set_cached_cell_and_set_connections" {{(pid=93320) inner /opt/stack/data/venv/lib/python3.12/site-packages/oslo_concurrency/lockutils.py:511}}
Jun 30 12:37:32.111530 np0000003983 nova-scheduler[93320]: DEBUG oslo_concurrency.lockutils [None req-1cbfdeb1-f953-4f19-badb-dbf41cc5fd27 tempest-ServerStableDeviceRescueTest-1147190893 tempest-ServerStableDeviceRescueTest-1147190893-project-member] Lock "6229a591-4ab4-4b6d-a164-b32ebc72f5b5" acquired by "nova.context.set_target_cell..get_or_set_cached_cell_and_set_connections" :: waited 0.000s {{(pid=93320) inner /opt/stack/data/venv/lib/python3.12/site-packages/oslo_concurrency/lockutils.py:524}}
Jun 30 12:37:32.111530 np0000003983 nova-scheduler[93320]: DEBUG oslo_concurrency.lockutils [None req-1cbfdeb1-f953-4f19-badb-dbf41cc5fd27 tempest-ServerStableDeviceRescueTest-1147190893 tempest-ServerStableDeviceRescueTest-1147190893-project-member] Lock "6229a591-4ab4-4b6d-a164-b32ebc72f5b5" "released" by "nova.context.set_target_cell..get_or_set_cached_cell_and_set_connections" :: held 0.000s {{(pid=93320) inner /opt/stack/data/venv/lib/python3.12/site-packages/oslo_concurrency/lockutils.py:543}}
