Jun 04 11:19:01.167488 np0000002132 devstack@g-api.service[102056]: DEBUG glance_store.capabilities [-] Store glance_store._drivers.swift.store.SingleTenantStore doesn't support updating dynamic storage capabilities. Please overwrite 'update_capabilities' method of the store to implement updating logics if needed. {{(pid=102056) update_capabilities /opt/stack/data/venv/lib/python3.12/site-packages/glance_store/capabilities.py:91}}
Jun 04 11:19:01.167569 np0000002132 devstack@g-api.service[102056]: DEBUG glance_store.backend [-] Registering store swift with schemes ('swift+https', 'swift', 'swift+http', 'swift+config') {{(pid=102056) create_stores /opt/stack/data/venv/lib/python3.12/site-packages/glance_store/backend.py:261}}
Jun 04 11:19:01.167638 np0000002132 devstack@g-api.service[102056]: DEBUG glance_store.driver [-] Late loading location class glance_store._drivers.swift.store.StoreLocation {{(pid=102056) get_store_location_class /opt/stack/data/venv/lib/python3.12/site-packages/glance_store/driver.py:134}}
Jun 04 11:19:01.167691 np0000002132 devstack@g-api.service[102056]: DEBUG glance_store.location [-] Registering scheme swift+https with {'store': , 'location_class': , 'store_entry': 'swift'} {{(pid=102056) register_scheme_map /opt/stack/data/venv/lib/python3.12/site-packages/glance_store/location.py:146}}
Jun 04 11:19:01.167750 np0000002132 devstack@g-api.service[102056]: DEBUG glance_store.location [-] Registering scheme swift with {'store': , 'location_class': , 'store_entry': 'swift'} {{(pid=102056) register_scheme_map /opt/stack/data/venv/lib/python3.12/site-packages/glance_store/location.py:146}}
Jun 04 11:19:01.167803 np0000002132 devstack@g-api.service[102056]: DEBUG glance_store.location [-] Registering scheme swift+http with {'store': , 'location_class': , 'store_entry': 'swift'} {{(pid=102056) register_scheme_map /opt/stack/data/venv/lib/python3.12/site-packages/glance_store/location.py:146}}
Jun 04 11:19:01.167857 np0000002132 devstack@g-api.service[102056]: DEBUG glance_store.location [-] Registering scheme swift+config with {'store': , 'location_class': , 'store_entry': 'swift'} {{(pid=102056) register_scheme_map /opt/stack/data/venv/lib/python3.12/site-packages/glance_store/location.py:146}}
Jun 04 11:19:01.167909 np0000002132 devstack@g-api.service[102056]: DEBUG glance_store.backend [-] Attempting to import store http {{(pid=102056) _load_store /opt/stack/data/venv/lib/python3.12/site-packages/glance_store/backend.py:215}}
Jun 04 11:19:01.168088 np0000002132 devstack@g-api.service[102056]: DEBUG glance_store.capabilities [-] Store glance_store._drivers.http.Store doesn't support updating dynamic storage capabilities. Please overwrite 'update_capabilities' method of the store to implement updating logics if needed. {{(pid=102056) update_capabilities /opt/stack/data/venv/lib/python3.12/site-packages/glance_store/capabilities.py:91}}
Jun 04 11:19:01.168156 np0000002132 devstack@g-api.service[102056]: DEBUG glance_store.backend [-] Registering store http with schemes ('http', 'https') {{(pid=102056) create_stores /opt/stack/data/venv/lib/python3.12/site-packages/glance_store/backend.py:261}}
Jun 04 11:19:01.168210 np0000002132 devstack@g-api.service[102056]: DEBUG glance_store.driver [-] Late loading location class glance_store._drivers.http.StoreLocation {{(pid=102056) get_store_location_class /opt/stack/data/venv/lib/python3.12/site-packages/glance_store/driver.py:134}}
Jun 04 11:19:01.168265 np0000002132 devstack@g-api.service[102056]: DEBUG glance_store.location [-] Registering scheme http with {'store': , 'location_class': , 'store_entry': 'http'} {{(pid=102056) register_scheme_map /opt/stack/data/venv/lib/python3.12/site-packages/glance_store/location.py:146}}
Jun 04 11:19:01.168321 np0000002132 devstack@g-api.service[102056]: DEBUG glance_store.location [-] Registering scheme https with {'store': , 'location_class': , 'store_entry': 'http'} {{(pid=102056) register_scheme_map /opt/stack/data/venv/lib/python3.12/site-packages/glance_store/location.py:146}}
Jun 04 11:19:01.168439 np0000002132 devstack@g-api.service[102056]: DEBUG glance_store.backend [-] Attempting to import store swift {{(pid=102056) _load_store /opt/stack/data/venv/lib/python3.12/site-packages/glance_store/backend.py:215}}
Jun 04 11:19:01.169551 np0000002132 devstack@g-api.service[102056]: DEBUG glance_store.capabilities [-] Store glance_store._drivers.swift.store.SingleTenantStore doesn't support updating dynamic storage capabilities. Please overwrite 'update_capabilities' method of the store to implement updating logics if needed. {{(pid=102056) update_capabilities /opt/stack/data/venv/lib/python3.12/site-packages/glance_store/capabilities.py:91}}
Jun 04 11:19:01.169614 np0000002132 devstack@g-api.service[102056]: DEBUG glance_store.driver [-] Late loading location class glance_store._drivers.swift.store.StoreLocation {{(pid=102056) get_store_location_class /opt/stack/data/venv/lib/python3.12/site-packages/glance_store/driver.py:134}}
Jun 04 11:19:01.169666 np0000002132 devstack@g-api.service[102056]: DEBUG glance_store.location [-] Registering scheme swift+https with {'store': , 'location_class': , 'store_entry': 'swift'} {{(pid=102056) register_scheme_map /opt/stack/data/venv/lib/python3.12/site-packages/glance_store/location.py:146}}
Jun 04 11:19:01.169732 np0000002132 devstack@g-api.service[102056]: DEBUG glance_store.location [-] Registering scheme swift+https with {'store': , 'location_class': , 'store_entry': 'swift'} {{(pid=102056) register_scheme_map /opt/stack/data/venv/lib/python3.12/site-packages/glance_store/location.py:146}}
Jun 04 11:19:01.169818 np0000002132 devstack@g-api.service[102056]: DEBUG glance_store.location [-] Registering scheme swift with {'store': , 'location_class': , 'store_entry': 'swift'} {{(pid=102056) register_scheme_map /opt/stack/data/venv/lib/python3.12/site-packages/glance_store/location.py:146}}
Jun 04 11:19:01.169907 np0000002132 devstack@g-api.service[102056]: DEBUG glance_store.location [-] Registering scheme swift+https with {'store': , 'location_class': , 'store_entry': 'swift'} {{(pid=102056) register_scheme_map /opt/stack/data/venv/lib/python3.12/site-packages/glance_store/location.py:146}}
Jun 04 11:19:01.169964 np0000002132 devstack@g-api.service[102056]: DEBUG glance_store.location [-] Registering scheme swift with {'store': , 'location_class': , 'store_entry': 'swift'} {{(pid=102056) register_scheme_map /opt/stack/data/venv/lib/python3.12/site-packages/glance_store/location.py:146}}
Jun 04 11:19:01.170004 np0000002132 devstack@g-api.service[102056]: DEBUG glance_store.location [-] Registering scheme swift+http with {'store': , 'location_class': , 'store_entry': 'swift'} {{(pid=102056) register_scheme_map /opt/stack/data/venv/lib/python3.12/site-packages/glance_store/location.py:146}}
Jun 04 11:19:01.170056 np0000002132 devstack@g-api.service[102056]: DEBUG glance_store.location [-] Registering scheme swift+https with {'store': , 'location_class': , 'store_entry': 'swift'} {{(pid=102056) register_scheme_map /opt/stack/data/venv/lib/python3.12/site-packages/glance_store/location.py:146}}
Jun 04 11:19:01.170103 np0000002132 devstack@g-api.service[102056]: DEBUG glance_store.location [-] Registering scheme swift with {'store': , 'location_class': , 'store_entry': 'swift'} {{(pid=102056) register_scheme_map /opt/stack/data/venv/lib/python3.12/site-packages/glance_store/location.py:146}}
Jun 04 11:19:01.170170 np0000002132 devstack@g-api.service[102056]: DEBUG glance_store.location [-] Registering scheme swift+http with {'store': , 'location_class': , 'store_entry': 'swift'} {{(pid=102056) register_scheme_map /opt/stack/data/venv/lib/python3.12/site-packages/glance_store/location.py:146}}
Jun 04 11:19:01.170224 np0000002132 devstack@g-api.service[102056]: DEBUG glance_store.location [-] Registering scheme swift+config with {'store': , 'location_class': , 'store_entry': 'swift'} {{(pid=102056) register_scheme_map /opt/stack/data/venv/lib/python3.12/site-packages/glance_store/location.py:146}}
Jun 04 11:19:01.170474 np0000002132 devstack@g-api.service[102056]: DEBUG glance.sqlite_migration [-] SQLite caching database not located, skipping migration {{(pid=102056) get_db_path /opt/stack/glance/glance/sqlite_migration.py:68}}
Jun 04 11:19:01.170669 np0000002132 devstack@g-api.service[102056]: WARNING glance.common.wsgi_app [-] Import methods are enabled but staging directory /tmp/staging/ does not exist; Imports will fail!
Jun 04 11:19:01.394739 np0000002132 devstack@g-api.service[102055]: DEBUG glance.common.config [None req-8eae15b1-f36b-4b39-b043-2564e1c6d913 None None] Loading glance-api-keystone+cachemanagement from /etc/glance/glance-api-paste.ini {{(pid=102055) load_paste_app /opt/stack/glance/glance/common/config.py:758}}
Jun 04 11:19:01.403602 np0000002132 devstack@g-api.service[102057]: DEBUG glance.common.config [None req-f32367ef-477c-4b6e-9087-f28cf86dfde4 None None] Loading glance-api-keystone+cachemanagement from /etc/glance/glance-api-paste.ini {{(pid=102057) load_paste_app /opt/stack/glance/glance/common/config.py:758}}
Jun 04 11:19:01.415284 np0000002132 devstack@g-api.service[102056]: DEBUG glance.common.config [None req-df45d5be-142c-4fc8-8689-2dec5d02d2f2 None None] Loading glance-api-keystone+cachemanagement from /etc/glance/glance-api-paste.ini {{(pid=102056) load_paste_app /opt/stack/glance/glance/common/config.py:758}}
Jun 04 11:19:01.953615 np0000002132 devstack@g-api.service[102055]: INFO glance.image_cache [None req-8eae15b1-f36b-4b39-b043-2564e1c6d913 None None] Image cache loaded driver 'centralized_db'.
Jun 04 11:19:01.954733 np0000002132 devstack@g-api.service[102057]: INFO glance.image_cache [None req-f32367ef-477c-4b6e-9087-f28cf86dfde4 None None] Image cache loaded driver 'centralized_db'.
Jun 04 11:19:01.956441 np0000002132 devstack@g-api.service[102056]: INFO glance.image_cache [None req-df45d5be-142c-4fc8-8689-2dec5d02d2f2 None None] Image cache loaded driver 'centralized_db'.
Jun 04 11:19:01.996014 np0000002132 devstack@g-api.service[102055]: INFO dbcounter [None req-8eae15b1-f36b-4b39-b043-2564e1c6d913 None None] Registered counter for database glance
Jun 04 11:19:01.999002 np0000002132 devstack@g-api.service[102057]: INFO dbcounter [None req-f32367ef-477c-4b6e-9087-f28cf86dfde4 None None] Registered counter for database glance
Jun 04 11:19:02.001175 np0000002132 devstack@g-api.service[102056]: INFO dbcounter [None req-df45d5be-142c-4fc8-8689-2dec5d02d2f2 None None] Registered counter for database glance
Jun 04 11:19:02.038693 np0000002132 devstack@g-api.service[102055]: DEBUG oslo_db.sqlalchemy.engines [None req-8eae15b1-f36b-4b39-b043-2564e1c6d913 None None] MySQL server mode set to STRICT_TRANS_TABLES,STRICT_ALL_TABLES,NO_ZERO_IN_DATE,NO_ZERO_DATE,ERROR_FOR_DIVISION_BY_ZERO,TRADITIONAL,NO_ENGINE_SUBSTITUTION {{(pid=102055) _check_effective_sql_mode /opt/stack/data/venv/lib/python3.12/site-packages/oslo_db/sqlalchemy/engines.py:325}}
Jun 04 11:19:02.042746 np0000002132 devstack@g-api.service[102057]: DEBUG oslo_db.sqlalchemy.engines [None req-f32367ef-477c-4b6e-9087-f28cf86dfde4 None None] MySQL server mode set to STRICT_TRANS_TABLES,STRICT_ALL_TABLES,NO_ZERO_IN_DATE,NO_ZERO_DATE,ERROR_FOR_DIVISION_BY_ZERO,TRADITIONAL,NO_ENGINE_SUBSTITUTION {{(pid=102057) _check_effective_sql_mode /opt/stack/data/venv/lib/python3.12/site-packages/oslo_db/sqlalchemy/engines.py:325}}
Jun 04 11:19:02.045350 np0000002132 devstack@g-api.service[102056]: DEBUG oslo_db.sqlalchemy.engines [None req-df45d5be-142c-4fc8-8689-2dec5d02d2f2 None None] MySQL server mode set to STRICT_TRANS_TABLES,STRICT_ALL_TABLES,NO_ZERO_IN_DATE,NO_ZERO_DATE,ERROR_FOR_DIVISION_BY_ZERO,TRADITIONAL,NO_ENGINE_SUBSTITUTION {{(pid=102056) _check_effective_sql_mode /opt/stack/data/venv/lib/python3.12/site-packages/oslo_db/sqlalchemy/engines.py:325}}
Jun 04 11:19:02.059030 np0000002132 devstack@g-api.service[102055]: DEBUG dbcounter [-] [102055] Writer thread running {{(pid=102055) stat_writer /opt/stack/data/venv/lib/python3.12/site-packages/dbcounter.py:102}}
Jun 04 11:19:02.062976 np0000002132 devstack@g-api.service[102057]: DEBUG dbcounter [-] [102057] Writer thread running {{(pid=102057) stat_writer /opt/stack/data/venv/lib/python3.12/site-packages/dbcounter.py:102}}
Jun 04 11:19:02.065396 np0000002132 devstack@g-api.service[102057]: DEBUG glance.image_cache.drivers.centralized_db [None req-f32367ef-477c-4b6e-9087-f28cf86dfde4 None None] Node reference is already recorded, ignoring it {{(pid=102057) configure /opt/stack/glance/glance/image_cache/drivers/centralized_db.py:71}}
Jun 04 11:19:02.066003 np0000002132 devstack@g-api.service[102056]: DEBUG dbcounter [-] [102056] Writer thread running {{(pid=102056) stat_writer /opt/stack/data/venv/lib/python3.12/site-packages/dbcounter.py:102}}
Jun 04 11:19:02.068343 np0000002132 devstack@g-api.service[102056]: DEBUG glance.image_cache.drivers.centralized_db [None req-df45d5be-142c-4fc8-8689-2dec5d02d2f2 None None] Node reference is already recorded, ignoring it {{(pid=102056) configure /opt/stack/glance/glance/image_cache/drivers/centralized_db.py:71}}
Jun 04 11:19:02.069434 np0000002132 devstack@g-api.service[102055]: INFO glance.image_cache [None req-8eae15b1-f36b-4b39-b043-2564e1c6d913 None None] Image cache loaded driver 'centralized_db'.
Jun 04 11:19:02.071226 np0000002132 devstack@g-api.service[102057]: INFO glance.image_cache [None req-f32367ef-477c-4b6e-9087-f28cf86dfde4 None None] Image cache loaded driver 'centralized_db'.
Jun 04 11:19:02.073073 np0000002132 devstack@g-api.service[102056]: INFO glance.image_cache [None req-df45d5be-142c-4fc8-8689-2dec5d02d2f2 None None] Image cache loaded driver 'centralized_db'.
Jun 04 11:19:02.075602 np0000002132 devstack@g-api.service[102055]: DEBUG glance.image_cache.drivers.centralized_db [None req-8eae15b1-f36b-4b39-b043-2564e1c6d913 None None] Node reference is already recorded, ignoring it {{(pid=102055) configure /opt/stack/glance/glance/image_cache/drivers/centralized_db.py:71}}
Jun 04 11:19:02.077326 np0000002132 devstack@g-api.service[102057]: DEBUG glance.image_cache.drivers.centralized_db [None req-f32367ef-477c-4b6e-9087-f28cf86dfde4 None None] Node reference is already recorded, ignoring it {{(pid=102057) configure /opt/stack/glance/glance/image_cache/drivers/centralized_db.py:71}}
Jun 04 11:19:02.078783 np0000002132 devstack@g-api.service[102056]: DEBUG glance.image_cache.drivers.centralized_db [None req-df45d5be-142c-4fc8-8689-2dec5d02d2f2 None None] Node reference is already recorded, ignoring it {{(pid=102056) configure /opt/stack/glance/glance/image_cache/drivers/centralized_db.py:71}}
Jun 04 11:19:02.080211 np0000002132 devstack@g-api.service[102055]: DEBUG glance.api.v2.cached_images [None req-8eae15b1-f36b-4b39-b043-2564e1c6d913 None None] Started cache worker thread {{(pid=102055) __init__ /opt/stack/glance/glance/api/v2/cached_images.py:69}}
Jun 04 11:19:02.080868 np0000002132 devstack@g-api.service[102055]: INFO glance.image_cache [None req-8eae15b1-f36b-4b39-b043-2564e1c6d913 None None] Image cache loaded driver 'centralized_db'.
Jun 04 11:19:02.081757 np0000002132 devstack@g-api.service[102057]: DEBUG glance.api.v2.cached_images [None req-f32367ef-477c-4b6e-9087-f28cf86dfde4 None None] Started cache worker thread {{(pid=102057) __init__ /opt/stack/glance/glance/api/v2/cached_images.py:69}}
Jun 04 11:19:02.082366 np0000002132 devstack@g-api.service[102057]: INFO glance.image_cache [None req-f32367ef-477c-4b6e-9087-f28cf86dfde4 None None] Image cache loaded driver 'centralized_db'.
Jun 04 11:19:02.082869 np0000002132 devstack@g-api.service[102056]: DEBUG glance.api.v2.cached_images [None req-df45d5be-142c-4fc8-8689-2dec5d02d2f2 None None] Started cache worker thread {{(pid=102056) __init__ /opt/stack/glance/glance/api/v2/cached_images.py:69}}
Jun 04 11:19:02.083347 np0000002132 devstack@g-api.service[102056]: INFO glance.image_cache [None req-df45d5be-142c-4fc8-8689-2dec5d02d2f2 None None] Image cache loaded driver 'centralized_db'.
Jun 04 11:19:02.086822 np0000002132 devstack@g-api.service[102055]: DEBUG glance.image_cache.drivers.centralized_db [None req-8eae15b1-f36b-4b39-b043-2564e1c6d913 None None] Node reference is already recorded, ignoring it {{(pid=102055) configure /opt/stack/glance/glance/image_cache/drivers/centralized_db.py:71}}
Jun 04 11:19:02.088192 np0000002132 devstack@g-api.service[102057]: DEBUG glance.image_cache.drivers.centralized_db [None req-f32367ef-477c-4b6e-9087-f28cf86dfde4 None None] Node reference is already recorded, ignoring it {{(pid=102057) configure /opt/stack/glance/glance/image_cache/drivers/centralized_db.py:71}}
Jun 04 11:19:02.088954 np0000002132 devstack@g-api.service[102056]: DEBUG glance.image_cache.drivers.centralized_db [None req-df45d5be-142c-4fc8-8689-2dec5d02d2f2 None None] Node reference is already recorded, ignoring it {{(pid=102056) configure /opt/stack/glance/glance/image_cache/drivers/centralized_db.py:71}}
Jun 04 11:19:02.091268 np0000002132 devstack@g-api.service[102055]: INFO glance.api.middleware.cache_manage [None req-8eae15b1-f36b-4b39-b043-2564e1c6d913 None None] Initialized image cache management middleware
Jun 04 11:19:02.091409 np0000002132 devstack@g-api.service[102055]: INFO glance.image_cache [None req-8eae15b1-f36b-4b39-b043-2564e1c6d913 None None] Image cache loaded driver 'centralized_db'.
Jun 04 11:19:02.092366 np0000002132 devstack@g-api.service[102057]: INFO glance.api.middleware.cache_manage [None req-f32367ef-477c-4b6e-9087-f28cf86dfde4 None None] Initialized image cache management middleware
Jun 04 11:19:02.092502 np0000002132 devstack@g-api.service[102057]: INFO glance.image_cache [None req-f32367ef-477c-4b6e-9087-f28cf86dfde4 None None] Image cache loaded driver 'centralized_db'.
Jun 04 11:19:02.092928 np0000002132 devstack@g-api.service[102056]: INFO glance.api.middleware.cache_manage [None req-df45d5be-142c-4fc8-8689-2dec5d02d2f2 None None] Initialized image cache management middleware
Jun 04 11:19:02.093063 np0000002132 devstack@g-api.service[102056]: INFO glance.image_cache [None req-df45d5be-142c-4fc8-8689-2dec5d02d2f2 None None] Image cache loaded driver 'centralized_db'.
Jun 04 11:19:02.097202 np0000002132 devstack@g-api.service[102055]: DEBUG glance.image_cache.drivers.centralized_db [None req-8eae15b1-f36b-4b39-b043-2564e1c6d913 None None] Node reference is already recorded, ignoring it {{(pid=102055) configure /opt/stack/glance/glance/image_cache/drivers/centralized_db.py:71}}
Jun 04 11:19:02.098930 np0000002132 devstack@g-api.service[102056]: DEBUG glance.image_cache.drivers.centralized_db [None req-df45d5be-142c-4fc8-8689-2dec5d02d2f2 None None] Node reference is already recorded, ignoring it {{(pid=102056) configure /opt/stack/glance/glance/image_cache/drivers/centralized_db.py:71}}
Jun 04 11:19:02.098979 np0000002132 devstack@g-api.service[102057]: DEBUG glance.image_cache.drivers.centralized_db [None req-f32367ef-477c-4b6e-9087-f28cf86dfde4 None None] Node reference is already recorded, ignoring it {{(pid=102057) configure /opt/stack/glance/glance/image_cache/drivers/centralized_db.py:71}}
Jun 04 11:19:02.100653 np0000002132 devstack@g-api.service[102055]: INFO glance.api.middleware.cache [None req-8eae15b1-f36b-4b39-b043-2564e1c6d913 None None] Initialized image cache middleware
Jun 04 11:19:02.102263 np0000002132 devstack@g-api.service[102057]: INFO glance.api.middleware.cache [None req-f32367ef-477c-4b6e-9087-f28cf86dfde4 None None] Initialized image cache middleware
Jun 04 11:19:02.102308 np0000002132 devstack@g-api.service[102056]: INFO glance.api.middleware.cache [None req-df45d5be-142c-4fc8-8689-2dec5d02d2f2 None None] Initialized image cache middleware
Jun 04 11:19:02.113413 np0000002132 devstack@g-api.service[102057]: DEBUG glance.common.config [None req-f32367ef-477c-4b6e-9087-f28cf86dfde4 None None] ******************************************************************************** {{(pid=102057) log_opt_values /opt/stack/data/venv/lib/python3.12/site-packages/oslo_config/cfg.py:3229}}
Jun 04 11:19:02.113536 np0000002132 devstack@g-api.service[102057]: DEBUG glance.common.config [None req-f32367ef-477c-4b6e-9087-f28cf86dfde4 None None] Configuration options gathered from: {{(pid=102057) log_opt_values /opt/stack/data/venv/lib/python3.12/site-packages/oslo_config/cfg.py:3230}}
Jun 04 11:19:02.113790 np0000002132 devstack@g-api.service[102057]: DEBUG glance.common.config [None req-f32367ef-477c-4b6e-9087-f28cf86dfde4 None None] command line args: [] {{(pid=102057) log_opt_values /opt/stack/data/venv/lib/python3.12/site-packages/oslo_config/cfg.py:3231}}
Jun 04 11:19:02.113970 np0000002132 devstack@g-api.service[102057]: DEBUG glance.common.config [None req-f32367ef-477c-4b6e-9087-f28cf86dfde4 None None] config files: ['/etc/glance/glance-image-import.conf', '/etc/glance/glance-api.conf'] {{(pid=102057) log_opt_values /opt/stack/data/venv/lib/python3.12/site-packages/oslo_config/cfg.py:3232}}
Jun 04 11:19:02.114025 np0000002132 devstack@g-api.service[102057]: DEBUG glance.common.config [None req-f32367ef-477c-4b6e-9087-f28cf86dfde4 None None] ================================================================================ {{(pid=102057) log_opt_values /opt/stack/data/venv/lib/python3.12/site-packages/oslo_config/cfg.py:3237}}
Jun 04 11:19:02.114142 np0000002132 devstack@g-api.service[102057]: DEBUG glance.common.config [None req-f32367ef-477c-4b6e-9087-f28cf86dfde4 None None] allow_anonymous_access = False {{(pid=102057) log_opt_values /opt/stack/data/venv/lib/python3.12/site-packages/oslo_config/cfg.py:3245}}
Jun 04 11:19:02.114265 np0000002132 devstack@g-api.service[102057]: DEBUG glance.common.config [None req-f32367ef-477c-4b6e-9087-f28cf86dfde4 None None] api_limit_max = 1000 {{(pid=102057) log_opt_values /opt/stack/data/venv/lib/python3.12/site-packages/oslo_config/cfg.py:3245}}
Jun 04 11:19:02.114369 np0000002132 devstack@g-api.service[102057]: DEBUG glance.common.config [None req-f32367ef-477c-4b6e-9087-f28cf86dfde4 None None] backlog = 4096 {{(pid=102057) log_opt_values /opt/stack/data/venv/lib/python3.12/site-packages/oslo_config/cfg.py:3245}}
Jun 04 11:19:02.114506 np0000002132 devstack@g-api.service[102057]: DEBUG glance.common.config [None req-f32367ef-477c-4b6e-9087-f28cf86dfde4 None None] bind_host = 0.0.0.0 {{(pid=102057) log_opt_values /opt/stack/data/venv/lib/python3.12/site-packages/oslo_config/cfg.py:3245}}
Jun 04 11:19:02.114618 np0000002132 devstack@g-api.service[102057]: DEBUG glance.common.config [None req-f32367ef-477c-4b6e-9087-f28cf86dfde4 None None] bind_port = 19292 {{(pid=102057) log_opt_values /opt/stack/data/venv/lib/python3.12/site-packages/oslo_config/cfg.py:3245}}
Jun 04 11:19:02.114710 np0000002132 devstack@g-api.service[102057]: DEBUG glance.common.config [None req-f32367ef-477c-4b6e-9087-f28cf86dfde4 None None] client_socket_timeout = 900 {{(pid=102057) log_opt_values /opt/stack/data/venv/lib/python3.12/site-packages/oslo_config/cfg.py:3245}}
Jun 04 11:19:02.114852 np0000002132 devstack@g-api.service[102057]: DEBUG glance.common.config [None req-f32367ef-477c-4b6e-9087-f28cf86dfde4 None None] config_dir = [] {{(pid=102057) log_opt_values /opt/stack/data/venv/lib/python3.12/site-packages/oslo_config/cfg.py:3245}}
Jun 04 11:19:02.114931 np0000002132 devstack@g-api.service[102057]: DEBUG glance.common.config [None req-f32367ef-477c-4b6e-9087-f28cf86dfde4 None None] config_file = ['/etc/glance/glance-image-import.conf', '/etc/glance/glance-api.conf'] {{(pid=102057) log_opt_values /opt/stack/data/venv/lib/python3.12/site-packages/oslo_config/cfg.py:3245}}
Jun 04 11:19:02.115024 np0000002132 devstack@g-api.service[102057]: DEBUG glance.common.config [None req-f32367ef-477c-4b6e-9087-f28cf86dfde4 None None] config_source = [] {{(pid=102057) log_opt_values /opt/stack/data/venv/lib/python3.12/site-packages/oslo_config/cfg.py:3245}}
Jun 04 11:19:02.115121 np0000002132 devstack@g-api.service[102057]: DEBUG glance.common.config [None req-f32367ef-477c-4b6e-9087-f28cf86dfde4 None None] control_exchange = glance {{(pid=102057) log_opt_values /opt/stack/data/venv/lib/python3.12/site-packages/oslo_config/cfg.py:3245}}
Jun 04 11:19:02.115190 np0000002132 devstack@g-api.service[102057]: DEBUG glance.common.config [None req-f32367ef-477c-4b6e-9087-f28cf86dfde4 None None] debug = True {{(pid=102057) log_opt_values /opt/stack/data/venv/lib/python3.12/site-packages/oslo_config/cfg.py:3245}}
Jun 04 11:19:02.115363 np0000002132 devstack@g-api.service[102057]: DEBUG glance.common.config [None req-f32367ef-477c-4b6e-9087-f28cf86dfde4 None None] default_log_levels = ['amqp=WARN', 'boto=WARN', 'sqlalchemy=WARN', 'suds=INFO', 'oslo.messaging=INFO', 'oslo_messaging=INFO', 'iso8601=WARN', 'requests.packages.urllib3.connectionpool=WARN', 'urllib3.connectionpool=WARN', 'websocket=WARN', 'requests.packages.urllib3.util.retry=WARN', 'urllib3.util.retry=WARN', 'keystonemiddleware=WARN', 'routes.middleware=WARN', 'stevedore=WARN', 'taskflow=WARN', 'keystoneauth=WARN', 'oslo.cache=INFO', 'oslo_policy=INFO', 'dogpile.core.dogpile=INFO'] {{(pid=102057) log_opt_values /opt/stack/data/venv/lib/python3.12/site-packages/oslo_config/cfg.py:3245}}
Jun 04 11:19:02.115459 np0000002132 devstack@g-api.service[102057]: DEBUG glance.common.config [None req-f32367ef-477c-4b6e-9087-f28cf86dfde4 None None] default_publisher_id = image.localhost {{(pid=102057) log_opt_values /opt/stack/data/venv/lib/python3.12/site-packages/oslo_config/cfg.py:3245}}
Jun 04 11:19:02.115576 np0000002132 devstack@g-api.service[102057]: DEBUG glance.common.config [None req-f32367ef-477c-4b6e-9087-f28cf86dfde4 None None] delayed_delete = False {{(pid=102057) log_opt_values /opt/stack/data/venv/lib/python3.12/site-packages/oslo_config/cfg.py:3245}}
Jun 04 11:19:02.115671 np0000002132 devstack@g-api.service[102057]: DEBUG glance.common.config [None req-f32367ef-477c-4b6e-9087-f28cf86dfde4 None None] digest_algorithm = sha256 {{(pid=102057) log_opt_values /opt/stack/data/venv/lib/python3.12/site-packages/oslo_config/cfg.py:3245}}
Jun 04 11:19:02.115760 np0000002132 devstack@g-api.service[102057]: DEBUG glance.common.config [None req-f32367ef-477c-4b6e-9087-f28cf86dfde4 None None] disabled_notifications = [] {{(pid=102057) log_opt_values /opt/stack/data/venv/lib/python3.12/site-packages/oslo_config/cfg.py:3245}}
Jun 04 11:19:02.115865 np0000002132 devstack@g-api.service[102057]: DEBUG glance.common.config [None req-f32367ef-477c-4b6e-9087-f28cf86dfde4 None None] do_secure_hash = True {{(pid=102057) log_opt_values /opt/stack/data/venv/lib/python3.12/site-packages/oslo_config/cfg.py:3245}}
Jun 04 11:19:02.115956 np0000002132 devstack@g-api.service[102057]: DEBUG glance.common.config [None req-f32367ef-477c-4b6e-9087-f28cf86dfde4 None None] enabled_backends = None {{(pid=102057) log_opt_values /opt/stack/data/venv/lib/python3.12/site-packages/oslo_config/cfg.py:3245}}
Jun 04 11:19:02.116069 np0000002132 devstack@g-api.service[102057]: DEBUG glance.common.config [None req-f32367ef-477c-4b6e-9087-f28cf86dfde4 None None] enabled_import_methods = ['glance-direct', 'web-download', 'copy-image'] {{(pid=102057) log_opt_values /opt/stack/data/venv/lib/python3.12/site-packages/oslo_config/cfg.py:3245}}
Jun 04 11:19:02.116179 np0000002132 devstack@g-api.service[102057]: DEBUG glance.common.config [None req-f32367ef-477c-4b6e-9087-f28cf86dfde4 None None] fatal_deprecations = False {{(pid=102057) log_opt_values /opt/stack/data/venv/lib/python3.12/site-packages/oslo_config/cfg.py:3245}}
Jun 04 11:19:02.116289 np0000002132 devstack@g-api.service[102057]: DEBUG glance.common.config [None req-f32367ef-477c-4b6e-9087-f28cf86dfde4 None None] hashing_algorithm = sha512 {{(pid=102057) log_opt_values /opt/stack/data/venv/lib/python3.12/site-packages/oslo_config/cfg.py:3245}}
Jun 04 11:19:02.116383 np0000002132 devstack@g-api.service[102057]: DEBUG glance.common.config [None req-f32367ef-477c-4b6e-9087-f28cf86dfde4 None None] http_keepalive = True {{(pid=102057) log_opt_values /opt/stack/data/venv/lib/python3.12/site-packages/oslo_config/cfg.py:3245}}
Jun 04 11:19:02.116470 np0000002132 devstack@g-api.service[102057]: DEBUG glance.common.config [None req-f32367ef-477c-4b6e-9087-f28cf86dfde4 None None] http_retries = 3 {{(pid=102057) log_opt_values /opt/stack/data/venv/lib/python3.12/site-packages/oslo_config/cfg.py:3245}}
Jun 04 11:19:02.116590 np0000002132 devstack@g-api.service[102057]: DEBUG glance.common.config [None req-f32367ef-477c-4b6e-9087-f28cf86dfde4 None None] image_cache_dir = /opt/stack/data/glance/cache/ {{(pid=102057) log_opt_values /opt/stack/data/venv/lib/python3.12/site-packages/oslo_config/cfg.py:3245}}
Jun 04 11:19:02.116685 np0000002132 devstack@g-api.service[102057]: DEBUG glance.common.config [None req-f32367ef-477c-4b6e-9087-f28cf86dfde4 None None] image_cache_driver = centralized_db {{(pid=102057) log_opt_values /opt/stack/data/venv/lib/python3.12/site-packages/oslo_config/cfg.py:3245}}
Jun 04 11:19:02.116791 np0000002132 devstack@g-api.service[102057]: DEBUG glance.common.config [None req-f32367ef-477c-4b6e-9087-f28cf86dfde4 None None] image_cache_max_size = 10737418240 {{(pid=102057) log_opt_values /opt/stack/data/venv/lib/python3.12/site-packages/oslo_config/cfg.py:3245}}
Jun 04 11:19:02.116918 np0000002132 devstack@g-api.service[102057]: DEBUG glance.common.config [None req-f32367ef-477c-4b6e-9087-f28cf86dfde4 None None] image_cache_sqlite_db = cache.db {{(pid=102057) log_opt_values /opt/stack/data/venv/lib/python3.12/site-packages/oslo_config/cfg.py:3245}}
Jun 04 11:19:02.117025 np0000002132 devstack@g-api.service[102057]: DEBUG glance.common.config [None req-f32367ef-477c-4b6e-9087-f28cf86dfde4 None None] image_cache_stall_time = 86400 {{(pid=102057) log_opt_values /opt/stack/data/venv/lib/python3.12/site-packages/oslo_config/cfg.py:3245}}
Jun 04 11:19:02.117104 np0000002132 devstack@g-api.service[102057]: DEBUG glance.common.config [None req-f32367ef-477c-4b6e-9087-f28cf86dfde4 None None] image_location_quota = 10 {{(pid=102057) log_opt_values /opt/stack/data/venv/lib/python3.12/site-packages/oslo_config/cfg.py:3245}}
Jun 04 11:19:02.117192 np0000002132 devstack@g-api.service[102057]: DEBUG glance.common.config [None req-f32367ef-477c-4b6e-9087-f28cf86dfde4 None None] image_member_quota = 128 {{(pid=102057) log_opt_values /opt/stack/data/venv/lib/python3.12/site-packages/oslo_config/cfg.py:3245}}
Jun 04 11:19:02.117283 np0000002132 devstack@g-api.service[102057]: DEBUG glance.common.config [None req-f32367ef-477c-4b6e-9087-f28cf86dfde4 None None] image_property_quota = 128 {{(pid=102057) log_opt_values /opt/stack/data/venv/lib/python3.12/site-packages/oslo_config/cfg.py:3245}}
Jun 04 11:19:02.117383 np0000002132 devstack@g-api.service[102057]: DEBUG glance.common.config [None req-f32367ef-477c-4b6e-9087-f28cf86dfde4 None None] image_size_cap = 1099511627776 {{(pid=102057) log_opt_values /opt/stack/data/venv/lib/python3.12/site-packages/oslo_config/cfg.py:3245}}
Jun 04 11:19:02.117470 np0000002132 devstack@g-api.service[102057]: DEBUG glance.common.config [None req-f32367ef-477c-4b6e-9087-f28cf86dfde4 None None] image_tag_quota = 128 {{(pid=102057) log_opt_values /opt/stack/data/venv/lib/python3.12/site-packages/oslo_config/cfg.py:3245}}
Jun 04 11:19:02.117586 np0000002132 devstack@g-api.service[102057]: DEBUG glance.common.config [None req-f32367ef-477c-4b6e-9087-f28cf86dfde4 None None] instance_format = [instance: %(uuid)s] {{(pid=102057) log_opt_values /opt/stack/data/venv/lib/python3.12/site-packages/oslo_config/cfg.py:3245}}
Jun 04 11:19:02.117678 np0000002132 devstack@g-api.service[102057]: DEBUG glance.common.config [None req-f32367ef-477c-4b6e-9087-f28cf86dfde4 None None] instance_uuid_format = [instance: %(uuid)s] {{(pid=102057) log_opt_values /opt/stack/data/venv/lib/python3.12/site-packages/oslo_config/cfg.py:3245}}
Jun 04 11:19:02.117762 np0000002132 devstack@g-api.service[102057]: DEBUG glance.common.config [None req-f32367ef-477c-4b6e-9087-f28cf86dfde4 None None] limit_param_default = 25 {{(pid=102057) log_opt_values /opt/stack/data/venv/lib/python3.12/site-packages/oslo_config/cfg.py:3245}}
Jun 04 11:19:02.117874 np0000002132 devstack@g-api.service[102057]: DEBUG glance.common.config [None req-f32367ef-477c-4b6e-9087-f28cf86dfde4 None None] log_color = False {{(pid=102057) log_opt_values /opt/stack/data/venv/lib/python3.12/site-packages/oslo_config/cfg.py:3245}}
Jun 04 11:19:02.117970 np0000002132 devstack@g-api.service[102057]: DEBUG glance.common.config [None req-f32367ef-477c-4b6e-9087-f28cf86dfde4 None None] log_config_append = None {{(pid=102057) log_opt_values /opt/stack/data/venv/lib/python3.12/site-packages/oslo_config/cfg.py:3245}}
Jun 04 11:19:02.118069 np0000002132 devstack@g-api.service[102057]: DEBUG glance.common.config [None req-f32367ef-477c-4b6e-9087-f28cf86dfde4 None None] log_date_format = %Y-%m-%d %H:%M:%S {{(pid=102057) log_opt_values /opt/stack/data/venv/lib/python3.12/site-packages/oslo_config/cfg.py:3245}}
Jun 04 11:19:02.118179 np0000002132 devstack@g-api.service[102057]: DEBUG glance.common.config [None req-f32367ef-477c-4b6e-9087-f28cf86dfde4 None None] log_dir = None {{(pid=102057) log_opt_values /opt/stack/data/venv/lib/python3.12/site-packages/oslo_config/cfg.py:3245}}
Jun 04 11:19:02.118267 np0000002132 devstack@g-api.service[102057]: DEBUG glance.common.config [None req-f32367ef-477c-4b6e-9087-f28cf86dfde4 None None] log_file = None {{(pid=102057) log_opt_values /opt/stack/data/venv/lib/python3.12/site-packages/oslo_config/cfg.py:3245}}
Jun 04 11:19:02.118377 np0000002132 devstack@g-api.service[102057]: DEBUG glance.common.config [None req-f32367ef-477c-4b6e-9087-f28cf86dfde4 None None] log_rotate_interval = 1 {{(pid=102057) log_opt_values /opt/stack/data/venv/lib/python3.12/site-packages/oslo_config/cfg.py:3245}}
Jun 04 11:19:02.118470 np0000002132 devstack@g-api.service[102057]: DEBUG glance.common.config [None req-f32367ef-477c-4b6e-9087-f28cf86dfde4 None None] log_rotate_interval_type = days {{(pid=102057) log_opt_values /opt/stack/data/venv/lib/python3.12/site-packages/oslo_config/cfg.py:3245}}
Jun 04 11:19:02.118588 np0000002132 devstack@g-api.service[102057]: DEBUG glance.common.config [None req-f32367ef-477c-4b6e-9087-f28cf86dfde4 None None] log_rotation_type = none {{(pid=102057) log_opt_values /opt/stack/data/venv/lib/python3.12/site-packages/oslo_config/cfg.py:3245}}
Jun 04 11:19:02.118660 np0000002132 devstack@g-api.service[102057]: DEBUG glance.common.config [None req-f32367ef-477c-4b6e-9087-f28cf86dfde4 None None] logging_context_format_string = %(color)s%(levelname)s %(name)s [%(global_request_id)s %(request_id)s %(project_name)s %(user_name)s%(color)s] %(instance)s%(color)s%(message)s {{(pid=102057) log_opt_values /opt/stack/data/venv/lib/python3.12/site-packages/oslo_config/cfg.py:3245}}
Jun 04 11:19:02.118727 np0000002132 devstack@g-api.service[102057]: DEBUG glance.common.config [None req-f32367ef-477c-4b6e-9087-f28cf86dfde4 None None] logging_debug_format_suffix = {{(pid=%(process)d) %(funcName)s %(pathname)s:%(lineno)d}} {{(pid=102057) log_opt_values /opt/stack/data/venv/lib/python3.12/site-packages/oslo_config/cfg.py:3245}}
Jun 04 11:19:02.118864 np0000002132 devstack@g-api.service[102057]: DEBUG glance.common.config [None req-f32367ef-477c-4b6e-9087-f28cf86dfde4 None None] logging_default_format_string = %(color)s%(levelname)s %(name)s [-%(color)s] %(instance)s%(color)s%(message)s {{(pid=102057) log_opt_values /opt/stack/data/venv/lib/python3.12/site-packages/oslo_config/cfg.py:3245}}
Jun 04 11:19:02.118964 np0000002132 devstack@g-api.service[102057]: DEBUG glance.common.config [None req-f32367ef-477c-4b6e-9087-f28cf86dfde4 None None] logging_exception_prefix = ERROR %(name)s %(instance)s {{(pid=102057) log_opt_values /opt/stack/data/venv/lib/python3.12/site-packages/oslo_config/cfg.py:3245}}
Jun 04 11:19:02.119030 np0000002132 devstack@g-api.service[102057]: DEBUG glance.common.config [None req-f32367ef-477c-4b6e-9087-f28cf86dfde4 None None] logging_user_identity_format = %(user)s %(project)s %(domain)s %(system_scope)s %(user_domain)s %(project_domain)s {{(pid=102057) log_opt_values /opt/stack/data/venv/lib/python3.12/site-packages/oslo_config/cfg.py:3245}}
Jun 04 11:19:02.119118 np0000002132 devstack@g-api.service[102057]: DEBUG glance.common.config [None req-f32367ef-477c-4b6e-9087-f28cf86dfde4 None None] max_header_line = 16384 {{(pid=102057) log_opt_values /opt/stack/data/venv/lib/python3.12/site-packages/oslo_config/cfg.py:3245}}
Jun 04 11:19:02.119204 np0000002132 devstack@g-api.service[102057]: DEBUG glance.common.config [None req-f32367ef-477c-4b6e-9087-f28cf86dfde4 None None] max_logfile_count = 30 {{(pid=102057) log_opt_values /opt/stack/data/venv/lib/python3.12/site-packages/oslo_config/cfg.py:3245}}
Jun 04 11:19:02.119290 np0000002132 devstack@g-api.service[102057]: DEBUG glance.common.config [None req-f32367ef-477c-4b6e-9087-f28cf86dfde4 None None] max_logfile_size_mb = 200 {{(pid=102057) log_opt_values /opt/stack/data/venv/lib/python3.12/site-packages/oslo_config/cfg.py:3245}}
Jun 04 11:19:02.119394 np0000002132 devstack@g-api.service[102057]: DEBUG glance.common.config [None req-f32367ef-477c-4b6e-9087-f28cf86dfde4 None None] max_request_id_length = 64 {{(pid=102057) log_opt_values /opt/stack/data/venv/lib/python3.12/site-packages/oslo_config/cfg.py:3245}}
Jun 04 11:19:02.119486 np0000002132 devstack@g-api.service[102057]: DEBUG glance.common.config [None req-f32367ef-477c-4b6e-9087-f28cf86dfde4 None None] metadata_encryption_key = **** {{(pid=102057) log_opt_values /opt/stack/data/venv/lib/python3.12/site-packages/oslo_config/cfg.py:3245}}
Jun 04 11:19:02.119607 np0000002132 devstack@g-api.service[102057]: DEBUG glance.common.config [None req-f32367ef-477c-4b6e-9087-f28cf86dfde4 None None] node_staging_uri = file:///tmp/staging/ {{(pid=102057) log_opt_values /opt/stack/data/venv/lib/python3.12/site-packages/oslo_config/cfg.py:3245}}
Jun 04 11:19:02.119692 np0000002132 devstack@g-api.service[102057]: DEBUG glance.common.config [None req-f32367ef-477c-4b6e-9087-f28cf86dfde4 None None] property_protection_file = None {{(pid=102057) log_opt_values /opt/stack/data/venv/lib/python3.12/site-packages/oslo_config/cfg.py:3245}}
Jun 04 11:19:02.119785 np0000002132 devstack@g-api.service[102057]: DEBUG glance.common.config [None req-f32367ef-477c-4b6e-9087-f28cf86dfde4 None None] property_protection_rule_format = roles {{(pid=102057) log_opt_values /opt/stack/data/venv/lib/python3.12/site-packages/oslo_config/cfg.py:3245}}
Jun 04 11:19:02.119894 np0000002132 devstack@g-api.service[102057]: DEBUG glance.common.config [None req-f32367ef-477c-4b6e-9087-f28cf86dfde4 None None] public_endpoint = https://10.4.3.231/image {{(pid=102057) log_opt_values /opt/stack/data/venv/lib/python3.12/site-packages/oslo_config/cfg.py:3245}}
Jun 04 11:19:02.119987 np0000002132 devstack@g-api.service[102057]: DEBUG glance.common.config [None req-f32367ef-477c-4b6e-9087-f28cf86dfde4 None None] publish_errors = False {{(pid=102057) log_opt_values /opt/stack/data/venv/lib/python3.12/site-packages/oslo_config/cfg.py:3245}}
Jun 04 11:19:02.120089 np0000002132 devstack@g-api.service[102057]: DEBUG glance.common.config [None req-f32367ef-477c-4b6e-9087-f28cf86dfde4 None None] pydev_worker_debug_host = None {{(pid=102057) log_opt_values /opt/stack/data/venv/lib/python3.12/site-packages/oslo_config/cfg.py:3245}}
Jun 04 11:19:02.120195 np0000002132 devstack@g-api.service[102057]: DEBUG glance.common.config [None req-f32367ef-477c-4b6e-9087-f28cf86dfde4 None None] pydev_worker_debug_port = 5678 {{(pid=102057) log_opt_values /opt/stack/data/venv/lib/python3.12/site-packages/oslo_config/cfg.py:3245}}
Jun 04 11:19:02.120292 np0000002132 devstack@g-api.service[102057]: DEBUG glance.common.config [None req-f32367ef-477c-4b6e-9087-f28cf86dfde4 None None] rate_limit_burst = 0 {{(pid=102057) log_opt_values /opt/stack/data/venv/lib/python3.12/site-packages/oslo_config/cfg.py:3245}}
Jun 04 11:19:02.120403 np0000002132 devstack@g-api.service[102057]: DEBUG glance.common.config [None req-f32367ef-477c-4b6e-9087-f28cf86dfde4 None None] rate_limit_except_level = CRITICAL {{(pid=102057) log_opt_values /opt/stack/data/venv/lib/python3.12/site-packages/oslo_config/cfg.py:3245}}
Jun 04 11:19:02.120500 np0000002132 devstack@g-api.service[102057]: DEBUG glance.common.config [None req-f32367ef-477c-4b6e-9087-f28cf86dfde4 None None] rate_limit_interval = 0 {{(pid=102057) log_opt_values /opt/stack/data/venv/lib/python3.12/site-packages/oslo_config/cfg.py:3245}}
Jun 04 11:19:02.120603 np0000002132 devstack@g-api.service[102057]: DEBUG glance.common.config [None req-f32367ef-477c-4b6e-9087-f28cf86dfde4 None None] scrub_pool_size = 1 {{(pid=102057) log_opt_values /opt/stack/data/venv/lib/python3.12/site-packages/oslo_config/cfg.py:3245}}
Jun 04 11:19:02.120693 np0000002132 devstack@g-api.service[102057]: DEBUG glance.common.config [None req-f32367ef-477c-4b6e-9087-f28cf86dfde4 None None] scrub_time = 0 {{(pid=102057) log_opt_values /opt/stack/data/venv/lib/python3.12/site-packages/oslo_config/cfg.py:3245}}
Jun 04 11:19:02.120803 np0000002132 devstack@g-api.service[102057]: DEBUG glance.common.config [None req-f32367ef-477c-4b6e-9087-f28cf86dfde4 None None] shell_completion = None {{(pid=102057) log_opt_values /opt/stack/data/venv/lib/python3.12/site-packages/oslo_config/cfg.py:3245}}
Jun 04 11:19:02.120926 np0000002132 devstack@g-api.service[102057]: DEBUG glance.common.config [None req-f32367ef-477c-4b6e-9087-f28cf86dfde4 None None] show_image_direct_url = False {{(pid=102057) log_opt_values /opt/stack/data/venv/lib/python3.12/site-packages/oslo_config/cfg.py:3245}}
Jun 04 11:19:02.121136 np0000002132 devstack@g-api.service[102057]: WARNING oslo_config.cfg [None req-f32367ef-477c-4b6e-9087-f28cf86dfde4 None None] Deprecated: Option "show_multiple_locations" from group "DEFAULT" is deprecated for removal (Use of this option, deprecated since Newton, is a security risk and will be removed once we figure out a way to satisfy those use cases that currently require it. An earlier announcement that the same functionality can be achieved with greater granularity by using policies is incorrect. You cannot work around this option via policy configuration at the present time, though that is the direction we believe the fix will take. Please keep an eye on the Glance release notes to stay up to date on progress in addressing this issue.). Its value may be silently ignored in the future.
Jun 04 11:19:02.121242 np0000002132 devstack@g-api.service[102057]: DEBUG glance.common.config [None req-f32367ef-477c-4b6e-9087-f28cf86dfde4 None None] show_multiple_locations = False {{(pid=102057) log_opt_values /opt/stack/data/venv/lib/python3.12/site-packages/oslo_config/cfg.py:3245}}
Jun 04 11:19:02.121339 np0000002132 devstack@g-api.service[102057]: DEBUG glance.common.config [None req-f32367ef-477c-4b6e-9087-f28cf86dfde4 None None] syslog_log_facility = LOG_USER {{(pid=102057) log_opt_values /opt/stack/data/venv/lib/python3.12/site-packages/oslo_config/cfg.py:3245}}
Jun 04 11:19:02.121446 np0000002132 devstack@g-api.service[102057]: DEBUG glance.common.config [None req-f32367ef-477c-4b6e-9087-f28cf86dfde4 None None] tcp_keepidle = 600 {{(pid=102057) log_opt_values /opt/stack/data/venv/lib/python3.12/site-packages/oslo_config/cfg.py:3245}}
Jun 04 11:19:02.121554 np0000002132 devstack@g-api.service[102057]: DEBUG glance.common.config [None req-f32367ef-477c-4b6e-9087-f28cf86dfde4 None None] transport_url = **** {{(pid=102057) log_opt_values /opt/stack/data/venv/lib/python3.12/site-packages/oslo_config/cfg.py:3245}}
Jun 04 11:19:02.121660 np0000002132 devstack@g-api.service[102057]: DEBUG glance.common.config [None req-f32367ef-477c-4b6e-9087-f28cf86dfde4 None None] use_journal = False {{(pid=102057) log_opt_values /opt/stack/data/venv/lib/python3.12/site-packages/oslo_config/cfg.py:3245}}
Jun 04 11:19:02.121748 np0000002132 devstack@g-api.service[102057]: DEBUG glance.common.config [None req-f32367ef-477c-4b6e-9087-f28cf86dfde4 None None] use_json = False {{(pid=102057) log_opt_values /opt/stack/data/venv/lib/python3.12/site-packages/oslo_config/cfg.py:3245}}
Jun 04 11:19:02.121894 np0000002132 devstack@g-api.service[102057]: DEBUG glance.common.config [None req-f32367ef-477c-4b6e-9087-f28cf86dfde4 None None] use_keystone_limits = True {{(pid=102057) log_opt_values /opt/stack/data/venv/lib/python3.12/site-packages/oslo_config/cfg.py:3245}}
Jun 04 11:19:02.122021 np0000002132 devstack@g-api.service[102057]: DEBUG glance.common.config [None req-f32367ef-477c-4b6e-9087-f28cf86dfde4 None None] use_stderr = False {{(pid=102057) log_opt_values /opt/stack/data/venv/lib/python3.12/site-packages/oslo_config/cfg.py:3245}}
Jun 04 11:19:02.122143 np0000002132 devstack@g-api.service[102057]: DEBUG glance.common.config [None req-f32367ef-477c-4b6e-9087-f28cf86dfde4 None None] use_syslog = False {{(pid=102057) log_opt_values /opt/stack/data/venv/lib/python3.12/site-packages/oslo_config/cfg.py:3245}}
Jun 04 11:19:02.122243 np0000002132 devstack@g-api.service[102057]: DEBUG glance.common.config [None req-f32367ef-477c-4b6e-9087-f28cf86dfde4 None None] user_storage_quota = 0 {{(pid=102057) log_opt_values /opt/stack/data/venv/lib/python3.12/site-packages/oslo_config/cfg.py:3245}}
Jun 04 11:19:02.122335 np0000002132 devstack@g-api.service[102057]: DEBUG glance.common.config [None req-f32367ef-477c-4b6e-9087-f28cf86dfde4 None None] worker_self_reference_url = http://127.0.0.1:60999 {{(pid=102057) log_opt_values /opt/stack/data/venv/lib/python3.12/site-packages/oslo_config/cfg.py:3245}}
Jun 04 11:19:02.122441 np0000002132 devstack@g-api.service[102057]: DEBUG glance.common.config [None req-f32367ef-477c-4b6e-9087-f28cf86dfde4 None None] workers = None {{(pid=102057) log_opt_values /opt/stack/data/venv/lib/python3.12/site-packages/oslo_config/cfg.py:3245}}
Jun 04 11:19:02.122561 np0000002132 devstack@g-api.service[102057]: DEBUG glance.common.config [None req-f32367ef-477c-4b6e-9087-f28cf86dfde4 None None] oslo_concurrency.disable_process_locking = False {{(pid=102057) log_opt_values /opt/stack/data/venv/lib/python3.12/site-packages/oslo_config/cfg.py:3256}}
Jun 04 11:19:02.122675 np0000002132 devstack@g-api.service[102057]: DEBUG glance.common.config [None req-f32367ef-477c-4b6e-9087-f28cf86dfde4 None None] oslo_concurrency.lock_path = /opt/stack/data/glance/locks {{(pid=102057) log_opt_values /opt/stack/data/venv/lib/python3.12/site-packages/oslo_config/cfg.py:3256}}
Jun 04 11:19:02.122794 np0000002132 devstack@g-api.service[102057]: DEBUG glance.common.config [None req-f32367ef-477c-4b6e-9087-f28cf86dfde4 None None] oslo_middleware.enable_proxy_headers_parsing = False {{(pid=102057) log_opt_values /opt/stack/data/venv/lib/python3.12/site-packages/oslo_config/cfg.py:3256}}
Jun 04 11:19:02.122923 np0000002132 devstack@g-api.service[102057]: DEBUG glance.common.config [None req-f32367ef-477c-4b6e-9087-f28cf86dfde4 None None] oslo_middleware.http_basic_auth_user_file = /etc/htpasswd {{(pid=102057) log_opt_values /opt/stack/data/venv/lib/python3.12/site-packages/oslo_config/cfg.py:3256}}
Jun 04 11:19:02.123019 np0000002132 devstack@g-api.service[102057]: DEBUG glance.common.config [None req-f32367ef-477c-4b6e-9087-f28cf86dfde4 None None] paste_deploy.config_file = None {{(pid=102057) log_opt_values /opt/stack/data/venv/lib/python3.12/site-packages/oslo_config/cfg.py:3256}}
Jun 04 11:19:02.123147 np0000002132 devstack@g-api.service[102057]: DEBUG glance.common.config [None req-f32367ef-477c-4b6e-9087-f28cf86dfde4 None None] paste_deploy.flavor = keystone+cachemanagement {{(pid=102057) log_opt_values /opt/stack/data/venv/lib/python3.12/site-packages/oslo_config/cfg.py:3256}}
Jun 04 11:19:02.123249 np0000002132 devstack@g-api.service[102057]: DEBUG glance.common.config [None req-f32367ef-477c-4b6e-9087-f28cf86dfde4 None None] image_format.container_formats = ['ami', 'ari', 'aki', 'bare', 'ovf', 'ova', 'docker', 'compressed'] {{(pid=102057) log_opt_values /opt/stack/data/venv/lib/python3.12/site-packages/oslo_config/cfg.py:3256}}
Jun 04 11:19:02.123375 np0000002132 devstack@g-api.service[102057]: DEBUG glance.common.config [None req-f32367ef-477c-4b6e-9087-f28cf86dfde4 None None] image_format.disk_formats = ['ami', 'ari', 'aki', 'vhd', 'vhdx', 'vmdk', 'raw', 'qcow2', 'vdi', 'iso', 'ploop'] {{(pid=102057) log_opt_values /opt/stack/data/venv/lib/python3.12/site-packages/oslo_config/cfg.py:3256}}
Jun 04 11:19:02.123496 np0000002132 devstack@g-api.service[102057]: DEBUG glance.common.config [None req-f32367ef-477c-4b6e-9087-f28cf86dfde4 None None] image_format.gpt_safety_checks_nonfatal = [] {{(pid=102057) log_opt_values /opt/stack/data/venv/lib/python3.12/site-packages/oslo_config/cfg.py:3256}}
Jun 04 11:19:02.123603 np0000002132 devstack@g-api.service[102057]: DEBUG glance.common.config [None req-f32367ef-477c-4b6e-9087-f28cf86dfde4 None None] image_format.require_image_format_match = True {{(pid=102057) log_opt_values /opt/stack/data/venv/lib/python3.12/site-packages/oslo_config/cfg.py:3256}}
Jun 04 11:19:02.123720 np0000002132 devstack@g-api.service[102057]: DEBUG glance.common.config [None req-f32367ef-477c-4b6e-9087-f28cf86dfde4 None None] image_format.vmdk_allowed_types = ['streamOptimized', 'monolithicSparse'] {{(pid=102057) log_opt_values /opt/stack/data/venv/lib/python3.12/site-packages/oslo_config/cfg.py:3256}}
Jun 04 11:19:02.123836 np0000002132 devstack@g-api.service[102057]: DEBUG glance.common.config [None req-f32367ef-477c-4b6e-9087-f28cf86dfde4 None None] task.task_executor = taskflow {{(pid=102057) log_opt_values /opt/stack/data/venv/lib/python3.12/site-packages/oslo_config/cfg.py:3256}}
