Jun 04 11:18:20.678181 np0000002132 devstack@neutron-api.service[90037]: DEBUG neutron.plugins.ml2.drivers.ovn.mech_driver.ovsdb.ovsdb_monitor [-] Hash Ring: Node 3ee920e45ed256dbb21f3b1100e1d7cf (host: np0000002132) handling event "update" for row bda9b216-b515-442a-94ad-7e3319c1093b (table: Connection) {{(pid=90037) notify /opt/stack/neutron/neutron/plugins/ml2/drivers/ovn/mech_driver/ovsdb/ovsdb_monitor.py:1015}}
Jun 04 11:18:20.779184 np0000002132 devstack@neutron-api.service[90038]: DEBUG neutron.plugins.ml2.drivers.ovn.mech_driver.ovsdb.ovsdb_monitor [-] Hash Ring: Node 1efac817cdb855058609ecc41dcfe2d1 (host: np0000002132) handling event "update" for row bda9b216-b515-442a-94ad-7e3319c1093b (table: Connection) {{(pid=90038) notify /opt/stack/neutron/neutron/plugins/ml2/drivers/ovn/mech_driver/ovsdb/ovsdb_monitor.py:1015}}
Jun 04 11:18:20.787143 np0000002132 devstack@neutron-api.service[90038]: DEBUG neutron.api.wsgi [None req-fa23c84c-a911-40d6-b44e-ba48f8883451 admin admin] Missing Content-Type {{(pid=90038) get_content_type /opt/stack/neutron/neutron/api/wsgi.py:80}}
Jun 04 11:18:20.787582 np0000002132 devstack@neutron-api.service[90038]: DEBUG neutron.api.wsgi [None req-fa23c84c-a911-40d6-b44e-ba48f8883451 admin admin] https://10.4.3.231/networking/v2.0/extensions returned with HTTP 200 {{(pid=90038) __call__ /opt/stack/neutron/neutron/api/wsgi.py:540}}
Jun 04 11:18:20.788093 np0000002132 devstack@neutron-api.service[90038]: [pid: 90038|app: 0|req: 2/2] 10.4.3.231 () {64 vars in 1292 bytes} [Thu Jun 4 11:18:20 2026] GET /networking/v2.0/extensions => generated 15873 bytes in 577 msecs (HTTP/1.1 200) 4 headers in 159 bytes (1 switches on core 0)
Jun 04 11:18:21.207388 np0000002132 devstack@neutron-api.service[90039]: DEBUG neutron.api.v2.base [None req-e58234aa-a0f5-446f-842c-c9c4ab49390f admin admin] Request body: {'subnetpool': {'is_default': True, 'prefixes': ['10.1.0.0/20'], 'shared': True, 'default_prefixlen': 26, 'name': 'shared-default-subnetpool-v4'}} {{(pid=90039) prepare_request_body /opt/stack/neutron/neutron/api/v2/base.py:727}}
Jun 04 11:18:21.402739 np0000002132 devstack@neutron-api.service[90039]: DEBUG neutron.policy [None req-e58234aa-a0f5-446f-842c-c9c4ab49390f admin admin] Loaded default policies from ['neutron'] under neutron.policies entry points {{(pid=90039) register_rules /opt/stack/neutron/neutron/policy.py:65}}
Jun 04 11:18:21.522702 np0000002132 devstack@neutron-api.service[90039]: DEBUG neutron_lib.callbacks.manager [None req-e58234aa-a0f5-446f-842c-c9c4ab49390f admin admin] Publish callbacks ['neutron.objects.securitygroup.RbacNeutronDbObjectMixin.validate_rbac_policy_change-1786785492872', 'neutron.objects.address_group.RbacNeutronDbObjectMixin.validate_rbac_policy_change-1786785477827', 'neutron.objects.network.RbacNeutronDbObjectMixin.validate_rbac_policy_change-1786785251844', 'neutron.objects.qos.policy.RbacNeutronDbObjectMixin.validate_rbac_policy_change-1786785265490', 'neutron.objects.subnetpool.RbacNeutronDbObjectMixin.validate_rbac_policy_change-1786785288116', 'neutron.objects.address_scope.RbacNeutronDbObjectMixin.validate_rbac_policy_change-1786785291003', 'neutron.plugins.ml2.plugin.External_net_db_mixin._process_ext_policy_create-287754', 'neutron.plugins.ml2.plugin.NeutronDbPluginV2.validate_network_rbac_policy_change-374806'] for rbac-policy (None), before_create {{(pid=90039) _notify_loop /opt/stack/data/venv/lib/python3.12/site-packages/neutron_lib/callbacks/manager.py:184}}
Jun 04 11:18:21.556077 np0000002132 devstack@neutron-api.service[90039]: DEBUG neutron_lib.callbacks.manager [None req-e58234aa-a0f5-446f-842c-c9c4ab49390f admin admin] Publish callbacks [] for subnetpool (None), before_response {{(pid=90039) _notify_loop /opt/stack/data/venv/lib/python3.12/site-packages/neutron_lib/callbacks/manager.py:184}}
Jun 04 11:18:21.556788 np0000002132 devstack@neutron-api.service[90039]: [pid: 90039|app: 0|req: 1/3] 10.4.3.231 () {68 vars in 1336 bytes} [Thu Jun 4 11:18:21 2026] POST /networking/v2.0/subnetpools => generated 533 bytes in 433 msecs (HTTP/1.1 201) 4 headers in 162 bytes (1 switches on core 0)
Jun 04 11:18:21.844653 np0000002132 devstack@neutron-api.service[90037]: DEBUG neutron.api.v2.base [None req-2de53f74-a53e-4c0a-9069-364230b1f3b9 admin admin] Request body: {'subnetpool': {'is_default': True, 'prefixes': ['fd46:86e8:ab07::/56'], 'shared': True, 'default_prefixlen': 64, 'name': 'shared-default-subnetpool-v6'}} {{(pid=90037) prepare_request_body /opt/stack/neutron/neutron/api/v2/base.py:727}}
Jun 04 11:18:22.013295 np0000002132 devstack@neutron-api.service[90037]: DEBUG neutron.policy [None req-2de53f74-a53e-4c0a-9069-364230b1f3b9 admin admin] Loaded default policies from ['neutron'] under neutron.policies entry points {{(pid=90037) register_rules /opt/stack/neutron/neutron/policy.py:65}}
Jun 04 11:18:22.124798 np0000002132 devstack@neutron-api.service[90037]: DEBUG neutron_lib.callbacks.manager [None req-2de53f74-a53e-4c0a-9069-364230b1f3b9 admin admin] Publish callbacks ['neutron.objects.securitygroup.RbacNeutronDbObjectMixin.validate_rbac_policy_change-1786785490654', 'neutron.objects.address_group.RbacNeutronDbObjectMixin.validate_rbac_policy_change-1786785386411', 'neutron.objects.network.RbacNeutronDbObjectMixin.validate_rbac_policy_change-1786785259237', 'neutron.objects.qos.policy.RbacNeutronDbObjectMixin.validate_rbac_policy_change-1786785262414', 'neutron.objects.subnetpool.RbacNeutronDbObjectMixin.validate_rbac_policy_change-1786785239067', 'neutron.objects.address_scope.RbacNeutronDbObjectMixin.validate_rbac_policy_change-1786785285035', 'neutron.plugins.ml2.plugin.External_net_db_mixin._process_ext_policy_create-80212', 'neutron.plugins.ml2.plugin.NeutronDbPluginV2.validate_network_rbac_policy_change-72752'] for rbac-policy (None), before_create {{(pid=90037) _notify_loop /opt/stack/data/venv/lib/python3.12/site-packages/neutron_lib/callbacks/manager.py:184}}
Jun 04 11:18:22.157506 np0000002132 devstack@neutron-api.service[90037]: DEBUG neutron_lib.callbacks.manager [None req-2de53f74-a53e-4c0a-9069-364230b1f3b9 admin admin] Publish callbacks [] for subnetpool (None), before_response {{(pid=90037) _notify_loop /opt/stack/data/venv/lib/python3.12/site-packages/neutron_lib/callbacks/manager.py:184}}
Jun 04 11:18:22.157995 np0000002132 devstack@neutron-api.service[90037]: [pid: 90037|app: 0|req: 1/4] 10.4.3.231 () {68 vars in 1336 bytes} [Thu Jun 4 11:18:21 2026] POST /networking/v2.0/subnetpools => generated 543 bytes in 398 msecs (HTTP/1.1 201) 4 headers in 162 bytes (1 switches on core 0)
Jun 04 11:18:22.371734 np0000002132 devstack@neutron-api.service[90038]: DEBUG neutron.api.v2.base [None req-43c50b13-77bf-45c0-8383-dd1cff60e324 admin admin] Request body: {'network': {'name': 'private', 'admin_state_up': True}} {{(pid=90038) prepare_request_body /opt/stack/neutron/neutron/api/v2/base.py:727}}
Jun 04 11:18:22.398954 np0000002132 devstack@neutron-api.service[90038]: DEBUG neutron.pecan_wsgi.hooks.quota_enforcement [None req-43c50b13-77bf-45c0-8383-dd1cff60e324 admin admin] Made reservation on behalf of 849f8788fcb04ae29bd201af66831a15 for: {'network': 1} {{(pid=90038) before /opt/stack/neutron/neutron/pecan_wsgi/hooks/quota_enforcement.py:66}}
Jun 04 11:18:22.554475 np0000002132 devstack@neutron-api.service[90038]: DEBUG neutron.policy [None req-43c50b13-77bf-45c0-8383-dd1cff60e324 admin admin] Loaded default policies from ['neutron'] under neutron.policies entry points {{(pid=90038) register_rules /opt/stack/neutron/neutron/policy.py:65}}
Jun 04 11:18:22.636520 np0000002132 devstack@neutron-api.service[90038]: DEBUG neutron_lib.callbacks.manager [None req-43c50b13-77bf-45c0-8383-dd1cff60e324 admin admin] Publish callbacks ['neutron.plugins.ml2.plugin.SecurityGroupDbMixin._ensure_default_security_group_handler-204405'] for network (None), before_create {{(pid=90038) _notify_loop /opt/stack/data/venv/lib/python3.12/site-packages/neutron_lib/callbacks/manager.py:184}}
Jun 04 11:18:22.656165 np0000002132 devstack@neutron-api.service[90038]: DEBUG neutron_lib.callbacks.manager [None req-43c50b13-77bf-45c0-8383-dd1cff60e324 admin admin] Publish callbacks [] for security_group (None), before_create {{(pid=90038) _notify_loop /opt/stack/data/venv/lib/python3.12/site-packages/neutron_lib/callbacks/manager.py:184}}
Jun 04 11:18:22.741298 np0000002132 devstack@neutron-api.service[90038]: DEBUG neutron_lib.callbacks.manager [None req-43c50b13-77bf-45c0-8383-dd1cff60e324 admin admin] Publish callbacks ['neutron.plugins.ml2.drivers.ovn.mech_driver.mech_driver.OVNMechanismDriver._create_security_group_precommit-436011'] for security_group (962d3230-cae8-4639-ada6-dc3c973df321), precommit_create {{(pid=90038) _notify_loop /opt/stack/data/venv/lib/python3.12/site-packages/neutron_lib/callbacks/manager.py:184}}
Jun 04 11:18:22.741463 np0000002132 devstack@neutron-api.service[90038]: DEBUG neutron.db.ovn_revision_numbers_db [None req-43c50b13-77bf-45c0-8383-dd1cff60e324 admin admin] create_initial_revision uuid=962d3230-cae8-4639-ada6-dc3c973df321, type=security_groups, rev=-1 {{(pid=90038) create_initial_revision /opt/stack/neutron/neutron/db/ovn_revision_numbers_db.py:98}}
Jun 04 11:18:22.743706 np0000002132 devstack@neutron-api.service[90038]: DEBUG neutron.db.ovn_revision_numbers_db [None req-43c50b13-77bf-45c0-8383-dd1cff60e324 admin admin] create_initial_revision uuid=1cd1a98d-7afc-4550-b358-419fbe5e87b5, type=security_group_rules, rev=-1 {{(pid=90038) create_initial_revision /opt/stack/neutron/neutron/db/ovn_revision_numbers_db.py:98}}
Jun 04 11:18:22.744686 np0000002132 devstack@neutron-api.service[90038]: DEBUG neutron.db.ovn_revision_numbers_db [None req-43c50b13-77bf-45c0-8383-dd1cff60e324 admin admin] create_initial_revision uuid=a057dbc9-d154-4742-9440-9767af91a967, type=security_group_rules, rev=-1 {{(pid=90038) create_initial_revision /opt/stack/neutron/neutron/db/ovn_revision_numbers_db.py:98}}
Jun 04 11:18:22.745608 np0000002132 devstack@neutron-api.service[90038]: DEBUG neutron.db.ovn_revision_numbers_db [None req-43c50b13-77bf-45c0-8383-dd1cff60e324 admin admin] create_initial_revision uuid=adc47724-65c2-4b35-8dc4-ed044edff2e7, type=security_group_rules, rev=-1 {{(pid=90038) create_initial_revision /opt/stack/neutron/neutron/db/ovn_revision_numbers_db.py:98}}
Jun 04 11:18:22.746518 np0000002132 devstack@neutron-api.service[90038]: DEBUG neutron.db.ovn_revision_numbers_db [None req-43c50b13-77bf-45c0-8383-dd1cff60e324 admin admin] create_initial_revision uuid=ae4b0f52-129c-49bc-84c0-d173905c1c0d, type=security_group_rules, rev=-1 {{(pid=90038) create_initial_revision /opt/stack/neutron/neutron/db/ovn_revision_numbers_db.py:98}}
Jun 04 11:18:22.749169 np0000002132 devstack@neutron-api.service[90038]: DEBUG neutron_lib.callbacks.manager [None req-43c50b13-77bf-45c0-8383-dd1cff60e324 admin admin] Publish callbacks ['neutron.plugins.ml2.drivers.ovn.mech_driver.mech_driver.OVNMechanismDriver._create_security_group-436061', 'neutron.plugins.ml2.ovo_rpc._ObjectChangeHandler.handle_event-7344245'] for security_group (962d3230-cae8-4639-ada6-dc3c973df321), after_create {{(pid=90038) _notify_loop /opt/stack/data/venv/lib/python3.12/site-packages/neutron_lib/callbacks/manager.py:184}}
Jun 04 11:18:22.749978 np0000002132 devstack@neutron-api.service[90038]: DEBUG ovsdbapp.backend.ovs_idl.transaction [-] Running txn n=1 command(idx=0): PgAddCommand(_result=None, name=pg_962d3230_cae8_4639_ada6_dc3c973df321, may_exist=False, columns={'acls': [], 'external_ids': {'neutron:security_group_id': '962d3230-cae8-4639-ada6-dc3c973df321'}}) {{(pid=90038) do_commit /opt/stack/data/venv/lib/python3.12/site-packages/ovsdbapp/backend/ovs_idl/transaction.py:89}}
Jun 04 11:18:22.751005 np0000002132 devstack@neutron-api.service[90038]: DEBUG ovsdbapp.backend.ovs_idl.transaction [-] Running txn n=1 command(idx=1): PgAclAddCommand(_result=None, entity=pg_962d3230_cae8_4639_ada6_dc3c973df321, direction=to-lport, priority=1002, match=outport == @pg_962d3230_cae8_4639_ada6_dc3c973df321 && ip6 && ip6.src == $pg_962d3230_cae8_4639_ada6_dc3c973df321_ip6, action=allow-related, log=False, may_exist=True, severity=[], name=[], meter=[], external_ids={'neutron:security_group_rule_id': '1cd1a98d-7afc-4550-b358-419fbe5e87b5'}) {{(pid=90038) do_commit /opt/stack/data/venv/lib/python3.12/site-packages/ovsdbapp/backend/ovs_idl/transaction.py:89}}
Jun 04 11:18:22.751313 np0000002132 devstack@neutron-api.service[90038]: DEBUG ovsdbapp.backend.ovs_idl.transaction [-] Running txn n=1 command(idx=2): PgAclAddCommand(_result=None, entity=pg_962d3230_cae8_4639_ada6_dc3c973df321, direction=from-lport, priority=1002, match=inport == @pg_962d3230_cae8_4639_ada6_dc3c973df321 && ip6, action=allow-related, log=False, may_exist=True, severity=[], name=[], meter=[], external_ids={'neutron:security_group_rule_id': 'a057dbc9-d154-4742-9440-9767af91a967'}) {{(pid=90038) do_commit /opt/stack/data/venv/lib/python3.12/site-packages/ovsdbapp/backend/ovs_idl/transaction.py:89}}
Jun 04 11:18:22.751575 np0000002132 devstack@neutron-api.service[90038]: DEBUG ovsdbapp.backend.ovs_idl.transaction [-] Running txn n=1 command(idx=3): PgAclAddCommand(_result=None, entity=pg_962d3230_cae8_4639_ada6_dc3c973df321, direction=from-lport, priority=1002, match=inport == @pg_962d3230_cae8_4639_ada6_dc3c973df321 && ip4, action=allow-related, log=False, may_exist=True, severity=[], name=[], meter=[], external_ids={'neutron:security_group_rule_id': 'adc47724-65c2-4b35-8dc4-ed044edff2e7'}) {{(pid=90038) do_commit /opt/stack/data/venv/lib/python3.12/site-packages/ovsdbapp/backend/ovs_idl/transaction.py:89}}
Jun 04 11:18:22.751785 np0000002132 devstack@neutron-api.service[90038]: DEBUG ovsdbapp.backend.ovs_idl.transaction [-] Running txn n=1 command(idx=4): PgAclAddCommand(_result=None, entity=pg_962d3230_cae8_4639_ada6_dc3c973df321, direction=to-lport, priority=1002, match=outport == @pg_962d3230_cae8_4639_ada6_dc3c973df321 && ip4 && ip4.src == $pg_962d3230_cae8_4639_ada6_dc3c973df321_ip4, action=allow-related, log=False, may_exist=True, severity=[], name=[], meter=[], external_ids={'neutron:security_group_rule_id': 'ae4b0f52-129c-49bc-84c0-d173905c1c0d'}) {{(pid=90038) do_commit /opt/stack/data/venv/lib/python3.12/site-packages/ovsdbapp/backend/ovs_idl/transaction.py:89}}
Jun 04 11:18:22.755840 np0000002132 devstack@neutron-api.service[90038]: DEBUG neutron.plugins.ml2.drivers.ovn.mech_driver.ovsdb.ovsdb_monitor [-] Hash Ring: Node 1efac817cdb855058609ecc41dcfe2d1 (host: np0000002132) handling event "create" for row 07d84b4f-5a4f-4135-b489-88ae0dd8771c (table: ACL) {{(pid=90038) notify /opt/stack/neutron/neutron/plugins/ml2/drivers/ovn/mech_driver/ovsdb/ovsdb_monitor.py:1015}}
Jun 04 11:18:22.756003 np0000002132 devstack@neutron-api.service[90038]: DEBUG neutron.plugins.ml2.drivers.ovn.mech_driver.ovsdb.ovsdb_monitor [-] Hash Ring: Node 1efac817cdb855058609ecc41dcfe2d1 (host: np0000002132) handling event "create" for row 0f1f2403-c0e2-4fe1-a6c6-1dba58ae0b45 (table: ACL) {{(pid=90038) notify /opt/stack/neutron/neutron/plugins/ml2/drivers/ovn/mech_driver/ovsdb/ovsdb_monitor.py:1015}}
Jun 04 11:18:22.756124 np0000002132 devstack@neutron-api.service[90038]: DEBUG neutron.plugins.ml2.drivers.ovn.mech_driver.ovsdb.ovsdb_monitor [-] Hash Ring: Node 1efac817cdb855058609ecc41dcfe2d1 (host: np0000002132) handling event "create" for row 3549dcc4-a0db-454a-b503-ad0be63f8f46 (table: ACL) {{(pid=90038) notify /opt/stack/neutron/neutron/plugins/ml2/drivers/ovn/mech_driver/ovsdb/ovsdb_monitor.py:1015}}
Jun 04 11:18:22.756267 np0000002132 devstack@neutron-api.service[90038]: DEBUG neutron.plugins.ml2.drivers.ovn.mech_driver.ovsdb.ovsdb_monitor [-] Hash Ring: Node 1efac817cdb855058609ecc41dcfe2d1 (host: np0000002132) handling event "create" for row d965db2c-8d72-4f96-8d8a-500fce7a9593 (table: ACL) {{(pid=90038) notify /opt/stack/neutron/neutron/plugins/ml2/drivers/ovn/mech_driver/ovsdb/ovsdb_monitor.py:1015}}
Jun 04 11:18:22.756314 np0000002132 devstack@neutron-api.service[90039]: DEBUG neutron.plugins.ml2.drivers.ovn.mech_driver.ovsdb.ovsdb_monitor [-] Hash Ring: Node ceda365f57765e6da81dd5d77dfc213f (host: np0000002132) handling event "create" for row 3549dcc4-a0db-454a-b503-ad0be63f8f46 (table: ACL) {{(pid=90039) notify /opt/stack/neutron/neutron/plugins/ml2/drivers/ovn/mech_driver/ovsdb/ovsdb_monitor.py:1015}}
Jun 04 11:18:22.756506 np0000002132 devstack@neutron-api.service[90038]: DEBUG neutron.plugins.ml2.drivers.ovn.mech_driver.ovsdb.ovsdb_monitor [-] Hash Ring: Node 1efac817cdb855058609ecc41dcfe2d1 (host: np0000002132) handling event "create" for row f5214297-897f-47ba-b5bb-59fb057d89da (table: Port_Group) {{(pid=90038) notify /opt/stack/neutron/neutron/plugins/ml2/drivers/ovn/mech_driver/ovsdb/ovsdb_monitor.py:1015}}
Jun 04 11:18:22.756537 np0000002132 devstack@neutron-api.service[90039]: DEBUG neutron.plugins.ml2.drivers.ovn.mech_driver.ovsdb.ovsdb_monitor [-] Hash Ring: Node ceda365f57765e6da81dd5d77dfc213f (host: np0000002132) handling event "create" for row d965db2c-8d72-4f96-8d8a-500fce7a9593 (table: ACL) {{(pid=90039) notify /opt/stack/neutron/neutron/plugins/ml2/drivers/ovn/mech_driver/ovsdb/ovsdb_monitor.py:1015}}
Jun 04 11:18:22.756631 np0000002132 devstack@neutron-api.service[90039]: DEBUG neutron.plugins.ml2.drivers.ovn.mech_driver.ovsdb.ovsdb_monitor [-] Hash Ring: Node ceda365f57765e6da81dd5d77dfc213f (host: np0000002132) handling event "create" for row f5214297-897f-47ba-b5bb-59fb057d89da (table: Port_Group) {{(pid=90039) notify /opt/stack/neutron/neutron/plugins/ml2/drivers/ovn/mech_driver/ovsdb/ovsdb_monitor.py:1015}}
Jun 04 11:18:22.756688 np0000002132 devstack@neutron-api.service[90037]: DEBUG neutron.plugins.ml2.drivers.ovn.mech_driver.ovsdb.ovsdb_monitor [-] Hash Ring: Node 3ee920e45ed256dbb21f3b1100e1d7cf (host: np0000002132) handling event "create" for row f5214297-897f-47ba-b5bb-59fb057d89da (table: Port_Group) {{(pid=90037) notify /opt/stack/neutron/neutron/plugins/ml2/drivers/ovn/mech_driver/ovsdb/ovsdb_monitor.py:1015}}
Jun 04 11:18:22.780983 np0000002132 devstack@neutron-api.service[90038]: INFO neutron.db.ovn_revision_numbers_db [None req-43c50b13-77bf-45c0-8383-dd1cff60e324 admin admin] Successfully bumped revision number for resource 962d3230-cae8-4639-ada6-dc3c973df321 (type: security_groups) to 1
Jun 04 11:18:22.791387 np0000002132 devstack@neutron-api.service[90038]: INFO neutron.db.ovn_revision_numbers_db [None req-43c50b13-77bf-45c0-8383-dd1cff60e324 admin admin] Successfully bumped revision number for resource 1cd1a98d-7afc-4550-b358-419fbe5e87b5 (type: security_group_rules) to 0
Jun 04 11:18:22.799150 np0000002132 devstack@neutron-api.service[90038]: INFO neutron.db.ovn_revision_numbers_db [None req-43c50b13-77bf-45c0-8383-dd1cff60e324 admin admin] Successfully bumped revision number for resource a057dbc9-d154-4742-9440-9767af91a967 (type: security_group_rules) to 0
Jun 04 11:18:22.806820 np0000002132 devstack@neutron-api.service[90038]: INFO neutron.db.ovn_revision_numbers_db [None req-43c50b13-77bf-45c0-8383-dd1cff60e324 admin admin] Successfully bumped revision number for resource adc47724-65c2-4b35-8dc4-ed044edff2e7 (type: security_group_rules) to 0
Jun 04 11:18:22.814685 np0000002132 devstack@neutron-api.service[90038]: INFO neutron.db.ovn_revision_numbers_db [None req-43c50b13-77bf-45c0-8383-dd1cff60e324 admin admin] Successfully bumped revision number for resource ae4b0f52-129c-49bc-84c0-d173905c1c0d (type: security_group_rules) to 0
Jun 04 11:18:22.831944 np0000002132 devstack@neutron-api.service[90038]: DEBUG neutron.api.rpc.handlers.resources_rpc [None req-43c50b13-77bf-45c0-8383-dd1cff60e324 admin admin] Pushing event updated for resources: {'SecurityGroup': ['ID=962d3230-cae8-4639-ada6-dc3c973df321,revision_number=1']} {{(pid=90038) push /opt/stack/neutron/neutron/api/rpc/handlers/resources_rpc.py:237}}
Jun 04 11:18:22.837567 np0000002132 devstack@neutron-api.service[90038]: DEBUG ovsdbapp.backend.ovs_idl.transaction [-] Running txn n=1 command(idx=0): CheckLivenessCommand(_result=None) {{(pid=90038) do_commit /opt/stack/data/venv/lib/python3.12/site-packages/ovsdbapp/backend/ovs_idl/transaction.py:89}}
Jun 04 11:18:22.838921 np0000002132 devstack@neutron-api.service[90038]: DEBUG neutron.plugins.ml2.drivers.ovn.mech_driver.ovsdb.ovsdb_monitor [-] Hash Ring: Node 1efac817cdb855058609ecc41dcfe2d1 (host: np0000002132) handling event "update" for row eacb3ff3-95b0-4385-92e6-1ff64b0d300c (table: NB_Global) {{(pid=90038) notify /opt/stack/neutron/neutron/plugins/ml2/drivers/ovn/mech_driver/ovsdb/ovsdb_monitor.py:1015}}
Jun 04 11:18:22.839356 np0000002132 devstack@neutron-api.service[90039]: DEBUG neutron.plugins.ml2.drivers.ovn.mech_driver.ovsdb.ovsdb_monitor [-] Hash Ring: Node ceda365f57765e6da81dd5d77dfc213f (host: np0000002132) handling event "update" for row eacb3ff3-95b0-4385-92e6-1ff64b0d300c (table: NB_Global) {{(pid=90039) notify /opt/stack/neutron/neutron/plugins/ml2/drivers/ovn/mech_driver/ovsdb/ovsdb_monitor.py:1015}}
Jun 04 11:18:22.839922 np0000002132 devstack@neutron-api.service[90039]: DEBUG neutron.plugins.ml2.drivers.ovn.mech_driver.ovsdb.ovsdb_monitor [-] Hash Ring: Node ceda365f57765e6da81dd5d77dfc213f (host: np0000002132) handling event "update" for row eacb3ff3-95b0-4385-92e6-1ff64b0d300c (table: NB_Global) {{(pid=90039) notify /opt/stack/neutron/neutron/plugins/ml2/drivers/ovn/mech_driver/ovsdb/ovsdb_monitor.py:1015}}
Jun 04 11:18:22.841432 np0000002132 devstack@neutron-api.service[90038]: DEBUG neutron.api.rpc.callbacks.version_manager [None req-43c50b13-77bf-45c0-8383-dd1cff60e324 admin admin] Tracked resource versions report:
Jun 04 11:18:22.841432 np0000002132 devstack@neutron-api.service[90038]: pushed versions:
Jun 04 11:18:22.841432 np0000002132 devstack@neutron-api.service[90038]: { 'AddressGroup': {'1.2'},
Jun 04 11:18:22.841432 np0000002132 devstack@neutron-api.service[90038]: 'Agent': {'1.1'},
Jun 04 11:18:22.841432 np0000002132 devstack@neutron-api.service[90038]: 'ConntrackHelper': {'1.0'},
Jun 04 11:18:22.841432 np0000002132 devstack@neutron-api.service[90038]: 'LocalIPAssociation': {'1.0'},
Jun 04 11:18:22.841432 np0000002132 devstack@neutron-api.service[90038]: 'Log': {'1.0'},
Jun 04 11:18:22.841432 np0000002132 devstack@neutron-api.service[90038]: 'NDPProxy': {'1.0'},
Jun 04 11:18:22.841432 np0000002132 devstack@neutron-api.service[90038]: 'Network': {'1.3'},
Jun 04 11:18:22.841432 np0000002132 devstack@neutron-api.service[90038]: 'Port': {'1.11'},
Jun 04 11:18:22.841432 np0000002132 devstack@neutron-api.service[90038]: 'PortForwarding': {'1.3'},
Jun 04 11:18:22.841432 np0000002132 devstack@neutron-api.service[90038]: 'QosPolicy': {'1.10'},
Jun 04 11:18:22.841432 np0000002132 devstack@neutron-api.service[90038]: 'SecurityGroup': {'1.6'},
Jun 04 11:18:22.841432 np0000002132 devstack@neutron-api.service[90038]: 'SecurityGroupRule': {'1.3'},
Jun 04 11:18:22.841432 np0000002132 devstack@neutron-api.service[90038]: 'SubPort': {'1.0'},
Jun 04 11:18:22.841432 np0000002132 devstack@neutron-api.service[90038]: 'Subnet': {'1.2'},
Jun 04 11:18:22.841432 np0000002132 devstack@neutron-api.service[90038]: 'Trunk': {'1.1'}}
Jun 04 11:18:22.841432 np0000002132 devstack@neutron-api.service[90038]: consumer versions:
Jun 04 11:18:22.841432 np0000002132 devstack@neutron-api.service[90038]: {}
Jun 04 11:18:22.841432 np0000002132 devstack@neutron-api.service[90038]: {{(pid=90038) report /opt/stack/neutron/neutron/api/rpc/callbacks/version_manager.py:183}}
Jun 04 11:18:22.841845 np0000002132 devstack@neutron-api.service[90039]: DEBUG neutron.plugins.ml2.drivers.ovn.mech_driver.ovsdb.ovsdb_monitor [-] Hash Ring: Node ceda365f57765e6da81dd5d77dfc213f (host: np0000002132) handling event "update" for row eacb3ff3-95b0-4385-92e6-1ff64b0d300c (table: NB_Global) {{(pid=90039) notify /opt/stack/neutron/neutron/plugins/ml2/drivers/ovn/mech_driver/ovsdb/ovsdb_monitor.py:1015}}
Jun 04 11:18:22.842446 np0000002132 devstack@neutron-api.service[90037]: DEBUG neutron.plugins.ml2.drivers.ovn.mech_driver.ovsdb.ovsdb_monitor [-] ChassisAgentWriteEvent : Matched Chassis_Private, update, None None {{(pid=90037) matches /opt/stack/neutron/neutron/plugins/ml2/drivers/ovn/mech_driver/ovsdb/ovsdb_monitor.py:64}}
Jun 04 11:18:22.843190 np0000002132 devstack@neutron-api.service[90039]: DEBUG neutron.plugins.ml2.drivers.ovn.mech_driver.ovsdb.ovsdb_monitor [-] Hash Ring: Node ceda365f57765e6da81dd5d77dfc213f (host: np0000002132) handling event "update" for row eacb3ff3-95b0-4385-92e6-1ff64b0d300c (table: NB_Global) {{(pid=90039) notify /opt/stack/neutron/neutron/plugins/ml2/drivers/ovn/mech_driver/ovsdb/ovsdb_monitor.py:1015}}
Jun 04 11:18:22.844086 np0000002132 devstack@neutron-api.service[90039]: DEBUG neutron.plugins.ml2.drivers.ovn.mech_driver.ovsdb.ovsdb_monitor [-] ChassisAgentWriteEvent : Matched Chassis_Private, update, None None {{(pid=90039) matches /opt/stack/neutron/neutron/plugins/ml2/drivers/ovn/mech_driver/ovsdb/ovsdb_monitor.py:64}}
Jun 04 11:18:22.844786 np0000002132 devstack@neutron-api.service[90038]: DEBUG neutron.plugins.ml2.drivers.ovn.mech_driver.ovsdb.ovsdb_monitor [-] ChassisAgentWriteEvent : Matched Chassis_Private, update, None None {{(pid=90038) matches /opt/stack/neutron/neutron/plugins/ml2/drivers/ovn/mech_driver/ovsdb/ovsdb_monitor.py:64}}
Jun 04 11:18:22.845612 np0000002132 devstack@neutron-api.service[90039]: DEBUG neutron.plugins.ml2.drivers.ovn.mech_driver.ovsdb.ovsdb_monitor [-] ChassisOVNAgentWriteEvent : Matched Chassis_Private, update, None None {{(pid=90039) matches /opt/stack/neutron/neutron/plugins/ml2/drivers/ovn/mech_driver/ovsdb/ovsdb_monitor.py:64}}
Jun 04 11:18:22.846308 np0000002132 devstack@neutron-api.service[90037]: DEBUG neutron.plugins.ml2.drivers.ovn.mech_driver.ovsdb.ovsdb_monitor [-] ChassisOVNAgentWriteEvent : Matched Chassis_Private, update, None None {{(pid=90037) matches /opt/stack/neutron/neutron/plugins/ml2/drivers/ovn/mech_driver/ovsdb/ovsdb_monitor.py:64}}
Jun 04 11:18:22.846790 np0000002132 devstack@neutron-api.service[90038]: DEBUG neutron.plugins.ml2.drivers.ovn.mech_driver.ovsdb.ovsdb_monitor [-] Hash Ring: Node 1efac817cdb855058609ecc41dcfe2d1 (host: np0000002132) handling event "update" for row eacb3ff3-95b0-4385-92e6-1ff64b0d300c (table: NB_Global) {{(pid=90038) notify /opt/stack/neutron/neutron/plugins/ml2/drivers/ovn/mech_driver/ovsdb/ovsdb_monitor.py:1015}}
Jun 04 11:18:22.848215 np0000002132 devstack@neutron-api.service[90038]: DEBUG neutron.plugins.ml2.drivers.ovn.mech_driver.ovsdb.ovsdb_monitor [-] Hash Ring: Node 1efac817cdb855058609ecc41dcfe2d1 (host: np0000002132) handling event "update" for row eacb3ff3-95b0-4385-92e6-1ff64b0d300c (table: NB_Global) {{(pid=90038) notify /opt/stack/neutron/neutron/plugins/ml2/drivers/ovn/mech_driver/ovsdb/ovsdb_monitor.py:1015}}
Jun 04 11:18:22.849387 np0000002132 devstack@neutron-api.service[90038]: DEBUG neutron.plugins.ml2.drivers.ovn.mech_driver.ovsdb.ovsdb_monitor [-] Hash Ring: Node 1efac817cdb855058609ecc41dcfe2d1 (host: np0000002132) handling event "update" for row eacb3ff3-95b0-4385-92e6-1ff64b0d300c (table: NB_Global) {{(pid=90038) notify /opt/stack/neutron/neutron/plugins/ml2/drivers/ovn/mech_driver/ovsdb/ovsdb_monitor.py:1015}}
Jun 04 11:18:22.851560 np0000002132 devstack@neutron-api.service[90038]: DEBUG neutron.common.ovn.hash_ring_manager [-] Allow caching, nodes 3>=3 {{(pid=90038) _wait_startup_before_caching /opt/stack/neutron/neutron/common/ovn/hash_ring_manager.py:65}}
Jun 04 11:18:22.851687 np0000002132 devstack@neutron-api.service[90038]: DEBUG neutron.plugins.ml2.drivers.ovn.mech_driver.ovsdb.ovsdb_monitor [-] Hash Ring: Node 1efac817cdb855058609ecc41dcfe2d1 (host: np0000002132) handling event "update" for row cb21d604-c3b7-42b6-bf18-cb5ee26faf57 (table: Chassis_Private) {{(pid=90038) notify /opt/stack/neutron/neutron/plugins/ml2/drivers/ovn/mech_driver/ovsdb/ovsdb_monitor.py:1015}}
Jun 04 11:18:22.852645 np0000002132 devstack@neutron-api.service[90038]: DEBUG neutron.plugins.ml2.drivers.ovn.mech_driver.ovsdb.ovsdb_monitor [-] ChassisOVNAgentWriteEvent : Matched Chassis_Private, update, None None {{(pid=90038) matches /opt/stack/neutron/neutron/plugins/ml2/drivers/ovn/mech_driver/ovsdb/ovsdb_monitor.py:64}}
Jun 04 11:18:22.852901 np0000002132 devstack@neutron-api.service[90038]: DEBUG neutron.plugins.ml2.drivers.ovn.mech_driver.ovsdb.ovsdb_monitor [-] Hash Ring: Node 1efac817cdb855058609ecc41dcfe2d1 (host: np0000002132) handling event "update" for row cb21d604-c3b7-42b6-bf18-cb5ee26faf57 (table: Chassis_Private) {{(pid=90038) notify /opt/stack/neutron/neutron/plugins/ml2/drivers/ovn/mech_driver/ovsdb/ovsdb_monitor.py:1015}}
Jun 04 11:18:22.887355 np0000002132 devstack@neutron-api.service[90038]: DEBUG neutron.plugins.ml2.drivers.helpers [None req-43c50b13-77bf-45c0-8383-dd1cff60e324 admin admin] geneve segment allocate from pool success with {'geneve_vni': 16541} {{(pid=90038) allocate_partially_specified_segment /opt/stack/neutron/neutron/plugins/ml2/drivers/helpers.py:142}}
Jun 04 11:18:22.896859 np0000002132 devstack@neutron-api.service[90038]: DEBUG neutron_lib.callbacks.manager [None req-43c50b13-77bf-45c0-8383-dd1cff60e324 admin admin] Publish callbacks ['neutron.services.segments.db._add_segment_host_mapping_for_segment-8276826192226', 'neutron.plugins.ml2.plugin.Ml2Plugin._handle_segment_change-984503'] for segment (52ad97bd-b7dc-421c-bf4a-d7b836b177c0), precommit_create {{(pid=90038) _notify_loop /opt/stack/data/venv/lib/python3.12/site-packages/neutron_lib/callbacks/manager.py:184}}
Jun 04 11:18:22.897035 np0000002132 devstack@neutron-api.service[90038]: INFO neutron.db.segments_db [None req-43c50b13-77bf-45c0-8383-dd1cff60e324 admin admin] Added segment 52ad97bd-b7dc-421c-bf4a-d7b836b177c0 of type geneve for network 1f610905-f01e-4c6a-a15f-cf2a1761a881
Jun 04 11:18:22.934618 np0000002132 devstack@neutron-api.service[90038]: DEBUG neutron_lib.callbacks.manager [None req-43c50b13-77bf-45c0-8383-dd1cff60e324 admin admin] Publish callbacks ['neutron.services.auto_allocate.db._ensure_external_network_default_value_callback-8276825029362'] for network (1f610905-f01e-4c6a-a15f-cf2a1761a881), precommit_create {{(pid=90038) _notify_loop /opt/stack/data/venv/lib/python3.12/site-packages/neutron_lib/callbacks/manager.py:184}}
Jun 04 11:18:22.950025 np0000002132 devstack@neutron-api.service[90038]: DEBUG neutron.plugins.ml2.drivers.ovn.mech_driver.mech_driver [None req-43c50b13-77bf-45c0-8383-dd1cff60e324 admin admin] Validating network segment with type geneve, segmentation ID 16541, physical network None {{(pid=90038) _validate_network_segments /opt/stack/neutron/neutron/plugins/ml2/drivers/ovn/mech_driver/mech_driver.py:643}}
Jun 04 11:18:22.950134 np0000002132 devstack@neutron-api.service[90038]: DEBUG neutron.db.ovn_revision_numbers_db [None req-43c50b13-77bf-45c0-8383-dd1cff60e324 admin admin] create_initial_revision uuid=1f610905-f01e-4c6a-a15f-cf2a1761a881, type=networks, rev=-1 {{(pid=90038) create_initial_revision /opt/stack/neutron/neutron/db/ovn_revision_numbers_db.py:98}}
Jun 04 11:18:22.962481 np0000002132 devstack@neutron-api.service[90038]: DEBUG neutron_lib.callbacks.manager [None req-43c50b13-77bf-45c0-8383-dd1cff60e324 admin admin] Publish callbacks ['neutron.plugins.ml2.ovo_rpc._ObjectChangeHandler.handle_event-368733'] for network (1f610905-f01e-4c6a-a15f-cf2a1761a881), after_create {{(pid=90038) _notify_loop /opt/stack/data/venv/lib/python3.12/site-packages/neutron_lib/callbacks/manager.py:184}}
Jun 04 11:18:23.007495 np0000002132 devstack@neutron-api.service[90038]: DEBUG neutron.api.rpc.handlers.resources_rpc [None req-43c50b13-77bf-45c0-8383-dd1cff60e324 admin admin] Pushing event updated for resources: {'Network': ['ID=1f610905-f01e-4c6a-a15f-cf2a1761a881,revision_number=1']} {{(pid=90038) push /opt/stack/neutron/neutron/api/rpc/handlers/resources_rpc.py:237}}
Jun 04 11:18:23.014471 np0000002132 devstack@neutron-api.service[90038]: DEBUG ovsdbapp.backend.ovs_idl.transaction [-] Running txn n=1 command(idx=0): AddNetworkCommand(_result=None, network_uuid=1f610905-f01e-4c6a-a15f-cf2a1761a881, may_exist=True, columns={'external_ids': {'neutron:network_name': 'private', 'neutron:mtu': '1372', 'neutron:revision_number': '1', 'neutron:availability_zone_hints': '', 'neutron:provnet-network-type': 'geneve'}, 'other_config': {'mcast_snoop': 'false', 'mcast_flood_unregistered': 'false', 'vlan-passthru': 'false'}}) {{(pid=90038) do_commit /opt/stack/data/venv/lib/python3.12/site-packages/ovsdbapp/backend/ovs_idl/transaction.py:89}}
Jun 04 11:18:23.014606 np0000002132 devstack@neutron-api.service[90038]: DEBUG neutron.common.ovn.utils [-] OVS persist_uuid supported=True {{(pid=90038) ovs_persist_uuid_supported /opt/stack/neutron/neutron/common/ovn/utils.py:1544}}
Jun 04 11:18:23.016184 np0000002132 devstack@neutron-api.service[90038]: DEBUG neutron.plugins.ml2.drivers.ovn.mech_driver.ovsdb.ovsdb_monitor [-] Hash Ring: Node 1efac817cdb855058609ecc41dcfe2d1 (host: np0000002132) handling event "create" for row 1f610905-f01e-4c6a-a15f-cf2a1761a881 (table: Logical_Switch) {{(pid=90038) notify /opt/stack/neutron/neutron/plugins/ml2/drivers/ovn/mech_driver/ovsdb/ovsdb_monitor.py:1015}}
Jun 04 11:18:23.016521 np0000002132 devstack@neutron-api.service[90039]: DEBUG neutron.plugins.ml2.drivers.ovn.mech_driver.ovsdb.ovsdb_monitor [-] Hash Ring: Node ceda365f57765e6da81dd5d77dfc213f (host: np0000002132) handling event "create" for row 1f610905-f01e-4c6a-a15f-cf2a1761a881 (table: Logical_Switch) {{(pid=90039) notify /opt/stack/neutron/neutron/plugins/ml2/drivers/ovn/mech_driver/ovsdb/ovsdb_monitor.py:1015}}
Jun 04 11:18:23.021354 np0000002132 devstack@neutron-api.service[90037]: DEBUG neutron.plugins.ml2.drivers.ovn.mech_driver.ovsdb.ovsdb_monitor [-] Hash Ring: Node 3ee920e45ed256dbb21f3b1100e1d7cf (host: np0000002132) handling event "create" for row d1644154-8afd-470c-96ac-2ddb8e04ac14 (table: Datapath_Binding) {{(pid=90037) notify /opt/stack/neutron/neutron/plugins/ml2/drivers/ovn/mech_driver/ovsdb/ovsdb_monitor.py:1015}}
Jun 04 11:18:23.026363 np0000002132 devstack@neutron-api.service[90038]: DEBUG neutron.plugins.ml2.drivers.ovn.mech_driver.ovsdb.ovsdb_monitor [-] Hash Ring: Node 1efac817cdb855058609ecc41dcfe2d1 (host: np0000002132) handling event "create" for row d1644154-8afd-470c-96ac-2ddb8e04ac14 (table: Datapath_Binding) {{(pid=90038) notify /opt/stack/neutron/neutron/plugins/ml2/drivers/ovn/mech_driver/ovsdb/ovsdb_monitor.py:1015}}
Jun 04 11:18:23.039786 np0000002132 devstack@neutron-api.service[90038]: INFO neutron.db.ovn_revision_numbers_db [None req-43c50b13-77bf-45c0-8383-dd1cff60e324 admin admin] Successfully bumped revision number for resource 1f610905-f01e-4c6a-a15f-cf2a1761a881 (type: networks) to 1
Jun 04 11:18:23.091361 np0000002132 devstack@neutron-api.service[90038]: DEBUG neutron_lib.callbacks.manager [None req-43c50b13-77bf-45c0-8383-dd1cff60e324 admin admin] Publish callbacks ['neutron.plugins.ml2.plugin.SecurityGroupDbMixin._ensure_default_security_group_handler-204405'] for port (None), before_create {{(pid=90038) _notify_loop /opt/stack/data/venv/lib/python3.12/site-packages/neutron_lib/callbacks/manager.py:184}}
Jun 04 11:18:23.176927 np0000002132 devstack@neutron-api.service[90038]: DEBUG neutron_lib.callbacks.manager [None req-43c50b13-77bf-45c0-8383-dd1cff60e324 admin admin] Publish callbacks ['neutron.plugins.ml2.drivers.ovn.mech_driver.mech_driver.OVNMechanismDriver._validate_allowed_address_pairs-436147'] for allowed_address_pair (792b32d7-4579-4fee-876b-4181b0416abb), before_create {{(pid=90038) _notify_loop /opt/stack/data/venv/lib/python3.12/site-packages/neutron_lib/callbacks/manager.py:184}}
Jun 04 11:18:23.177409 np0000002132 devstack@neutron-api.service[90038]: DEBUG neutron_lib.callbacks.manager [None req-43c50b13-77bf-45c0-8383-dd1cff60e324 admin admin] Publish callbacks [] for port (792b32d7-4579-4fee-876b-4181b0416abb), precommit_create {{(pid=90038) _notify_loop /opt/stack/data/venv/lib/python3.12/site-packages/neutron_lib/callbacks/manager.py:184}}
Jun 04 11:18:23.177578 np0000002132 devstack@neutron-api.service[90038]: DEBUG neutron.plugins.ml2.drivers.ovn.mech_driver.mech_driver [None req-43c50b13-77bf-45c0-8383-dd1cff60e324 admin admin] No provisioning block for port 792b32d7-4579-4fee-876b-4181b0416abb since it does not have a host {{(pid=90038) _is_port_provisioning_required /opt/stack/neutron/neutron/plugins/ml2/drivers/ovn/mech_driver/mech_driver.py:896}}
Jun 04 11:18:23.177680 np0000002132 devstack@neutron-api.service[90038]: DEBUG neutron.db.ovn_revision_numbers_db [None req-43c50b13-77bf-45c0-8383-dd1cff60e324 admin admin] create_initial_revision uuid=792b32d7-4579-4fee-876b-4181b0416abb, type=ports, rev=-1 {{(pid=90038) create_initial_revision /opt/stack/neutron/neutron/db/ovn_revision_numbers_db.py:98}}
Jun 04 11:18:23.223726 np0000002132 devstack@neutron-api.service[90038]: DEBUG neutron_lib.callbacks.manager [None req-43c50b13-77bf-45c0-8383-dd1cff60e324 admin admin] Publish callbacks ['neutron.plugins.ml2.ovo_rpc._ObjectChangeHandler.handle_event-368812'] for port (792b32d7-4579-4fee-876b-4181b0416abb), after_create {{(pid=90038) _notify_loop /opt/stack/data/venv/lib/python3.12/site-packages/neutron_lib/callbacks/manager.py:184}}
Jun 04 11:18:23.272852 np0000002132 devstack@neutron-api.service[90038]: DEBUG neutron.api.rpc.handlers.resources_rpc [None req-43c50b13-77bf-45c0-8383-dd1cff60e324 admin admin] Pushing event updated for resources: {'Port': ['ID=792b32d7-4579-4fee-876b-4181b0416abb,revision_number=1']} {{(pid=90038) push /opt/stack/neutron/neutron/api/rpc/handlers/resources_rpc.py:237}}
Jun 04 11:18:23.302092 np0000002132 devstack@neutron-api.service[90038]: DEBUG ovsdbapp.backend.ovs_idl.transaction [-] Running txn n=1 command(idx=0): AddLSwitchPortCommand(_result=None, lport=792b32d7-4579-4fee-876b-4181b0416abb, lswitch=neutron-1f610905-f01e-4c6a-a15f-cf2a1761a881, may_exist=True, network_uuid=1f610905-f01e-4c6a-a15f-cf2a1761a881, columns={'addresses': ['fa:16:3e:e4:7d:33'], 'external_ids': {'neutron:port_name': '', 'neutron:device_id': 'ovnmeta-1f610905-f01e-4c6a-a15f-cf2a1761a881', 'neutron:project_id': '849f8788fcb04ae29bd201af66831a15', 'neutron:cidrs': '', 'neutron:device_owner': 'network:distributed', 'neutron:subnet_pool_addr_scope4': '', 'neutron:subnet_pool_addr_scope6': '', 'neutron:network_name': 'neutron-1f610905-f01e-4c6a-a15f-cf2a1761a881', 'neutron:security_group_ids': '', 'neutron:revision_number': '1', 'neutron:vnic_type': 'normal', 'neutron:port_capabilities': '', 'neutron:mtu': '1372'}, 'parent_name': [], 'tag': [], 'enabled': True, 'options': {}, 'type': 'localport', 'port_security': [], 'dhcpv4_options': [], 'dhcpv6_options': []}) {{(pid=90038) do_commit /opt/stack/data/venv/lib/python3.12/site-packages/ovsdbapp/backend/ovs_idl/transaction.py:89}}
Jun 04 11:18:23.302484 np0000002132 devstack@neutron-api.service[90038]: DEBUG ovsdbapp.backend.ovs_idl.transaction [-] Running txn n=1 command(idx=1): QoSDelCommand(_result=None, switch=neutron-1f610905-f01e-4c6a-a15f-cf2a1761a881, conditions=[('direction', '=', 'to-lport'), ('priority', '=', 2002), ('match', '=', 'outport == "792b32d7-4579-4fee-876b-4181b0416abb"')], if_exists=True) {{(pid=90038) do_commit /opt/stack/data/venv/lib/python3.12/site-packages/ovsdbapp/backend/ovs_idl/transaction.py:89}}
Jun 04 11:18:23.302620 np0000002132 devstack@neutron-api.service[90038]: DEBUG ovsdbapp.backend.ovs_idl.transaction [-] Running txn n=1 command(idx=2): QoSDelCommand(_result=None, switch=neutron-1f610905-f01e-4c6a-a15f-cf2a1761a881, conditions=[('direction', '=', 'from-lport'), ('priority', '=', 2002), ('match', '=', 'inport == "792b32d7-4579-4fee-876b-4181b0416abb"')], if_exists=True) {{(pid=90038) do_commit /opt/stack/data/venv/lib/python3.12/site-packages/ovsdbapp/backend/ovs_idl/transaction.py:89}}
Jun 04 11:18:23.304926 np0000002132 devstack@neutron-api.service[90038]: DEBUG neutron.plugins.ml2.drivers.ovn.mech_driver.ovsdb.ovsdb_monitor [-] Hash Ring: Node 1efac817cdb855058609ecc41dcfe2d1 (host: np0000002132) handling event "update" for row 1f610905-f01e-4c6a-a15f-cf2a1761a881 (table: Logical_Switch) {{(pid=90038) notify /opt/stack/neutron/neutron/plugins/ml2/drivers/ovn/mech_driver/ovsdb/ovsdb_monitor.py:1015}}
Jun 04 11:18:23.305089 np0000002132 devstack@neutron-api.service[90039]: DEBUG neutron.plugins.ml2.drivers.ovn.mech_driver.ovsdb.ovsdb_monitor [-] Hash Ring: Node ceda365f57765e6da81dd5d77dfc213f (host: np0000002132) handling event "update" for row 1f610905-f01e-4c6a-a15f-cf2a1761a881 (table: Logical_Switch) {{(pid=90039) notify /opt/stack/neutron/neutron/plugins/ml2/drivers/ovn/mech_driver/ovsdb/ovsdb_monitor.py:1015}}
Jun 04 11:18:23.305201 np0000002132 devstack@neutron-api.service[90038]: DEBUG neutron.plugins.ml2.drivers.ovn.mech_driver.ovsdb.ovsdb_monitor [-] Hash Ring: Node 1efac817cdb855058609ecc41dcfe2d1 (host: np0000002132) handling event "create" for row a7717824-80da-4444-8ab4-9e05c7a838d0 (table: Logical_Switch_Port) {{(pid=90038) notify /opt/stack/neutron/neutron/plugins/ml2/drivers/ovn/mech_driver/ovsdb/ovsdb_monitor.py:1015}}
Jun 04 11:18:23.305300 np0000002132 devstack@neutron-api.service[90039]: DEBUG neutron.plugins.ml2.drivers.ovn.mech_driver.ovsdb.ovsdb_monitor [-] Hash Ring: Node ceda365f57765e6da81dd5d77dfc213f (host: np0000002132) handling event "create" for row a7717824-80da-4444-8ab4-9e05c7a838d0 (table: Logical_Switch_Port) {{(pid=90039) notify /opt/stack/neutron/neutron/plugins/ml2/drivers/ovn/mech_driver/ovsdb/ovsdb_monitor.py:1015}}
Jun 04 11:18:23.306334 np0000002132 devstack@neutron-api.service[90038]: DEBUG ovsdbapp.backend.ovs_idl.event [-] Matched CREATE: LogicalSwitchPortCreateEvent(events=('create',), table='Logical_Switch_Port', conditions=[], old_conditions=None), priority=20 to row=Logical_Switch_Port(uuid=a7717824-80da-4444-8ab4-9e05c7a838d0, addresses=['fa:16:3e:e4:7d:33'], dhcpv4_options=[], dhcpv6_options=[], dynamic_addresses=[], enabled=True, external_ids={'neutron:cidrs': '', 'neutron:device_id': 'ovnmeta-1f610905-f01e-4c6a-a15f-cf2a1761a881', 'neutron:device_owner': 'network:distributed', 'neutron:mtu': '1372', 'neutron:network_name': 'neutron-1f610905-f01e-4c6a-a15f-cf2a1761a881', 'neutron:port_capabilities': '', 'neutron:port_name': '', 'neutron:project_id': '849f8788fcb04ae29bd201af66831a15', 'neutron:revision_number': '1', 'neutron:security_group_ids': '', 'neutron:subnet_pool_addr_scope4': '', 'neutron:subnet_pool_addr_scope6': '', 'neutron:vnic_type': 'normal'}, ha_chassis_group=[], mirror_rules=[], name='792b32d7-4579-4fee-876b-4181b0416abb', options={}, parent_name=[], port_security=[], tag=[], tag_request=[], type='localport', up=[]) old= {{(pid=90038) matches /opt/stack/data/venv/lib/python3.12/site-packages/ovsdbapp/backend/ovs_idl/event.py:55}}
Jun 04 11:18:23.306472 np0000002132 devstack@neutron-api.service[90039]: DEBUG ovsdbapp.backend.ovs_idl.event [-] Matched CREATE: LogicalSwitchPortCreateEvent(events=('create',), table='Logical_Switch_Port', conditions=[], old_conditions=None), priority=20 to row=Logical_Switch_Port(uuid=a7717824-80da-4444-8ab4-9e05c7a838d0, addresses=['fa:16:3e:e4:7d:33'], dhcpv4_options=[], dhcpv6_options=[], dynamic_addresses=[], enabled=True, external_ids={'neutron:cidrs': '', 'neutron:device_id': 'ovnmeta-1f610905-f01e-4c6a-a15f-cf2a1761a881', 'neutron:device_owner': 'network:distributed', 'neutron:mtu': '1372', 'neutron:network_name': 'neutron-1f610905-f01e-4c6a-a15f-cf2a1761a881', 'neutron:port_capabilities': '', 'neutron:port_name': '', 'neutron:project_id': '849f8788fcb04ae29bd201af66831a15', 'neutron:revision_number': '1', 'neutron:security_group_ids': '', 'neutron:subnet_pool_addr_scope4': '', 'neutron:subnet_pool_addr_scope6': '', 'neutron:vnic_type': 'normal'}, ha_chassis_group=[], mirror_rules=[], name='792b32d7-4579-4fee-876b-4181b0416abb', options={}, parent_name=[], port_security=[], tag=[], tag_request=[], type='localport', up=[]) old= {{(pid=90039) matches /opt/stack/data/venv/lib/python3.12/site-packages/ovsdbapp/backend/ovs_idl/event.py:55}}
Jun 04 11:18:23.306892 np0000002132 devstack@neutron-api.service[90038]: INFO neutron.plugins.ml2.drivers.ovn.mech_driver.mech_driver [-] OVN reports status down for port: 792b32d7-4579-4fee-876b-4181b0416abb
Jun 04 11:18:23.307129 np0000002132 devstack@neutron-api.service[90039]: INFO neutron.plugins.ml2.drivers.ovn.mech_driver.mech_driver [-] OVN reports status down for port: 792b32d7-4579-4fee-876b-4181b0416abb
Jun 04 11:18:23.308540 np0000002132 devstack@neutron-api.service[90038]: DEBUG neutron.plugins.ml2.drivers.ovn.mech_driver.ovsdb.ovsdb_monitor [-] Hash Ring: Node 1efac817cdb855058609ecc41dcfe2d1 (host: np0000002132) handling event "create" for row 7ab34d3c-ef61-48dd-8878-9149739f7c4f (table: Port_Binding) {{(pid=90038) notify /opt/stack/neutron/neutron/plugins/ml2/drivers/ovn/mech_driver/ovsdb/ovsdb_monitor.py:1015}}
Jun 04 11:18:23.309284 np0000002132 devstack@neutron-api.service[90039]: DEBUG neutron.plugins.ml2.drivers.ovn.mech_driver.ovsdb.ovsdb_monitor [-] Hash Ring: Node ceda365f57765e6da81dd5d77dfc213f (host: np0000002132) handling event "update" for row a7717824-80da-4444-8ab4-9e05c7a838d0 (table: Logical_Switch_Port) {{(pid=90039) notify /opt/stack/neutron/neutron/plugins/ml2/drivers/ovn/mech_driver/ovsdb/ovsdb_monitor.py:1015}}
Jun 04 11:18:23.309331 np0000002132 devstack@neutron-api.service[90038]: DEBUG neutron.plugins.ml2.drivers.ovn.mech_driver.ovsdb.ovsdb_monitor [-] Hash Ring: Node 1efac817cdb855058609ecc41dcfe2d1 (host: np0000002132) handling event "update" for row a7717824-80da-4444-8ab4-9e05c7a838d0 (table: Logical_Switch_Port) {{(pid=90038) notify /opt/stack/neutron/neutron/plugins/ml2/drivers/ovn/mech_driver/ovsdb/ovsdb_monitor.py:1015}}
Jun 04 11:18:23.348084 np0000002132 devstack@neutron-api.service[90038]: INFO neutron.db.ovn_revision_numbers_db [None req-43c50b13-77bf-45c0-8383-dd1cff60e324 admin admin] Successfully bumped revision number for resource 792b32d7-4579-4fee-876b-4181b0416abb (type: ports) to 1
Jun 04 11:18:23.363407 np0000002132 devstack@neutron-api.service[90039]: DEBUG neutron.db.provisioning_blocks [None req-d9020c63-1f48-48db-8fb5-33ae7856e48e None None] Transition to ACTIVE for port object 792b32d7-4579-4fee-876b-4181b0416abb will not be triggered until provisioned by entity L2. {{(pid=90039) add_provisioning_component /opt/stack/neutron/neutron/db/provisioning_blocks.py:74}}
Jun 04 11:18:23.368869 np0000002132 devstack@neutron-api.service[90038]: DEBUG neutron.pecan_wsgi.hooks.policy_enforcement [None req-43c50b13-77bf-45c0-8383-dd1cff60e324 admin admin] Attributes excluded by policy engine: ['standard_attr_id'] {{(pid=90038) _exclude_attributes_by_policy /opt/stack/neutron/neutron/pecan_wsgi/hooks/policy_enforcement.py:256}}
Jun 04 11:18:23.369164 np0000002132 devstack@neutron-api.service[90038]: DEBUG neutron_lib.callbacks.manager [None req-43c50b13-77bf-45c0-8383-dd1cff60e324 admin admin] Publish callbacks [] for network (None), before_response {{(pid=90038) _notify_loop /opt/stack/data/venv/lib/python3.12/site-packages/neutron_lib/callbacks/manager.py:184}}
Jun 04 11:18:23.393627 np0000002132 devstack@neutron-api.service[90038]: [pid: 90038|app: 0|req: 3/5] 10.4.3.231 () {68 vars in 1326 bytes} [Thu Jun 4 11:18:22 2026] POST /networking/v2.0/networks => generated 681 bytes in 1024 msecs (HTTP/1.1 201) 4 headers in 162 bytes (1 switches on core 0)
Jun 04 11:18:23.399429 np0000002132 devstack@neutron-api.service[90038]: DEBUG neutron.db.provisioning_blocks [None req-ff90953e-f3a8-471e-af94-fd5c5e5f3f94 None None] Ignored duplicate provisioning block setup for port 792b32d7-4579-4fee-876b-4181b0416abb by entity L2. {{(pid=90038) add_provisioning_component /opt/stack/neutron/neutron/db/provisioning_blocks.py:69}}
Jun 04 11:18:23.399867 np0000002132 devstack@neutron-api.service[90039]: DEBUG neutron.plugins.ml2.plugin [None req-d9020c63-1f48-48db-8fb5-33ae7856e48e None None] Current status of the port 792b32d7-4579-4fee-876b-4181b0416abb is: DOWN; New status is: DOWN {{(pid=90039) _update_individual_port_db_status /opt/stack/neutron/neutron/plugins/ml2/plugin.py:2470}}
Jun 04 11:18:23.400477 np0000002132 devstack@neutron-api.service[90039]: INFO neutron.plugins.ml2.drivers.ovn.mech_driver.ovsdb.extensions.qos [None req-d9020c63-1f48-48db-8fb5-33ae7856e48e None None] Starting OVNClientQosExtension
Jun 04 11:18:23.400591 np0000002132 devstack@neutron-api.service[90039]: INFO neutron.plugins.ml2.drivers.ovn.mech_driver.ovsdb.extensions.placement [None req-d9020c63-1f48-48db-8fb5-33ae7856e48e None None] Starting OVNClientPlacementExtension
Jun 04 11:18:23.402102 np0000002132 devstack@neutron-api.service[90039]: DEBUG ovsdbapp.backend.ovs_idl.transaction [-] Running txn n=1 command(idx=0): DbRemoveCommand(_result=None, table=Logical_Switch_Port, record=792b32d7-4579-4fee-876b-4181b0416abb, column=external_ids, values=('neutron:host_id',), keyvalues={}, if_exists=True) {{(pid=90039) do_commit /opt/stack/data/venv/lib/python3.12/site-packages/ovsdbapp/backend/ovs_idl/transaction.py:89}}
Jun 04 11:18:23.431186 np0000002132 devstack@neutron-api.service[90038]: DEBUG neutron.plugins.ml2.plugin [None req-ff90953e-f3a8-471e-af94-fd5c5e5f3f94 None None] Current status of the port 792b32d7-4579-4fee-876b-4181b0416abb is: DOWN; New status is: DOWN {{(pid=90038) _update_individual_port_db_status /opt/stack/neutron/neutron/plugins/ml2/plugin.py:2470}}
