Jul 27 15:21:02.789578 np0000005921 nova-scheduler[93943]: DEBUG cotyledon.oslo_config_glue [-] oslo_messaging_rabbit.rabbit_quorum_delivery_limit = 0 {{(pid=93943) log_opt_values /opt/stack/data/venv/lib/python3.12/site-packages/oslo_config/cfg.py:3253}}
Jul 27 15:21:02.789578 np0000005921 nova-scheduler[93943]: DEBUG cotyledon.oslo_config_glue [-] oslo_messaging_rabbit.rabbit_quorum_max_memory_bytes = 0 {{(pid=93943) log_opt_values /opt/stack/data/venv/lib/python3.12/site-packages/oslo_config/cfg.py:3253}}
Jul 27 15:21:02.789578 np0000005921 nova-scheduler[93943]: DEBUG cotyledon.oslo_config_glue [-] oslo_messaging_rabbit.rabbit_quorum_max_memory_length = 0 {{(pid=93943) log_opt_values /opt/stack/data/venv/lib/python3.12/site-packages/oslo_config/cfg.py:3253}}
Jul 27 15:21:02.789578 np0000005921 nova-scheduler[93943]: DEBUG cotyledon.oslo_config_glue [-] oslo_messaging_rabbit.rabbit_quorum_queue = False {{(pid=93943) log_opt_values /opt/stack/data/venv/lib/python3.12/site-packages/oslo_config/cfg.py:3253}}
Jul 27 15:21:02.789578 np0000005921 nova-scheduler[93943]: DEBUG cotyledon.oslo_config_glue [-] oslo_messaging_rabbit.rabbit_retry_backoff = 2 {{(pid=93943) log_opt_values /opt/stack/data/venv/lib/python3.12/site-packages/oslo_config/cfg.py:3253}}
Jul 27 15:21:02.789578 np0000005921 nova-scheduler[93943]: DEBUG cotyledon.oslo_config_glue [-] oslo_messaging_rabbit.rabbit_retry_interval = 1 {{(pid=93943) log_opt_values /opt/stack/data/venv/lib/python3.12/site-packages/oslo_config/cfg.py:3253}}
Jul 27 15:21:02.789578 np0000005921 nova-scheduler[93943]: DEBUG cotyledon.oslo_config_glue [-] oslo_messaging_rabbit.rabbit_stream_fanout = False {{(pid=93943) log_opt_values /opt/stack/data/venv/lib/python3.12/site-packages/oslo_config/cfg.py:3253}}
Jul 27 15:21:02.789842 np0000005921 nova-scheduler[93943]: DEBUG cotyledon.oslo_config_glue [-] oslo_messaging_rabbit.rabbit_transient_queues_ttl = 1800 {{(pid=93943) log_opt_values /opt/stack/data/venv/lib/python3.12/site-packages/oslo_config/cfg.py:3253}}
Jul 27 15:21:02.789842 np0000005921 nova-scheduler[93943]: DEBUG cotyledon.oslo_config_glue [-] oslo_messaging_rabbit.rabbit_transient_quorum_queue = False {{(pid=93943) log_opt_values /opt/stack/data/venv/lib/python3.12/site-packages/oslo_config/cfg.py:3253}}
Jul 27 15:21:02.789842 np0000005921 nova-scheduler[93943]: DEBUG cotyledon.oslo_config_glue [-] oslo_messaging_rabbit.rpc_conn_pool_size = 30 {{(pid=93943) log_opt_values /opt/stack/data/venv/lib/python3.12/site-packages/oslo_config/cfg.py:3253}}
Jul 27 15:21:02.789842 np0000005921 nova-scheduler[93943]: DEBUG cotyledon.oslo_config_glue [-] oslo_messaging_rabbit.ssl = False {{(pid=93943) log_opt_values /opt/stack/data/venv/lib/python3.12/site-packages/oslo_config/cfg.py:3253}}
Jul 27 15:21:02.789842 np0000005921 nova-scheduler[93943]: DEBUG cotyledon.oslo_config_glue [-] oslo_messaging_rabbit.ssl_ca_file = {{(pid=93943) log_opt_values /opt/stack/data/venv/lib/python3.12/site-packages/oslo_config/cfg.py:3253}}
Jul 27 15:21:02.789842 np0000005921 nova-scheduler[93943]: DEBUG cotyledon.oslo_config_glue [-] oslo_messaging_rabbit.ssl_cert_file = {{(pid=93943) log_opt_values /opt/stack/data/venv/lib/python3.12/site-packages/oslo_config/cfg.py:3253}}
Jul 27 15:21:02.789842 np0000005921 nova-scheduler[93943]: DEBUG cotyledon.oslo_config_glue [-] oslo_messaging_rabbit.ssl_enforce_fips_mode = False {{(pid=93943) log_opt_values /opt/stack/data/venv/lib/python3.12/site-packages/oslo_config/cfg.py:3253}}
Jul 27 15:21:02.789842 np0000005921 nova-scheduler[93943]: DEBUG cotyledon.oslo_config_glue [-] oslo_messaging_rabbit.ssl_enforce_hostname_verification = True {{(pid=93943) log_opt_values /opt/stack/data/venv/lib/python3.12/site-packages/oslo_config/cfg.py:3253}}
Jul 27 15:21:02.789842 np0000005921 nova-scheduler[93943]: DEBUG cotyledon.oslo_config_glue [-] oslo_messaging_rabbit.ssl_key_file = {{(pid=93943) log_opt_values /opt/stack/data/venv/lib/python3.12/site-packages/oslo_config/cfg.py:3253}}
Jul 27 15:21:02.790144 np0000005921 nova-scheduler[93943]: DEBUG cotyledon.oslo_config_glue [-] oslo_messaging_rabbit.ssl_version = {{(pid=93943) log_opt_values /opt/stack/data/venv/lib/python3.12/site-packages/oslo_config/cfg.py:3253}}
Jul 27 15:21:02.790144 np0000005921 nova-scheduler[93943]: DEBUG cotyledon.oslo_config_glue [-] oslo_messaging_rabbit.use_queue_manager = False {{(pid=93943) log_opt_values /opt/stack/data/venv/lib/python3.12/site-packages/oslo_config/cfg.py:3253}}
Jul 27 15:21:02.790144 np0000005921 nova-scheduler[93943]: DEBUG cotyledon.oslo_config_glue [-] oslo_messaging_notifications.driver = ['messagingv2'] {{(pid=93943) log_opt_values /opt/stack/data/venv/lib/python3.12/site-packages/oslo_config/cfg.py:3253}}
Jul 27 15:21:02.790144 np0000005921 nova-scheduler[93943]: DEBUG cotyledon.oslo_config_glue [-] oslo_messaging_notifications.retry = -1 {{(pid=93943) log_opt_values /opt/stack/data/venv/lib/python3.12/site-packages/oslo_config/cfg.py:3253}}
Jul 27 15:21:02.790144 np0000005921 nova-scheduler[93943]: DEBUG cotyledon.oslo_config_glue [-] oslo_messaging_notifications.topics = ['notifications'] {{(pid=93943) log_opt_values /opt/stack/data/venv/lib/python3.12/site-packages/oslo_config/cfg.py:3253}}
Jul 27 15:21:02.790144 np0000005921 nova-scheduler[93943]: DEBUG cotyledon.oslo_config_glue [-] oslo_messaging_notifications.transport_url = **** {{(pid=93943) log_opt_values /opt/stack/data/venv/lib/python3.12/site-packages/oslo_config/cfg.py:3253}}
Jul 27 15:21:02.790144 np0000005921 nova-scheduler[93943]: DEBUG cotyledon.oslo_config_glue [-] oslo_limit.auth_section = None {{(pid=93943) log_opt_values /opt/stack/data/venv/lib/python3.12/site-packages/oslo_config/cfg.py:3253}}
Jul 27 15:21:02.790144 np0000005921 nova-scheduler[93943]: DEBUG cotyledon.oslo_config_glue [-] oslo_limit.auth_type = None {{(pid=93943) log_opt_values /opt/stack/data/venv/lib/python3.12/site-packages/oslo_config/cfg.py:3253}}
Jul 27 15:21:02.790144 np0000005921 nova-scheduler[93943]: DEBUG cotyledon.oslo_config_glue [-] oslo_limit.cafile = None {{(pid=93943) log_opt_values /opt/stack/data/venv/lib/python3.12/site-packages/oslo_config/cfg.py:3253}}
Jul 27 15:21:02.790418 np0000005921 nova-scheduler[93943]: DEBUG cotyledon.oslo_config_glue [-] oslo_limit.certfile = None {{(pid=93943) log_opt_values /opt/stack/data/venv/lib/python3.12/site-packages/oslo_config/cfg.py:3253}}
Jul 27 15:21:02.790418 np0000005921 nova-scheduler[93943]: DEBUG cotyledon.oslo_config_glue [-] oslo_limit.collect_timing = False {{(pid=93943) log_opt_values /opt/stack/data/venv/lib/python3.12/site-packages/oslo_config/cfg.py:3253}}
Jul 27 15:21:02.790418 np0000005921 nova-scheduler[93943]: DEBUG cotyledon.oslo_config_glue [-] oslo_limit.connect_retries = None {{(pid=93943) log_opt_values /opt/stack/data/venv/lib/python3.12/site-packages/oslo_config/cfg.py:3253}}
Jul 27 15:21:02.790418 np0000005921 nova-scheduler[93943]: DEBUG cotyledon.oslo_config_glue [-] oslo_limit.connect_retry_delay = None {{(pid=93943) log_opt_values /opt/stack/data/venv/lib/python3.12/site-packages/oslo_config/cfg.py:3253}}
Jul 27 15:21:02.790418 np0000005921 nova-scheduler[93943]: DEBUG cotyledon.oslo_config_glue [-] oslo_limit.endpoint_id = None {{(pid=93943) log_opt_values /opt/stack/data/venv/lib/python3.12/site-packages/oslo_config/cfg.py:3253}}
Jul 27 15:21:02.790418 np0000005921 nova-scheduler[93943]: DEBUG cotyledon.oslo_config_glue [-] oslo_limit.endpoint_interface = public {{(pid=93943) log_opt_values /opt/stack/data/venv/lib/python3.12/site-packages/oslo_config/cfg.py:3253}}
Jul 27 15:21:02.790418 np0000005921 nova-scheduler[93943]: DEBUG cotyledon.oslo_config_glue [-] oslo_limit.endpoint_override = None {{(pid=93943) log_opt_values /opt/stack/data/venv/lib/python3.12/site-packages/oslo_config/cfg.py:3253}}
Jul 27 15:21:02.790418 np0000005921 nova-scheduler[93943]: DEBUG cotyledon.oslo_config_glue [-] oslo_limit.endpoint_region_name = None {{(pid=93943) log_opt_values /opt/stack/data/venv/lib/python3.12/site-packages/oslo_config/cfg.py:3253}}
Jul 27 15:21:02.790418 np0000005921 nova-scheduler[93943]: DEBUG cotyledon.oslo_config_glue [-] oslo_limit.endpoint_service_name = None {{(pid=93943) log_opt_values /opt/stack/data/venv/lib/python3.12/site-packages/oslo_config/cfg.py:3253}}
Jul 27 15:21:02.790705 np0000005921 nova-scheduler[93943]: DEBUG cotyledon.oslo_config_glue [-] oslo_limit.endpoint_service_type = None {{(pid=93943) log_opt_values /opt/stack/data/venv/lib/python3.12/site-packages/oslo_config/cfg.py:3253}}
Jul 27 15:21:02.790705 np0000005921 nova-scheduler[93943]: DEBUG cotyledon.oslo_config_glue [-] oslo_limit.insecure = False {{(pid=93943) log_opt_values /opt/stack/data/venv/lib/python3.12/site-packages/oslo_config/cfg.py:3253}}
Jul 27 15:21:02.790705 np0000005921 nova-scheduler[93943]: DEBUG cotyledon.oslo_config_glue [-] oslo_limit.keyfile = None {{(pid=93943) log_opt_values /opt/stack/data/venv/lib/python3.12/site-packages/oslo_config/cfg.py:3253}}
Jul 27 15:21:02.790705 np0000005921 nova-scheduler[93943]: DEBUG cotyledon.oslo_config_glue [-] oslo_limit.max_version = None {{(pid=93943) log_opt_values /opt/stack/data/venv/lib/python3.12/site-packages/oslo_config/cfg.py:3253}}
Jul 27 15:21:02.790705 np0000005921 nova-scheduler[93943]: DEBUG cotyledon.oslo_config_glue [-] oslo_limit.min_version = None {{(pid=93943) log_opt_values /opt/stack/data/venv/lib/python3.12/site-packages/oslo_config/cfg.py:3253}}
Jul 27 15:21:02.790705 np0000005921 nova-scheduler[93943]: DEBUG cotyledon.oslo_config_glue [-] oslo_limit.region_name = None {{(pid=93943) log_opt_values /opt/stack/data/venv/lib/python3.12/site-packages/oslo_config/cfg.py:3253}}
Jul 27 15:21:02.790705 np0000005921 nova-scheduler[93943]: DEBUG cotyledon.oslo_config_glue [-] oslo_limit.retriable_status_codes = None {{(pid=93943) log_opt_values /opt/stack/data/venv/lib/python3.12/site-packages/oslo_config/cfg.py:3253}}
Jul 27 15:21:02.790705 np0000005921 nova-scheduler[93943]: DEBUG cotyledon.oslo_config_glue [-] oslo_limit.service_name = None {{(pid=93943) log_opt_values /opt/stack/data/venv/lib/python3.12/site-packages/oslo_config/cfg.py:3253}}
Jul 27 15:21:02.790705 np0000005921 nova-scheduler[93943]: DEBUG cotyledon.oslo_config_glue [-] oslo_limit.service_type = None {{(pid=93943) log_opt_values /opt/stack/data/venv/lib/python3.12/site-packages/oslo_config/cfg.py:3253}}
Jul 27 15:21:02.790994 np0000005921 nova-scheduler[93943]: DEBUG cotyledon.oslo_config_glue [-] oslo_limit.split_loggers = False {{(pid=93943) log_opt_values /opt/stack/data/venv/lib/python3.12/site-packages/oslo_config/cfg.py:3253}}
Jul 27 15:21:02.790994 np0000005921 nova-scheduler[93943]: DEBUG cotyledon.oslo_config_glue [-] oslo_limit.status_code_retries = None {{(pid=93943) log_opt_values /opt/stack/data/venv/lib/python3.12/site-packages/oslo_config/cfg.py:3253}}
Jul 27 15:21:02.790994 np0000005921 nova-scheduler[93943]: DEBUG cotyledon.oslo_config_glue [-] oslo_limit.status_code_retry_delay = None {{(pid=93943) log_opt_values /opt/stack/data/venv/lib/python3.12/site-packages/oslo_config/cfg.py:3253}}
Jul 27 15:21:02.790994 np0000005921 nova-scheduler[93943]: DEBUG cotyledon.oslo_config_glue [-] oslo_limit.timeout = None {{(pid=93943) log_opt_values /opt/stack/data/venv/lib/python3.12/site-packages/oslo_config/cfg.py:3253}}
Jul 27 15:21:02.790994 np0000005921 nova-scheduler[93943]: DEBUG cotyledon.oslo_config_glue [-] oslo_limit.valid_interfaces = None {{(pid=93943) log_opt_values /opt/stack/data/venv/lib/python3.12/site-packages/oslo_config/cfg.py:3253}}
Jul 27 15:21:02.790994 np0000005921 nova-scheduler[93943]: DEBUG cotyledon.oslo_config_glue [-] oslo_limit.version = None {{(pid=93943) log_opt_values /opt/stack/data/venv/lib/python3.12/site-packages/oslo_config/cfg.py:3253}}
Jul 27 15:21:02.790994 np0000005921 nova-scheduler[93943]: DEBUG cotyledon.oslo_config_glue [-] oslo_reports.file_event_handler = None {{(pid=93943) log_opt_values /opt/stack/data/venv/lib/python3.12/site-packages/oslo_config/cfg.py:3253}}
Jul 27 15:21:02.790994 np0000005921 nova-scheduler[93943]: DEBUG cotyledon.oslo_config_glue [-] oslo_reports.file_event_handler_interval = 1 {{(pid=93943) log_opt_values /opt/stack/data/venv/lib/python3.12/site-packages/oslo_config/cfg.py:3253}}
Jul 27 15:21:02.790994 np0000005921 nova-scheduler[93943]: DEBUG cotyledon.oslo_config_glue [-] oslo_reports.log_dir = None {{(pid=93943) log_opt_values /opt/stack/data/venv/lib/python3.12/site-packages/oslo_config/cfg.py:3253}}
Jul 27 15:21:02.791271 np0000005921 nova-scheduler[93943]: DEBUG cotyledon.oslo_config_glue [-] ******************************************************************************** {{(pid=93943) log_opt_values /opt/stack/data/venv/lib/python3.12/site-packages/oslo_config/cfg.py:3260}}
Jul 27 15:21:02.791271 np0000005921 nova-scheduler[93943]: DEBUG cotyledon._service_worker [-] Run service ServiceWrapper(2) [93943] {{(pid=93943) wait_forever /opt/stack/data/venv/lib/python3.12/site-packages/cotyledon/_service_worker.py:218}}
Jul 27 15:21:02.791271 np0000005921 nova-scheduler[93943]: INFO nova.service [-] Starting scheduler node (version 33.1.0)
Jul 27 15:21:02.791271 np0000005921 nova-scheduler[93943]: INFO dbcounter [None req-9412200d-a98c-47ea-b007-6b7eeae151c8 None None] Registered counter for database nova_cell0
Jul 27 15:21:02.791402 np0000005921 nova-scheduler[93939]: DEBUG oslo_db.sqlalchemy.engines [None req-2c784fc8-d52f-42c3-b9b0-ec778741265b None None] MySQL server mode set to STRICT_TRANS_TABLES,STRICT_ALL_TABLES,NO_ZERO_IN_DATE,NO_ZERO_DATE,ERROR_FOR_DIVISION_BY_ZERO,TRADITIONAL,NO_ENGINE_SUBSTITUTION {{(pid=93939) _check_effective_sql_mode /opt/stack/data/venv/lib/python3.12/site-packages/oslo_db/sqlalchemy/engines.py:325}}
Jul 27 15:21:02.791402 np0000005921 nova-scheduler[93939]: DEBUG dbcounter [-] [93939] Writer thread running {{(pid=93939) stat_writer /opt/stack/data/venv/lib/python3.12/site-packages/dbcounter.py:102}}
Jul 27 15:21:02.794626 np0000005921 nova-scheduler[93941]: DEBUG oslo_db.sqlalchemy.engines [None req-6a0ba288-9f74-4908-ab7e-2add69426a25 None None] MySQL server mode set to STRICT_TRANS_TABLES,STRICT_ALL_TABLES,NO_ZERO_IN_DATE,NO_ZERO_DATE,ERROR_FOR_DIVISION_BY_ZERO,TRADITIONAL,NO_ENGINE_SUBSTITUTION {{(pid=93941) _check_effective_sql_mode /opt/stack/data/venv/lib/python3.12/site-packages/oslo_db/sqlalchemy/engines.py:325}}
Jul 27 15:21:02.803520 np0000005921 nova-scheduler[93941]: DEBUG dbcounter [-] [93941] Writer thread running {{(pid=93941) stat_writer /opt/stack/data/venv/lib/python3.12/site-packages/dbcounter.py:102}}
Jul 27 15:21:02.809629 np0000005921 nova-scheduler[93939]: DEBUG nova.service [None req-2c784fc8-d52f-42c3-b9b0-ec778741265b None None] Creating RPC server for service: nova-scheduler on topic: scheduler {{(pid=93939) start /opt/stack/nova/nova/service.py:196}}
Jul 27 15:21:02.814179 np0000005921 nova-scheduler[93943]: DEBUG oslo_db.sqlalchemy.engines [None req-9412200d-a98c-47ea-b007-6b7eeae151c8 None None] MySQL server mode set to STRICT_TRANS_TABLES,STRICT_ALL_TABLES,NO_ZERO_IN_DATE,NO_ZERO_DATE,ERROR_FOR_DIVISION_BY_ZERO,TRADITIONAL,NO_ENGINE_SUBSTITUTION {{(pid=93943) _check_effective_sql_mode /opt/stack/data/venv/lib/python3.12/site-packages/oslo_db/sqlalchemy/engines.py:325}}
Jul 27 15:21:02.818500 np0000005921 nova-scheduler[93941]: DEBUG nova.service [None req-6a0ba288-9f74-4908-ab7e-2add69426a25 None None] Creating RPC server for service: nova-scheduler on topic: scheduler {{(pid=93941) start /opt/stack/nova/nova/service.py:196}}
Jul 27 15:21:02.823445 np0000005921 nova-scheduler[93943]: DEBUG dbcounter [-] [93943] Writer thread running {{(pid=93943) stat_writer /opt/stack/data/venv/lib/python3.12/site-packages/dbcounter.py:102}}
Jul 27 15:21:02.826739 np0000005921 nova-scheduler[93943]: DEBUG nova.service [None req-9412200d-a98c-47ea-b007-6b7eeae151c8 None None] Creating RPC server for service: nova-scheduler on topic: scheduler {{(pid=93943) start /opt/stack/nova/nova/service.py:196}}
Jul 27 15:21:02.835667 np0000005921 nova-scheduler[93941]: DEBUG nova.service [None req-6a0ba288-9f74-4908-ab7e-2add69426a25 None None] Join ServiceGroup membership for this service scheduler {{(pid=93941) start /opt/stack/nova/nova/service.py:222}}
Jul 27 15:21:02.835775 np0000005921 nova-scheduler[93939]: DEBUG nova.service [None req-2c784fc8-d52f-42c3-b9b0-ec778741265b None None] Join ServiceGroup membership for this service scheduler {{(pid=93939) start /opt/stack/nova/nova/service.py:222}}
Jul 27 15:21:02.835811 np0000005921 nova-scheduler[93941]: DEBUG nova.servicegroup.drivers.db [None req-6a0ba288-9f74-4908-ab7e-2add69426a25 None None] DB_Driver: join new ServiceGroup member np0000005921 to the scheduler group, service = {{(pid=93941) join /opt/stack/nova/nova/servicegroup/drivers/db.py:44}}
Jul 27 15:21:02.835858 np0000005921 nova-scheduler[93939]: DEBUG nova.servicegroup.drivers.db [None req-2c784fc8-d52f-42c3-b9b0-ec778741265b None None] DB_Driver: join new ServiceGroup member np0000005921 to the scheduler group, service = {{(pid=93939) join /opt/stack/nova/nova/servicegroup/drivers/db.py:44}}
Jul 27 15:21:02.856059 np0000005921 nova-scheduler[93943]: DEBUG nova.service [None req-9412200d-a98c-47ea-b007-6b7eeae151c8 None None] Join ServiceGroup membership for this service scheduler {{(pid=93943) start /opt/stack/nova/nova/service.py:222}}
Jul 27 15:21:02.856369 np0000005921 nova-scheduler[93943]: DEBUG nova.servicegroup.drivers.db [None req-9412200d-a98c-47ea-b007-6b7eeae151c8 None None] DB_Driver: join new ServiceGroup member np0000005921 to the scheduler group, service = {{(pid=93943) join /opt/stack/nova/nova/servicegroup/drivers/db.py:44}}
Jul 27 15:21:07.850792 np0000005921 nova-scheduler[93941]: DEBUG oslo.service.backend._threading.loopingcall [-] Fixed interval looping call 'nova.servicegroup.drivers.db.DbDriver._report_state' sleeping for 119.99 seconds {{(pid=93941) _run_loop /opt/stack/data/venv/lib/python3.12/site-packages/oslo_service/backend/_threading/loopingcall.py:125}}
Jul 27 15:21:07.851412 np0000005921 nova-scheduler[93939]: DEBUG oslo.service.backend._threading.loopingcall [-] Fixed interval looping call 'nova.servicegroup.drivers.db.DbDriver._report_state' sleeping for 119.99 seconds {{(pid=93939) _run_loop /opt/stack/data/venv/lib/python3.12/site-packages/oslo_service/backend/_threading/loopingcall.py:125}}
Jul 27 15:21:07.869581 np0000005921 nova-scheduler[93943]: DEBUG oslo.service.backend._threading.loopingcall [-] Fixed interval looping call 'nova.servicegroup.drivers.db.DbDriver._report_state' sleeping for 119.99 seconds {{(pid=93943) _run_loop /opt/stack/data/venv/lib/python3.12/site-packages/oslo_service/backend/_threading/loopingcall.py:125}}
Jul 27 15:21:11.419706 np0000005921 nova-scheduler[92744]: DEBUG dbcounter [-] [92744] Writing DB stats nova_api:SELECT=3 {{(pid=92744) stat_writer /opt/stack/data/venv/lib/python3.12/site-packages/dbcounter.py:115}}
Jul 27 15:21:11.550758 np0000005921 nova-scheduler[92744]: DEBUG dbcounter [-] [92744] Writing DB stats nova_cell0:SELECT=1 {{(pid=92744) stat_writer /opt/stack/data/venv/lib/python3.12/site-packages/dbcounter.py:115}}
Jul 27 15:21:11.555550 np0000005921 nova-scheduler[92744]: DEBUG dbcounter [-] [92744] Writing DB stats nova_cell1:SELECT=1 {{(pid=92744) stat_writer /opt/stack/data/venv/lib/python3.12/site-packages/dbcounter.py:115}}
Jul 27 15:21:13.837693 np0000005921 nova-scheduler[93941]: DEBUG oslo.service.backend._threading.loopingcall [None req-8c80a4c8-f6ae-4ad8-8717-7f43471b4381 None None] Dynamic interval looping call 'nova.service.Service.periodic_tasks' sleeping for 60.00 seconds {{(pid=93941) _run_loop /opt/stack/data/venv/lib/python3.12/site-packages/oslo_service/backend/_threading/loopingcall.py:125}}
Jul 27 15:21:16.858510 np0000005921 nova-scheduler[93943]: DEBUG oslo.service.backend._threading.loopingcall [None req-e07828d8-18bb-4d19-b86b-159b51c9e41b None None] Dynamic interval looping call 'nova.service.Service.periodic_tasks' sleeping for 60.00 seconds {{(pid=93943) _run_loop /opt/stack/data/venv/lib/python3.12/site-packages/oslo_service/backend/_threading/loopingcall.py:125}}
Jul 27 15:21:17.845245 np0000005921 nova-scheduler[93941]: DEBUG dbcounter [-] [93941] Writing DB stats nova_cell0:SELECT=4,nova_cell0:INSERT=1,nova_cell0:UPDATE=1 {{(pid=93941) stat_writer /opt/stack/data/venv/lib/python3.12/site-packages/dbcounter.py:115}}
Jul 27 15:21:17.846840 np0000005921 nova-scheduler[93939]: DEBUG dbcounter [-] [93939] Writing DB stats nova_cell0:SELECT=4,nova_cell0:INSERT=1,nova_cell0:UPDATE=1 {{(pid=93939) stat_writer /opt/stack/data/venv/lib/python3.12/site-packages/dbcounter.py:115}}
Jul 27 15:21:17.865909 np0000005921 nova-scheduler[93943]: DEBUG dbcounter [-] [93943] Writing DB stats nova_cell0:SELECT=3 {{(pid=93943) stat_writer /opt/stack/data/venv/lib/python3.12/site-packages/dbcounter.py:115}}
Jul 27 15:21:20.837915 np0000005921 nova-scheduler[93939]: DEBUG oslo.service.backend._threading.loopingcall [None req-55eeb325-43aa-49d1-a19e-f895de0af098 None None] Dynamic interval looping call 'nova.service.Service.periodic_tasks' sleeping for 60.00 seconds {{(pid=93939) _run_loop /opt/stack/data/venv/lib/python3.12/site-packages/oslo_service/backend/_threading/loopingcall.py:125}}
Jul 27 15:22:13.838127 np0000005921 nova-scheduler[93941]: DEBUG oslo.service.backend._threading.loopingcall [None req-8c80a4c8-f6ae-4ad8-8717-7f43471b4381 None None] Dynamic interval looping call 'nova.service.Service.periodic_tasks' sleeping for 60.00 seconds {{(pid=93941) _run_loop /opt/stack/data/venv/lib/python3.12/site-packages/oslo_service/backend/_threading/loopingcall.py:125}}
Jul 27 15:22:16.859086 np0000005921 nova-scheduler[93943]: DEBUG oslo.service.backend._threading.loopingcall [None req-e07828d8-18bb-4d19-b86b-159b51c9e41b None None] Dynamic interval looping call 'nova.service.Service.periodic_tasks' sleeping for 60.00 seconds {{(pid=93943) _run_loop /opt/stack/data/venv/lib/python3.12/site-packages/oslo_service/backend/_threading/loopingcall.py:125}}
Jul 27 15:22:20.838911 np0000005921 nova-scheduler[93939]: DEBUG oslo.service.backend._threading.loopingcall [None req-55eeb325-43aa-49d1-a19e-f895de0af098 None None] Dynamic interval looping call 'nova.service.Service.periodic_tasks' sleeping for 60.00 seconds {{(pid=93939) _run_loop /opt/stack/data/venv/lib/python3.12/site-packages/oslo_service/backend/_threading/loopingcall.py:125}}
Jul 27 15:23:07.853225 np0000005921 nova-scheduler[93939]: DEBUG oslo.service.backend._threading.loopingcall [-] Fixed interval looping call 'nova.servicegroup.drivers.db.DbDriver._report_state' sleeping for 119.99 seconds {{(pid=93939) _run_loop /opt/stack/data/venv/lib/python3.12/site-packages/oslo_service/backend/_threading/loopingcall.py:125}}
Jul 27 15:23:07.853820 np0000005921 nova-scheduler[93941]: DEBUG oslo.service.backend._threading.loopingcall [-] Fixed interval looping call 'nova.servicegroup.drivers.db.DbDriver._report_state' sleeping for 119.99 seconds {{(pid=93941) _run_loop /opt/stack/data/venv/lib/python3.12/site-packages/oslo_service/backend/_threading/loopingcall.py:125}}
Jul 27 15:23:07.865953 np0000005921 nova-scheduler[93943]: DEBUG oslo.service.backend._threading.loopingcall [-] Fixed interval looping call 'nova.servicegroup.drivers.db.DbDriver._report_state' sleeping for 119.99 seconds {{(pid=93943) _run_loop /opt/stack/data/venv/lib/python3.12/site-packages/oslo_service/backend/_threading/loopingcall.py:125}}
Jul 27 15:23:13.838633 np0000005921 nova-scheduler[93941]: DEBUG oslo.service.backend._threading.loopingcall [None req-8c80a4c8-f6ae-4ad8-8717-7f43471b4381 None None] Dynamic interval looping call 'nova.service.Service.periodic_tasks' sleeping for 60.00 seconds {{(pid=93941) _run_loop /opt/stack/data/venv/lib/python3.12/site-packages/oslo_service/backend/_threading/loopingcall.py:125}}
Jul 27 15:23:16.859574 np0000005921 nova-scheduler[93943]: DEBUG oslo.service.backend._threading.loopingcall [None req-e07828d8-18bb-4d19-b86b-159b51c9e41b None None] Dynamic interval looping call 'nova.service.Service.periodic_tasks' sleeping for 60.00 seconds {{(pid=93943) _run_loop /opt/stack/data/venv/lib/python3.12/site-packages/oslo_service/backend/_threading/loopingcall.py:125}}
Jul 27 15:23:17.848353 np0000005921 nova-scheduler[93939]: DEBUG dbcounter [-] [93939] Writing DB stats nova_cell0:SELECT=1,nova_cell0:UPDATE=1 {{(pid=93939) stat_writer /opt/stack/data/venv/lib/python3.12/site-packages/dbcounter.py:115}}
Jul 27 15:23:17.849515 np0000005921 nova-scheduler[93941]: DEBUG dbcounter [-] [93941] Writing DB stats nova_cell0:SELECT=1,nova_cell0:UPDATE=1 {{(pid=93941) stat_writer /opt/stack/data/venv/lib/python3.12/site-packages/dbcounter.py:115}}
Jul 27 15:23:17.863441 np0000005921 nova-scheduler[93943]: DEBUG dbcounter [-] [93943] Writing DB stats nova_cell0:SELECT=1 {{(pid=93943) stat_writer /opt/stack/data/venv/lib/python3.12/site-packages/dbcounter.py:115}}
Jul 27 15:23:20.839447 np0000005921 nova-scheduler[93939]: DEBUG oslo.service.backend._threading.loopingcall [None req-55eeb325-43aa-49d1-a19e-f895de0af098 None None] Dynamic interval looping call 'nova.service.Service.periodic_tasks' sleeping for 60.00 seconds {{(pid=93939) _run_loop /opt/stack/data/venv/lib/python3.12/site-packages/oslo_service/backend/_threading/loopingcall.py:125}}
Jul 27 15:23:29.612039 np0000005921 nova-scheduler[93941]: DEBUG nova.scheduler.manager [None req-ae170d2c-12dc-42cb-afaf-311b82d0bab1 tempest-ServerRescueNegativeTestJSON-1423593247 tempest-ServerRescueNegativeTestJSON-1423593247-project-member] Starting to schedule for instances: ['5a03570d-a7ec-43ea-9fb6-ee9c68d5efe3'] {{(pid=93941) select_destinations /opt/stack/nova/nova/scheduler/manager.py:209}}
Jul 27 15:23:29.612705 np0000005921 nova-scheduler[93941]: DEBUG nova.scheduler.request_filter [None req-ae170d2c-12dc-42cb-afaf-311b82d0bab1 tempest-ServerRescueNegativeTestJSON-1423593247 tempest-ServerRescueNegativeTestJSON-1423593247-project-member] compute_status_filter request filter added forbidden trait COMPUTE_STATUS_DISABLED {{(pid=93941) compute_status_filter /opt/stack/nova/nova/scheduler/request_filter.py:253}}
Jul 27 15:23:29.612812 np0000005921 nova-scheduler[93941]: DEBUG nova.scheduler.request_filter [None req-ae170d2c-12dc-42cb-afaf-311b82d0bab1 tempest-ServerRescueNegativeTestJSON-1423593247 tempest-ServerRescueNegativeTestJSON-1423593247-project-member] Request filter 'compute_status_filter' took 0.0 seconds {{(pid=93941) wrapper /opt/stack/nova/nova/scheduler/request_filter.py:46}}
Jul 27 15:23:29.613033 np0000005921 nova-scheduler[93941]: DEBUG nova.scheduler.request_filter [None req-ae170d2c-12dc-42cb-afaf-311b82d0bab1 tempest-ServerRescueNegativeTestJSON-1423593247 tempest-ServerRescueNegativeTestJSON-1423593247-project-member] Request filter 'accelerators_filter' took 0.0 seconds {{(pid=93941) wrapper /opt/stack/nova/nova/scheduler/request_filter.py:46}}
Jul 27 15:23:29.613186 np0000005921 nova-scheduler[93941]: DEBUG nova.scheduler.request_filter [None req-ae170d2c-12dc-42cb-afaf-311b82d0bab1 tempest-ServerRescueNegativeTestJSON-1423593247 tempest-ServerRescueNegativeTestJSON-1423593247-project-member] Request filter 'packed_virtqueue_filter' took 0.0 seconds {{(pid=93941) wrapper /opt/stack/nova/nova/scheduler/request_filter.py:46}}
Jul 27 15:23:29.613430 np0000005921 nova-scheduler[93941]: DEBUG nova.scheduler.request_filter [None req-ae170d2c-12dc-42cb-afaf-311b82d0bab1 tempest-ServerRescueNegativeTestJSON-1423593247 tempest-ServerRescueNegativeTestJSON-1423593247-project-member] Request filter 'remote_managed_ports_filter' took 0.0 seconds {{(pid=93941) wrapper /opt/stack/nova/nova/scheduler/request_filter.py:46}}
Jul 27 15:23:29.613582 np0000005921 nova-scheduler[93941]: DEBUG nova.scheduler.request_filter [None req-ae170d2c-12dc-42cb-afaf-311b82d0bab1 tempest-ServerRescueNegativeTestJSON-1423593247 tempest-ServerRescueNegativeTestJSON-1423593247-project-member] ephemeral_encryption_filter skipped {{(pid=93941) ephemeral_encryption_filter /opt/stack/nova/nova/scheduler/request_filter.py:426}}
Jul 27 15:23:29.613708 np0000005921 nova-scheduler[93941]: DEBUG nova.scheduler.request_filter [None req-ae170d2c-12dc-42cb-afaf-311b82d0bab1 tempest-ServerRescueNegativeTestJSON-1423593247 tempest-ServerRescueNegativeTestJSON-1423593247-project-member] virtio_sound_filter skipped {{(pid=93941) virtio_sound_filter /opt/stack/nova/nova/scheduler/request_filter.py:460}}
Jul 27 15:23:29.613818 np0000005921 nova-scheduler[93941]: DEBUG nova.scheduler.request_filter [None req-ae170d2c-12dc-42cb-afaf-311b82d0bab1 tempest-ServerRescueNegativeTestJSON-1423593247 tempest-ServerRescueNegativeTestJSON-1423593247-project-member] tpm_secret_security_filter skipped {{(pid=93941) tpm_secret_security_filter /opt/stack/nova/nova/scheduler/request_filter.py:477}}
Jul 27 15:23:30.171196 np0000005921 nova-scheduler[93941]: INFO nova.utils [None req-ae170d2c-12dc-42cb-afaf-311b82d0bab1 tempest-ServerRescueNegativeTestJSON-1423593247 tempest-ServerRescueNegativeTestJSON-1423593247-project-member] The cell worker thread pool ForkProcess-2.cell_worker is initialized
Jul 27 15:23:30.171688 np0000005921 nova-scheduler[93941]: DEBUG oslo_concurrency.lockutils [None req-ae170d2c-12dc-42cb-afaf-311b82d0bab1 tempest-ServerRescueNegativeTestJSON-1423593247 tempest-ServerRescueNegativeTestJSON-1423593247-project-member] Acquiring lock "8ad0dc06-8383-4185-8e34-ef64c6654b28" by "nova.context.set_target_cell..get_or_set_cached_cell_and_set_connections" {{(pid=93941) inner /opt/stack/data/venv/lib/python3.12/site-packages/oslo_concurrency/lockutils.py:512}}
Jul 27 15:23:30.171888 np0000005921 nova-scheduler[93941]: DEBUG oslo_concurrency.lockutils [None req-ae170d2c-12dc-42cb-afaf-311b82d0bab1 tempest-ServerRescueNegativeTestJSON-1423593247 tempest-ServerRescueNegativeTestJSON-1423593247-project-member] Lock "8ad0dc06-8383-4185-8e34-ef64c6654b28" acquired by "nova.context.set_target_cell..get_or_set_cached_cell_and_set_connections" :: waited 0.000s {{(pid=93941) inner /opt/stack/data/venv/lib/python3.12/site-packages/oslo_concurrency/lockutils.py:525}}
Jul 27 15:23:30.173847 np0000005921 nova-scheduler[93941]: DEBUG oslo_concurrency.lockutils [None req-ae170d2c-12dc-42cb-afaf-311b82d0bab1 tempest-ServerRescueNegativeTestJSON-1423593247 tempest-ServerRescueNegativeTestJSON-1423593247-project-member] Lock "8ad0dc06-8383-4185-8e34-ef64c6654b28" "released" by "nova.context.set_target_cell..get_or_set_cached_cell_and_set_connections" :: held 0.002s {{(pid=93941) inner /opt/stack/data/venv/lib/python3.12/site-packages/oslo_concurrency/lockutils.py:544}}
Jul 27 15:23:30.176240 np0000005921 nova-scheduler[93941]: INFO dbcounter [None req-ae170d2c-12dc-42cb-afaf-311b82d0bab1 tempest-ServerRescueNegativeTestJSON-1423593247 tempest-ServerRescueNegativeTestJSON-1423593247-project-member] Registered counter for database nova_cell1
Jul 27 15:23:30.211655 np0000005921 nova-scheduler[93941]: DEBUG oslo_db.sqlalchemy.engines [None req-ae170d2c-12dc-42cb-afaf-311b82d0bab1 tempest-ServerRescueNegativeTestJSON-1423593247 tempest-ServerRescueNegativeTestJSON-1423593247-project-member] MySQL server mode set to STRICT_TRANS_TABLES,STRICT_ALL_TABLES,NO_ZERO_IN_DATE,NO_ZERO_DATE,ERROR_FOR_DIVISION_BY_ZERO,TRADITIONAL,NO_ENGINE_SUBSTITUTION {{(pid=93941) _check_effective_sql_mode /opt/stack/data/venv/lib/python3.12/site-packages/oslo_db/sqlalchemy/engines.py:325}}
Jul 27 15:23:30.219304 np0000005921 nova-scheduler[93941]: DEBUG dbcounter [-] [93941] Writer thread running {{(pid=93941) stat_writer /opt/stack/data/venv/lib/python3.12/site-packages/dbcounter.py:102}}
Jul 27 15:23:30.236726 np0000005921 nova-scheduler[93941]: DEBUG oslo_db.sqlalchemy.engines [None req-ae170d2c-12dc-42cb-afaf-311b82d0bab1 tempest-ServerRescueNegativeTestJSON-1423593247 tempest-ServerRescueNegativeTestJSON-1423593247-project-member] Parent process 92744 forked (93941) with an open database connection, which is being discarded and recreated. {{(pid=93941) checkout /opt/stack/data/venv/lib/python3.12/site-packages/oslo_db/sqlalchemy/engines.py:402}}
Jul 27 15:23:30.282104 np0000005921 nova-scheduler[93941]: DEBUG dbcounter [-] [93941] Writer thread running {{(pid=93941) stat_writer /opt/stack/data/venv/lib/python3.12/site-packages/dbcounter.py:102}}
Jul 27 15:23:30.287296 np0000005921 nova-scheduler[93941]: DEBUG oslo_concurrency.lockutils [None req-ae170d2c-12dc-42cb-afaf-311b82d0bab1 tempest-ServerRescueNegativeTestJSON-1423593247 tempest-ServerRescueNegativeTestJSON-1423593247-project-member] Acquiring lock "8ad0dc06-8383-4185-8e34-ef64c6654b28" by "nova.context.set_target_cell..get_or_set_cached_cell_and_set_connections" {{(pid=93941) inner /opt/stack/data/venv/lib/python3.12/site-packages/oslo_concurrency/lockutils.py:512}}
Jul 27 15:23:30.287502 np0000005921 nova-scheduler[93941]: DEBUG oslo_concurrency.lockutils [None req-ae170d2c-12dc-42cb-afaf-311b82d0bab1 tempest-ServerRescueNegativeTestJSON-1423593247 tempest-ServerRescueNegativeTestJSON-1423593247-project-member] Lock "8ad0dc06-8383-4185-8e34-ef64c6654b28" acquired by "nova.context.set_target_cell..get_or_set_cached_cell_and_set_connections" :: waited 0.000s {{(pid=93941) inner /opt/stack/data/venv/lib/python3.12/site-packages/oslo_concurrency/lockutils.py:525}}
Jul 27 15:23:30.287613 np0000005921 nova-scheduler[93941]: DEBUG oslo_concurrency.lockutils [None req-ae170d2c-12dc-42cb-afaf-311b82d0bab1 tempest-ServerRescueNegativeTestJSON-1423593247 tempest-ServerRescueNegativeTestJSON-1423593247-project-member] Lock "8ad0dc06-8383-4185-8e34-ef64c6654b28" "released" by "nova.context.set_target_cell..get_or_set_cached_cell_and_set_connections" :: held 0.000s {{(pid=93941) inner /opt/stack/data/venv/lib/python3.12/site-packages/oslo_concurrency/lockutils.py:544}}
Jul 27 15:23:30.293233 np0000005921 nova-scheduler[93941]: DEBUG oslo_concurrency.lockutils [None req-ae170d2c-12dc-42cb-afaf-311b82d0bab1 tempest-ServerRescueNegativeTestJSON-1423593247 tempest-ServerRescueNegativeTestJSON-1423593247-project-member] Acquiring lock "np0000005921-np0000005921" by "nova.scheduler.host_manager.HostState.update.._locked_update" {{(pid=93941) inner /opt/stack/data/venv/lib/python3.12/site-packages/oslo_concurrency/lockutils.py:512}}
Jul 27 15:23:30.293452 np0000005921 nova-scheduler[93941]: DEBUG oslo_concurrency.lockutils [None req-ae170d2c-12dc-42cb-afaf-311b82d0bab1 tempest-ServerRescueNegativeTestJSON-1423593247 tempest-ServerRescueNegativeTestJSON-1423593247-project-member] Lock "np0000005921-np0000005921" acquired by "nova.scheduler.host_manager.HostState.update.._locked_update" :: waited 0.000s {{(pid=93941) inner /opt/stack/data/venv/lib/python3.12/site-packages/oslo_concurrency/lockutils.py:525}}
Jul 27 15:23:30.294689 np0000005921 nova-scheduler[93941]: DEBUG nova.scheduler.host_manager [None req-ae170d2c-12dc-42cb-afaf-311b82d0bab1 tempest-ServerRescueNegativeTestJSON-1423593247 tempest-ServerRescueNegativeTestJSON-1423593247-project-member] Update host state from compute node: ComputeNode(cpu_allocation_ratio=4.0,cpu_info='{"arch": "x86_64", "model": "EPYC-Milan", "vendor": "AMD", "topology": {"cells": 1, "sockets": 16, "cores": 1, "threads": 1}, "maxphysaddr": {"mode": "emulate", "bits": 40}, "features": ["mca", "movbe", "ibrs", "mce", "sse4a", "smap", "xsaveerptr", "apic", "clwb", "bmi1", "pge", "wbnoinvd", "avx", "amd-stibp", "tsc-deadline", "xsaveopt", "sse4.2", "pfthreshold", "pause-filter", "pclmuldq", "mmx", "svm", "lm", "fxsr_opt", "sse2", "spec-ctrl", "cmp_legacy", "xsaves", "ibpb", "xgetbv1", "tsc-scale", "nx", "xsave", "lahf_lm", "pdpe1gb", "rdseed", "xsavec", "flushbyasid", "pcid", "misalignsse", "rdtscp", "abm", "osvw", "aes", "vgif", "cmov", "f16c", "pse", "mds-no", "vmcb-clean", "npt", "fma", "perfctr_core", "virt-ssbd", "smep", "de", "syscall", "stibp-always-on", "fsgsbase", "pat", "nrip-save", "arch-capabilities", "pschange-mc-no", "vme", "cr8legacy", "pni", "fpu", "ssse3", "v-vmsave-vmload", "clflushopt", "pse36", "amd-ssbd", "vaes", "pae", "x2apic", "topoext", "invpcid", "rdpid", "skip-l1dfl-vmentry", "cx8", "cx16", "avx2", "lbrv", "rdctl-no", "tsc_adjust", "mmxext", "fsrm", "tsc", "ssbd", "hypervisor", "rdrand", "mtrr", "stibp", "bmi2", "no-nested-data-bp", "popcnt", "erms", "null-sel-clr-base", "arat", "vpclmulqdq", "svme-addr-chk", "umip", "adx", "pku", "sse4.1", "fxsr", "3dnowprefetch", "sse", "clflush", "lfence-always-serializing", "amd-psfd", "gds-no", "sep", "clzero", "msr", "sha-ni"]}',created_at=2026-07-27T15:21:24Z,current_workload=0,deleted=False,deleted_at=None,disk_allocation_ratio=1.0,disk_available_least=73,free_disk_gb=95,free_ram_mb=62765,host='np0000005921',host_ip=10.4.3.70,hypervisor_hostname='np0000005921',hypervisor_type='QEMU',hypervisor_version=8002002,id=1,local_gb=95,local_gb_used=0,mapped=1,memory_mb=63277,memory_mb_used=512,metrics='[]',numa_topology='{"nova_object.name": "NUMATopology", "nova_object.namespace": "nova", "nova_object.version": "1.2", "nova_object.data": {"cells": [{"nova_object.name": "NUMACell", "nova_object.namespace": "nova", "nova_object.version": "1.5", "nova_object.data": {"id": 0, "cpuset": [0, 1, 2, 3, 4, 5, 6, 7, 8, 9, 10, 11, 12, 13, 14, 15], "pcpuset": [0, 1, 2, 3, 4, 5, 6, 7, 8, 9, 10, 11, 12, 13, 14, 15], "memory": 63277, "cpu_usage": 0, "memory_usage": 0, "pinned_cpus": [], "siblings": [[6], [12], [2], [15], [5], [11], [8], [14], [4], [1], [7], [10], [0], [13], [3], [9]], "mempages": [{"nova_object.name": "NUMAPagesTopology", "nova_object.namespace": "nova", "nova_object.version": "1.1", "nova_object.data": {"size_kb": 4, "total": 16177928, "used": 0, "reserved": 0}, "nova_object.changes": ["total", "reserved", "used", "size_kb"]}, {"nova_object.name": "NUMAPagesTopology", "nova_object.namespace": "nova", "nova_object.version": "1.1", "nova_object.data": {"size_kb": 2048, "total": 41, "used": 0, "reserved": 0}, "nova_object.changes": ["total", "reserved", "used", "size_kb"]}, {"nova_object.name": "NUMAPagesTopology", "nova_object.namespace": "nova", "nova_object.version": "1.1", "nova_object.data": {"size_kb": 1048576, "total": 0, "used": 0, "reserved": 0}, "nova_object.changes": ["total", "reserved", "used", "size_kb"]}], "network_metadata": {"nova_object.name": "NetworkMetadata", "nova_object.namespace": "nova", "nova_object.version": "1.0", "nova_object.data": {"physnets": [], "tunneled": false}, "nova_object.changes": ["tunneled", "physnets"]}, "socket": null}, "nova_object.changes": ["network_metadata", "mempages", "id", "cpu_usage", "pinned_cpus", "memory", "pcpuset", "siblings", "cpuset", "socket", "memory_usage"]}]}, "nova_object.changes": ["cells"]}',pci_device_pools=PciDevicePoolList,ram_allocation_ratio=1.0,running_vms=0,service_id=2,stats={failed_builds='0',uptime=' 15:23:11 up 23 min, 2 users, load average: 1.34, 1.37, 0.80
Jul 27 15:23:30.294689 np0000005921 nova-scheduler[93941]: '},supported_hv_specs=[HVSpec,HVSpec,HVSpec,HVSpec,HVSpec,HVSpec,HVSpec,HVSpec,HVSpec,HVSpec,HVSpec,HVSpec,HVSpec,HVSpec,HVSpec,HVSpec,HVSpec,HVSpec,HVSpec,HVSpec,HVSpec,HVSpec,HVSpec,HVSpec,HVSpec],updated_at=2026-07-27T15:23:11Z,uuid=aacc0f0a-92a1-4d07-88bd-95b90495903c,vcpus=16,vcpus_used=0) {{(pid=93941) _locked_update /opt/stack/nova/nova/scheduler/host_manager.py:168}}
Jul 27 15:23:30.296373 np0000005921 nova-scheduler[93941]: DEBUG nova.scheduler.host_manager [None req-ae170d2c-12dc-42cb-afaf-311b82d0bab1 tempest-ServerRescueNegativeTestJSON-1423593247 tempest-ServerRescueNegativeTestJSON-1423593247-project-member] Update host state with aggregates: [] {{(pid=93941) _locked_update /opt/stack/nova/nova/scheduler/host_manager.py:171}}
Jul 27 15:23:30.296538 np0000005921 nova-scheduler[93941]: DEBUG nova.scheduler.host_manager [None req-ae170d2c-12dc-42cb-afaf-311b82d0bab1 tempest-ServerRescueNegativeTestJSON-1423593247 tempest-ServerRescueNegativeTestJSON-1423593247-project-member] Update host state with service dict: {'id': 2, 'uuid': 'cbe2a78d-c02d-4302-891d-32229a1eab81', 'host': 'np0000005921', 'binary': 'nova-compute', 'topic': 'compute', 'report_count': 1, 'disabled': False, 'disabled_reason': None, 'last_seen_up': datetime.datetime(2026, 7, 27, 15, 21, 30, tzinfo=datetime.timezone.utc), 'forced_down': False, 'version': 72, 'created_at': datetime.datetime(2026, 7, 27, 15, 21, 24, tzinfo=datetime.timezone.utc), 'updated_at': datetime.datetime(2026, 7, 27, 15, 21, 30, tzinfo=datetime.timezone.utc), 'deleted_at': None, 'deleted': False} {{(pid=93941) _locked_update /opt/stack/nova/nova/scheduler/host_manager.py:174}}
Jul 27 15:23:30.296680 np0000005921 nova-scheduler[93941]: DEBUG nova.scheduler.host_manager [None req-ae170d2c-12dc-42cb-afaf-311b82d0bab1 tempest-ServerRescueNegativeTestJSON-1423593247 tempest-ServerRescueNegativeTestJSON-1423593247-project-member] Update host state with instances: [] {{(pid=93941) _locked_update /opt/stack/nova/nova/scheduler/host_manager.py:177}}
Jul 27 15:23:30.296823 np0000005921 nova-scheduler[93941]: DEBUG oslo_concurrency.lockutils [None req-ae170d2c-12dc-42cb-afaf-311b82d0bab1 tempest-ServerRescueNegativeTestJSON-1423593247 tempest-ServerRescueNegativeTestJSON-1423593247-project-member] Lock "np0000005921-np0000005921" "released" by "nova.scheduler.host_manager.HostState.update.._locked_update" :: held 0.003s {{(pid=93941) inner /opt/stack/data/venv/lib/python3.12/site-packages/oslo_concurrency/lockutils.py:544}}
Jul 27 15:23:30.297614 np0000005921 nova-scheduler[93941]: DEBUG nova.filters [None req-ae170d2c-12dc-42cb-afaf-311b82d0bab1 tempest-ServerRescueNegativeTestJSON-1423593247 tempest-ServerRescueNegativeTestJSON-1423593247-project-member] Starting with 1 host(s) {{(pid=93941) get_filtered_objects /opt/stack/nova/nova/filters.py:70}}
Jul 27 15:23:30.298596 np0000005921 nova-scheduler[93941]: DEBUG nova.filters [None req-ae170d2c-12dc-42cb-afaf-311b82d0bab1 tempest-ServerRescueNegativeTestJSON-1423593247 tempest-ServerRescueNegativeTestJSON-1423593247-project-member] Filter ComputeFilter returned 1 host(s) {{(pid=93941) get_filtered_objects /opt/stack/nova/nova/filters.py:102}}
Jul 27 15:23:30.298596 np0000005921 nova-scheduler[93941]: DEBUG nova.filters [None req-ae170d2c-12dc-42cb-afaf-311b82d0bab1 tempest-ServerRescueNegativeTestJSON-1423593247 tempest-ServerRescueNegativeTestJSON-1423593247-project-member] Filter ComputeCapabilitiesFilter returned 1 host(s) {{(pid=93941) get_filtered_objects /opt/stack/nova/nova/filters.py:102}}
Jul 27 15:23:30.298596 np0000005921 nova-scheduler[93941]: DEBUG nova.filters [None req-ae170d2c-12dc-42cb-afaf-311b82d0bab1 tempest-ServerRescueNegativeTestJSON-1423593247 tempest-ServerRescueNegativeTestJSON-1423593247-project-member] Filter ImagePropertiesFilter returned 1 host(s) {{(pid=93941) get_filtered_objects /opt/stack/nova/nova/filters.py:102}}
Jul 27 15:23:30.298596 np0000005921 nova-scheduler[93941]: DEBUG nova.filters [None req-ae170d2c-12dc-42cb-afaf-311b82d0bab1 tempest-ServerRescueNegativeTestJSON-1423593247 tempest-ServerRescueNegativeTestJSON-1423593247-project-member] Filter ServerGroupAntiAffinityFilter returned 1 host(s) {{(pid=93941) get_filtered_objects /opt/stack/nova/nova/filters.py:102}}
Jul 27 15:23:30.298836 np0000005921 nova-scheduler[93941]: DEBUG nova.filters [None req-ae170d2c-12dc-42cb-afaf-311b82d0bab1 tempest-ServerRescueNegativeTestJSON-1423593247 tempest-ServerRescueNegativeTestJSON-1423593247-project-member] Filter ServerGroupAffinityFilter returned 1 host(s) {{(pid=93941) get_filtered_objects /opt/stack/nova/nova/filters.py:102}}
Jul 27 15:23:30.298968 np0000005921 nova-scheduler[93941]: DEBUG nova.filters [None req-ae170d2c-12dc-42cb-afaf-311b82d0bab1 tempest-ServerRescueNegativeTestJSON-1423593247 tempest-ServerRescueNegativeTestJSON-1423593247-project-member] Filter SameHostFilter returned 1 host(s) {{(pid=93941) get_filtered_objects /opt/stack/nova/nova/filters.py:102}}
Jul 27 15:23:30.299121 np0000005921 nova-scheduler[93941]: DEBUG nova.filters [None req-ae170d2c-12dc-42cb-afaf-311b82d0bab1 tempest-ServerRescueNegativeTestJSON-1423593247 tempest-ServerRescueNegativeTestJSON-1423593247-project-member] Filter DifferentHostFilter returned 1 host(s) {{(pid=93941) get_filtered_objects /opt/stack/nova/nova/filters.py:102}}
Jul 27 15:23:30.299585 np0000005921 nova-scheduler[93941]: DEBUG nova.scheduler.manager [None req-ae170d2c-12dc-42cb-afaf-311b82d0bab1 tempest-ServerRescueNegativeTestJSON-1423593247 tempest-ServerRescueNegativeTestJSON-1423593247-project-member] Filtered [(np0000005921, np0000005921) ram: 62765MB disk: 74752MB io_ops: 0 instances: 0, allocation_candidates: 1] {{(pid=93941) _get_sorted_hosts /opt/stack/nova/nova/scheduler/manager.py:742}}
Jul 27 15:23:30.299835 np0000005921 nova-scheduler[93941]: DEBUG nova.scheduler.manager [None req-ae170d2c-12dc-42cb-afaf-311b82d0bab1 tempest-ServerRescueNegativeTestJSON-1423593247 tempest-ServerRescueNegativeTestJSON-1423593247-project-member] Weighed [WeighedHost [host: (np0000005921, np0000005921) ram: 62765MB disk: 74752MB io_ops: 0 instances: 0, allocation_candidates: 1, weight: 0.0]] {{(pid=93941) _get_sorted_hosts /opt/stack/nova/nova/scheduler/manager.py:764}}
Jul 27 15:23:30.300472 np0000005921 nova-scheduler[93941]: DEBUG nova.scheduler.utils [None req-ae170d2c-12dc-42cb-afaf-311b82d0bab1 tempest-ServerRescueNegativeTestJSON-1423593247 tempest-ServerRescueNegativeTestJSON-1423593247-project-member] Attempting to claim resources in the placement API for instance 5a03570d-a7ec-43ea-9fb6-ee9c68d5efe3 {{(pid=93941) claim_resources /opt/stack/nova/nova/scheduler/utils.py:1345}}
Jul 27 15:23:30.466159 np0000005921 nova-scheduler[93941]: DEBUG nova.scheduler.manager [None req-ae170d2c-12dc-42cb-afaf-311b82d0bab1 tempest-ServerRescueNegativeTestJSON-1423593247 tempest-ServerRescueNegativeTestJSON-1423593247-project-member] [instance: 5a03570d-a7ec-43ea-9fb6-ee9c68d5efe3] Selected host: (np0000005921, np0000005921) ram: 62765MB disk: 74752MB io_ops: 0 instances: 0, allocation_candidates: 1 {{(pid=93941) _consume_selected_host /opt/stack/nova/nova/scheduler/manager.py:624}}
Jul 27 15:23:30.466514 np0000005921 nova-scheduler[93941]: DEBUG oslo_concurrency.lockutils [None req-ae170d2c-12dc-42cb-afaf-311b82d0bab1 tempest-ServerRescueNegativeTestJSON-1423593247 tempest-ServerRescueNegativeTestJSON-1423593247-project-member] Acquiring lock "np0000005921-np0000005921" by "nova.scheduler.host_manager.HostState.consume_from_request.._locked" {{(pid=93941) inner /opt/stack/data/venv/lib/python3.12/site-packages/oslo_concurrency/lockutils.py:512}}
Jul 27 15:23:30.466822 np0000005921 nova-scheduler[93941]: DEBUG oslo_concurrency.lockutils [None req-ae170d2c-12dc-42cb-afaf-311b82d0bab1 tempest-ServerRescueNegativeTestJSON-1423593247 tempest-ServerRescueNegativeTestJSON-1423593247-project-member] Lock "np0000005921-np0000005921" acquired by "nova.scheduler.host_manager.HostState.consume_from_request.._locked" :: waited 0.000s {{(pid=93941) inner /opt/stack/data/venv/lib/python3.12/site-packages/oslo_concurrency/lockutils.py:525}}
Jul 27 15:23:30.466901 np0000005921 nova-scheduler[93941]: DEBUG oslo_concurrency.lockutils [None req-ae170d2c-12dc-42cb-afaf-311b82d0bab1 tempest-ServerRescueNegativeTestJSON-1423593247 tempest-ServerRescueNegativeTestJSON-1423593247-project-member] Lock "np0000005921-np0000005921" "released" by "nova.scheduler.host_manager.HostState.consume_from_request.._locked" :: held 0.000s {{(pid=93941) inner /opt/stack/data/venv/lib/python3.12/site-packages/oslo_concurrency/lockutils.py:544}}
Jul 27 15:23:33.136016 np0000005921 nova-scheduler[93939]: DEBUG nova.scheduler.manager [None req-3061fcd6-2f73-469a-b03f-42b2d29612f3 tempest-ServerBootFromVolumeStableRescueTest-1572017828 tempest-ServerBootFromVolumeStableRescueTest-1572017828-project-member] Starting to schedule for instances: ['272365ab-83fe-40b8-9a9c-337b35212e94'] {{(pid=93939) select_destinations /opt/stack/nova/nova/scheduler/manager.py:209}}
Jul 27 15:23:33.136433 np0000005921 nova-scheduler[93939]: DEBUG nova.scheduler.request_filter [None req-3061fcd6-2f73-469a-b03f-42b2d29612f3 tempest-ServerBootFromVolumeStableRescueTest-1572017828 tempest-ServerBootFromVolumeStableRescueTest-1572017828-project-member] compute_status_filter request filter added forbidden trait COMPUTE_STATUS_DISABLED {{(pid=93939) compute_status_filter /opt/stack/nova/nova/scheduler/request_filter.py:253}}
Jul 27 15:23:33.136433 np0000005921 nova-scheduler[93939]: DEBUG nova.scheduler.request_filter [None req-3061fcd6-2f73-469a-b03f-42b2d29612f3 tempest-ServerBootFromVolumeStableRescueTest-1572017828 tempest-ServerBootFromVolumeStableRescueTest-1572017828-project-member] Request filter 'compute_status_filter' took 0.0 seconds {{(pid=93939) wrapper /opt/stack/nova/nova/scheduler/request_filter.py:46}}
Jul 27 15:23:33.136666 np0000005921 nova-scheduler[93939]: DEBUG nova.scheduler.request_filter [None req-3061fcd6-2f73-469a-b03f-42b2d29612f3 tempest-ServerBootFromVolumeStableRescueTest-1572017828 tempest-ServerBootFromVolumeStableRescueTest-1572017828-project-member] Request filter 'accelerators_filter' took 0.0 seconds {{(pid=93939) wrapper /opt/stack/nova/nova/scheduler/request_filter.py:46}}
Jul 27 15:23:33.137276 np0000005921 nova-scheduler[93939]: DEBUG nova.scheduler.request_filter [None req-3061fcd6-2f73-469a-b03f-42b2d29612f3 tempest-ServerBootFromVolumeStableRescueTest-1572017828 tempest-ServerBootFromVolumeStableRescueTest-1572017828-project-member] Request filter 'packed_virtqueue_filter' took 0.0 seconds {{(pid=93939) wrapper /opt/stack/nova/nova/scheduler/request_filter.py:46}}
