Aug 19 18:37:35.406989 np0000007802 devstack@n-api.service[87524]: [pid: 87524|app: 0|req: 22/87] 10.4.3.95 () {66 vars in 1347 bytes} [Wed Aug 19 18:37:35 2026] GET /compute/v2.1/servers/e26a1f9c-0b61-4a1a-aa4d-db01f0696e01 => generated 1550 bytes in 324 msecs (HTTP/1.1 200) 9 headers in 358 bytes (1 switches on core 0)
Aug 19 18:37:35.429665 np0000007802 devstack@n-api.service[87526]: DEBUG nova.api.openstack.wsgi [None req-0cbc061d-39c5-414b-8389-e14138ede0f3 tempest-AttachSCSIVolumeTestJSON-560548558 tempest-AttachSCSIVolumeTestJSON-560548558-project-member] Calling method '>' {{(pid=87526) _process_stack /opt/stack/nova/nova/api/openstack/wsgi.py:551}}
Aug 19 18:37:35.432135 np0000007802 devstack@n-api.service[87526]: DEBUG nova.compute.api [None req-0cbc061d-39c5-414b-8389-e14138ede0f3 tempest-AttachSCSIVolumeTestJSON-560548558 tempest-AttachSCSIVolumeTestJSON-560548558-project-member] [instance: e26a1f9c-0b61-4a1a-aa4d-db01f0696e01] Fetching instance by UUID {{(pid=87526) get /opt/stack/nova/nova/compute/api.py:3068}}
Aug 19 18:37:35.437619 np0000007802 devstack@n-api.service[87526]: DEBUG oslo_concurrency.lockutils [None req-0cbc061d-39c5-414b-8389-e14138ede0f3 tempest-AttachSCSIVolumeTestJSON-560548558 tempest-AttachSCSIVolumeTestJSON-560548558-project-member] Acquiring lock "f36a26fc-f4be-49f8-9e59-c67e6cb2187e" by "nova.context.set_target_cell..get_or_set_cached_cell_and_set_connections" {{(pid=87526) inner /opt/stack/data/venv/lib/python3.12/site-packages/oslo_concurrency/lockutils.py:512}}
Aug 19 18:37:35.437619 np0000007802 devstack@n-api.service[87526]: DEBUG oslo_concurrency.lockutils [None req-0cbc061d-39c5-414b-8389-e14138ede0f3 tempest-AttachSCSIVolumeTestJSON-560548558 tempest-AttachSCSIVolumeTestJSON-560548558-project-member] Lock "f36a26fc-f4be-49f8-9e59-c67e6cb2187e" acquired by "nova.context.set_target_cell..get_or_set_cached_cell_and_set_connections" :: waited 0.000s {{(pid=87526) inner /opt/stack/data/venv/lib/python3.12/site-packages/oslo_concurrency/lockutils.py:525}}
Aug 19 18:37:35.437619 np0000007802 devstack@n-api.service[87526]: DEBUG oslo_concurrency.lockutils [None req-0cbc061d-39c5-414b-8389-e14138ede0f3 tempest-AttachSCSIVolumeTestJSON-560548558 tempest-AttachSCSIVolumeTestJSON-560548558-project-member] Lock "f36a26fc-f4be-49f8-9e59-c67e6cb2187e" "released" by "nova.context.set_target_cell..get_or_set_cached_cell_and_set_connections" :: held 0.000s {{(pid=87526) inner /opt/stack/data/venv/lib/python3.12/site-packages/oslo_concurrency/lockutils.py:544}}
Aug 19 18:37:35.437619 np0000007802 devstack@n-api.service[87526]: DEBUG oslo_concurrency.lockutils [None req-0cbc061d-39c5-414b-8389-e14138ede0f3 tempest-AttachSCSIVolumeTestJSON-560548558 tempest-AttachSCSIVolumeTestJSON-560548558-project-member] Acquiring lock "f36a26fc-f4be-49f8-9e59-c67e6cb2187e" by "nova.context.set_target_cell..get_or_set_cached_cell_and_set_connections" {{(pid=87526) inner /opt/stack/data/venv/lib/python3.12/site-packages/oslo_concurrency/lockutils.py:512}}
Aug 19 18:37:35.437836 np0000007802 devstack@n-api.service[87526]: DEBUG oslo_concurrency.lockutils [None req-0cbc061d-39c5-414b-8389-e14138ede0f3 tempest-AttachSCSIVolumeTestJSON-560548558 tempest-AttachSCSIVolumeTestJSON-560548558-project-member] Lock "f36a26fc-f4be-49f8-9e59-c67e6cb2187e" acquired by "nova.context.set_target_cell..get_or_set_cached_cell_and_set_connections" :: waited 0.000s {{(pid=87526) inner /opt/stack/data/venv/lib/python3.12/site-packages/oslo_concurrency/lockutils.py:525}}
Aug 19 18:37:35.437836 np0000007802 devstack@n-api.service[87526]: DEBUG oslo_concurrency.lockutils [None req-0cbc061d-39c5-414b-8389-e14138ede0f3 tempest-AttachSCSIVolumeTestJSON-560548558 tempest-AttachSCSIVolumeTestJSON-560548558-project-member] Lock "f36a26fc-f4be-49f8-9e59-c67e6cb2187e" "released" by "nova.context.set_target_cell..get_or_set_cached_cell_and_set_connections" :: held 0.000s {{(pid=87526) inner /opt/stack/data/venv/lib/python3.12/site-packages/oslo_concurrency/lockutils.py:544}}
Aug 19 18:37:35.460942 np0000007802 devstack@n-api.service[87526]: WARNING neutronclient.v2_0.client [None req-0cbc061d-39c5-414b-8389-e14138ede0f3 tempest-AttachSCSIVolumeTestJSON-560548558 tempest-AttachSCSIVolumeTestJSON-560548558-project-member] The python binding code in neutronclient is deprecated in favor of OpenstackSDK, please use that as this will be removed in a future release.
Aug 19 18:37:35.462855 np0000007802 devstack@n-api.service[87525]: DEBUG oslo_concurrency.lockutils [None req-d99c29ca-272a-4bab-aa7d-5ca77d41247d tempest-VolumesAssistedSnapshotsTest-731325587 tempest-VolumesAssistedSnapshotsTest-731325587-project-member] Acquiring lock "00000000-0000-0000-0000-000000000000" by "nova.context.set_target_cell..get_or_set_cached_cell_and_set_connections" {{(pid=87525) inner /opt/stack/data/venv/lib/python3.12/site-packages/oslo_concurrency/lockutils.py:512}}
Aug 19 18:37:35.462855 np0000007802 devstack@n-api.service[87525]: DEBUG oslo_concurrency.lockutils [None req-d99c29ca-272a-4bab-aa7d-5ca77d41247d tempest-VolumesAssistedSnapshotsTest-731325587 tempest-VolumesAssistedSnapshotsTest-731325587-project-member] Lock "00000000-0000-0000-0000-000000000000" acquired by "nova.context.set_target_cell..get_or_set_cached_cell_and_set_connections" :: waited 0.001s {{(pid=87525) inner /opt/stack/data/venv/lib/python3.12/site-packages/oslo_concurrency/lockutils.py:525}}
Aug 19 18:37:35.462855 np0000007802 devstack@n-api.service[87525]: DEBUG oslo_concurrency.lockutils [None req-d99c29ca-272a-4bab-aa7d-5ca77d41247d tempest-VolumesAssistedSnapshotsTest-731325587 tempest-VolumesAssistedSnapshotsTest-731325587-project-member] Lock "00000000-0000-0000-0000-000000000000" "released" by "nova.context.set_target_cell..get_or_set_cached_cell_and_set_connections" :: held 0.000s {{(pid=87525) inner /opt/stack/data/venv/lib/python3.12/site-packages/oslo_concurrency/lockutils.py:544}}
Aug 19 18:37:35.462855 np0000007802 devstack@n-api.service[87525]: DEBUG oslo_concurrency.lockutils [None req-d99c29ca-272a-4bab-aa7d-5ca77d41247d tempest-VolumesAssistedSnapshotsTest-731325587 tempest-VolumesAssistedSnapshotsTest-731325587-project-member] Acquiring lock "f36a26fc-f4be-49f8-9e59-c67e6cb2187e" by "nova.context.set_target_cell..get_or_set_cached_cell_and_set_connections" {{(pid=87525) inner /opt/stack/data/venv/lib/python3.12/site-packages/oslo_concurrency/lockutils.py:512}}
Aug 19 18:37:35.463046 np0000007802 devstack@n-api.service[87525]: DEBUG oslo_concurrency.lockutils [None req-d99c29ca-272a-4bab-aa7d-5ca77d41247d tempest-VolumesAssistedSnapshotsTest-731325587 tempest-VolumesAssistedSnapshotsTest-731325587-project-member] Lock "f36a26fc-f4be-49f8-9e59-c67e6cb2187e" acquired by "nova.context.set_target_cell..get_or_set_cached_cell_and_set_connections" :: waited 0.000s {{(pid=87525) inner /opt/stack/data/venv/lib/python3.12/site-packages/oslo_concurrency/lockutils.py:525}}
Aug 19 18:37:35.463225 np0000007802 devstack@n-api.service[87525]: DEBUG oslo_concurrency.lockutils [None req-d99c29ca-272a-4bab-aa7d-5ca77d41247d tempest-VolumesAssistedSnapshotsTest-731325587 tempest-VolumesAssistedSnapshotsTest-731325587-project-member] Lock "f36a26fc-f4be-49f8-9e59-c67e6cb2187e" "released" by "nova.context.set_target_cell..get_or_set_cached_cell_and_set_connections" :: held 0.000s {{(pid=87525) inner /opt/stack/data/venv/lib/python3.12/site-packages/oslo_concurrency/lockutils.py:544}}
Aug 19 18:37:35.476125 np0000007802 devstack@n-api.service[87525]: WARNING neutronclient.v2_0.client [None req-d99c29ca-272a-4bab-aa7d-5ca77d41247d tempest-VolumesAssistedSnapshotsTest-731325587 tempest-VolumesAssistedSnapshotsTest-731325587-project-member] The python binding code in neutronclient is deprecated in favor of OpenstackSDK, please use that as this will be removed in a future release.
Aug 19 18:37:35.683824 np0000007802 devstack@n-api.service[87526]: INFO nova.api.openstack.requestlog [None req-0cbc061d-39c5-414b-8389-e14138ede0f3 tempest-AttachSCSIVolumeTestJSON-560548558 tempest-AttachSCSIVolumeTestJSON-560548558-project-member] 10.4.3.95 "GET /compute/v2.1/servers/e26a1f9c-0b61-4a1a-aa4d-db01f0696e01/os-interface" status: 200 len: 283 microversion: 2.1 time: 0.256878
Aug 19 18:37:35.684296 np0000007802 devstack@n-api.service[87526]: [pid: 87526|app: 0|req: 22/88] 10.4.3.95 () {66 vars in 1386 bytes} [Wed Aug 19 18:37:35 2026] GET /compute/v2.1/servers/e26a1f9c-0b61-4a1a-aa4d-db01f0696e01/os-interface => generated 283 bytes in 258 msecs (HTTP/1.1 200) 9 headers in 357 bytes (1 switches on core 0)
Aug 19 18:37:35.731974 np0000007802 devstack@n-api.service[87525]: DEBUG nova.network.neutron [None req-d99c29ca-272a-4bab-aa7d-5ca77d41247d tempest-VolumesAssistedSnapshotsTest-731325587 tempest-VolumesAssistedSnapshotsTest-731325587-project-member] validate_networks() for [('6fbe6e09-1b80-4795-b6af-bac4e21312e4', None, None, None, None, None)] {{(pid=87525) validate_networks /opt/stack/nova/nova/network/neutron.py:2686}}
Aug 19 18:37:35.732811 np0000007802 devstack@n-api.service[87525]: WARNING neutronclient.v2_0.client [None req-d99c29ca-272a-4bab-aa7d-5ca77d41247d tempest-VolumesAssistedSnapshotsTest-731325587 tempest-VolumesAssistedSnapshotsTest-731325587-project-member] The python binding code in neutronclient is deprecated in favor of OpenstackSDK, please use that as this will be removed in a future release.
Aug 19 18:37:36.162610 np0000007802 devstack@n-api.service[87527]: DEBUG nova.api.openstack.wsgi [None req-d78a1de1-7600-42e5-8854-71c180456d9d tempest-TestMultiAttachVolumeSwap-639428843 tempest-TestMultiAttachVolumeSwap-639428843-project-member] Calling method '>' {{(pid=87527) _process_stack /opt/stack/nova/nova/api/openstack/wsgi.py:551}}
Aug 19 18:37:36.164251 np0000007802 devstack@n-api.service[87527]: DEBUG nova.compute.api [None req-d78a1de1-7600-42e5-8854-71c180456d9d tempest-TestMultiAttachVolumeSwap-639428843 tempest-TestMultiAttachVolumeSwap-639428843-project-member] [instance: 91fab3a5-51ee-432d-9d49-ea34555a2b9c] Fetching instance by UUID {{(pid=87527) get /opt/stack/nova/nova/compute/api.py:3068}}
Aug 19 18:37:36.169993 np0000007802 devstack@n-api.service[87527]: DEBUG oslo_concurrency.lockutils [None req-d78a1de1-7600-42e5-8854-71c180456d9d tempest-TestMultiAttachVolumeSwap-639428843 tempest-TestMultiAttachVolumeSwap-639428843-project-member] Acquiring lock "f36a26fc-f4be-49f8-9e59-c67e6cb2187e" by "nova.context.set_target_cell..get_or_set_cached_cell_and_set_connections" {{(pid=87527) inner /opt/stack/data/venv/lib/python3.12/site-packages/oslo_concurrency/lockutils.py:512}}
Aug 19 18:37:36.170404 np0000007802 devstack@n-api.service[87527]: DEBUG oslo_concurrency.lockutils [None req-d78a1de1-7600-42e5-8854-71c180456d9d tempest-TestMultiAttachVolumeSwap-639428843 tempest-TestMultiAttachVolumeSwap-639428843-project-member] Lock "f36a26fc-f4be-49f8-9e59-c67e6cb2187e" acquired by "nova.context.set_target_cell..get_or_set_cached_cell_and_set_connections" :: waited 0.001s {{(pid=87527) inner /opt/stack/data/venv/lib/python3.12/site-packages/oslo_concurrency/lockutils.py:525}}
Aug 19 18:37:36.171042 np0000007802 devstack@n-api.service[87527]: DEBUG oslo_concurrency.lockutils [None req-d78a1de1-7600-42e5-8854-71c180456d9d tempest-TestMultiAttachVolumeSwap-639428843 tempest-TestMultiAttachVolumeSwap-639428843-project-member] Lock "f36a26fc-f4be-49f8-9e59-c67e6cb2187e" "released" by "nova.context.set_target_cell..get_or_set_cached_cell_and_set_connections" :: held 0.000s {{(pid=87527) inner /opt/stack/data/venv/lib/python3.12/site-packages/oslo_concurrency/lockutils.py:544}}
Aug 19 18:37:36.171483 np0000007802 devstack@n-api.service[87527]: DEBUG oslo_concurrency.lockutils [None req-d78a1de1-7600-42e5-8854-71c180456d9d tempest-TestMultiAttachVolumeSwap-639428843 tempest-TestMultiAttachVolumeSwap-639428843-project-member] Acquiring lock "f36a26fc-f4be-49f8-9e59-c67e6cb2187e" by "nova.context.set_target_cell..get_or_set_cached_cell_and_set_connections" {{(pid=87527) inner /opt/stack/data/venv/lib/python3.12/site-packages/oslo_concurrency/lockutils.py:512}}
Aug 19 18:37:36.171931 np0000007802 devstack@n-api.service[87527]: DEBUG oslo_concurrency.lockutils [None req-d78a1de1-7600-42e5-8854-71c180456d9d tempest-TestMultiAttachVolumeSwap-639428843 tempest-TestMultiAttachVolumeSwap-639428843-project-member] Lock "f36a26fc-f4be-49f8-9e59-c67e6cb2187e" acquired by "nova.context.set_target_cell..get_or_set_cached_cell_and_set_connections" :: waited 0.000s {{(pid=87527) inner /opt/stack/data/venv/lib/python3.12/site-packages/oslo_concurrency/lockutils.py:525}}
Aug 19 18:37:36.172382 np0000007802 devstack@n-api.service[87527]: DEBUG oslo_concurrency.lockutils [None req-d78a1de1-7600-42e5-8854-71c180456d9d tempest-TestMultiAttachVolumeSwap-639428843 tempest-TestMultiAttachVolumeSwap-639428843-project-member] Lock "f36a26fc-f4be-49f8-9e59-c67e6cb2187e" "released" by "nova.context.set_target_cell..get_or_set_cached_cell_and_set_connections" :: held 0.000s {{(pid=87527) inner /opt/stack/data/venv/lib/python3.12/site-packages/oslo_concurrency/lockutils.py:544}}
Aug 19 18:37:36.193559 np0000007802 devstack@n-api.service[87524]: DEBUG nova.api.openstack.wsgi [req-482965cb-6836-491f-b1cf-dac334f85cfa req-5dd2e44f-4640-40ec-b48d-c75dfa0b564e service nova] Action: 'create', calling method: >, body: {"events": [{"name": "network-changed", "server_uuid": "c3f4d036-b57f-4310-a63f-ba09b66001ba", "tag": "01ec2948-5dba-490b-9141-b309e00d44b0"}]} {{(pid=87524) _process_stack /opt/stack/nova/nova/api/openstack/wsgi.py:549}}
Aug 19 18:37:36.206913 np0000007802 devstack@n-api.service[87524]: DEBUG oslo_concurrency.lockutils [req-482965cb-6836-491f-b1cf-dac334f85cfa req-5dd2e44f-4640-40ec-b48d-c75dfa0b564e service nova] Acquiring lock "f36a26fc-f4be-49f8-9e59-c67e6cb2187e" by "nova.context.set_target_cell..get_or_set_cached_cell_and_set_connections" {{(pid=87524) inner /opt/stack/data/venv/lib/python3.12/site-packages/oslo_concurrency/lockutils.py:512}}
Aug 19 18:37:36.207841 np0000007802 devstack@n-api.service[87524]: DEBUG oslo_concurrency.lockutils [req-482965cb-6836-491f-b1cf-dac334f85cfa req-5dd2e44f-4640-40ec-b48d-c75dfa0b564e service nova] Lock "f36a26fc-f4be-49f8-9e59-c67e6cb2187e" acquired by "nova.context.set_target_cell..get_or_set_cached_cell_and_set_connections" :: waited 0.001s {{(pid=87524) inner /opt/stack/data/venv/lib/python3.12/site-packages/oslo_concurrency/lockutils.py:525}}
Aug 19 18:37:36.207841 np0000007802 devstack@n-api.service[87524]: DEBUG oslo_concurrency.lockutils [req-482965cb-6836-491f-b1cf-dac334f85cfa req-5dd2e44f-4640-40ec-b48d-c75dfa0b564e service nova] Lock "f36a26fc-f4be-49f8-9e59-c67e6cb2187e" "released" by "nova.context.set_target_cell..get_or_set_cached_cell_and_set_connections" :: held 0.000s {{(pid=87524) inner /opt/stack/data/venv/lib/python3.12/site-packages/oslo_concurrency/lockutils.py:544}}
Aug 19 18:37:36.213796 np0000007802 devstack@n-api.service[87527]: WARNING neutronclient.v2_0.client [None req-d78a1de1-7600-42e5-8854-71c180456d9d tempest-TestMultiAttachVolumeSwap-639428843 tempest-TestMultiAttachVolumeSwap-639428843-project-member] The python binding code in neutronclient is deprecated in favor of OpenstackSDK, please use that as this will be removed in a future release.
Aug 19 18:37:36.223786 np0000007802 devstack@n-api.service[87524]: INFO nova.api.openstack.compute.server_external_events [req-482965cb-6836-491f-b1cf-dac334f85cfa req-5dd2e44f-4640-40ec-b48d-c75dfa0b564e service nova] Creating event network-changed:01ec2948-5dba-490b-9141-b309e00d44b0 for instance c3f4d036-b57f-4310-a63f-ba09b66001ba on np0000007802
Aug 19 18:37:36.223786 np0000007802 devstack@n-api.service[87524]: DEBUG nova.compute.rpcapi [req-482965cb-6836-491f-b1cf-dac334f85cfa req-5dd2e44f-4640-40ec-b48d-c75dfa0b564e service nova] RPC: Sending the message to topic: compute-alt {{(pid=87524) prepare_for_alt_rpcserver /opt/stack/nova/nova/compute/rpcapi.py:595}}
Aug 19 18:37:36.228462 np0000007802 devstack@n-api.service[87524]: INFO nova.api.openstack.requestlog [req-482965cb-6836-491f-b1cf-dac334f85cfa req-5dd2e44f-4640-40ec-b48d-c75dfa0b564e service nova] 10.4.3.95 "POST /compute/v2.1/os-server-external-events" status: 200 len: 179 microversion: 2.1 time: 0.038146
Aug 19 18:37:36.229201 np0000007802 devstack@n-api.service[87524]: [pid: 87524|app: 0|req: 23/89] 10.4.3.95 () {72 vars in 1425 bytes} [Wed Aug 19 18:37:36 2026] POST /compute/v2.1/os-server-external-events => generated 179 bytes in 39 msecs (HTTP/1.1 200) 9 headers in 357 bytes (1 switches on core 0)
Aug 19 18:37:36.720252 np0000007802 devstack@n-api.service[87525]: WARNING neutronclient.v2_0.client [None req-d99c29ca-272a-4bab-aa7d-5ca77d41247d tempest-VolumesAssistedSnapshotsTest-731325587 tempest-VolumesAssistedSnapshotsTest-731325587-project-member] The python binding code in neutronclient is deprecated in favor of OpenstackSDK, please use that as this will be removed in a future release.
Aug 19 18:37:36.746827 np0000007802 devstack@n-api.service[87527]: DEBUG nova.policy [None req-d78a1de1-7600-42e5-8854-71c180456d9d tempest-TestMultiAttachVolumeSwap-639428843 tempest-TestMultiAttachVolumeSwap-639428843-project-member] Policy check for os_compute_api:os-extended-server-attributes failed with credentials {'is_admin': False, 'user_id': 'f49fc8286b4e4bdab894206f981eb524', 'user_domain_id': 'default', 'system_scope': None, 'domain_id': None, 'project_id': 'e9f21a3298854b76adcd860cc66521cf', 'project_domain_id': 'default', 'roles': ['member', 'reader'], 'is_admin_project': True, 'service_user_id': None, 'service_user_domain_id': None, 'service_project_id': None, 'service_project_domain_id': None, 'service_roles': []} {{(pid=87527) authorize /opt/stack/nova/nova/policy.py:202}}
Aug 19 18:37:36.750835 np0000007802 devstack@n-api.service[87524]: DEBUG nova.api.openstack.wsgi [req-99b73cfe-c928-4bc2-a78d-2e5611d58b83 req-8532b252-be16-4946-ae8f-730093f556a4 service nova] Action: 'create', calling method: >, body: {"events": [{"name": "network-changed", "server_uuid": "d6bded06-4150-41bf-95b1-08527cd8b949", "tag": "2190b7e0-798c-480c-911d-68a16ce7d915"}]} {{(pid=87524) _process_stack /opt/stack/nova/nova/api/openstack/wsgi.py:549}}
Aug 19 18:37:36.755651 np0000007802 devstack@n-api.service[87527]: DEBUG nova.policy [None req-d78a1de1-7600-42e5-8854-71c180456d9d tempest-TestMultiAttachVolumeSwap-639428843 tempest-TestMultiAttachVolumeSwap-639428843-project-member] Policy check for os_compute_api:servers:show:host_status failed with credentials {'is_admin': False, 'user_id': 'f49fc8286b4e4bdab894206f981eb524', 'user_domain_id': 'default', 'system_scope': None, 'domain_id': None, 'project_id': 'e9f21a3298854b76adcd860cc66521cf', 'project_domain_id': 'default', 'roles': ['member', 'reader'], 'is_admin_project': True, 'service_user_id': None, 'service_user_domain_id': None, 'service_project_id': None, 'service_project_domain_id': None, 'service_roles': []} {{(pid=87527) authorize /opt/stack/nova/nova/policy.py:202}}
Aug 19 18:37:36.756815 np0000007802 devstack@n-api.service[87524]: DEBUG oslo_concurrency.lockutils [req-99b73cfe-c928-4bc2-a78d-2e5611d58b83 req-8532b252-be16-4946-ae8f-730093f556a4 service nova] Acquiring lock "f36a26fc-f4be-49f8-9e59-c67e6cb2187e" by "nova.context.set_target_cell..get_or_set_cached_cell_and_set_connections" {{(pid=87524) inner /opt/stack/data/venv/lib/python3.12/site-packages/oslo_concurrency/lockutils.py:512}}
Aug 19 18:37:36.756954 np0000007802 devstack@n-api.service[87527]: DEBUG nova.policy [None req-d78a1de1-7600-42e5-8854-71c180456d9d tempest-TestMultiAttachVolumeSwap-639428843 tempest-TestMultiAttachVolumeSwap-639428843-project-member] Policy check for os_compute_api:servers:show:host_status:unknown-only failed with credentials {'is_admin': False, 'user_id': 'f49fc8286b4e4bdab894206f981eb524', 'user_domain_id': 'default', 'system_scope': None, 'domain_id': None, 'project_id': 'e9f21a3298854b76adcd860cc66521cf', 'project_domain_id': 'default', 'roles': ['member', 'reader'], 'is_admin_project': True, 'service_user_id': None, 'service_user_domain_id': None, 'service_project_id': None, 'service_project_domain_id': None, 'service_roles': []} {{(pid=87527) authorize /opt/stack/nova/nova/policy.py:202}}
Aug 19 18:37:36.757045 np0000007802 devstack@n-api.service[87524]: DEBUG oslo_concurrency.lockutils [req-99b73cfe-c928-4bc2-a78d-2e5611d58b83 req-8532b252-be16-4946-ae8f-730093f556a4 service nova] Lock "f36a26fc-f4be-49f8-9e59-c67e6cb2187e" acquired by "nova.context.set_target_cell..get_or_set_cached_cell_and_set_connections" :: waited 0.000s {{(pid=87524) inner /opt/stack/data/venv/lib/python3.12/site-packages/oslo_concurrency/lockutils.py:525}}
Aug 19 18:37:36.757045 np0000007802 devstack@n-api.service[87524]: DEBUG oslo_concurrency.lockutils [req-99b73cfe-c928-4bc2-a78d-2e5611d58b83 req-8532b252-be16-4946-ae8f-730093f556a4 service nova] Lock "f36a26fc-f4be-49f8-9e59-c67e6cb2187e" "released" by "nova.context.set_target_cell..get_or_set_cached_cell_and_set_connections" :: held 0.000s {{(pid=87524) inner /opt/stack/data/venv/lib/python3.12/site-packages/oslo_concurrency/lockutils.py:544}}
Aug 19 18:37:36.761942 np0000007802 devstack@n-api.service[87527]: INFO nova.api.openstack.requestlog [None req-d78a1de1-7600-42e5-8854-71c180456d9d tempest-TestMultiAttachVolumeSwap-639428843 tempest-TestMultiAttachVolumeSwap-639428843-project-member] 10.4.3.95 "GET /compute/v2.1/servers/91fab3a5-51ee-432d-9d49-ea34555a2b9c" status: 200 len: 1453 microversion: 2.60 time: 0.601362
Aug 19 18:37:36.762408 np0000007802 devstack@n-api.service[87527]: [pid: 87527|app: 0|req: 25/90] 10.4.3.95 () {68 vars in 1388 bytes} [Wed Aug 19 18:37:36 2026] GET /compute/v2.1/servers/91fab3a5-51ee-432d-9d49-ea34555a2b9c => generated 1453 bytes in 602 msecs (HTTP/1.1 200) 9 headers in 360 bytes (1 switches on core 0)
Aug 19 18:37:36.767053 np0000007802 devstack@n-api.service[87524]: INFO nova.api.openstack.compute.server_external_events [req-99b73cfe-c928-4bc2-a78d-2e5611d58b83 req-8532b252-be16-4946-ae8f-730093f556a4 service nova] Creating event network-changed:2190b7e0-798c-480c-911d-68a16ce7d915 for instance d6bded06-4150-41bf-95b1-08527cd8b949 on np0000007802
Aug 19 18:37:36.771286 np0000007802 devstack@n-api.service[87524]: DEBUG nova.compute.rpcapi [req-99b73cfe-c928-4bc2-a78d-2e5611d58b83 req-8532b252-be16-4946-ae8f-730093f556a4 service nova] RPC: Sending the message to topic: compute-alt {{(pid=87524) prepare_for_alt_rpcserver /opt/stack/nova/nova/compute/rpcapi.py:595}}
Aug 19 18:37:36.778781 np0000007802 devstack@n-api.service[87524]: INFO nova.api.openstack.requestlog [req-99b73cfe-c928-4bc2-a78d-2e5611d58b83 req-8532b252-be16-4946-ae8f-730093f556a4 service nova] 10.4.3.95 "POST /compute/v2.1/os-server-external-events" status: 200 len: 179 microversion: 2.1 time: 0.028509
Aug 19 18:37:36.778781 np0000007802 devstack@n-api.service[87524]: [pid: 87524|app: 0|req: 24/91] 10.4.3.95 () {72 vars in 1425 bytes} [Wed Aug 19 18:37:36 2026] POST /compute/v2.1/os-server-external-events => generated 179 bytes in 30 msecs (HTTP/1.1 200) 9 headers in 357 bytes (1 switches on core 0)
Aug 19 18:37:36.799421 np0000007802 devstack@n-api.service[87526]: DEBUG nova.api.openstack.wsgi [None req-4d1d019c-0762-4c7c-94fa-1abfe44c0efa tempest-VolumesAdminNegativeTest-372914173 tempest-VolumesAdminNegativeTest-372914173-project] Action: 'update', calling method: >, body: {"volumeAttachment": {"volumeId": "c36fb775-3716-4e05-9075-8547ad063969"}} {{(pid=87526) _process_stack /opt/stack/nova/nova/api/openstack/wsgi.py:549}}
Aug 19 18:37:36.801941 np0000007802 devstack@n-api.service[87526]: DEBUG nova.compute.api [None req-4d1d019c-0762-4c7c-94fa-1abfe44c0efa tempest-VolumesAdminNegativeTest-372914173 tempest-VolumesAdminNegativeTest-372914173-project] [instance: 549d6efb-1e6e-402c-bc12-a4426ad620d5] Fetching instance by UUID {{(pid=87526) get /opt/stack/nova/nova/compute/api.py:3068}}
Aug 19 18:37:36.807334 np0000007802 devstack@n-api.service[87526]: DEBUG oslo_concurrency.lockutils [None req-4d1d019c-0762-4c7c-94fa-1abfe44c0efa tempest-VolumesAdminNegativeTest-372914173 tempest-VolumesAdminNegativeTest-372914173-project] Acquiring lock "f36a26fc-f4be-49f8-9e59-c67e6cb2187e" by "nova.context.set_target_cell..get_or_set_cached_cell_and_set_connections" {{(pid=87526) inner /opt/stack/data/venv/lib/python3.12/site-packages/oslo_concurrency/lockutils.py:512}}
Aug 19 18:37:36.807513 np0000007802 devstack@n-api.service[87526]: DEBUG oslo_concurrency.lockutils [None req-4d1d019c-0762-4c7c-94fa-1abfe44c0efa tempest-VolumesAdminNegativeTest-372914173 tempest-VolumesAdminNegativeTest-372914173-project] Lock "f36a26fc-f4be-49f8-9e59-c67e6cb2187e" acquired by "nova.context.set_target_cell..get_or_set_cached_cell_and_set_connections" :: waited 0.001s {{(pid=87526) inner /opt/stack/data/venv/lib/python3.12/site-packages/oslo_concurrency/lockutils.py:525}}
Aug 19 18:37:36.807675 np0000007802 devstack@n-api.service[87526]: DEBUG oslo_concurrency.lockutils [None req-4d1d019c-0762-4c7c-94fa-1abfe44c0efa tempest-VolumesAdminNegativeTest-372914173 tempest-VolumesAdminNegativeTest-372914173-project] Lock "f36a26fc-f4be-49f8-9e59-c67e6cb2187e" "released" by "nova.context.set_target_cell..get_or_set_cached_cell_and_set_connections" :: held 0.000s {{(pid=87526) inner /opt/stack/data/venv/lib/python3.12/site-packages/oslo_concurrency/lockutils.py:544}}
Aug 19 18:37:36.808052 np0000007802 devstack@n-api.service[87526]: DEBUG oslo_concurrency.lockutils [None req-4d1d019c-0762-4c7c-94fa-1abfe44c0efa tempest-VolumesAdminNegativeTest-372914173 tempest-VolumesAdminNegativeTest-372914173-project] Acquiring lock "f36a26fc-f4be-49f8-9e59-c67e6cb2187e" by "nova.context.set_target_cell..get_or_set_cached_cell_and_set_connections" {{(pid=87526) inner /opt/stack/data/venv/lib/python3.12/site-packages/oslo_concurrency/lockutils.py:512}}
Aug 19 18:37:36.808167 np0000007802 devstack@n-api.service[87526]: DEBUG oslo_concurrency.lockutils [None req-4d1d019c-0762-4c7c-94fa-1abfe44c0efa tempest-VolumesAdminNegativeTest-372914173 tempest-VolumesAdminNegativeTest-372914173-project] Lock "f36a26fc-f4be-49f8-9e59-c67e6cb2187e" acquired by "nova.context.set_target_cell..get_or_set_cached_cell_and_set_connections" :: waited 0.000s {{(pid=87526) inner /opt/stack/data/venv/lib/python3.12/site-packages/oslo_concurrency/lockutils.py:525}}
Aug 19 18:37:36.808324 np0000007802 devstack@n-api.service[87526]: DEBUG oslo_concurrency.lockutils [None req-4d1d019c-0762-4c7c-94fa-1abfe44c0efa tempest-VolumesAdminNegativeTest-372914173 tempest-VolumesAdminNegativeTest-372914173-project] Lock "f36a26fc-f4be-49f8-9e59-c67e6cb2187e" "released" by "nova.context.set_target_cell..get_or_set_cached_cell_and_set_connections" :: held 0.000s {{(pid=87526) inner /opt/stack/data/venv/lib/python3.12/site-packages/oslo_concurrency/lockutils.py:544}}
Aug 19 18:37:36.900546 np0000007802 devstack@n-api.service[87526]: INFO nova.api.openstack.wsgi [None req-4d1d019c-0762-4c7c-94fa-1abfe44c0efa tempest-VolumesAdminNegativeTest-372914173 tempest-VolumesAdminNegativeTest-372914173-project] HTTP exception thrown: Volume 7a388da1-3a74-44a0-9c6f-8fffad5b92f5 could not be found.
Aug 19 18:37:36.900546 np0000007802 devstack@n-api.service[87526]: DEBUG nova.api.openstack.wsgi [None req-4d1d019c-0762-4c7c-94fa-1abfe44c0efa tempest-VolumesAdminNegativeTest-372914173 tempest-VolumesAdminNegativeTest-372914173-project] Returning 404 to user: Volume 7a388da1-3a74-44a0-9c6f-8fffad5b92f5 could not be found. {{(pid=87526) __call__ /opt/stack/nova/nova/api/openstack/wsgi.py:908}}
Aug 19 18:37:36.900546 np0000007802 devstack@n-api.service[87526]: INFO nova.api.openstack.requestlog [None req-4d1d019c-0762-4c7c-94fa-1abfe44c0efa tempest-VolumesAdminNegativeTest-372914173 tempest-VolumesAdminNegativeTest-372914173-project] 10.4.3.95 "PUT /compute/v2.1/servers/549d6efb-1e6e-402c-bc12-a4426ad620d5/os-volume_attachments/7a388da1-3a74-44a0-9c6f-8fffad5b92f5" status: 404 len: 109 microversion: 2.1 time: 0.535262
Aug 19 18:37:36.901270 np0000007802 devstack@n-api.service[87526]: [pid: 87526|app: 0|req: 23/92] 10.4.3.95 () {68 vars in 1544 bytes} [Wed Aug 19 18:37:36 2026] PUT /compute/v2.1/servers/549d6efb-1e6e-402c-bc12-a4426ad620d5/os-volume_attachments/7a388da1-3a74-44a0-9c6f-8fffad5b92f5 => generated 109 bytes in 536 msecs (HTTP/1.1 404) 9 headers in 379 bytes (1 switches on core 0)
Aug 19 18:37:36.995176 np0000007802 devstack@n-api.service[87525]: DEBUG nova.virt.hardware [None req-d99c29ca-272a-4bab-aa7d-5ca77d41247d tempest-VolumesAssistedSnapshotsTest-731325587 tempest-VolumesAssistedSnapshotsTest-731325587-project-member] Flavor limits 0:0:0 {{(pid=87525) get_cpu_topology_constraints /opt/stack/nova/nova/virt/hardware.py:516}}
Aug 19 18:37:36.995266 np0000007802 devstack@n-api.service[87525]: DEBUG nova.virt.hardware [None req-d99c29ca-272a-4bab-aa7d-5ca77d41247d tempest-VolumesAssistedSnapshotsTest-731325587 tempest-VolumesAssistedSnapshotsTest-731325587-project-member] Image limits 0:0:0 {{(pid=87525) get_cpu_topology_constraints /opt/stack/nova/nova/virt/hardware.py:520}}
Aug 19 18:37:36.996384 np0000007802 devstack@n-api.service[87525]: DEBUG nova.virt.hardware [None req-d99c29ca-272a-4bab-aa7d-5ca77d41247d tempest-VolumesAssistedSnapshotsTest-731325587 tempest-VolumesAssistedSnapshotsTest-731325587-project-member] Flavor pref 0:0:0 {{(pid=87525) get_cpu_topology_constraints /opt/stack/nova/nova/virt/hardware.py:556}}
Aug 19 18:37:36.996384 np0000007802 devstack@n-api.service[87525]: DEBUG nova.virt.hardware [None req-d99c29ca-272a-4bab-aa7d-5ca77d41247d tempest-VolumesAssistedSnapshotsTest-731325587 tempest-VolumesAssistedSnapshotsTest-731325587-project-member] Image pref 0:0:0 {{(pid=87525) get_cpu_topology_constraints /opt/stack/nova/nova/virt/hardware.py:560}}
Aug 19 18:37:36.996384 np0000007802 devstack@n-api.service[87525]: DEBUG nova.virt.hardware [None req-d99c29ca-272a-4bab-aa7d-5ca77d41247d tempest-VolumesAssistedSnapshotsTest-731325587 tempest-VolumesAssistedSnapshotsTest-731325587-project-member] Chose sockets=0, cores=0, threads=0; limits were sockets=65536, cores=65536, threads=65536 {{(pid=87525) get_cpu_topology_constraints /opt/stack/nova/nova/virt/hardware.py:598}}
Aug 19 18:37:37.007073 np0000007802 devstack@n-api.service[87525]: DEBUG oslo_concurrency.lockutils [None req-d99c29ca-272a-4bab-aa7d-5ca77d41247d tempest-VolumesAssistedSnapshotsTest-731325587 tempest-VolumesAssistedSnapshotsTest-731325587-project-member] Acquiring lock "00000000-0000-0000-0000-000000000000" by "nova.context.set_target_cell..get_or_set_cached_cell_and_set_connections" {{(pid=87525) inner /opt/stack/data/venv/lib/python3.12/site-packages/oslo_concurrency/lockutils.py:512}}
Aug 19 18:37:37.007333 np0000007802 devstack@n-api.service[87525]: DEBUG oslo_concurrency.lockutils [None req-d99c29ca-272a-4bab-aa7d-5ca77d41247d tempest-VolumesAssistedSnapshotsTest-731325587 tempest-VolumesAssistedSnapshotsTest-731325587-project-member] Lock "00000000-0000-0000-0000-000000000000" acquired by "nova.context.set_target_cell..get_or_set_cached_cell_and_set_connections" :: waited 0.000s {{(pid=87525) inner /opt/stack/data/venv/lib/python3.12/site-packages/oslo_concurrency/lockutils.py:525}}
Aug 19 18:37:37.007536 np0000007802 devstack@n-api.service[87525]: DEBUG oslo_concurrency.lockutils [None req-d99c29ca-272a-4bab-aa7d-5ca77d41247d tempest-VolumesAssistedSnapshotsTest-731325587 tempest-VolumesAssistedSnapshotsTest-731325587-project-member] Lock "00000000-0000-0000-0000-000000000000" "released" by "nova.context.set_target_cell..get_or_set_cached_cell_and_set_connections" :: held 0.000s {{(pid=87525) inner /opt/stack/data/venv/lib/python3.12/site-packages/oslo_concurrency/lockutils.py:544}}
Aug 19 18:37:37.009336 np0000007802 devstack@n-api.service[87525]: DEBUG oslo_concurrency.lockutils [None req-d99c29ca-272a-4bab-aa7d-5ca77d41247d tempest-VolumesAssistedSnapshotsTest-731325587 tempest-VolumesAssistedSnapshotsTest-731325587-project-member] Acquiring lock "f36a26fc-f4be-49f8-9e59-c67e6cb2187e" by "nova.context.set_target_cell..get_or_set_cached_cell_and_set_connections" {{(pid=87525) inner /opt/stack/data/venv/lib/python3.12/site-packages/oslo_concurrency/lockutils.py:512}}
Aug 19 18:37:37.009633 np0000007802 devstack@n-api.service[87525]: DEBUG oslo_concurrency.lockutils [None req-d99c29ca-272a-4bab-aa7d-5ca77d41247d tempest-VolumesAssistedSnapshotsTest-731325587 tempest-VolumesAssistedSnapshotsTest-731325587-project-member] Lock "f36a26fc-f4be-49f8-9e59-c67e6cb2187e" acquired by "nova.context.set_target_cell..get_or_set_cached_cell_and_set_connections" :: waited 0.001s {{(pid=87525) inner /opt/stack/data/venv/lib/python3.12/site-packages/oslo_concurrency/lockutils.py:525}}
Aug 19 18:37:37.010136 np0000007802 devstack@n-api.service[87525]: DEBUG oslo_concurrency.lockutils [None req-d99c29ca-272a-4bab-aa7d-5ca77d41247d tempest-VolumesAssistedSnapshotsTest-731325587 tempest-VolumesAssistedSnapshotsTest-731325587-project-member] Lock "f36a26fc-f4be-49f8-9e59-c67e6cb2187e" "released" by "nova.context.set_target_cell..get_or_set_cached_cell_and_set_connections" :: held 0.000s {{(pid=87525) inner /opt/stack/data/venv/lib/python3.12/site-packages/oslo_concurrency/lockutils.py:544}}
Aug 19 18:37:37.030340 np0000007802 devstack@n-api.service[87525]: DEBUG nova.quota [None req-d99c29ca-272a-4bab-aa7d-5ca77d41247d tempest-VolumesAssistedSnapshotsTest-731325587 tempest-VolumesAssistedSnapshotsTest-731325587-project-member] Getting quotas for project a8fe43adafc54e8ba0b76a1880d852f4. Resources: {'instances', 'ram', 'cores'} {{(pid=87525) _get_quotas /opt/stack/nova/nova/quota.py:389}}
Aug 19 18:37:37.040396 np0000007802 devstack@n-api.service[87525]: DEBUG nova.quota [None req-d99c29ca-272a-4bab-aa7d-5ca77d41247d tempest-VolumesAssistedSnapshotsTest-731325587 tempest-VolumesAssistedSnapshotsTest-731325587-project-member] Getting quotas for user 668829d5e6184bdba0c0027692063919 and project a8fe43adafc54e8ba0b76a1880d852f4. Resources: {'instances', 'ram', 'cores'} {{(pid=87525) _get_quotas /opt/stack/nova/nova/quota.py:379}}
Aug 19 18:37:37.049692 np0000007802 devstack@n-api.service[87525]: DEBUG nova.compute.api [None req-d99c29ca-272a-4bab-aa7d-5ca77d41247d tempest-VolumesAssistedSnapshotsTest-731325587 tempest-VolumesAssistedSnapshotsTest-731325587-project-member] Going to run 1 instances... {{(pid=87525) _provision_instances /opt/stack/nova/nova/compute/api.py:1480}}
Aug 19 18:37:37.052293 np0000007802 devstack@n-api.service[87525]: DEBUG nova.compute.api [None req-d99c29ca-272a-4bab-aa7d-5ca77d41247d tempest-VolumesAssistedSnapshotsTest-731325587 tempest-VolumesAssistedSnapshotsTest-731325587-project-member] [instance: 2e883387-f3eb-4a4f-9a5d-7c02d01f15e7] block_device_mapping [BlockDeviceMapping(attachment_id=,boot_index=0,connection_info=None,created_at=,delete_on_termination=True,deleted=,deleted_at=,destination_type='local',device_name=None,device_type='disk',disk_bus=None,encrypted=False,encryption_format=None,encryption_options=None,encryption_secret_uuid=None,guest_format=None,id=,image_id='cca70de0-32ad-4f44-a561-e68ac9a1f132',instance=,instance_uuid=,no_device=False,snapshot_id=None,source_type='image',tag=None,updated_at=,uuid=,volume_id=None,volume_size=None,volume_type=None)] {{(pid=87525) _bdm_validate_set_size_and_instance /opt/stack/nova/nova/compute/api.py:1942}}
Aug 19 18:37:37.095092 np0000007802 devstack@n-api.service[87527]: DEBUG dbcounter [-] [87527] Writing DB stats nova_cell0:SELECT=7 {{(pid=87527) stat_writer /opt/stack/data/venv/lib/python3.12/site-packages/dbcounter.py:115}}
Aug 19 18:37:37.149510 np0000007802 devstack@n-api.service[87525]: INFO nova.api.openstack.requestlog [None req-d99c29ca-272a-4bab-aa7d-5ca77d41247d tempest-VolumesAssistedSnapshotsTest-731325587 tempest-VolumesAssistedSnapshotsTest-731325587-project-member] 10.4.3.95 "POST /compute/v2.1/servers" status: 202 len: 403 microversion: 2.1 time: 1.868296
Aug 19 18:37:37.150805 np0000007802 devstack@n-api.service[87525]: [pid: 87525|app: 0|req: 21/93] 10.4.3.95 () {68 vars in 1258 bytes} [Wed Aug 19 18:37:35 2026] POST /compute/v2.1/servers => generated 403 bytes in 1869 msecs (HTTP/1.1 202) 10 headers in 450 bytes (1 switches on core 0)
Aug 19 18:37:37.174906 np0000007802 devstack@n-api.service[87527]: DEBUG nova.api.openstack.wsgi [None req-f6de078c-4075-47fa-86d3-d917a4b82bf7 tempest-VolumesAssistedSnapshotsTest-731325587 tempest-VolumesAssistedSnapshotsTest-731325587-project-member] Calling method '>' {{(pid=87527) _process_stack /opt/stack/nova/nova/api/openstack/wsgi.py:551}}
Aug 19 18:37:37.176298 np0000007802 devstack@n-api.service[87527]: DEBUG nova.compute.api [None req-f6de078c-4075-47fa-86d3-d917a4b82bf7 tempest-VolumesAssistedSnapshotsTest-731325587 tempest-VolumesAssistedSnapshotsTest-731325587-project-member] [instance: 2e883387-f3eb-4a4f-9a5d-7c02d01f15e7] Fetching instance by UUID {{(pid=87527) get /opt/stack/nova/nova/compute/api.py:3068}}
Aug 19 18:37:37.197767 np0000007802 devstack@n-api.service[87527]: WARNING neutronclient.v2_0.client [None req-f6de078c-4075-47fa-86d3-d917a4b82bf7 tempest-VolumesAssistedSnapshotsTest-731325587 tempest-VolumesAssistedSnapshotsTest-731325587-project-member] The python binding code in neutronclient is deprecated in favor of OpenstackSDK, please use that as this will be removed in a future release.
Aug 19 18:37:37.295785 np0000007802 devstack@n-api.service[87527]: DEBUG nova.policy [None req-f6de078c-4075-47fa-86d3-d917a4b82bf7 tempest-VolumesAssistedSnapshotsTest-731325587 tempest-VolumesAssistedSnapshotsTest-731325587-project-member] Policy check for os_compute_api:os-extended-server-attributes failed with credentials {'is_admin': False, 'user_id': '668829d5e6184bdba0c0027692063919', 'user_domain_id': 'default', 'system_scope': None, 'domain_id': None, 'project_id': 'a8fe43adafc54e8ba0b76a1880d852f4', 'project_domain_id': 'default', 'roles': ['member', 'reader'], 'is_admin_project': True, 'service_user_id': None, 'service_user_domain_id': None, 'service_project_id': None, 'service_project_domain_id': None, 'service_roles': []} {{(pid=87527) authorize /opt/stack/nova/nova/policy.py:202}}
Aug 19 18:37:37.326666 np0000007802 devstack@n-api.service[87527]: INFO nova.api.openstack.requestlog [None req-f6de078c-4075-47fa-86d3-d917a4b82bf7 tempest-VolumesAssistedSnapshotsTest-731325587 tempest-VolumesAssistedSnapshotsTest-731325587-project-member] 10.4.3.95 "GET /compute/v2.1/servers/2e883387-f3eb-4a4f-9a5d-7c02d01f15e7" status: 200 len: 1239 microversion: 2.1 time: 0.156431
Aug 19 18:37:37.327185 np0000007802 devstack@n-api.service[87527]: [pid: 87527|app: 0|req: 26/94] 10.4.3.95 () {66 vars in 1347 bytes} [Wed Aug 19 18:37:37 2026] GET /compute/v2.1/servers/2e883387-f3eb-4a4f-9a5d-7c02d01f15e7 => generated 1239 bytes in 158 msecs (HTTP/1.1 200) 9 headers in 358 bytes (1 switches on core 0)
Aug 19 18:37:37.387887 np0000007802 devstack@n-api.service[87524]: DEBUG nova.api.openstack.wsgi [req-82220372-d299-40a7-9a23-db626079c1d4 req-3230cd17-7d1d-4c03-b8cc-b9f7f6329246 service nova] Action: 'create', calling method: >, body: {"events": [{"name": "network-changed", "server_uuid": "e26a1f9c-0b61-4a1a-aa4d-db01f0696e01", "tag": "b103b438-f63c-452c-9529-ac3d8a92991d"}]} {{(pid=87524) _process_stack /opt/stack/nova/nova/api/openstack/wsgi.py:549}}
Aug 19 18:37:37.399363 np0000007802 devstack@n-api.service[87524]: DEBUG oslo_concurrency.lockutils [req-82220372-d299-40a7-9a23-db626079c1d4 req-3230cd17-7d1d-4c03-b8cc-b9f7f6329246 service nova] Acquiring lock "f36a26fc-f4be-49f8-9e59-c67e6cb2187e" by "nova.context.set_target_cell..get_or_set_cached_cell_and_set_connections" {{(pid=87524) inner /opt/stack/data/venv/lib/python3.12/site-packages/oslo_concurrency/lockutils.py:512}}
Aug 19 18:37:37.399584 np0000007802 devstack@n-api.service[87524]: DEBUG oslo_concurrency.lockutils [req-82220372-d299-40a7-9a23-db626079c1d4 req-3230cd17-7d1d-4c03-b8cc-b9f7f6329246 service nova] Lock "f36a26fc-f4be-49f8-9e59-c67e6cb2187e" acquired by "nova.context.set_target_cell..get_or_set_cached_cell_and_set_connections" :: waited 0.000s {{(pid=87524) inner /opt/stack/data/venv/lib/python3.12/site-packages/oslo_concurrency/lockutils.py:525}}
Aug 19 18:37:37.401593 np0000007802 devstack@n-api.service[87524]: DEBUG oslo_concurrency.lockutils [req-82220372-d299-40a7-9a23-db626079c1d4 req-3230cd17-7d1d-4c03-b8cc-b9f7f6329246 service nova] Lock "f36a26fc-f4be-49f8-9e59-c67e6cb2187e" "released" by "nova.context.set_target_cell..get_or_set_cached_cell_and_set_connections" :: held 0.002s {{(pid=87524) inner /opt/stack/data/venv/lib/python3.12/site-packages/oslo_concurrency/lockutils.py:544}}
Aug 19 18:37:37.422129 np0000007802 devstack@n-api.service[87524]: INFO nova.api.openstack.compute.server_external_events [req-82220372-d299-40a7-9a23-db626079c1d4 req-3230cd17-7d1d-4c03-b8cc-b9f7f6329246 service nova] Creating event network-changed:b103b438-f63c-452c-9529-ac3d8a92991d for instance e26a1f9c-0b61-4a1a-aa4d-db01f0696e01 on np0000007802
Aug 19 18:37:37.423009 np0000007802 devstack@n-api.service[87524]: DEBUG nova.compute.rpcapi [req-82220372-d299-40a7-9a23-db626079c1d4 req-3230cd17-7d1d-4c03-b8cc-b9f7f6329246 service nova] RPC: Sending the message to topic: compute-alt {{(pid=87524) prepare_for_alt_rpcserver /opt/stack/nova/nova/compute/rpcapi.py:595}}
Aug 19 18:37:37.436222 np0000007802 devstack@n-api.service[87524]: INFO nova.api.openstack.requestlog [req-82220372-d299-40a7-9a23-db626079c1d4 req-3230cd17-7d1d-4c03-b8cc-b9f7f6329246 service nova] 10.4.3.95 "POST /compute/v2.1/os-server-external-events" status: 200 len: 179 microversion: 2.1 time: 0.049698
Aug 19 18:37:37.436222 np0000007802 devstack@n-api.service[87524]: [pid: 87524|app: 0|req: 25/95] 10.4.3.95 () {72 vars in 1425 bytes} [Wed Aug 19 18:37:37 2026] POST /compute/v2.1/os-server-external-events => generated 179 bytes in 52 msecs (HTTP/1.1 200) 9 headers in 357 bytes (1 switches on core 0)
Aug 19 18:37:37.553195 np0000007802 devstack@n-api.service[87526]: DEBUG nova.api.openstack.wsgi [req-938d95a2-eee9-40e9-b3b7-1470a6388c3f req-cd0ebfec-ba8c-4f54-82dd-911d24e695bb service nova] Action: 'create', calling method: >, body: {"events": [{"server_uuid": "c3f4d036-b57f-4310-a63f-ba09b66001ba", "name": "network-vif-plugged", "status": "completed", "tag": "01ec2948-5dba-490b-9141-b309e00d44b0"}]} {{(pid=87526) _process_stack /opt/stack/nova/nova/api/openstack/wsgi.py:549}}
Aug 19 18:37:37.562864 np0000007802 devstack@n-api.service[87526]: DEBUG oslo_concurrency.lockutils [req-938d95a2-eee9-40e9-b3b7-1470a6388c3f req-cd0ebfec-ba8c-4f54-82dd-911d24e695bb service nova] Acquiring lock "f36a26fc-f4be-49f8-9e59-c67e6cb2187e" by "nova.context.set_target_cell..get_or_set_cached_cell_and_set_connections" {{(pid=87526) inner /opt/stack/data/venv/lib/python3.12/site-packages/oslo_concurrency/lockutils.py:512}}
Aug 19 18:37:37.562864 np0000007802 devstack@n-api.service[87526]: DEBUG oslo_concurrency.lockutils [req-938d95a2-eee9-40e9-b3b7-1470a6388c3f req-cd0ebfec-ba8c-4f54-82dd-911d24e695bb service nova] Lock "f36a26fc-f4be-49f8-9e59-c67e6cb2187e" acquired by "nova.context.set_target_cell..get_or_set_cached_cell_and_set_connections" :: waited 0.000s {{(pid=87526) inner /opt/stack/data/venv/lib/python3.12/site-packages/oslo_concurrency/lockutils.py:525}}
Aug 19 18:37:37.562864 np0000007802 devstack@n-api.service[87526]: DEBUG oslo_concurrency.lockutils [req-938d95a2-eee9-40e9-b3b7-1470a6388c3f req-cd0ebfec-ba8c-4f54-82dd-911d24e695bb service nova] Lock "f36a26fc-f4be-49f8-9e59-c67e6cb2187e" "released" by "nova.context.set_target_cell..get_or_set_cached_cell_and_set_connections" :: held 0.000s {{(pid=87526) inner /opt/stack/data/venv/lib/python3.12/site-packages/oslo_concurrency/lockutils.py:544}}
Aug 19 18:37:37.579513 np0000007802 devstack@n-api.service[87526]: INFO nova.api.openstack.compute.server_external_events [req-938d95a2-eee9-40e9-b3b7-1470a6388c3f req-cd0ebfec-ba8c-4f54-82dd-911d24e695bb service nova] Creating event network-vif-plugged:01ec2948-5dba-490b-9141-b309e00d44b0 for instance c3f4d036-b57f-4310-a63f-ba09b66001ba on np0000007802
Aug 19 18:37:37.581654 np0000007802 devstack@n-api.service[87526]: DEBUG nova.compute.rpcapi [req-938d95a2-eee9-40e9-b3b7-1470a6388c3f req-cd0ebfec-ba8c-4f54-82dd-911d24e695bb service nova] RPC: Sending the message to topic: compute-alt {{(pid=87526) prepare_for_alt_rpcserver /opt/stack/nova/nova/compute/rpcapi.py:595}}
Aug 19 18:37:37.588668 np0000007802 devstack@n-api.service[87526]: INFO nova.api.openstack.requestlog [req-938d95a2-eee9-40e9-b3b7-1470a6388c3f req-cd0ebfec-ba8c-4f54-82dd-911d24e695bb service nova] 10.4.3.95 "POST /compute/v2.1/os-server-external-events" status: 200 len: 183 microversion: 2.1 time: 0.039878
Aug 19 18:37:37.589511 np0000007802 devstack@n-api.service[87526]: [pid: 87526|app: 0|req: 24/96] 10.4.3.95 () {72 vars in 1425 bytes} [Wed Aug 19 18:37:37 2026] POST /compute/v2.1/os-server-external-events => generated 183 bytes in 41 msecs (HTTP/1.1 200) 9 headers in 357 bytes (1 switches on core 0)
Aug 19 18:37:37.793841 np0000007802 devstack@n-api.service[87525]: DEBUG nova.api.openstack.wsgi [None req-f763c86b-1ea7-43ff-a370-372cc4598919 tempest-TestMultiAttachVolumeSwap-639428843 tempest-TestMultiAttachVolumeSwap-639428843-project-member] Calling method '>' {{(pid=87525) _process_stack /opt/stack/nova/nova/api/openstack/wsgi.py:551}}
Aug 19 18:37:37.795794 np0000007802 devstack@n-api.service[87525]: DEBUG nova.compute.api [None req-f763c86b-1ea7-43ff-a370-372cc4598919 tempest-TestMultiAttachVolumeSwap-639428843 tempest-TestMultiAttachVolumeSwap-639428843-project-member] [instance: 91fab3a5-51ee-432d-9d49-ea34555a2b9c] Fetching instance by UUID {{(pid=87525) get /opt/stack/nova/nova/compute/api.py:3068}}
Aug 19 18:37:37.805814 np0000007802 devstack@n-api.service[87525]: DEBUG oslo_concurrency.lockutils [None req-f763c86b-1ea7-43ff-a370-372cc4598919 tempest-TestMultiAttachVolumeSwap-639428843 tempest-TestMultiAttachVolumeSwap-639428843-project-member] Acquiring lock "f36a26fc-f4be-49f8-9e59-c67e6cb2187e" by "nova.context.set_target_cell..get_or_set_cached_cell_and_set_connections" {{(pid=87525) inner /opt/stack/data/venv/lib/python3.12/site-packages/oslo_concurrency/lockutils.py:512}}
Aug 19 18:37:37.805814 np0000007802 devstack@n-api.service[87525]: DEBUG oslo_concurrency.lockutils [None req-f763c86b-1ea7-43ff-a370-372cc4598919 tempest-TestMultiAttachVolumeSwap-639428843 tempest-TestMultiAttachVolumeSwap-639428843-project-member] Lock "f36a26fc-f4be-49f8-9e59-c67e6cb2187e" acquired by "nova.context.set_target_cell..get_or_set_cached_cell_and_set_connections" :: waited 0.001s {{(pid=87525) inner /opt/stack/data/venv/lib/python3.12/site-packages/oslo_concurrency/lockutils.py:525}}
Aug 19 18:37:37.805814 np0000007802 devstack@n-api.service[87525]: DEBUG oslo_concurrency.lockutils [None req-f763c86b-1ea7-43ff-a370-372cc4598919 tempest-TestMultiAttachVolumeSwap-639428843 tempest-TestMultiAttachVolumeSwap-639428843-project-member] Lock "f36a26fc-f4be-49f8-9e59-c67e6cb2187e" "released" by "nova.context.set_target_cell..get_or_set_cached_cell_and_set_connections" :: held 0.000s {{(pid=87525) inner /opt/stack/data/venv/lib/python3.12/site-packages/oslo_concurrency/lockutils.py:544}}
Aug 19 18:37:37.805814 np0000007802 devstack@n-api.service[87525]: DEBUG oslo_concurrency.lockutils [None req-f763c86b-1ea7-43ff-a370-372cc4598919 tempest-TestMultiAttachVolumeSwap-639428843 tempest-TestMultiAttachVolumeSwap-639428843-project-member] Acquiring lock "f36a26fc-f4be-49f8-9e59-c67e6cb2187e" by "nova.context.set_target_cell..get_or_set_cached_cell_and_set_connections" {{(pid=87525) inner /opt/stack/data/venv/lib/python3.12/site-packages/oslo_concurrency/lockutils.py:512}}
Aug 19 18:37:37.806156 np0000007802 devstack@n-api.service[87525]: DEBUG oslo_concurrency.lockutils [None req-f763c86b-1ea7-43ff-a370-372cc4598919 tempest-TestMultiAttachVolumeSwap-639428843 tempest-TestMultiAttachVolumeSwap-639428843-project-member] Lock "f36a26fc-f4be-49f8-9e59-c67e6cb2187e" acquired by "nova.context.set_target_cell..get_or_set_cached_cell_and_set_connections" :: waited 0.000s {{(pid=87525) inner /opt/stack/data/venv/lib/python3.12/site-packages/oslo_concurrency/lockutils.py:525}}
Aug 19 18:37:37.806612 np0000007802 devstack@n-api.service[87525]: DEBUG oslo_concurrency.lockutils [None req-f763c86b-1ea7-43ff-a370-372cc4598919 tempest-TestMultiAttachVolumeSwap-639428843 tempest-TestMultiAttachVolumeSwap-639428843-project-member] Lock "f36a26fc-f4be-49f8-9e59-c67e6cb2187e" "released" by "nova.context.set_target_cell..get_or_set_cached_cell_and_set_connections" :: held 0.000s {{(pid=87525) inner /opt/stack/data/venv/lib/python3.12/site-packages/oslo_concurrency/lockutils.py:544}}
Aug 19 18:37:37.841637 np0000007802 devstack@n-api.service[87525]: WARNING neutronclient.v2_0.client [None req-f763c86b-1ea7-43ff-a370-372cc4598919 tempest-TestMultiAttachVolumeSwap-639428843 tempest-TestMultiAttachVolumeSwap-639428843-project-member] The python binding code in neutronclient is deprecated in favor of OpenstackSDK, please use that as this will be removed in a future release.
Aug 19 18:37:38.108063 np0000007802 devstack@n-api.service[87527]: DEBUG nova.api.openstack.wsgi [None req-1217b27d-1883-4eb2-92e0-83973397c05d tempest-VolumesAdminNegativeTest-1047223339 tempest-VolumesAdminNegativeTest-1047223339-project-member] Calling method '>' {{(pid=87527) _process_stack /opt/stack/nova/nova/api/openstack/wsgi.py:551}}
