Jul 31 19:57:48.519207 np0000006266 devstack@c-api.service[100300]: DEBUG cinder.volume.api [None req-dc3542f2-e40f-475d-b845-b45e95f0eb02 tempest-ServerActionsTestOtherB-344572742 tempest-ServerActionsTestOtherB-344572742-project-member] Task 'cinder.volume.flows.api.create_volume.QuotaCommitTask;volume:create' (a061352b-385e-4714-9940-f639ed19e038) transitioned into state 'SUCCESS' from state 'RUNNING' with result '{'volume_properties': VolumeProperties(attach_status='detached',availability_zone='nova',cgsnapshot_id=None,consistencygroup_id=None,display_description=None,display_name='tempest-ServerActionsTestOtherB-volume-187784864',encryption_key_id=None,group_id=None,group_type_id=,metadata={},multiattach=False,project_id='81ddbf69ca9f4c14b1a027ed896e5964',qos_specs=None,replication_status=,reservations=['bc9e79b3-401e-4165-9abe-2fe694041937','e698f323-dcf8-4347-844b-3165fe5ddad5','a3725b69-6ff8-4a0c-8262-fbf880c39aa9','9a834f1b-b455-4fef-b2fe-b7ecfadc35e1'],size=1,snapshot_id=None,source_replicaid=,source_volid=None,status='creating',user_id='a8c7c33206144b81bafdf3aadadcab0f',volume_type_id=2c1c3aa6-9d7f-4de0-b8dc-446148b3880b)}' {{(pid=100300) _task_receiver /opt/stack/data/venv/lib/python3.12/site-packages/taskflow/listeners/logging.py:218}}
Jul 31 19:57:48.520213 np0000006266 devstack@c-api.service[100300]: DEBUG cinder.volume.api [None req-dc3542f2-e40f-475d-b845-b45e95f0eb02 tempest-ServerActionsTestOtherB-344572742 tempest-ServerActionsTestOtherB-344572742-project-member] Task 'cinder.volume.flows.api.create_volume.VolumeCastTask;volume:create' (97878cb2-bc2c-4340-9694-a4df6a09de78) transitioned into state 'RUNNING' from state 'PENDING' {{(pid=100300) _task_receiver /opt/stack/data/venv/lib/python3.12/site-packages/taskflow/listeners/logging.py:242}}
Jul 31 19:57:48.531664 np0000006266 devstack@c-api.service[100300]: DEBUG cinder.volume.api [None req-dc3542f2-e40f-475d-b845-b45e95f0eb02 tempest-ServerActionsTestOtherB-344572742 tempest-ServerActionsTestOtherB-344572742-project-member] Task 'cinder.volume.flows.api.create_volume.VolumeCastTask;volume:create' (97878cb2-bc2c-4340-9694-a4df6a09de78) transitioned into state 'SUCCESS' from state 'RUNNING' with result 'None' {{(pid=100300) _task_receiver /opt/stack/data/venv/lib/python3.12/site-packages/taskflow/listeners/logging.py:218}}
Jul 31 19:57:48.532563 np0000006266 devstack@c-api.service[100300]: DEBUG cinder.volume.api [None req-dc3542f2-e40f-475d-b845-b45e95f0eb02 tempest-ServerActionsTestOtherB-344572742 tempest-ServerActionsTestOtherB-344572742-project-member] Flow 'volume_create_api' (7d9566a3-c705-45a8-8500-be59936398b1) transitioned into state 'SUCCESS' from state 'RUNNING' {{(pid=100300) _flow_receiver /opt/stack/data/venv/lib/python3.12/site-packages/taskflow/listeners/logging.py:160}}
Jul 31 19:57:48.532928 np0000006266 devstack@c-api.service[100300]: INFO cinder.volume.api [None req-dc3542f2-e40f-475d-b845-b45e95f0eb02 tempest-ServerActionsTestOtherB-344572742 tempest-ServerActionsTestOtherB-344572742-project-member] Create volume request issued successfully.
Jul 31 19:57:48.533469 np0000006266 devstack@c-api.service[100300]: INFO cinder.api.openstack.wsgi [None req-dc3542f2-e40f-475d-b845-b45e95f0eb02 tempest-ServerActionsTestOtherB-344572742 tempest-ServerActionsTestOtherB-344572742-project-member] https://10.4.3.56/volume/v3/volumes returned with HTTP 202
Jul 31 19:57:48.533993 np0000006266 devstack@c-api.service[100300]: [pid: 100300|app: 0|req: 29/108] 10.4.3.56 () {68 vars in 1251 bytes} [Fri Jul 31 19:57:48 2026] POST /volume/v3/volumes => generated 751 bytes in 248 msecs (HTTP/1.1 202) 7 headers in 291 bytes (1 switches on core 0)
Jul 31 19:57:48.551681 np0000006266 devstack@c-api.service[100302]: DEBUG cinder.api.middleware.request_id [None req-dee2d311-5122-4524-8b98-e17b4a65e4a2 None None] RequestId filter calling following filter/app {{(pid=100302) _context_setter /opt/stack/cinder/cinder/api/middleware/request_id.py:62}}
Jul 31 19:57:48.553642 np0000006266 devstack@c-api.service[100302]: INFO cinder.api.openstack.wsgi [None req-dee2d311-5122-4524-8b98-e17b4a65e4a2 tempest-ServerActionsTestOtherB-344572742 tempest-ServerActionsTestOtherB-344572742-project-member] GET https://10.4.3.56/volume/v3/volumes/d516e4d9-bf8c-4d9b-9ce2-2b8c654d9e08
Jul 31 19:57:48.553895 np0000006266 devstack@c-api.service[100302]: DEBUG cinder.api.openstack.wsgi [None req-dee2d311-5122-4524-8b98-e17b4a65e4a2 tempest-ServerActionsTestOtherB-344572742 tempest-ServerActionsTestOtherB-344572742-project-member] Empty body provided in request {{(pid=100302) get_body /opt/stack/cinder/cinder/api/openstack/wsgi.py:725}}
Jul 31 19:57:48.554105 np0000006266 devstack@c-api.service[100302]: DEBUG cinder.api.openstack.wsgi [None req-dee2d311-5122-4524-8b98-e17b4a65e4a2 tempest-ServerActionsTestOtherB-344572742 tempest-ServerActionsTestOtherB-344572742-project-member] Calling method 'show' {{(pid=100302) _process_stack /opt/stack/cinder/cinder/api/openstack/wsgi.py:878}}
Jul 31 19:57:48.561478 np0000006266 devstack@c-api.service[100302]: /opt/stack/data/venv/lib/python3.12/site-packages/oslo_context/context.py:102: DeprecationWarning: Policy enforcement is depending on the value of is_admin. This key is deprecated. Please update your policy file to use the standard policy values.
Jul 31 19:57:48.561478 np0000006266 devstack@c-api.service[100302]: warnings.warn(
Jul 31 19:57:48.566494 np0000006266 devstack@c-api.service[100302]: INFO cinder.volume.api [None req-dee2d311-5122-4524-8b98-e17b4a65e4a2 tempest-ServerActionsTestOtherB-344572742 tempest-ServerActionsTestOtherB-344572742-project-member] Volume info retrieved successfully.
Jul 31 19:57:48.571428 np0000006266 devstack@c-api.service[100302]: INFO cinder.api.openstack.wsgi [None req-dee2d311-5122-4524-8b98-e17b4a65e4a2 tempest-ServerActionsTestOtherB-344572742 tempest-ServerActionsTestOtherB-344572742-project-member] https://10.4.3.56/volume/v3/volumes/d516e4d9-bf8c-4d9b-9ce2-2b8c654d9e08 returned with HTTP 200
Jul 31 19:57:48.571873 np0000006266 devstack@c-api.service[100302]: [pid: 100302|app: 0|req: 27/109] 10.4.3.56 () {66 vars in 1341 bytes} [Fri Jul 31 19:57:48 2026] GET /volume/v3/volumes/d516e4d9-bf8c-4d9b-9ce2-2b8c654d9e08 => generated 819 bytes in 21 msecs (HTTP/1.1 200) 7 headers in 285 bytes (1 switches on core 0)
Jul 31 19:57:49.291627 np0000006266 devstack@c-api.service[100301]: DEBUG cinder.api.middleware.request_id [None req-275cbe62-9a52-41f9-834c-51f1ce859529 None None] RequestId filter calling following filter/app {{(pid=100301) _context_setter /opt/stack/cinder/cinder/api/middleware/request_id.py:62}}
Jul 31 19:57:49.295077 np0000006266 devstack@c-api.service[100301]: INFO cinder.api.openstack.wsgi [None req-275cbe62-9a52-41f9-834c-51f1ce859529 tempest-AttachVolumeMultiAttachTest-189708883 tempest-AttachVolumeMultiAttachTest-189708883-project-member] GET https://10.4.3.56/volume/v3/volumes/c76e7771-d69f-4c9c-8026-21f063fdd66a
Jul 31 19:57:49.295077 np0000006266 devstack@c-api.service[100301]: DEBUG cinder.api.openstack.wsgi [None req-275cbe62-9a52-41f9-834c-51f1ce859529 tempest-AttachVolumeMultiAttachTest-189708883 tempest-AttachVolumeMultiAttachTest-189708883-project-member] Empty body provided in request {{(pid=100301) get_body /opt/stack/cinder/cinder/api/openstack/wsgi.py:725}}
Jul 31 19:57:49.295077 np0000006266 devstack@c-api.service[100301]: DEBUG cinder.api.openstack.wsgi [None req-275cbe62-9a52-41f9-834c-51f1ce859529 tempest-AttachVolumeMultiAttachTest-189708883 tempest-AttachVolumeMultiAttachTest-189708883-project-member] Calling method 'show' {{(pid=100301) _process_stack /opt/stack/cinder/cinder/api/openstack/wsgi.py:878}}
Jul 31 19:57:49.304757 np0000006266 devstack@c-api.service[100301]: /opt/stack/data/venv/lib/python3.12/site-packages/oslo_context/context.py:102: DeprecationWarning: Policy enforcement is depending on the value of is_admin. This key is deprecated. Please update your policy file to use the standard policy values.
Jul 31 19:57:49.304757 np0000006266 devstack@c-api.service[100301]: warnings.warn(
Jul 31 19:57:49.309391 np0000006266 devstack@c-api.service[100301]: INFO cinder.volume.api [None req-275cbe62-9a52-41f9-834c-51f1ce859529 tempest-AttachVolumeMultiAttachTest-189708883 tempest-AttachVolumeMultiAttachTest-189708883-project-member] Volume info retrieved successfully.
Jul 31 19:57:49.314901 np0000006266 devstack@c-api.service[100301]: INFO cinder.api.openstack.wsgi [None req-275cbe62-9a52-41f9-834c-51f1ce859529 tempest-AttachVolumeMultiAttachTest-189708883 tempest-AttachVolumeMultiAttachTest-189708883-project-member] https://10.4.3.56/volume/v3/volumes/c76e7771-d69f-4c9c-8026-21f063fdd66a returned with HTTP 200
Jul 31 19:57:49.315757 np0000006266 devstack@c-api.service[100301]: [pid: 100301|app: 0|req: 27/110] 10.4.3.56 () {66 vars in 1341 bytes} [Fri Jul 31 19:57:49 2026] GET /volume/v3/volumes/c76e7771-d69f-4c9c-8026-21f063fdd66a => generated 1146 bytes in 25 msecs (HTTP/1.1 200) 7 headers in 286 bytes (1 switches on core 0)
Jul 31 19:57:49.585384 np0000006266 devstack@c-api.service[100303]: DEBUG cinder.api.middleware.request_id [None req-9f7c7251-f18e-4744-a62b-8ddbbfa16fd0 None None] RequestId filter calling following filter/app {{(pid=100303) _context_setter /opt/stack/cinder/cinder/api/middleware/request_id.py:62}}
Jul 31 19:57:49.588273 np0000006266 devstack@c-api.service[100303]: INFO cinder.api.openstack.wsgi [None req-9f7c7251-f18e-4744-a62b-8ddbbfa16fd0 tempest-ServerActionsTestOtherB-344572742 tempest-ServerActionsTestOtherB-344572742-project-member] GET https://10.4.3.56/volume/v3/volumes/d516e4d9-bf8c-4d9b-9ce2-2b8c654d9e08
Jul 31 19:57:49.588558 np0000006266 devstack@c-api.service[100303]: DEBUG cinder.api.openstack.wsgi [None req-9f7c7251-f18e-4744-a62b-8ddbbfa16fd0 tempest-ServerActionsTestOtherB-344572742 tempest-ServerActionsTestOtherB-344572742-project-member] Empty body provided in request {{(pid=100303) get_body /opt/stack/cinder/cinder/api/openstack/wsgi.py:725}}
Jul 31 19:57:49.588968 np0000006266 devstack@c-api.service[100303]: DEBUG cinder.api.openstack.wsgi [None req-9f7c7251-f18e-4744-a62b-8ddbbfa16fd0 tempest-ServerActionsTestOtherB-344572742 tempest-ServerActionsTestOtherB-344572742-project-member] Calling method 'show' {{(pid=100303) _process_stack /opt/stack/cinder/cinder/api/openstack/wsgi.py:878}}
Jul 31 19:57:49.598672 np0000006266 devstack@c-api.service[100303]: /opt/stack/data/venv/lib/python3.12/site-packages/oslo_context/context.py:102: DeprecationWarning: Policy enforcement is depending on the value of is_admin. This key is deprecated. Please update your policy file to use the standard policy values.
Jul 31 19:57:49.598672 np0000006266 devstack@c-api.service[100303]: warnings.warn(
Jul 31 19:57:49.604250 np0000006266 devstack@c-api.service[100303]: INFO cinder.volume.api [None req-9f7c7251-f18e-4744-a62b-8ddbbfa16fd0 tempest-ServerActionsTestOtherB-344572742 tempest-ServerActionsTestOtherB-344572742-project-member] Volume info retrieved successfully.
Jul 31 19:57:49.611488 np0000006266 devstack@c-api.service[100303]: INFO cinder.api.openstack.wsgi [None req-9f7c7251-f18e-4744-a62b-8ddbbfa16fd0 tempest-ServerActionsTestOtherB-344572742 tempest-ServerActionsTestOtherB-344572742-project-member] https://10.4.3.56/volume/v3/volumes/d516e4d9-bf8c-4d9b-9ce2-2b8c654d9e08 returned with HTTP 200
Jul 31 19:57:49.612057 np0000006266 devstack@c-api.service[100303]: [pid: 100303|app: 0|req: 28/111] 10.4.3.56 () {66 vars in 1341 bytes} [Fri Jul 31 19:57:49 2026] GET /volume/v3/volumes/d516e4d9-bf8c-4d9b-9ce2-2b8c654d9e08 => generated 844 bytes in 27 msecs (HTTP/1.1 200) 7 headers in 285 bytes (1 switches on core 0)
Jul 31 19:57:50.096381 np0000006266 devstack@c-api.service[100300]: DEBUG cinder.api.middleware.request_id [None req-a66fce11-0287-4fa7-84b5-a7037c7f154a None None] RequestId filter calling following filter/app {{(pid=100300) _context_setter /opt/stack/cinder/cinder/api/middleware/request_id.py:62}}
Jul 31 19:57:50.099365 np0000006266 devstack@c-api.service[100300]: INFO cinder.api.openstack.wsgi [None req-a66fce11-0287-4fa7-84b5-a7037c7f154a tempest-AttachSCSIVolumeTestJSON-443849208 tempest-AttachSCSIVolumeTestJSON-443849208-project-member] POST https://10.4.3.56/volume/v3/volumes
Jul 31 19:57:50.100143 np0000006266 devstack@c-api.service[100300]: DEBUG cinder.api.openstack.wsgi [None req-a66fce11-0287-4fa7-84b5-a7037c7f154a tempest-AttachSCSIVolumeTestJSON-443849208 tempest-AttachSCSIVolumeTestJSON-443849208-project-member] Action: 'create', calling method: create, body: {"volume": {"size": 1, "display_name": "tempest-AttachSCSIVolumeTestJSON-volume-1034040320"}} {{(pid=100300) _process_stack /opt/stack/cinder/cinder/api/openstack/wsgi.py:876}}
Jul 31 19:57:50.102670 np0000006266 devstack@c-api.service[100300]: DEBUG cinder.api.v3.volumes [None req-a66fce11-0287-4fa7-84b5-a7037c7f154a tempest-AttachSCSIVolumeTestJSON-443849208 tempest-AttachSCSIVolumeTestJSON-443849208-project-member] Create volume request body: {'volume': {'size': 1, 'display_name': 'tempest-AttachSCSIVolumeTestJSON-volume-1034040320'}} {{(pid=100300) create /opt/stack/cinder/cinder/api/v3/volumes.py:368}}
Jul 31 19:57:50.102874 np0000006266 devstack@c-api.service[100300]: INFO cinder.api.v3.volumes [None req-a66fce11-0287-4fa7-84b5-a7037c7f154a tempest-AttachSCSIVolumeTestJSON-443849208 tempest-AttachSCSIVolumeTestJSON-443849208-project-member] Create volume of 1 GB
Jul 31 19:57:50.104058 np0000006266 devstack@c-api.service[100300]: /opt/stack/data/venv/lib/python3.12/site-packages/oslo_context/context.py:102: DeprecationWarning: Policy enforcement is depending on the value of is_admin. This key is deprecated. Please update your policy file to use the standard policy values.
Jul 31 19:57:50.104058 np0000006266 devstack@c-api.service[100300]: warnings.warn(
Jul 31 19:57:50.109984 np0000006266 devstack@c-api.service[100300]: INFO cinder.volume.api [None req-a66fce11-0287-4fa7-84b5-a7037c7f154a tempest-AttachSCSIVolumeTestJSON-443849208 tempest-AttachSCSIVolumeTestJSON-443849208-project-member] Availability Zones retrieved successfully.
Jul 31 19:57:50.118184 np0000006266 devstack@c-api.service[100300]: DEBUG cinder.volume.api [None req-a66fce11-0287-4fa7-84b5-a7037c7f154a tempest-AttachSCSIVolumeTestJSON-443849208 tempest-AttachSCSIVolumeTestJSON-443849208-project-member] Flow 'volume_create_api' (f378980a-cb64-4fe4-aa98-d072b0ad51ff) transitioned into state 'RUNNING' from state 'PENDING' {{(pid=100300) _flow_receiver /opt/stack/data/venv/lib/python3.12/site-packages/taskflow/listeners/logging.py:160}}
Jul 31 19:57:50.119402 np0000006266 devstack@c-api.service[100300]: DEBUG cinder.volume.api [None req-a66fce11-0287-4fa7-84b5-a7037c7f154a tempest-AttachSCSIVolumeTestJSON-443849208 tempest-AttachSCSIVolumeTestJSON-443849208-project-member] Task 'cinder.volume.flows.api.create_volume.ExtractVolumeRequestTask;volume:create' (67bf7e22-7c7d-45d3-a897-cc7a6e1b3cea) transitioned into state 'RUNNING' from state 'PENDING' {{(pid=100300) _task_receiver /opt/stack/data/venv/lib/python3.12/site-packages/taskflow/listeners/logging.py:242}}
Jul 31 19:57:50.120631 np0000006266 devstack@c-api.service[100300]: DEBUG cinder.volume.flows.api.create_volume [None req-a66fce11-0287-4fa7-84b5-a7037c7f154a tempest-AttachSCSIVolumeTestJSON-443849208 tempest-AttachSCSIVolumeTestJSON-443849208-project-member] Validating volume size '1' using validate_int {{(pid=100300) _extract_size /opt/stack/cinder/cinder/volume/flows/api/create_volume.py:226}}
Jul 31 19:57:50.158773 np0000006266 devstack@c-api.service[100302]: DEBUG cinder.api.middleware.request_id [req-8805faca-08e1-4f79-b6fb-b7c93d3c8b42 req-96826019-d66e-42b7-8100-4bc2f4eb46b5 None None] RequestId filter calling following filter/app {{(pid=100302) _context_setter /opt/stack/cinder/cinder/api/middleware/request_id.py:62}}
Jul 31 19:57:50.165819 np0000006266 devstack@c-api.service[100300]: DEBUG cinder.volume.api [None req-a66fce11-0287-4fa7-84b5-a7037c7f154a tempest-AttachSCSIVolumeTestJSON-443849208 tempest-AttachSCSIVolumeTestJSON-443849208-project-member] Task 'cinder.volume.flows.api.create_volume.ExtractVolumeRequestTask;volume:create' (67bf7e22-7c7d-45d3-a897-cc7a6e1b3cea) transitioned into state 'SUCCESS' from state 'RUNNING' with result '{'size': 1, 'snapshot_id': None, 'source_volid': None, 'volume_type': VolumeType(created_at=2026-07-31T19:54:52Z,deleted=False,deleted_at=None,description=None,extra_specs={volume_backend_name='storpool'},id=2c1c3aa6-9d7f-4de0-b8dc-446148b3880b,is_public=True,name='storpool',projects=[],qos_specs=,qos_specs_id=None,updated_at=None), 'volume_type_id': '2c1c3aa6-9d7f-4de0-b8dc-446148b3880b', 'encryption_key_id': None, 'qos_specs': None, 'consistencygroup_id': None, 'cgsnapshot_id': None, 'group_id': None, 'replication_status': 'disabled', 'refresh_az': False, 'backup_id': None, 'multiattach': False, 'availability_zones': ['nova']}' {{(pid=100300) _task_receiver /opt/stack/data/venv/lib/python3.12/site-packages/taskflow/listeners/logging.py:218}}
Jul 31 19:57:50.165997 np0000006266 devstack@c-api.service[100302]: INFO cinder.api.openstack.wsgi [req-8805faca-08e1-4f79-b6fb-b7c93d3c8b42 req-96826019-d66e-42b7-8100-4bc2f4eb46b5 tempest-ServerActionsTestOtherB-344572742 tempest-ServerActionsTestOtherB-344572742-project-member] GET https://10.4.3.56/volume/v3/volumes/d516e4d9-bf8c-4d9b-9ce2-2b8c654d9e08
Jul 31 19:57:50.165997 np0000006266 devstack@c-api.service[100302]: DEBUG cinder.api.openstack.wsgi [req-8805faca-08e1-4f79-b6fb-b7c93d3c8b42 req-96826019-d66e-42b7-8100-4bc2f4eb46b5 tempest-ServerActionsTestOtherB-344572742 tempest-ServerActionsTestOtherB-344572742-project-member] Empty body provided in request {{(pid=100302) get_body /opt/stack/cinder/cinder/api/openstack/wsgi.py:725}}
Jul 31 19:57:50.165997 np0000006266 devstack@c-api.service[100302]: DEBUG cinder.api.openstack.wsgi [req-8805faca-08e1-4f79-b6fb-b7c93d3c8b42 req-96826019-d66e-42b7-8100-4bc2f4eb46b5 tempest-ServerActionsTestOtherB-344572742 tempest-ServerActionsTestOtherB-344572742-project-member] Calling method 'show' {{(pid=100302) _process_stack /opt/stack/cinder/cinder/api/openstack/wsgi.py:878}}
Jul 31 19:57:50.166110 np0000006266 devstack@c-api.service[100300]: DEBUG cinder.volume.api [None req-a66fce11-0287-4fa7-84b5-a7037c7f154a tempest-AttachSCSIVolumeTestJSON-443849208 tempest-AttachSCSIVolumeTestJSON-443849208-project-member] Task 'cinder.volume.flows.api.create_volume.QuotaReserveTask;volume:create' (0cec4a0c-37da-4d4a-b4d0-dbf2876336bb) transitioned into state 'RUNNING' from state 'PENDING' {{(pid=100300) _task_receiver /opt/stack/data/venv/lib/python3.12/site-packages/taskflow/listeners/logging.py:242}}
Jul 31 19:57:50.172375 np0000006266 devstack@c-api.service[100302]: /opt/stack/data/venv/lib/python3.12/site-packages/oslo_context/context.py:102: DeprecationWarning: Policy enforcement is depending on the value of is_admin. This key is deprecated. Please update your policy file to use the standard policy values.
Jul 31 19:57:50.172375 np0000006266 devstack@c-api.service[100302]: warnings.warn(
Jul 31 19:57:50.177251 np0000006266 devstack@c-api.service[100302]: INFO cinder.volume.api [req-8805faca-08e1-4f79-b6fb-b7c93d3c8b42 req-96826019-d66e-42b7-8100-4bc2f4eb46b5 tempest-ServerActionsTestOtherB-344572742 tempest-ServerActionsTestOtherB-344572742-project-member] Volume info retrieved successfully.
Jul 31 19:57:50.186108 np0000006266 devstack@c-api.service[100302]: INFO cinder.api.openstack.wsgi [req-8805faca-08e1-4f79-b6fb-b7c93d3c8b42 req-96826019-d66e-42b7-8100-4bc2f4eb46b5 tempest-ServerActionsTestOtherB-344572742 tempest-ServerActionsTestOtherB-344572742-project-member] https://10.4.3.56/volume/v3/volumes/d516e4d9-bf8c-4d9b-9ce2-2b8c654d9e08 returned with HTTP 200
Jul 31 19:57:50.186108 np0000006266 devstack@c-api.service[100302]: [pid: 100302|app: 0|req: 28/112] 10.4.3.56 () {68 vars in 1591 bytes} [Fri Jul 31 19:57:50 2026] GET /volume/v3/volumes/d516e4d9-bf8c-4d9b-9ce2-2b8c654d9e08 => generated 844 bytes in 28 msecs (HTTP/1.1 200) 7 headers in 285 bytes (1 switches on core 0)
Jul 31 19:57:50.254240 np0000006266 devstack@c-api.service[100300]: DEBUG cinder.quota [None req-a66fce11-0287-4fa7-84b5-a7037c7f154a tempest-AttachSCSIVolumeTestJSON-443849208 tempest-AttachSCSIVolumeTestJSON-443849208-project-member] Created reservations ['70857d3e-f7a1-46a6-b366-07719007336f', 'bba7b596-ffed-4d19-bd7d-500f0616c047', 'bc2a1311-bd60-4e74-9d81-7a3d5947defb', '6475224f-2197-44f2-9c9f-1e9abe8f259d'] {{(pid=100300) reserve /opt/stack/cinder/cinder/quota.py:752}}
Jul 31 19:57:50.255291 np0000006266 devstack@c-api.service[100300]: DEBUG cinder.volume.api [None req-a66fce11-0287-4fa7-84b5-a7037c7f154a tempest-AttachSCSIVolumeTestJSON-443849208 tempest-AttachSCSIVolumeTestJSON-443849208-project-member] Task 'cinder.volume.flows.api.create_volume.QuotaReserveTask;volume:create' (0cec4a0c-37da-4d4a-b4d0-dbf2876336bb) transitioned into state 'SUCCESS' from state 'RUNNING' with result '{'reservations': ['70857d3e-f7a1-46a6-b366-07719007336f', 'bba7b596-ffed-4d19-bd7d-500f0616c047', 'bc2a1311-bd60-4e74-9d81-7a3d5947defb', '6475224f-2197-44f2-9c9f-1e9abe8f259d']}' {{(pid=100300) _task_receiver /opt/stack/data/venv/lib/python3.12/site-packages/taskflow/listeners/logging.py:218}}
Jul 31 19:57:50.256332 np0000006266 devstack@c-api.service[100300]: DEBUG cinder.volume.api [None req-a66fce11-0287-4fa7-84b5-a7037c7f154a tempest-AttachSCSIVolumeTestJSON-443849208 tempest-AttachSCSIVolumeTestJSON-443849208-project-member] Task 'cinder.volume.flows.api.create_volume.EntryCreateTask;volume:create' (e51c1166-0039-4558-8f10-5d97ef072c46) transitioned into state 'RUNNING' from state 'PENDING' {{(pid=100300) _task_receiver /opt/stack/data/venv/lib/python3.12/site-packages/taskflow/listeners/logging.py:242}}
Jul 31 19:57:50.282941 np0000006266 devstack@c-api.service[100301]: DEBUG cinder.api.middleware.request_id [None req-f4941423-9ea5-4a1a-b3fb-3e3eda65153e None None] RequestId filter calling following filter/app {{(pid=100301) _context_setter /opt/stack/cinder/cinder/api/middleware/request_id.py:62}}
Jul 31 19:57:50.286534 np0000006266 devstack@c-api.service[100301]: INFO cinder.api.openstack.wsgi [None req-f4941423-9ea5-4a1a-b3fb-3e3eda65153e None None] GET https://10.4.3.56/volume//
Jul 31 19:57:50.286958 np0000006266 devstack@c-api.service[100301]: DEBUG cinder.api.openstack.wsgi [None req-f4941423-9ea5-4a1a-b3fb-3e3eda65153e None None] Empty body provided in request {{(pid=100301) get_body /opt/stack/cinder/cinder/api/openstack/wsgi.py:725}}
Jul 31 19:57:50.287238 np0000006266 devstack@c-api.service[100301]: DEBUG cinder.api.openstack.wsgi [None req-f4941423-9ea5-4a1a-b3fb-3e3eda65153e None None] Calling method 'all' {{(pid=100301) _process_stack /opt/stack/cinder/cinder/api/openstack/wsgi.py:878}}
Jul 31 19:57:50.287908 np0000006266 devstack@c-api.service[100301]: INFO cinder.api.openstack.wsgi [None req-f4941423-9ea5-4a1a-b3fb-3e3eda65153e None None] https://10.4.3.56/volume// returned with HTTP 300
Jul 31 19:57:50.288308 np0000006266 devstack@c-api.service[100301]: [pid: 100301|app: 0|req: 28/113] 10.4.3.56 () {66 vars in 1421 bytes} [Fri Jul 31 19:57:50 2026] GET /volume/ => generated 385 bytes in 6 msecs (HTTP/1.1 300) 7 headers in 299 bytes (1 switches on core 0)
Jul 31 19:57:50.289179 np0000006266 devstack@c-api.service[100300]: DEBUG cinder.volume.api [None req-a66fce11-0287-4fa7-84b5-a7037c7f154a tempest-AttachSCSIVolumeTestJSON-443849208 tempest-AttachSCSIVolumeTestJSON-443849208-project-member] Task 'cinder.volume.flows.api.create_volume.EntryCreateTask;volume:create' (e51c1166-0039-4558-8f10-5d97ef072c46) transitioned into state 'SUCCESS' from state 'RUNNING' with result '{'volume_id': 'eae3eec6-1944-43f6-a7e5-312c4750c3d0', 'volume_properties': VolumeProperties(attach_status='detached',availability_zone='nova',cgsnapshot_id=None,consistencygroup_id=None,display_description=None,display_name='tempest-AttachSCSIVolumeTestJSON-volume-1034040320',encryption_key_id=None,group_id=None,group_type_id=,metadata={},multiattach=False,project_id='356a503bd9ca419ab9f069e37e073008',qos_specs=None,replication_status=,reservations=['70857d3e-f7a1-46a6-b366-07719007336f','bba7b596-ffed-4d19-bd7d-500f0616c047','bc2a1311-bd60-4e74-9d81-7a3d5947defb','6475224f-2197-44f2-9c9f-1e9abe8f259d'],size=1,snapshot_id=None,source_replicaid=,source_volid=None,status='creating',user_id='88ac970d63eb44cca79bd05f2f309ce6',volume_type_id=2c1c3aa6-9d7f-4de0-b8dc-446148b3880b), 'volume': Volume(_name_id=None,admin_metadata=,attach_status='detached',availability_zone='nova',bootable=False,cluster=,cluster_name=None,consistencygroup=,consistencygroup_id=None,created_at=2026-07-31T19:57:50Z,deleted=False,deleted_at=None,display_description=None,display_name='tempest-AttachSCSIVolumeTestJSON-volume-1034040320',ec2_id=None,encryption_key_id=None,glance_metadata=,group=,group_id=None,host=None,id=eae3eec6-1944-43f6-a7e5-312c4750c3d0,launched_at=None,metadata={},migration_status=None,multiattach=False,previous_status=None,project_id='356a503bd9ca419ab9f069e37e073008',provider_auth=None,provider_geometry=None,provider_id=None,provider_location=None,replication_driver_data=None,replication_extended_status=None,replication_status=None,scheduled_at=None,service_uuid=None,shared_targets=True,size=1,snapshot_id=None,snapshots=,source_volid=None,status='creating',terminated_at=None,updated_at=None,use_quota=True,user_id='88ac970d63eb44cca79bd05f2f309ce6',volume_attachment=VolumeAttachmentList,volume_type=VolumeType(2c1c3aa6-9d7f-4de0-b8dc-446148b3880b),volume_type_id=2c1c3aa6-9d7f-4de0-b8dc-446148b3880b)}' {{(pid=100300) _task_receiver /opt/stack/data/venv/lib/python3.12/site-packages/taskflow/listeners/logging.py:218}}
Jul 31 19:57:50.292527 np0000006266 devstack@c-api.service[100300]: DEBUG cinder.volume.api [None req-a66fce11-0287-4fa7-84b5-a7037c7f154a tempest-AttachSCSIVolumeTestJSON-443849208 tempest-AttachSCSIVolumeTestJSON-443849208-project-member] Task 'cinder.volume.flows.api.create_volume.QuotaCommitTask;volume:create' (4ccaf7f4-521e-430e-8880-45d191c13504) transitioned into state 'RUNNING' from state 'PENDING' {{(pid=100300) _task_receiver /opt/stack/data/venv/lib/python3.12/site-packages/taskflow/listeners/logging.py:242}}
Jul 31 19:57:50.298542 np0000006266 devstack@c-api.service[100303]: DEBUG cinder.api.middleware.request_id [req-8805faca-08e1-4f79-b6fb-b7c93d3c8b42 req-c1af20ab-7799-4053-afdb-f13cdd273ba0 None None] RequestId filter calling following filter/app {{(pid=100303) _context_setter /opt/stack/cinder/cinder/api/middleware/request_id.py:62}}
Jul 31 19:57:50.301200 np0000006266 devstack@c-api.service[100303]: INFO cinder.api.openstack.wsgi [req-8805faca-08e1-4f79-b6fb-b7c93d3c8b42 req-c1af20ab-7799-4053-afdb-f13cdd273ba0 tempest-ServerActionsTestOtherB-344572742 tempest-ServerActionsTestOtherB-344572742-project-member] POST https://10.4.3.56/volume/v3/attachments
Jul 31 19:57:50.301714 np0000006266 devstack@c-api.service[100303]: DEBUG cinder.api.openstack.wsgi [req-8805faca-08e1-4f79-b6fb-b7c93d3c8b42 req-c1af20ab-7799-4053-afdb-f13cdd273ba0 tempest-ServerActionsTestOtherB-344572742 tempest-ServerActionsTestOtherB-344572742-project-member] Action: 'create', calling method: version_select, body: {"attachment": {"volume_uuid": "d516e4d9-bf8c-4d9b-9ce2-2b8c654d9e08", "connector": null, "instance_uuid": "593b5b6a-88f5-4554-8e54-cce059e685ec"}} {{(pid=100303) _process_stack /opt/stack/cinder/cinder/api/openstack/wsgi.py:876}}
Jul 31 19:57:50.312607 np0000006266 devstack@c-api.service[100300]: DEBUG cinder.volume.api [None req-a66fce11-0287-4fa7-84b5-a7037c7f154a tempest-AttachSCSIVolumeTestJSON-443849208 tempest-AttachSCSIVolumeTestJSON-443849208-project-member] Task 'cinder.volume.flows.api.create_volume.QuotaCommitTask;volume:create' (4ccaf7f4-521e-430e-8880-45d191c13504) transitioned into state 'SUCCESS' from state 'RUNNING' with result '{'volume_properties': VolumeProperties(attach_status='detached',availability_zone='nova',cgsnapshot_id=None,consistencygroup_id=None,display_description=None,display_name='tempest-AttachSCSIVolumeTestJSON-volume-1034040320',encryption_key_id=None,group_id=None,group_type_id=,metadata={},multiattach=False,project_id='356a503bd9ca419ab9f069e37e073008',qos_specs=None,replication_status=,reservations=['70857d3e-f7a1-46a6-b366-07719007336f','bba7b596-ffed-4d19-bd7d-500f0616c047','bc2a1311-bd60-4e74-9d81-7a3d5947defb','6475224f-2197-44f2-9c9f-1e9abe8f259d'],size=1,snapshot_id=None,source_replicaid=,source_volid=None,status='creating',user_id='88ac970d63eb44cca79bd05f2f309ce6',volume_type_id=2c1c3aa6-9d7f-4de0-b8dc-446148b3880b)}' {{(pid=100300) _task_receiver /opt/stack/data/venv/lib/python3.12/site-packages/taskflow/listeners/logging.py:218}}
Jul 31 19:57:50.313676 np0000006266 devstack@c-api.service[100300]: DEBUG cinder.volume.api [None req-a66fce11-0287-4fa7-84b5-a7037c7f154a tempest-AttachSCSIVolumeTestJSON-443849208 tempest-AttachSCSIVolumeTestJSON-443849208-project-member] Task 'cinder.volume.flows.api.create_volume.VolumeCastTask;volume:create' (0275561f-e210-44ba-b49e-488b7f8be722) transitioned into state 'RUNNING' from state 'PENDING' {{(pid=100300) _task_receiver /opt/stack/data/venv/lib/python3.12/site-packages/taskflow/listeners/logging.py:242}}
Jul 31 19:57:50.314661 np0000006266 devstack@c-api.service[100303]: /opt/stack/data/venv/lib/python3.12/site-packages/oslo_context/context.py:102: DeprecationWarning: Policy enforcement is depending on the value of is_admin. This key is deprecated. Please update your policy file to use the standard policy values.
Jul 31 19:57:50.314661 np0000006266 devstack@c-api.service[100303]: warnings.warn(
Jul 31 19:57:50.327597 np0000006266 devstack@c-api.service[100300]: DEBUG cinder.volume.api [None req-a66fce11-0287-4fa7-84b5-a7037c7f154a tempest-AttachSCSIVolumeTestJSON-443849208 tempest-AttachSCSIVolumeTestJSON-443849208-project-member] Task 'cinder.volume.flows.api.create_volume.VolumeCastTask;volume:create' (0275561f-e210-44ba-b49e-488b7f8be722) transitioned into state 'SUCCESS' from state 'RUNNING' with result 'None' {{(pid=100300) _task_receiver /opt/stack/data/venv/lib/python3.12/site-packages/taskflow/listeners/logging.py:218}}
Jul 31 19:57:50.327597 np0000006266 devstack@c-api.service[100300]: DEBUG cinder.volume.api [None req-a66fce11-0287-4fa7-84b5-a7037c7f154a tempest-AttachSCSIVolumeTestJSON-443849208 tempest-AttachSCSIVolumeTestJSON-443849208-project-member] Flow 'volume_create_api' (f378980a-cb64-4fe4-aa98-d072b0ad51ff) transitioned into state 'SUCCESS' from state 'RUNNING' {{(pid=100300) _flow_receiver /opt/stack/data/venv/lib/python3.12/site-packages/taskflow/listeners/logging.py:160}}
Jul 31 19:57:50.327597 np0000006266 devstack@c-api.service[100300]: INFO cinder.volume.api [None req-a66fce11-0287-4fa7-84b5-a7037c7f154a tempest-AttachSCSIVolumeTestJSON-443849208 tempest-AttachSCSIVolumeTestJSON-443849208-project-member] Create volume request issued successfully.
Jul 31 19:57:50.328321 np0000006266 devstack@c-api.service[100300]: INFO cinder.api.openstack.wsgi [None req-a66fce11-0287-4fa7-84b5-a7037c7f154a tempest-AttachSCSIVolumeTestJSON-443849208 tempest-AttachSCSIVolumeTestJSON-443849208-project-member] https://10.4.3.56/volume/v3/volumes returned with HTTP 202
Jul 31 19:57:50.328886 np0000006266 devstack@c-api.service[100300]: [pid: 100300|app: 0|req: 30/114] 10.4.3.56 () {68 vars in 1251 bytes} [Fri Jul 31 19:57:50 2026] POST /volume/v3/volumes => generated 753 bytes in 233 msecs (HTTP/1.1 202) 7 headers in 291 bytes (1 switches on core 0)
Jul 31 19:57:50.333519 np0000006266 devstack@c-api.service[100302]: DEBUG cinder.api.middleware.request_id [None req-5b71efc7-42b2-44b7-af7b-de2c1fcb7638 None None] RequestId filter calling following filter/app {{(pid=100302) _context_setter /opt/stack/cinder/cinder/api/middleware/request_id.py:62}}
Jul 31 19:57:50.335398 np0000006266 devstack@c-api.service[100302]: INFO cinder.api.openstack.wsgi [None req-5b71efc7-42b2-44b7-af7b-de2c1fcb7638 tempest-AttachVolumeMultiAttachTest-189708883 tempest-AttachVolumeMultiAttachTest-189708883-project-member] GET https://10.4.3.56/volume/v3/volumes/c76e7771-d69f-4c9c-8026-21f063fdd66a
Jul 31 19:57:50.335709 np0000006266 devstack@c-api.service[100302]: DEBUG cinder.api.openstack.wsgi [None req-5b71efc7-42b2-44b7-af7b-de2c1fcb7638 tempest-AttachVolumeMultiAttachTest-189708883 tempest-AttachVolumeMultiAttachTest-189708883-project-member] Empty body provided in request {{(pid=100302) get_body /opt/stack/cinder/cinder/api/openstack/wsgi.py:725}}
Jul 31 19:57:50.335994 np0000006266 devstack@c-api.service[100302]: DEBUG cinder.api.openstack.wsgi [None req-5b71efc7-42b2-44b7-af7b-de2c1fcb7638 tempest-AttachVolumeMultiAttachTest-189708883 tempest-AttachVolumeMultiAttachTest-189708883-project-member] Calling method 'show' {{(pid=100302) _process_stack /opt/stack/cinder/cinder/api/openstack/wsgi.py:878}}
Jul 31 19:57:50.347412 np0000006266 devstack@c-api.service[100301]: DEBUG cinder.api.middleware.request_id [None req-677d1feb-3052-43b4-a720-58a343028702 None None] RequestId filter calling following filter/app {{(pid=100301) _context_setter /opt/stack/cinder/cinder/api/middleware/request_id.py:62}}
Jul 31 19:57:50.348480 np0000006266 devstack@c-api.service[100302]: /opt/stack/data/venv/lib/python3.12/site-packages/oslo_context/context.py:102: DeprecationWarning: Policy enforcement is depending on the value of is_admin. This key is deprecated. Please update your policy file to use the standard policy values.
Jul 31 19:57:50.348480 np0000006266 devstack@c-api.service[100302]: warnings.warn(
Jul 31 19:57:50.351252 np0000006266 devstack@c-api.service[100301]: INFO cinder.api.openstack.wsgi [None req-677d1feb-3052-43b4-a720-58a343028702 tempest-AttachSCSIVolumeTestJSON-443849208 tempest-AttachSCSIVolumeTestJSON-443849208-project-member] GET https://10.4.3.56/volume/v3/volumes/eae3eec6-1944-43f6-a7e5-312c4750c3d0
Jul 31 19:57:50.351569 np0000006266 devstack@c-api.service[100301]: DEBUG cinder.api.openstack.wsgi [None req-677d1feb-3052-43b4-a720-58a343028702 tempest-AttachSCSIVolumeTestJSON-443849208 tempest-AttachSCSIVolumeTestJSON-443849208-project-member] Empty body provided in request {{(pid=100301) get_body /opt/stack/cinder/cinder/api/openstack/wsgi.py:725}}
Jul 31 19:57:50.354117 np0000006266 devstack@c-api.service[100301]: DEBUG cinder.api.openstack.wsgi [None req-677d1feb-3052-43b4-a720-58a343028702 tempest-AttachSCSIVolumeTestJSON-443849208 tempest-AttachSCSIVolumeTestJSON-443849208-project-member] Calling method 'show' {{(pid=100301) _process_stack /opt/stack/cinder/cinder/api/openstack/wsgi.py:878}}
Jul 31 19:57:50.354207 np0000006266 devstack@c-api.service[100303]: INFO cinder.api.openstack.wsgi [req-8805faca-08e1-4f79-b6fb-b7c93d3c8b42 req-c1af20ab-7799-4053-afdb-f13cdd273ba0 tempest-ServerActionsTestOtherB-344572742 tempest-ServerActionsTestOtherB-344572742-project-member] https://10.4.3.56/volume/v3/attachments returned with HTTP 200
Jul 31 19:57:50.354207 np0000006266 devstack@c-api.service[100303]: [pid: 100303|app: 0|req: 29/115] 10.4.3.56 () {74 vars in 1587 bytes} [Fri Jul 31 19:57:50 2026] POST /volume/v3/attachments => generated 273 bytes in 56 msecs (HTTP/1.1 200) 7 headers in 286 bytes (1 switches on core 0)
Jul 31 19:57:50.354315 np0000006266 devstack@c-api.service[100302]: INFO cinder.volume.api [None req-5b71efc7-42b2-44b7-af7b-de2c1fcb7638 tempest-AttachVolumeMultiAttachTest-189708883 tempest-AttachVolumeMultiAttachTest-189708883-project-member] Volume info retrieved successfully.
Jul 31 19:57:50.362721 np0000006266 devstack@c-api.service[100302]: INFO cinder.api.openstack.wsgi [None req-5b71efc7-42b2-44b7-af7b-de2c1fcb7638 tempest-AttachVolumeMultiAttachTest-189708883 tempest-AttachVolumeMultiAttachTest-189708883-project-member] https://10.4.3.56/volume/v3/volumes/c76e7771-d69f-4c9c-8026-21f063fdd66a returned with HTTP 200
Jul 31 19:57:50.363200 np0000006266 devstack@c-api.service[100302]: [pid: 100302|app: 0|req: 29/116] 10.4.3.56 () {66 vars in 1341 bytes} [Fri Jul 31 19:57:50 2026] GET /volume/v3/volumes/c76e7771-d69f-4c9c-8026-21f063fdd66a => generated 1146 bytes in 30 msecs (HTTP/1.1 200) 7 headers in 286 bytes (1 switches on core 0)
Jul 31 19:57:50.366516 np0000006266 devstack@c-api.service[100301]: /opt/stack/data/venv/lib/python3.12/site-packages/oslo_context/context.py:102: DeprecationWarning: Policy enforcement is depending on the value of is_admin. This key is deprecated. Please update your policy file to use the standard policy values.
Jul 31 19:57:50.366516 np0000006266 devstack@c-api.service[100301]: warnings.warn(
Jul 31 19:57:50.372610 np0000006266 devstack@c-api.service[100301]: INFO cinder.volume.api [None req-677d1feb-3052-43b4-a720-58a343028702 tempest-AttachSCSIVolumeTestJSON-443849208 tempest-AttachSCSIVolumeTestJSON-443849208-project-member] Volume info retrieved successfully.
Jul 31 19:57:50.380396 np0000006266 devstack@c-api.service[100301]: INFO cinder.api.openstack.wsgi [None req-677d1feb-3052-43b4-a720-58a343028702 tempest-AttachSCSIVolumeTestJSON-443849208 tempest-AttachSCSIVolumeTestJSON-443849208-project-member] https://10.4.3.56/volume/v3/volumes/eae3eec6-1944-43f6-a7e5-312c4750c3d0 returned with HTTP 200
Jul 31 19:57:50.380396 np0000006266 devstack@c-api.service[100301]: [pid: 100301|app: 0|req: 29/117] 10.4.3.56 () {66 vars in 1341 bytes} [Fri Jul 31 19:57:50 2026] GET /volume/v3/volumes/eae3eec6-1944-43f6-a7e5-312c4750c3d0 => generated 821 bytes in 33 msecs (HTTP/1.1 200) 7 headers in 285 bytes (1 switches on core 0)
Jul 31 19:57:50.389580 np0000006266 devstack@c-api.service[100300]: DEBUG cinder.api.middleware.request_id [None req-fec32dee-aacf-4951-a47d-3a62104b643b None None] RequestId filter calling following filter/app {{(pid=100300) _context_setter /opt/stack/cinder/cinder/api/middleware/request_id.py:62}}
Jul 31 19:57:50.392957 np0000006266 devstack@c-api.service[100300]: INFO cinder.api.openstack.wsgi [None req-fec32dee-aacf-4951-a47d-3a62104b643b tempest-ServerActionsTestOtherB-344572742 tempest-ServerActionsTestOtherB-344572742-project-member] GET https://10.4.3.56/volume/v3/volumes/d516e4d9-bf8c-4d9b-9ce2-2b8c654d9e08
Jul 31 19:57:50.393407 np0000006266 devstack@c-api.service[100300]: DEBUG cinder.api.openstack.wsgi [None req-fec32dee-aacf-4951-a47d-3a62104b643b tempest-ServerActionsTestOtherB-344572742 tempest-ServerActionsTestOtherB-344572742-project-member] Empty body provided in request {{(pid=100300) get_body /opt/stack/cinder/cinder/api/openstack/wsgi.py:725}}
Jul 31 19:57:50.394136 np0000006266 devstack@c-api.service[100300]: DEBUG cinder.api.openstack.wsgi [None req-fec32dee-aacf-4951-a47d-3a62104b643b tempest-ServerActionsTestOtherB-344572742 tempest-ServerActionsTestOtherB-344572742-project-member] Calling method 'show' {{(pid=100300) _process_stack /opt/stack/cinder/cinder/api/openstack/wsgi.py:878}}
Jul 31 19:57:50.401887 np0000006266 devstack@c-api.service[100303]: DEBUG cinder.api.middleware.request_id [None req-e53de0a0-9d4c-4681-948b-779c657268b9 None None] RequestId filter calling following filter/app {{(pid=100303) _context_setter /opt/stack/cinder/cinder/api/middleware/request_id.py:62}}
Jul 31 19:57:50.402307 np0000006266 devstack@c-api.service[100303]: INFO cinder.api.openstack.wsgi [None req-e53de0a0-9d4c-4681-948b-779c657268b9 None None] GET https://10.4.3.56/volume//
Jul 31 19:57:50.402483 np0000006266 devstack@c-api.service[100303]: DEBUG cinder.api.openstack.wsgi [None req-e53de0a0-9d4c-4681-948b-779c657268b9 None None] Empty body provided in request {{(pid=100303) get_body /opt/stack/cinder/cinder/api/openstack/wsgi.py:725}}
Jul 31 19:57:50.403439 np0000006266 devstack@c-api.service[100303]: DEBUG cinder.api.openstack.wsgi [None req-e53de0a0-9d4c-4681-948b-779c657268b9 None None] Calling method 'all' {{(pid=100303) _process_stack /opt/stack/cinder/cinder/api/openstack/wsgi.py:878}}
Jul 31 19:57:50.403439 np0000006266 devstack@c-api.service[100303]: INFO cinder.api.openstack.wsgi [None req-e53de0a0-9d4c-4681-948b-779c657268b9 None None] https://10.4.3.56/volume// returned with HTTP 300
Jul 31 19:57:50.403439 np0000006266 devstack@c-api.service[100303]: [pid: 100303|app: 0|req: 30/118] 10.4.3.56 () {66 vars in 1419 bytes} [Fri Jul 31 19:57:50 2026] GET /volume/ => generated 385 bytes in 2 msecs (HTTP/1.1 300) 7 headers in 299 bytes (1 switches on core 0)
Jul 31 19:57:50.410150 np0000006266 devstack@c-api.service[100300]: /opt/stack/data/venv/lib/python3.12/site-packages/oslo_context/context.py:102: DeprecationWarning: Policy enforcement is depending on the value of is_admin. This key is deprecated. Please update your policy file to use the standard policy values.
Jul 31 19:57:50.410150 np0000006266 devstack@c-api.service[100300]: warnings.warn(
Jul 31 19:57:50.412411 np0000006266 devstack@c-api.service[100302]: DEBUG cinder.api.middleware.request_id [req-8805faca-08e1-4f79-b6fb-b7c93d3c8b42 req-5bfebc34-5f19-4fe8-b73a-85edc95fa721 None None] RequestId filter calling following filter/app {{(pid=100302) _context_setter /opt/stack/cinder/cinder/api/middleware/request_id.py:62}}
Jul 31 19:57:50.415717 np0000006266 devstack@c-api.service[100302]: INFO cinder.api.openstack.wsgi [req-8805faca-08e1-4f79-b6fb-b7c93d3c8b42 req-5bfebc34-5f19-4fe8-b73a-85edc95fa721 tempest-ServerActionsTestOtherB-344572742 tempest-ServerActionsTestOtherB-344572742-project-member] GET https://10.4.3.56/volume/v3/volumes/d516e4d9-bf8c-4d9b-9ce2-2b8c654d9e08
Jul 31 19:57:50.415875 np0000006266 devstack@c-api.service[100302]: DEBUG cinder.api.openstack.wsgi [req-8805faca-08e1-4f79-b6fb-b7c93d3c8b42 req-5bfebc34-5f19-4fe8-b73a-85edc95fa721 tempest-ServerActionsTestOtherB-344572742 tempest-ServerActionsTestOtherB-344572742-project-member] Empty body provided in request {{(pid=100302) get_body /opt/stack/cinder/cinder/api/openstack/wsgi.py:725}}
Jul 31 19:57:50.416173 np0000006266 devstack@c-api.service[100302]: DEBUG cinder.api.openstack.wsgi [req-8805faca-08e1-4f79-b6fb-b7c93d3c8b42 req-5bfebc34-5f19-4fe8-b73a-85edc95fa721 tempest-ServerActionsTestOtherB-344572742 tempest-ServerActionsTestOtherB-344572742-project-member] Calling method 'show' {{(pid=100302) _process_stack /opt/stack/cinder/cinder/api/openstack/wsgi.py:878}}
Jul 31 19:57:50.417592 np0000006266 devstack@c-api.service[100300]: INFO cinder.volume.api [None req-fec32dee-aacf-4951-a47d-3a62104b643b tempest-ServerActionsTestOtherB-344572742 tempest-ServerActionsTestOtherB-344572742-project-member] Volume info retrieved successfully.
Jul 31 19:57:50.424233 np0000006266 devstack@c-api.service[100300]: INFO cinder.api.openstack.wsgi [None req-fec32dee-aacf-4951-a47d-3a62104b643b tempest-ServerActionsTestOtherB-344572742 tempest-ServerActionsTestOtherB-344572742-project-member] https://10.4.3.56/volume/v3/volumes/d516e4d9-bf8c-4d9b-9ce2-2b8c654d9e08 returned with HTTP 200
Jul 31 19:57:50.424233 np0000006266 devstack@c-api.service[100300]: [pid: 100300|app: 0|req: 31/119] 10.4.3.56 () {66 vars in 1341 bytes} [Fri Jul 31 19:57:50 2026] GET /volume/v3/volumes/d516e4d9-bf8c-4d9b-9ce2-2b8c654d9e08 => generated 843 bytes in 35 msecs (HTTP/1.1 200) 7 headers in 285 bytes (1 switches on core 0)
Jul 31 19:57:50.430205 np0000006266 devstack@c-api.service[100302]: /opt/stack/data/venv/lib/python3.12/site-packages/oslo_context/context.py:102: DeprecationWarning: Policy enforcement is depending on the value of is_admin. This key is deprecated. Please update your policy file to use the standard policy values.
Jul 31 19:57:50.430205 np0000006266 devstack@c-api.service[100302]: warnings.warn(
Jul 31 19:57:50.434427 np0000006266 devstack@c-api.service[100302]: INFO cinder.volume.api [req-8805faca-08e1-4f79-b6fb-b7c93d3c8b42 req-5bfebc34-5f19-4fe8-b73a-85edc95fa721 tempest-ServerActionsTestOtherB-344572742 tempest-ServerActionsTestOtherB-344572742-project-member] Volume info retrieved successfully.
Jul 31 19:57:50.439283 np0000006266 devstack@c-api.service[100302]: INFO cinder.api.openstack.wsgi [req-8805faca-08e1-4f79-b6fb-b7c93d3c8b42 req-5bfebc34-5f19-4fe8-b73a-85edc95fa721 tempest-ServerActionsTestOtherB-344572742 tempest-ServerActionsTestOtherB-344572742-project-member] https://10.4.3.56/volume/v3/volumes/d516e4d9-bf8c-4d9b-9ce2-2b8c654d9e08 returned with HTTP 200
Jul 31 19:57:50.441028 np0000006266 devstack@c-api.service[100302]: [pid: 100302|app: 0|req: 30/120] 10.4.3.56 () {70 vars in 1632 bytes} [Fri Jul 31 19:57:50 2026] GET /volume/v3/volumes/d516e4d9-bf8c-4d9b-9ce2-2b8c654d9e08 => generated 1023 bytes in 28 msecs (HTTP/1.1 200) 7 headers in 287 bytes (1 switches on core 0)
Jul 31 19:57:50.539458 np0000006266 devstack@c-api.service[100301]: DEBUG cinder.api.middleware.request_id [req-8805faca-08e1-4f79-b6fb-b7c93d3c8b42 req-af07ab85-3121-4c01-a31a-76fa9dd3f88d None None] RequestId filter calling following filter/app {{(pid=100301) _context_setter /opt/stack/cinder/cinder/api/middleware/request_id.py:62}}
Jul 31 19:57:50.541672 np0000006266 devstack@c-api.service[100301]: INFO cinder.api.openstack.wsgi [req-8805faca-08e1-4f79-b6fb-b7c93d3c8b42 req-af07ab85-3121-4c01-a31a-76fa9dd3f88d tempest-ServerActionsTestOtherB-344572742 tempest-ServerActionsTestOtherB-344572742-project-member] PUT https://10.4.3.56/volume/v3/attachments/59f54c9a-4b9b-4678-8516-386b32e21634
Jul 31 19:57:50.543023 np0000006266 devstack@c-api.service[100301]: DEBUG cinder.api.openstack.wsgi [req-8805faca-08e1-4f79-b6fb-b7c93d3c8b42 req-af07ab85-3121-4c01-a31a-76fa9dd3f88d tempest-ServerActionsTestOtherB-344572742 tempest-ServerActionsTestOtherB-344572742-project-member] Action: 'update', calling method: version_select, body: {"attachment": {"connector": {"platform": "x86_64", "os_type": "linux", "ip": "10.4.3.56", "host": "np0000006266", "multipath": true, "enforce_multipath": true, "initiator": "iqn.2016-04.com.open-iscsi:eaa6f2a97b8", "do_local_attach": false, "uuid": "8515de1c-ba7e-467b-adde-6d9f8a8dbc1f", "system uuid": "54f9489f-22e1-440a-8073-5147e41f8c20", "nvme_native_multipath": false, "mountpoint": "/dev/vdb"}}} {{(pid=100301) _process_stack /opt/stack/cinder/cinder/api/openstack/wsgi.py:876}}
Jul 31 19:57:50.549828 np0000006266 devstack@c-api.service[100301]: DEBUG cinder.coordination [req-8805faca-08e1-4f79-b6fb-b7c93d3c8b42 req-af07ab85-3121-4c01-a31a-76fa9dd3f88d tempest-ServerActionsTestOtherB-344572742 tempest-ServerActionsTestOtherB-344572742-project-member] Acquiring lock "cinder-attachment_update-d516e4d9-bf8c-4d9b-9ce2-2b8c654d9e08-np0000006266" by "attachment_update" {{(pid=100301) __acquire /opt/stack/cinder/cinder/coordination.py:138}}
Jul 31 19:57:50.554899 np0000006266 devstack@c-api.service[100301]: DEBUG cinder.coordination [req-8805faca-08e1-4f79-b6fb-b7c93d3c8b42 req-af07ab85-3121-4c01-a31a-76fa9dd3f88d tempest-ServerActionsTestOtherB-344572742 tempest-ServerActionsTestOtherB-344572742-project-member] Lock "cinder-attachment_update-d516e4d9-bf8c-4d9b-9ce2-2b8c654d9e08-np0000006266" acquired by "attachment_update" :: waited 0.005s {{(pid=100301) __acquire /opt/stack/cinder/cinder/coordination.py:141}}
Jul 31 19:57:50.555868 np0000006266 devstack@c-api.service[100301]: /opt/stack/data/venv/lib/python3.12/site-packages/oslo_context/context.py:102: DeprecationWarning: Policy enforcement is depending on the value of is_admin. This key is deprecated. Please update your policy file to use the standard policy values.
Jul 31 19:57:50.555868 np0000006266 devstack@c-api.service[100301]: warnings.warn(
Jul 31 19:57:50.634217 np0000006266 devstack@c-api.service[100301]: DEBUG cinder.coordination [req-8805faca-08e1-4f79-b6fb-b7c93d3c8b42 req-af07ab85-3121-4c01-a31a-76fa9dd3f88d tempest-ServerActionsTestOtherB-344572742 tempest-ServerActionsTestOtherB-344572742-project-member] Lock "cinder-attachment_update-d516e4d9-bf8c-4d9b-9ce2-2b8c654d9e08-np0000006266" released by "attachment_update" :: held 0.080s {{(pid=100301) __release /opt/stack/cinder/cinder/coordination.py:152}}
Jul 31 19:57:50.634757 np0000006266 devstack@c-api.service[100301]: INFO cinder.api.openstack.wsgi [req-8805faca-08e1-4f79-b6fb-b7c93d3c8b42 req-af07ab85-3121-4c01-a31a-76fa9dd3f88d tempest-ServerActionsTestOtherB-344572742 tempest-ServerActionsTestOtherB-344572742-project-member] https://10.4.3.56/volume/v3/attachments/59f54c9a-4b9b-4678-8516-386b32e21634 returned with HTTP 200
Jul 31 19:57:50.635609 np0000006266 devstack@c-api.service[100301]: [pid: 100301|app: 0|req: 30/121] 10.4.3.56 () {74 vars in 1697 bytes} [Fri Jul 31 19:57:50 2026] PUT /volume/v3/attachments/59f54c9a-4b9b-4678-8516-386b32e21634 => generated 969 bytes in 96 msecs (HTTP/1.1 200) 7 headers in 286 bytes (1 switches on core 0)
Jul 31 19:57:51.381551 np0000006266 devstack@c-api.service[100303]: DEBUG cinder.api.middleware.request_id [None req-cac217c0-0dd1-4487-b316-37fd650a0bf4 None None] RequestId filter calling following filter/app {{(pid=100303) _context_setter /opt/stack/cinder/cinder/api/middleware/request_id.py:62}}
Jul 31 19:57:51.383396 np0000006266 devstack@c-api.service[100303]: INFO cinder.api.openstack.wsgi [None req-cac217c0-0dd1-4487-b316-37fd650a0bf4 tempest-AttachVolumeMultiAttachTest-189708883 tempest-AttachVolumeMultiAttachTest-189708883-project-member] GET https://10.4.3.56/volume/v3/volumes/c76e7771-d69f-4c9c-8026-21f063fdd66a
Jul 31 19:57:51.383672 np0000006266 devstack@c-api.service[100303]: DEBUG cinder.api.openstack.wsgi [None req-cac217c0-0dd1-4487-b316-37fd650a0bf4 tempest-AttachVolumeMultiAttachTest-189708883 tempest-AttachVolumeMultiAttachTest-189708883-project-member] Empty body provided in request {{(pid=100303) get_body /opt/stack/cinder/cinder/api/openstack/wsgi.py:725}}
