Jul 31 19:56:54.292931 np0000006266 devstack@g-api.service[103095]: DEBUG glance_store.location [None req-1b70546b-689a-42a8-9dba-e20b10836903 tempest-AttachVolumeMultiAttachTest-189708883 tempest-AttachVolumeMultiAttachTest-189708883-project-member] Registering scheme swift+http with {'store': , 'location_class': , 'store_entry': 'swift'} {{(pid=103095) register_scheme_map /opt/stack/data/venv/lib/python3.12/site-packages/glance_store/location.py:146}}
Jul 31 19:56:54.293258 np0000006266 devstack@g-api.service[103095]: DEBUG glance_store.location [None req-1b70546b-689a-42a8-9dba-e20b10836903 tempest-AttachVolumeMultiAttachTest-189708883 tempest-AttachVolumeMultiAttachTest-189708883-project-member] Registering scheme swift+config with {'store': , 'location_class': , 'store_entry': 'swift'} {{(pid=103095) register_scheme_map /opt/stack/data/venv/lib/python3.12/site-packages/glance_store/location.py:146}}
Jul 31 19:56:54.424495 np0000006266 devstack@g-api.service[103092]: DEBUG glance.api.middleware.version_negotiation [None req-1b70546b-689a-42a8-9dba-e20b10836903 tempest-AttachVolumeMultiAttachTest-189708883 tempest-AttachVolumeMultiAttachTest-189708883-project-member] Determining version of request: GET /v2/images/4f2a79c2-018a-47a6-a9cc-fcdb7b43eedb Accept: */* {{(pid=103092) process_request /opt/stack/glance/glance/api/middleware/version_negotiation.py:44}}
Jul 31 19:56:54.424495 np0000006266 devstack@g-api.service[103092]: DEBUG glance.api.middleware.version_negotiation [None req-1b70546b-689a-42a8-9dba-e20b10836903 tempest-AttachVolumeMultiAttachTest-189708883 tempest-AttachVolumeMultiAttachTest-189708883-project-member] Using url versioning {{(pid=103092) process_request /opt/stack/glance/glance/api/middleware/version_negotiation.py:57}}
Jul 31 19:56:54.424495 np0000006266 devstack@g-api.service[103092]: DEBUG glance.api.middleware.version_negotiation [None req-1b70546b-689a-42a8-9dba-e20b10836903 tempest-AttachVolumeMultiAttachTest-189708883 tempest-AttachVolumeMultiAttachTest-189708883-project-member] Matched version: v2 {{(pid=103092) process_request /opt/stack/glance/glance/api/middleware/version_negotiation.py:69}}
Jul 31 19:56:54.424495 np0000006266 devstack@g-api.service[103092]: DEBUG glance.api.middleware.version_negotiation [None req-1b70546b-689a-42a8-9dba-e20b10836903 tempest-AttachVolumeMultiAttachTest-189708883 tempest-AttachVolumeMultiAttachTest-189708883-project-member] new path /v2/images/4f2a79c2-018a-47a6-a9cc-fcdb7b43eedb {{(pid=103092) process_request /opt/stack/glance/glance/api/middleware/version_negotiation.py:70}}
Jul 31 19:56:54.703541 np0000006266 devstack@g-api.service[103095]: DEBUG swiftclient [None req-1b70546b-689a-42a8-9dba-e20b10836903 tempest-AttachVolumeMultiAttachTest-189708883 tempest-AttachVolumeMultiAttachTest-189708883-project-member] REQ: curl -i https://10.4.3.56:8080/v1/AUTH_a4a6ed7857eb44febda37e27af39c55f/glance/4f2a79c2-018a-47a6-a9cc-fcdb7b43eedb -X GET -H "X-Auth-Token: gAAAAABqbP4GqIf_..." {{(pid=103095) http_log /opt/stack/data/venv/lib/python3.12/site-packages/swiftclient/client.py:160}}
Jul 31 19:56:54.703541 np0000006266 devstack@g-api.service[103095]: DEBUG swiftclient [None req-1b70546b-689a-42a8-9dba-e20b10836903 tempest-AttachVolumeMultiAttachTest-189708883 tempest-AttachVolumeMultiAttachTest-189708883-project-member] RESP STATUS: 200 OK {{(pid=103095) http_log /opt/stack/data/venv/lib/python3.12/site-packages/swiftclient/client.py:161}}
Jul 31 19:56:54.703541 np0000006266 devstack@g-api.service[103095]: DEBUG swiftclient [None req-1b70546b-689a-42a8-9dba-e20b10836903 tempest-AttachVolumeMultiAttachTest-189708883 tempest-AttachVolumeMultiAttachTest-189708883-project-member] RESP HEADERS: {'Date': 'Fri, 31 Jul 2026 19:56:54 GMT', 'Server': 'Apache/2.4.58 (Ubuntu)', 'Content-Type': 'application/octet-stream', 'Etag': '87617e24a5e30cb3b87fda8c0764838f', 'Last-Modified': 'Fri, 31 Jul 2026 19:55:11 GMT', 'X-Timestamp': '1785527710.37797', 'Accept-Ranges': 'bytes', 'Content-Length': '21692416', 'X-Trans-Id': 'tx44a2619665954256aba53-006a6cfe06', 'X-Openstack-Request-Id': 'tx44a2619665954256aba53-006a6cfe06', 'Connection': 'close'} {{(pid=103095) http_log /opt/stack/data/venv/lib/python3.12/site-packages/swiftclient/client.py:162}}
Jul 31 19:56:54.710709 np0000006266 devstack@g-api.service[103092]: [pid: 103092|app: 0|req: 9/38] 127.0.0.1 () {44 vars in 1111 bytes} [Fri Jul 31 19:56:54 2026] GET /v2/images/4f2a79c2-018a-47a6-a9cc-fcdb7b43eedb => generated 1044 bytes in 287 msecs (HTTP/1.1 200) 4 headers in 158 bytes (1 switches on core 0)
Jul 31 19:56:54.715243 np0000006266 devstack@g-api.service[103095]: DEBUG glance.image_cache [None req-1b70546b-689a-42a8-9dba-e20b10836903 tempest-AttachVolumeMultiAttachTest-189708883 tempest-AttachVolumeMultiAttachTest-189708883-project-member] Tee'ing image '4f2a79c2-018a-47a6-a9cc-fcdb7b43eedb' into cache {{(pid=103095) get_caching_iter /opt/stack/glance/glance/image_cache/__init__.py:356}}
Jul 31 19:56:54.742513 np0000006266 devstack@g-api.service[103094]: DEBUG glance.api.middleware.version_negotiation [None req-1b70546b-689a-42a8-9dba-e20b10836903 tempest-AttachVolumeMultiAttachTest-189708883 tempest-AttachVolumeMultiAttachTest-189708883-project-member] Determining version of request: GET /v2/schemas/image Accept: */* {{(pid=103094) process_request /opt/stack/glance/glance/api/middleware/version_negotiation.py:44}}
Jul 31 19:56:54.742745 np0000006266 devstack@g-api.service[103094]: DEBUG glance.api.middleware.version_negotiation [None req-1b70546b-689a-42a8-9dba-e20b10836903 tempest-AttachVolumeMultiAttachTest-189708883 tempest-AttachVolumeMultiAttachTest-189708883-project-member] Using url versioning {{(pid=103094) process_request /opt/stack/glance/glance/api/middleware/version_negotiation.py:57}}
Jul 31 19:56:54.742874 np0000006266 devstack@g-api.service[103094]: DEBUG glance.api.middleware.version_negotiation [None req-1b70546b-689a-42a8-9dba-e20b10836903 tempest-AttachVolumeMultiAttachTest-189708883 tempest-AttachVolumeMultiAttachTest-189708883-project-member] Matched version: v2 {{(pid=103094) process_request /opt/stack/glance/glance/api/middleware/version_negotiation.py:69}}
Jul 31 19:56:54.742986 np0000006266 devstack@g-api.service[103094]: DEBUG glance.api.middleware.version_negotiation [None req-1b70546b-689a-42a8-9dba-e20b10836903 tempest-AttachVolumeMultiAttachTest-189708883 tempest-AttachVolumeMultiAttachTest-189708883-project-member] new path /v2/schemas/image {{(pid=103094) process_request /opt/stack/glance/glance/api/middleware/version_negotiation.py:70}}
Jul 31 19:56:54.749325 np0000006266 devstack@g-api.service[103094]: [pid: 103094|app: 0|req: 12/39] 127.0.0.1 () {44 vars in 1051 bytes} [Fri Jul 31 19:56:54 2026] GET /v2/schemas/image => generated 6083 bytes in 7 msecs (HTTP/1.1 200) 4 headers in 158 bytes (1 switches on core 0)
Jul 31 19:56:54.938401 np0000006266 devstack@g-api.service[103095]: DEBUG glance.image_cache.drivers.centralized_db [None req-1b70546b-689a-42a8-9dba-e20b10836903 tempest-AttachVolumeMultiAttachTest-189708883 tempest-AttachVolumeMultiAttachTest-189708883-project-member] Fetch finished, moving '/opt/stack/data/glance/cache/incomplete/4f2a79c2-018a-47a6-a9cc-fcdb7b43eedb' to '/opt/stack/data/glance/cache/4f2a79c2-018a-47a6-a9cc-fcdb7b43eedb' {{(pid=103095) commit /opt/stack/glance/glance/image_cache/drivers/centralized_db.py:243}}
Jul 31 19:56:54.950162 np0000006266 devstack@g-api.service[103095]: DEBUG glance.image_cache.drivers.centralized_db [None req-1b70546b-689a-42a8-9dba-e20b10836903 tempest-AttachVolumeMultiAttachTest-189708883 tempest-AttachVolumeMultiAttachTest-189708883-project-member] Image cached successfully. {{(pid=103095) commit /opt/stack/glance/glance/image_cache/drivers/centralized_db.py:258}}
Jul 31 19:56:54.950339 np0000006266 devstack@g-api.service[103095]: [pid: 103095|app: 0|req: 10/40] 127.0.0.1 () {44 vars in 1121 bytes} [Fri Jul 31 19:56:54 2026] GET /v2/images/4f2a79c2-018a-47a6-a9cc-fcdb7b43eedb/file => generated 21692416 bytes in 670 msecs (HTTP/1.1 200) 4 headers in 191 bytes (334 switches on core 0)
Jul 31 19:56:55.378259 np0000006266 devstack@g-api.service[103093]: DEBUG glance.api.middleware.version_negotiation [None req-1b70546b-689a-42a8-9dba-e20b10836903 tempest-AttachVolumeMultiAttachTest-189708883 tempest-AttachVolumeMultiAttachTest-189708883-project-member] Determining version of request: GET / Accept: application/json {{(pid=103093) process_request /opt/stack/glance/glance/api/middleware/version_negotiation.py:44}}
Jul 31 19:56:55.378540 np0000006266 devstack@g-api.service[103093]: DEBUG glance.api.middleware.version_negotiation [None req-1b70546b-689a-42a8-9dba-e20b10836903 tempest-AttachVolumeMultiAttachTest-189708883 tempest-AttachVolumeMultiAttachTest-189708883-project-member] Using url versioning {{(pid=103093) process_request /opt/stack/glance/glance/api/middleware/version_negotiation.py:57}}
Jul 31 19:56:55.378599 np0000006266 devstack@g-api.service[103093]: DEBUG glance.api.middleware.version_negotiation [None req-1b70546b-689a-42a8-9dba-e20b10836903 tempest-AttachVolumeMultiAttachTest-189708883 tempest-AttachVolumeMultiAttachTest-189708883-project-member] Unknown version. Returning version choices. {{(pid=103093) process_request /opt/stack/glance/glance/api/middleware/version_negotiation.py:64}}
Jul 31 19:56:55.379398 np0000006266 devstack@g-api.service[103093]: [pid: 103093|app: 0|req: 10/41] 127.0.0.1 () {36 vars in 555 bytes} [Fri Jul 31 19:56:55 2026] GET / => generated 1501 bytes in 1 msecs (HTTP/1.1 300) 3 headers in 106 bytes (1 switches on core 0)
Jul 31 19:56:55.625932 np0000006266 devstack@g-api.service[103092]: DEBUG glance.api.middleware.version_negotiation [None req-02156ed4-22cc-4377-8c93-20b5a0020d0c tempest-ServerStableDeviceRescueTest-692926417 tempest-ServerStableDeviceRescueTest-692926417-project-member] Determining version of request: GET /v2/images/4f2a79c2-018a-47a6-a9cc-fcdb7b43eedb Accept: */* {{(pid=103092) process_request /opt/stack/glance/glance/api/middleware/version_negotiation.py:44}}
Jul 31 19:56:55.626187 np0000006266 devstack@g-api.service[103092]: DEBUG glance.api.middleware.version_negotiation [None req-02156ed4-22cc-4377-8c93-20b5a0020d0c tempest-ServerStableDeviceRescueTest-692926417 tempest-ServerStableDeviceRescueTest-692926417-project-member] Using url versioning {{(pid=103092) process_request /opt/stack/glance/glance/api/middleware/version_negotiation.py:57}}
Jul 31 19:56:55.626187 np0000006266 devstack@g-api.service[103092]: DEBUG glance.api.middleware.version_negotiation [None req-02156ed4-22cc-4377-8c93-20b5a0020d0c tempest-ServerStableDeviceRescueTest-692926417 tempest-ServerStableDeviceRescueTest-692926417-project-member] Matched version: v2 {{(pid=103092) process_request /opt/stack/glance/glance/api/middleware/version_negotiation.py:69}}
Jul 31 19:56:55.626263 np0000006266 devstack@g-api.service[103092]: DEBUG glance.api.middleware.version_negotiation [None req-02156ed4-22cc-4377-8c93-20b5a0020d0c tempest-ServerStableDeviceRescueTest-692926417 tempest-ServerStableDeviceRescueTest-692926417-project-member] new path /v2/images/4f2a79c2-018a-47a6-a9cc-fcdb7b43eedb {{(pid=103092) process_request /opt/stack/glance/glance/api/middleware/version_negotiation.py:70}}
Jul 31 19:56:55.633215 np0000006266 devstack@g-api.service[103094]: DEBUG glance.api.middleware.version_negotiation [None req-02156ed4-22cc-4377-8c93-20b5a0020d0c tempest-ServerStableDeviceRescueTest-692926417 tempest-ServerStableDeviceRescueTest-692926417-project-member] Determining version of request: GET /v2/images/4f2a79c2-018a-47a6-a9cc-fcdb7b43eedb Accept: */* {{(pid=103094) process_request /opt/stack/glance/glance/api/middleware/version_negotiation.py:44}}
Jul 31 19:56:55.633215 np0000006266 devstack@g-api.service[103094]: DEBUG glance.api.middleware.version_negotiation [None req-02156ed4-22cc-4377-8c93-20b5a0020d0c tempest-ServerStableDeviceRescueTest-692926417 tempest-ServerStableDeviceRescueTest-692926417-project-member] Using url versioning {{(pid=103094) process_request /opt/stack/glance/glance/api/middleware/version_negotiation.py:57}}
Jul 31 19:56:55.633215 np0000006266 devstack@g-api.service[103094]: DEBUG glance.api.middleware.version_negotiation [None req-02156ed4-22cc-4377-8c93-20b5a0020d0c tempest-ServerStableDeviceRescueTest-692926417 tempest-ServerStableDeviceRescueTest-692926417-project-member] Matched version: v2 {{(pid=103094) process_request /opt/stack/glance/glance/api/middleware/version_negotiation.py:69}}
Jul 31 19:56:55.633741 np0000006266 devstack@g-api.service[103094]: DEBUG glance.api.middleware.version_negotiation [None req-02156ed4-22cc-4377-8c93-20b5a0020d0c tempest-ServerStableDeviceRescueTest-692926417 tempest-ServerStableDeviceRescueTest-692926417-project-member] new path /v2/images/4f2a79c2-018a-47a6-a9cc-fcdb7b43eedb {{(pid=103094) process_request /opt/stack/glance/glance/api/middleware/version_negotiation.py:70}}
Jul 31 19:56:55.638853 np0000006266 devstack@g-api.service[103092]: [pid: 103092|app: 0|req: 10/42] 127.0.0.1 () {44 vars in 1111 bytes} [Fri Jul 31 19:56:55 2026] GET /v2/images/4f2a79c2-018a-47a6-a9cc-fcdb7b43eedb => generated 1044 bytes in 11 msecs (HTTP/1.1 200) 4 headers in 158 bytes (1 switches on core 0)
Jul 31 19:56:55.645072 np0000006266 devstack@g-api.service[103095]: DEBUG glance.api.middleware.version_negotiation [None req-1b70546b-689a-42a8-9dba-e20b10836903 tempest-AttachVolumeMultiAttachTest-189708883 tempest-AttachVolumeMultiAttachTest-189708883-project-member] Determining version of request: GET /v2/schemas/image Accept: */* {{(pid=103095) process_request /opt/stack/glance/glance/api/middleware/version_negotiation.py:44}}
Jul 31 19:56:55.645303 np0000006266 devstack@g-api.service[103095]: DEBUG glance.api.middleware.version_negotiation [None req-1b70546b-689a-42a8-9dba-e20b10836903 tempest-AttachVolumeMultiAttachTest-189708883 tempest-AttachVolumeMultiAttachTest-189708883-project-member] Using url versioning {{(pid=103095) process_request /opt/stack/glance/glance/api/middleware/version_negotiation.py:57}}
Jul 31 19:56:55.645330 np0000006266 devstack@g-api.service[103095]: DEBUG glance.api.middleware.version_negotiation [None req-1b70546b-689a-42a8-9dba-e20b10836903 tempest-AttachVolumeMultiAttachTest-189708883 tempest-AttachVolumeMultiAttachTest-189708883-project-member] Matched version: v2 {{(pid=103095) process_request /opt/stack/glance/glance/api/middleware/version_negotiation.py:69}}
Jul 31 19:56:55.645421 np0000006266 devstack@g-api.service[103095]: DEBUG glance.api.middleware.version_negotiation [None req-1b70546b-689a-42a8-9dba-e20b10836903 tempest-AttachVolumeMultiAttachTest-189708883 tempest-AttachVolumeMultiAttachTest-189708883-project-member] new path /v2/schemas/image {{(pid=103095) process_request /opt/stack/glance/glance/api/middleware/version_negotiation.py:70}}
Jul 31 19:56:55.647926 np0000006266 devstack@g-api.service[103095]: [pid: 103095|app: 0|req: 11/43] 127.0.0.1 () {44 vars in 1051 bytes} [Fri Jul 31 19:56:55 2026] GET /v2/schemas/image => generated 6083 bytes in 3 msecs (HTTP/1.1 200) 4 headers in 158 bytes (1 switches on core 0)
Jul 31 19:56:56.019724 np0000006266 devstack@g-api.service[103094]: [pid: 103094|app: 0|req: 13/44] 127.0.0.1 () {44 vars in 1111 bytes} [Fri Jul 31 19:56:55 2026] GET /v2/images/4f2a79c2-018a-47a6-a9cc-fcdb7b43eedb => generated 1044 bytes in 387 msecs (HTTP/1.1 200) 4 headers in 158 bytes (1 switches on core 0)
Jul 31 19:56:56.056116 np0000006266 devstack@g-api.service[103093]: DEBUG glance.api.middleware.version_negotiation [None req-1b70546b-689a-42a8-9dba-e20b10836903 tempest-AttachVolumeMultiAttachTest-189708883 tempest-AttachVolumeMultiAttachTest-189708883-project-member] Determining version of request: GET /v2/schemas/image Accept: */* {{(pid=103093) process_request /opt/stack/glance/glance/api/middleware/version_negotiation.py:44}}
Jul 31 19:56:56.056267 np0000006266 devstack@g-api.service[103093]: DEBUG glance.api.middleware.version_negotiation [None req-1b70546b-689a-42a8-9dba-e20b10836903 tempest-AttachVolumeMultiAttachTest-189708883 tempest-AttachVolumeMultiAttachTest-189708883-project-member] Using url versioning {{(pid=103093) process_request /opt/stack/glance/glance/api/middleware/version_negotiation.py:57}}
Jul 31 19:56:56.056435 np0000006266 devstack@g-api.service[103093]: DEBUG glance.api.middleware.version_negotiation [None req-1b70546b-689a-42a8-9dba-e20b10836903 tempest-AttachVolumeMultiAttachTest-189708883 tempest-AttachVolumeMultiAttachTest-189708883-project-member] Matched version: v2 {{(pid=103093) process_request /opt/stack/glance/glance/api/middleware/version_negotiation.py:69}}
Jul 31 19:56:56.056565 np0000006266 devstack@g-api.service[103093]: DEBUG glance.api.middleware.version_negotiation [None req-1b70546b-689a-42a8-9dba-e20b10836903 tempest-AttachVolumeMultiAttachTest-189708883 tempest-AttachVolumeMultiAttachTest-189708883-project-member] new path /v2/schemas/image {{(pid=103093) process_request /opt/stack/glance/glance/api/middleware/version_negotiation.py:70}}
Jul 31 19:56:56.058916 np0000006266 devstack@g-api.service[103093]: [pid: 103093|app: 0|req: 11/45] 127.0.0.1 () {44 vars in 1051 bytes} [Fri Jul 31 19:56:56 2026] GET /v2/schemas/image => generated 6083 bytes in 3 msecs (HTTP/1.1 200) 4 headers in 158 bytes (1 switches on core 0)
Jul 31 19:56:56.459022 np0000006266 devstack@g-api.service[103092]: DEBUG glance.api.middleware.version_negotiation [None req-1b70546b-689a-42a8-9dba-e20b10836903 tempest-AttachVolumeMultiAttachTest-189708883 tempest-AttachVolumeMultiAttachTest-189708883-project-member] Determining version of request: GET /v2/images/4f2a79c2-018a-47a6-a9cc-fcdb7b43eedb Accept: */* {{(pid=103092) process_request /opt/stack/glance/glance/api/middleware/version_negotiation.py:44}}
Jul 31 19:56:56.459022 np0000006266 devstack@g-api.service[103092]: DEBUG glance.api.middleware.version_negotiation [None req-1b70546b-689a-42a8-9dba-e20b10836903 tempest-AttachVolumeMultiAttachTest-189708883 tempest-AttachVolumeMultiAttachTest-189708883-project-member] Using url versioning {{(pid=103092) process_request /opt/stack/glance/glance/api/middleware/version_negotiation.py:57}}
Jul 31 19:56:56.459197 np0000006266 devstack@g-api.service[103092]: DEBUG glance.api.middleware.version_negotiation [None req-1b70546b-689a-42a8-9dba-e20b10836903 tempest-AttachVolumeMultiAttachTest-189708883 tempest-AttachVolumeMultiAttachTest-189708883-project-member] Matched version: v2 {{(pid=103092) process_request /opt/stack/glance/glance/api/middleware/version_negotiation.py:69}}
Jul 31 19:56:56.459341 np0000006266 devstack@g-api.service[103092]: DEBUG glance.api.middleware.version_negotiation [None req-1b70546b-689a-42a8-9dba-e20b10836903 tempest-AttachVolumeMultiAttachTest-189708883 tempest-AttachVolumeMultiAttachTest-189708883-project-member] new path /v2/images/4f2a79c2-018a-47a6-a9cc-fcdb7b43eedb {{(pid=103092) process_request /opt/stack/glance/glance/api/middleware/version_negotiation.py:70}}
Jul 31 19:56:56.468047 np0000006266 devstack@g-api.service[103092]: [pid: 103092|app: 0|req: 11/46] 127.0.0.1 () {44 vars in 1111 bytes} [Fri Jul 31 19:56:56 2026] GET /v2/images/4f2a79c2-018a-47a6-a9cc-fcdb7b43eedb => generated 1044 bytes in 9 msecs (HTTP/1.1 200) 4 headers in 158 bytes (1 switches on core 0)
Jul 31 19:56:56.475074 np0000006266 devstack@g-api.service[103095]: DEBUG glance.api.middleware.version_negotiation [None req-1b70546b-689a-42a8-9dba-e20b10836903 tempest-AttachVolumeMultiAttachTest-189708883 tempest-AttachVolumeMultiAttachTest-189708883-project-member] Determining version of request: GET /v2/schemas/image Accept: */* {{(pid=103095) process_request /opt/stack/glance/glance/api/middleware/version_negotiation.py:44}}
Jul 31 19:56:56.475925 np0000006266 devstack@g-api.service[103095]: DEBUG glance.api.middleware.version_negotiation [None req-1b70546b-689a-42a8-9dba-e20b10836903 tempest-AttachVolumeMultiAttachTest-189708883 tempest-AttachVolumeMultiAttachTest-189708883-project-member] Using url versioning {{(pid=103095) process_request /opt/stack/glance/glance/api/middleware/version_negotiation.py:57}}
Jul 31 19:56:56.475925 np0000006266 devstack@g-api.service[103095]: DEBUG glance.api.middleware.version_negotiation [None req-1b70546b-689a-42a8-9dba-e20b10836903 tempest-AttachVolumeMultiAttachTest-189708883 tempest-AttachVolumeMultiAttachTest-189708883-project-member] Matched version: v2 {{(pid=103095) process_request /opt/stack/glance/glance/api/middleware/version_negotiation.py:69}}
Jul 31 19:56:56.475925 np0000006266 devstack@g-api.service[103095]: DEBUG glance.api.middleware.version_negotiation [None req-1b70546b-689a-42a8-9dba-e20b10836903 tempest-AttachVolumeMultiAttachTest-189708883 tempest-AttachVolumeMultiAttachTest-189708883-project-member] new path /v2/schemas/image {{(pid=103095) process_request /opt/stack/glance/glance/api/middleware/version_negotiation.py:70}}
Jul 31 19:56:56.478316 np0000006266 devstack@g-api.service[103095]: [pid: 103095|app: 0|req: 12/47] 127.0.0.1 () {44 vars in 1051 bytes} [Fri Jul 31 19:56:56 2026] GET /v2/schemas/image => generated 6083 bytes in 3 msecs (HTTP/1.1 200) 4 headers in 158 bytes (1 switches on core 0)
Jul 31 19:56:57.596835 np0000006266 devstack@g-api.service[103094]: DEBUG glance.api.middleware.version_negotiation [None req-521c1998-021a-40a1-93e6-c9779d2466aa tempest-ServerActionsTestOtherB-344572742 tempest-ServerActionsTestOtherB-344572742-project-member] Determining version of request: GET /v2/images/4f2a79c2-018a-47a6-a9cc-fcdb7b43eedb Accept: application/json {{(pid=103094) process_request /opt/stack/glance/glance/api/middleware/version_negotiation.py:44}}
Jul 31 19:56:57.597298 np0000006266 devstack@g-api.service[103094]: DEBUG glance.api.middleware.version_negotiation [None req-521c1998-021a-40a1-93e6-c9779d2466aa tempest-ServerActionsTestOtherB-344572742 tempest-ServerActionsTestOtherB-344572742-project-member] Using url versioning {{(pid=103094) process_request /opt/stack/glance/glance/api/middleware/version_negotiation.py:57}}
Jul 31 19:56:57.597298 np0000006266 devstack@g-api.service[103094]: DEBUG glance.api.middleware.version_negotiation [None req-521c1998-021a-40a1-93e6-c9779d2466aa tempest-ServerActionsTestOtherB-344572742 tempest-ServerActionsTestOtherB-344572742-project-member] Matched version: v2 {{(pid=103094) process_request /opt/stack/glance/glance/api/middleware/version_negotiation.py:69}}
Jul 31 19:56:57.597298 np0000006266 devstack@g-api.service[103094]: DEBUG glance.api.middleware.version_negotiation [None req-521c1998-021a-40a1-93e6-c9779d2466aa tempest-ServerActionsTestOtherB-344572742 tempest-ServerActionsTestOtherB-344572742-project-member] new path /v2/images/4f2a79c2-018a-47a6-a9cc-fcdb7b43eedb {{(pid=103094) process_request /opt/stack/glance/glance/api/middleware/version_negotiation.py:70}}
Jul 31 19:56:57.872625 np0000006266 devstack@g-api.service[103094]: [pid: 103094|app: 0|req: 14/48] 127.0.0.1 () {40 vars in 834 bytes} [Fri Jul 31 19:56:57 2026] GET /v2/images/4f2a79c2-018a-47a6-a9cc-fcdb7b43eedb => generated 1044 bytes in 276 msecs (HTTP/1.1 200) 4 headers in 158 bytes (1 switches on core 0)
Jul 31 19:56:57.880317 np0000006266 devstack@g-api.service[103093]: DEBUG glance.api.middleware.version_negotiation [None req-521c1998-021a-40a1-93e6-c9779d2466aa tempest-ServerActionsTestOtherB-344572742 tempest-ServerActionsTestOtherB-344572742-project-member] Determining version of request: GET /v2/images/4f2a79c2-018a-47a6-a9cc-fcdb7b43eedb/file Accept: application/json {{(pid=103093) process_request /opt/stack/glance/glance/api/middleware/version_negotiation.py:44}}
Jul 31 19:56:57.880587 np0000006266 devstack@g-api.service[103093]: DEBUG glance.api.middleware.version_negotiation [None req-521c1998-021a-40a1-93e6-c9779d2466aa tempest-ServerActionsTestOtherB-344572742 tempest-ServerActionsTestOtherB-344572742-project-member] Using url versioning {{(pid=103093) process_request /opt/stack/glance/glance/api/middleware/version_negotiation.py:57}}
Jul 31 19:56:57.880587 np0000006266 devstack@g-api.service[103093]: DEBUG glance.api.middleware.version_negotiation [None req-521c1998-021a-40a1-93e6-c9779d2466aa tempest-ServerActionsTestOtherB-344572742 tempest-ServerActionsTestOtherB-344572742-project-member] Matched version: v2 {{(pid=103093) process_request /opt/stack/glance/glance/api/middleware/version_negotiation.py:69}}
Jul 31 19:56:57.880689 np0000006266 devstack@g-api.service[103093]: DEBUG glance.api.middleware.version_negotiation [None req-521c1998-021a-40a1-93e6-c9779d2466aa tempest-ServerActionsTestOtherB-344572742 tempest-ServerActionsTestOtherB-344572742-project-member] new path /v2/images/4f2a79c2-018a-47a6-a9cc-fcdb7b43eedb/file {{(pid=103093) process_request /opt/stack/glance/glance/api/middleware/version_negotiation.py:70}}
Jul 31 19:56:58.135915 np0000006266 devstack@g-api.service[103093]: DEBUG glance.api.middleware.cache [None req-c76472d3-0097-4a2d-ba18-a0dae3a8a389 tempest-AttachSCSIVolumeTestJSON-51248150 tempest-AttachSCSIVolumeTestJSON-51248150-project-admin] Cache hit for image '4f2a79c2-018a-47a6-a9cc-fcdb7b43eedb' {{(pid=103093) process_request /opt/stack/glance/glance/api/middleware/cache.py:160}}
Jul 31 19:56:58.145864 np0000006266 devstack@g-api.service[103092]: DEBUG glance.api.middleware.version_negotiation [None req-1b70546b-689a-42a8-9dba-e20b10836903 tempest-AttachVolumeMultiAttachTest-189708883 tempest-AttachVolumeMultiAttachTest-189708883-project-member] Determining version of request: POST /v2/images Accept: application/json {{(pid=103092) process_request /opt/stack/glance/glance/api/middleware/version_negotiation.py:44}}
Jul 31 19:56:58.146131 np0000006266 devstack@g-api.service[103092]: DEBUG glance.api.middleware.version_negotiation [None req-1b70546b-689a-42a8-9dba-e20b10836903 tempest-AttachVolumeMultiAttachTest-189708883 tempest-AttachVolumeMultiAttachTest-189708883-project-member] Using url versioning {{(pid=103092) process_request /opt/stack/glance/glance/api/middleware/version_negotiation.py:57}}
Jul 31 19:56:58.146423 np0000006266 devstack@g-api.service[103092]: DEBUG glance.api.middleware.version_negotiation [None req-1b70546b-689a-42a8-9dba-e20b10836903 tempest-AttachVolumeMultiAttachTest-189708883 tempest-AttachVolumeMultiAttachTest-189708883-project-member] Matched version: v2 {{(pid=103092) process_request /opt/stack/glance/glance/api/middleware/version_negotiation.py:69}}
Jul 31 19:56:58.146587 np0000006266 devstack@g-api.service[103092]: DEBUG glance.api.middleware.version_negotiation [None req-1b70546b-689a-42a8-9dba-e20b10836903 tempest-AttachVolumeMultiAttachTest-189708883 tempest-AttachVolumeMultiAttachTest-189708883-project-member] new path /v2/images {{(pid=103092) process_request /opt/stack/glance/glance/api/middleware/version_negotiation.py:70}}
Jul 31 19:56:58.815636 np0000006266 devstack@g-api.service[103092]: [pid: 103092|app: 0|req: 12/49] 127.0.0.1 () {42 vars in 782 bytes} [Fri Jul 31 19:56:58 2026] POST /v2/images => generated 690 bytes in 670 msecs (HTTP/1.1 201) 6 headers in 315 bytes (1 switches on core 0)
Jul 31 19:56:58.824534 np0000006266 devstack@g-api.service[103095]: DEBUG glance.api.middleware.version_negotiation [None req-1b70546b-689a-42a8-9dba-e20b10836903 tempest-AttachVolumeMultiAttachTest-189708883 tempest-AttachVolumeMultiAttachTest-189708883-project-member] Determining version of request: PUT /v2/images/8654037a-dc2e-49ed-aacd-0f873d1bc212/file Accept: {{(pid=103095) process_request /opt/stack/glance/glance/api/middleware/version_negotiation.py:44}}
Jul 31 19:56:58.824534 np0000006266 devstack@g-api.service[103095]: DEBUG glance.api.middleware.version_negotiation [None req-1b70546b-689a-42a8-9dba-e20b10836903 tempest-AttachVolumeMultiAttachTest-189708883 tempest-AttachVolumeMultiAttachTest-189708883-project-member] Using url versioning {{(pid=103095) process_request /opt/stack/glance/glance/api/middleware/version_negotiation.py:57}}
Jul 31 19:56:58.824534 np0000006266 devstack@g-api.service[103095]: DEBUG glance.api.middleware.version_negotiation [None req-1b70546b-689a-42a8-9dba-e20b10836903 tempest-AttachVolumeMultiAttachTest-189708883 tempest-AttachVolumeMultiAttachTest-189708883-project-member] Matched version: v2 {{(pid=103095) process_request /opt/stack/glance/glance/api/middleware/version_negotiation.py:69}}
Jul 31 19:56:58.824534 np0000006266 devstack@g-api.service[103095]: DEBUG glance.api.middleware.version_negotiation [None req-1b70546b-689a-42a8-9dba-e20b10836903 tempest-AttachVolumeMultiAttachTest-189708883 tempest-AttachVolumeMultiAttachTest-189708883-project-member] new path /v2/images/8654037a-dc2e-49ed-aacd-0f873d1bc212/file {{(pid=103095) process_request /opt/stack/glance/glance/api/middleware/version_negotiation.py:70}}
Jul 31 19:56:58.875109 np0000006266 devstack@g-api.service[103093]: [pid: 103093|app: 0|req: 12/50] 127.0.0.1 () {40 vars in 844 bytes} [Fri Jul 31 19:56:57 2026] GET /v2/images/4f2a79c2-018a-47a6-a9cc-fcdb7b43eedb/file => generated 21692416 bytes in 995 msecs (HTTP/1.1 200) 5 headers in 217 bytes (339 switches on core 0)
Jul 31 19:56:59.445044 np0000006266 devstack@g-api.service[103095]: INFO glance.api.v2.image_data [None req-2c7df9bc-2fa9-453a-89f1-649fabaf1922 tempest-AttachSCSIVolumeTestJSON-51248150 tempest-AttachSCSIVolumeTestJSON-51248150-project-admin] Unable to create trust: no such option collect_timing in group [keystone_authtoken] Use the existing user token.
Jul 31 19:56:59.565243 np0000006266 devstack@g-api.service[103094]: DEBUG glance.api.middleware.version_negotiation [None req-6225bef7-8d12-46ff-96ec-b78234c6b693 tempest-AttachSCSIVolumeTestJSON-443849208 tempest-AttachSCSIVolumeTestJSON-443849208-project-reader] Determining version of request: GET /v2/images/4f2a79c2-018a-47a6-a9cc-fcdb7b43eedb Accept: */* {{(pid=103094) process_request /opt/stack/glance/glance/api/middleware/version_negotiation.py:44}}
Jul 31 19:56:59.565621 np0000006266 devstack@g-api.service[103094]: DEBUG glance.api.middleware.version_negotiation [None req-6225bef7-8d12-46ff-96ec-b78234c6b693 tempest-AttachSCSIVolumeTestJSON-443849208 tempest-AttachSCSIVolumeTestJSON-443849208-project-reader] Using url versioning {{(pid=103094) process_request /opt/stack/glance/glance/api/middleware/version_negotiation.py:57}}
Jul 31 19:56:59.565621 np0000006266 devstack@g-api.service[103094]: DEBUG glance.api.middleware.version_negotiation [None req-6225bef7-8d12-46ff-96ec-b78234c6b693 tempest-AttachSCSIVolumeTestJSON-443849208 tempest-AttachSCSIVolumeTestJSON-443849208-project-reader] Matched version: v2 {{(pid=103094) process_request /opt/stack/glance/glance/api/middleware/version_negotiation.py:69}}
Jul 31 19:56:59.565761 np0000006266 devstack@g-api.service[103094]: DEBUG glance.api.middleware.version_negotiation [None req-6225bef7-8d12-46ff-96ec-b78234c6b693 tempest-AttachSCSIVolumeTestJSON-443849208 tempest-AttachSCSIVolumeTestJSON-443849208-project-reader] new path /v2/images/4f2a79c2-018a-47a6-a9cc-fcdb7b43eedb {{(pid=103094) process_request /opt/stack/glance/glance/api/middleware/version_negotiation.py:70}}
Jul 31 19:56:59.901219 np0000006266 devstack@g-api.service[103094]: [pid: 103094|app: 0|req: 15/51] 127.0.0.1 () {44 vars in 1111 bytes} [Fri Jul 31 19:56:59 2026] GET /v2/images/4f2a79c2-018a-47a6-a9cc-fcdb7b43eedb => generated 1044 bytes in 336 msecs (HTTP/1.1 200) 4 headers in 158 bytes (1 switches on core 0)
Jul 31 19:56:59.946570 np0000006266 devstack@g-api.service[103092]: DEBUG glance.api.middleware.version_negotiation [None req-065965e9-acd9-41e3-8bff-7d8678ee00ce tempest-AttachSCSIVolumeTestJSON-51248150 tempest-AttachSCSIVolumeTestJSON-51248150-project-admin] Determining version of request: GET /v2/images/4f2a79c2-018a-47a6-a9cc-fcdb7b43eedb/file Accept: */* {{(pid=103092) process_request /opt/stack/glance/glance/api/middleware/version_negotiation.py:44}}
Jul 31 19:56:59.946894 np0000006266 devstack@g-api.service[103092]: DEBUG glance.api.middleware.version_negotiation [None req-065965e9-acd9-41e3-8bff-7d8678ee00ce tempest-AttachSCSIVolumeTestJSON-51248150 tempest-AttachSCSIVolumeTestJSON-51248150-project-admin] Using url versioning {{(pid=103092) process_request /opt/stack/glance/glance/api/middleware/version_negotiation.py:57}}
Jul 31 19:56:59.946976 np0000006266 devstack@g-api.service[103092]: DEBUG glance.api.middleware.version_negotiation [None req-065965e9-acd9-41e3-8bff-7d8678ee00ce tempest-AttachSCSIVolumeTestJSON-51248150 tempest-AttachSCSIVolumeTestJSON-51248150-project-admin] Matched version: v2 {{(pid=103092) process_request /opt/stack/glance/glance/api/middleware/version_negotiation.py:69}}
Jul 31 19:56:59.947052 np0000006266 devstack@g-api.service[103092]: DEBUG glance.api.middleware.version_negotiation [None req-065965e9-acd9-41e3-8bff-7d8678ee00ce tempest-AttachSCSIVolumeTestJSON-51248150 tempest-AttachSCSIVolumeTestJSON-51248150-project-admin] new path /v2/images/4f2a79c2-018a-47a6-a9cc-fcdb7b43eedb/file {{(pid=103092) process_request /opt/stack/glance/glance/api/middleware/version_negotiation.py:70}}
Jul 31 19:56:59.957666 np0000006266 devstack@g-api.service[103092]: DEBUG glance.api.middleware.cache [None req-1680a3ca-7b9c-4b12-9ad6-8a93ef942794 tempest-DeleteServersTestJSON-1477268198 tempest-DeleteServersTestJSON-1477268198-project-member] Cache hit for image '4f2a79c2-018a-47a6-a9cc-fcdb7b43eedb' {{(pid=103092) process_request /opt/stack/glance/glance/api/middleware/cache.py:160}}
Jul 31 19:57:00.027247 np0000006266 devstack@g-api.service[103092]: [pid: 103092|app: 0|req: 13/52] 127.0.0.1 () {44 vars in 1121 bytes} [Fri Jul 31 19:56:59 2026] GET /v2/images/4f2a79c2-018a-47a6-a9cc-fcdb7b43eedb/file => generated 21692416 bytes in 79 msecs (HTTP/1.1 200) 5 headers in 217 bytes (341 switches on core 0)
Jul 31 19:57:00.091891 np0000006266 devstack@g-api.service[103095]: DEBUG glance.location [None req-2c7df9bc-2fa9-453a-89f1-649fabaf1922 tempest-AttachSCSIVolumeTestJSON-51248150 tempest-AttachSCSIVolumeTestJSON-51248150-project-admin] Enabling in-flight format inspection for qcow2 {{(pid=103095) set_data /opt/stack/glance/glance/location.py:596}}
Jul 31 19:57:00.092555 np0000006266 devstack@g-api.service[103095]: DEBUG glance_store.backend [None req-2c7df9bc-2fa9-453a-89f1-649fabaf1922 tempest-AttachSCSIVolumeTestJSON-51248150 tempest-AttachSCSIVolumeTestJSON-51248150-project-admin] Attempting to import store swift {{(pid=103095) _load_store /opt/stack/data/venv/lib/python3.12/site-packages/glance_store/backend.py:215}}
Jul 31 19:57:00.094203 np0000006266 devstack@g-api.service[103095]: DEBUG glance_store.capabilities [None req-2c7df9bc-2fa9-453a-89f1-649fabaf1922 tempest-AttachSCSIVolumeTestJSON-51248150 tempest-AttachSCSIVolumeTestJSON-51248150-project-admin] Store glance_store._drivers.swift.store.SingleTenantStore doesn't support updating dynamic storage capabilities. Please overwrite 'update_capabilities' method of the store to implement updating logics if needed. {{(pid=103095) update_capabilities /opt/stack/data/venv/lib/python3.12/site-packages/glance_store/capabilities.py:91}}
Jul 31 19:57:00.094298 np0000006266 devstack@g-api.service[103095]: DEBUG glance_store.driver [None req-2c7df9bc-2fa9-453a-89f1-649fabaf1922 tempest-AttachSCSIVolumeTestJSON-51248150 tempest-AttachSCSIVolumeTestJSON-51248150-project-admin] Late loading location class glance_store._drivers.swift.store.StoreLocation {{(pid=103095) get_store_location_class /opt/stack/data/venv/lib/python3.12/site-packages/glance_store/driver.py:134}}
Jul 31 19:57:00.094407 np0000006266 devstack@g-api.service[103095]: DEBUG glance_store.location [None req-2c7df9bc-2fa9-453a-89f1-649fabaf1922 tempest-AttachSCSIVolumeTestJSON-51248150 tempest-AttachSCSIVolumeTestJSON-51248150-project-admin] Registering scheme swift+https with {'store': , 'location_class': , 'store_entry': 'swift'} {{(pid=103095) register_scheme_map /opt/stack/data/venv/lib/python3.12/site-packages/glance_store/location.py:146}}
Jul 31 19:57:00.094471 np0000006266 devstack@g-api.service[103095]: DEBUG glance_store.location [None req-2c7df9bc-2fa9-453a-89f1-649fabaf1922 tempest-AttachSCSIVolumeTestJSON-51248150 tempest-AttachSCSIVolumeTestJSON-51248150-project-admin] Registering scheme swift+https with {'store': , 'location_class': , 'store_entry': 'swift'} {{(pid=103095) register_scheme_map /opt/stack/data/venv/lib/python3.12/site-packages/glance_store/location.py:146}}
Jul 31 19:57:00.094546 np0000006266 devstack@g-api.service[103095]: DEBUG glance_store.location [None req-2c7df9bc-2fa9-453a-89f1-649fabaf1922 tempest-AttachSCSIVolumeTestJSON-51248150 tempest-AttachSCSIVolumeTestJSON-51248150-project-admin] Registering scheme swift with {'store': , 'location_class': , 'store_entry': 'swift'} {{(pid=103095) register_scheme_map /opt/stack/data/venv/lib/python3.12/site-packages/glance_store/location.py:146}}
Jul 31 19:57:00.094621 np0000006266 devstack@g-api.service[103095]: DEBUG glance_store.location [None req-2c7df9bc-2fa9-453a-89f1-649fabaf1922 tempest-AttachSCSIVolumeTestJSON-51248150 tempest-AttachSCSIVolumeTestJSON-51248150-project-admin] Registering scheme swift+https with {'store': , 'location_class': , 'store_entry': 'swift'} {{(pid=103095) register_scheme_map /opt/stack/data/venv/lib/python3.12/site-packages/glance_store/location.py:146}}
Jul 31 19:57:00.094744 np0000006266 devstack@g-api.service[103095]: DEBUG glance_store.location [None req-2c7df9bc-2fa9-453a-89f1-649fabaf1922 tempest-AttachSCSIVolumeTestJSON-51248150 tempest-AttachSCSIVolumeTestJSON-51248150-project-admin] Registering scheme swift with {'store': , 'location_class': , 'store_entry': 'swift'} {{(pid=103095) register_scheme_map /opt/stack/data/venv/lib/python3.12/site-packages/glance_store/location.py:146}}
Jul 31 19:57:00.094823 np0000006266 devstack@g-api.service[103095]: DEBUG glance_store.location [None req-2c7df9bc-2fa9-453a-89f1-649fabaf1922 tempest-AttachSCSIVolumeTestJSON-51248150 tempest-AttachSCSIVolumeTestJSON-51248150-project-admin] Registering scheme swift+http with {'store': , 'location_class': , 'store_entry': 'swift'} {{(pid=103095) register_scheme_map /opt/stack/data/venv/lib/python3.12/site-packages/glance_store/location.py:146}}
Jul 31 19:57:00.094823 np0000006266 devstack@g-api.service[103095]: DEBUG glance_store.location [None req-2c7df9bc-2fa9-453a-89f1-649fabaf1922 tempest-AttachSCSIVolumeTestJSON-51248150 tempest-AttachSCSIVolumeTestJSON-51248150-project-admin] Registering scheme swift+https with {'store': , 'location_class': , 'store_entry': 'swift'} {{(pid=103095) register_scheme_map /opt/stack/data/venv/lib/python3.12/site-packages/glance_store/location.py:146}}
Jul 31 19:57:00.094992 np0000006266 devstack@g-api.service[103095]: DEBUG glance_store.location [None req-2c7df9bc-2fa9-453a-89f1-649fabaf1922 tempest-AttachSCSIVolumeTestJSON-51248150 tempest-AttachSCSIVolumeTestJSON-51248150-project-admin] Registering scheme swift with {'store': , 'location_class': , 'store_entry': 'swift'} {{(pid=103095) register_scheme_map /opt/stack/data/venv/lib/python3.12/site-packages/glance_store/location.py:146}}
Jul 31 19:57:00.094992 np0000006266 devstack@g-api.service[103095]: DEBUG glance_store.location [None req-2c7df9bc-2fa9-453a-89f1-649fabaf1922 tempest-AttachSCSIVolumeTestJSON-51248150 tempest-AttachSCSIVolumeTestJSON-51248150-project-admin] Registering scheme swift+http with {'store': , 'location_class': , 'store_entry': 'swift'} {{(pid=103095) register_scheme_map /opt/stack/data/venv/lib/python3.12/site-packages/glance_store/location.py:146}}
Jul 31 19:57:00.095123 np0000006266 devstack@g-api.service[103095]: DEBUG glance_store.location [None req-2c7df9bc-2fa9-453a-89f1-649fabaf1922 tempest-AttachSCSIVolumeTestJSON-51248150 tempest-AttachSCSIVolumeTestJSON-51248150-project-admin] Registering scheme swift+config with {'store': , 'location_class': , 'store_entry': 'swift'} {{(pid=103095) register_scheme_map /opt/stack/data/venv/lib/python3.12/site-packages/glance_store/location.py:146}}
Jul 31 19:57:00.165306 np0000006266 devstack@g-api.service[103093]: DEBUG glance.api.middleware.version_negotiation [None req-c76472d3-0097-4a2d-ba18-a0dae3a8a389 tempest-AttachSCSIVolumeTestJSON-51248150 tempest-AttachSCSIVolumeTestJSON-51248150-project-admin] Determining version of request: GET /v2/images/4f2a79c2-018a-47a6-a9cc-fcdb7b43eedb Accept: */* {{(pid=103093) process_request /opt/stack/glance/glance/api/middleware/version_negotiation.py:44}}
Jul 31 19:57:00.165722 np0000006266 devstack@g-api.service[103093]: DEBUG glance.api.middleware.version_negotiation [None req-c76472d3-0097-4a2d-ba18-a0dae3a8a389 tempest-AttachSCSIVolumeTestJSON-51248150 tempest-AttachSCSIVolumeTestJSON-51248150-project-admin] Using url versioning {{(pid=103093) process_request /opt/stack/glance/glance/api/middleware/version_negotiation.py:57}}
Jul 31 19:57:00.165722 np0000006266 devstack@g-api.service[103093]: DEBUG glance.api.middleware.version_negotiation [None req-c76472d3-0097-4a2d-ba18-a0dae3a8a389 tempest-AttachSCSIVolumeTestJSON-51248150 tempest-AttachSCSIVolumeTestJSON-51248150-project-admin] Matched version: v2 {{(pid=103093) process_request /opt/stack/glance/glance/api/middleware/version_negotiation.py:69}}
Jul 31 19:57:00.165722 np0000006266 devstack@g-api.service[103093]: DEBUG glance.api.middleware.version_negotiation [None req-c76472d3-0097-4a2d-ba18-a0dae3a8a389 tempest-AttachSCSIVolumeTestJSON-51248150 tempest-AttachSCSIVolumeTestJSON-51248150-project-admin] new path /v2/images/4f2a79c2-018a-47a6-a9cc-fcdb7b43eedb {{(pid=103093) process_request /opt/stack/glance/glance/api/middleware/version_negotiation.py:70}}
Jul 31 19:57:00.176421 np0000006266 devstack@g-api.service[103093]: [pid: 103093|app: 0|req: 13/53] 127.0.0.1 () {44 vars in 1111 bytes} [Fri Jul 31 19:57:00 2026] GET /v2/images/4f2a79c2-018a-47a6-a9cc-fcdb7b43eedb => generated 1044 bytes in 11 msecs (HTTP/1.1 200) 4 headers in 158 bytes (1 switches on core 0)
Jul 31 19:57:00.209026 np0000006266 devstack@g-api.service[103094]: DEBUG glance.api.middleware.version_negotiation [None req-1680a3ca-7b9c-4b12-9ad6-8a93ef942794 tempest-DeleteServersTestJSON-1477268198 tempest-DeleteServersTestJSON-1477268198-project-member] Determining version of request: GET /v2/schemas/image Accept: */* {{(pid=103094) process_request /opt/stack/glance/glance/api/middleware/version_negotiation.py:44}}
Jul 31 19:57:00.209247 np0000006266 devstack@g-api.service[103094]: DEBUG glance.api.middleware.version_negotiation [None req-1680a3ca-7b9c-4b12-9ad6-8a93ef942794 tempest-DeleteServersTestJSON-1477268198 tempest-DeleteServersTestJSON-1477268198-project-member] Using url versioning {{(pid=103094) process_request /opt/stack/glance/glance/api/middleware/version_negotiation.py:57}}
Jul 31 19:57:00.209366 np0000006266 devstack@g-api.service[103094]: DEBUG glance.api.middleware.version_negotiation [None req-1680a3ca-7b9c-4b12-9ad6-8a93ef942794 tempest-DeleteServersTestJSON-1477268198 tempest-DeleteServersTestJSON-1477268198-project-member] Matched version: v2 {{(pid=103094) process_request /opt/stack/glance/glance/api/middleware/version_negotiation.py:69}}
Jul 31 19:57:00.211250 np0000006266 devstack@g-api.service[103094]: DEBUG glance.api.middleware.version_negotiation [None req-1680a3ca-7b9c-4b12-9ad6-8a93ef942794 tempest-DeleteServersTestJSON-1477268198 tempest-DeleteServersTestJSON-1477268198-project-member] new path /v2/schemas/image {{(pid=103094) process_request /opt/stack/glance/glance/api/middleware/version_negotiation.py:70}}
Jul 31 19:57:00.213175 np0000006266 devstack@g-api.service[103094]: [pid: 103094|app: 0|req: 16/54] 127.0.0.1 () {44 vars in 1051 bytes} [Fri Jul 31 19:57:00 2026] GET /v2/schemas/image => generated 6083 bytes in 4 msecs (HTTP/1.1 200) 4 headers in 158 bytes (1 switches on core 0)
Jul 31 19:57:00.532346 np0000006266 devstack@g-api.service[103095]: DEBUG swiftclient [None req-2c7df9bc-2fa9-453a-89f1-649fabaf1922 tempest-AttachSCSIVolumeTestJSON-51248150 tempest-AttachSCSIVolumeTestJSON-51248150-project-admin] REQ: curl -i https://10.4.3.56:8080/v1/AUTH_a4a6ed7857eb44febda37e27af39c55f/glance -I -H "X-Auth-Token: gAAAAABqbP4MHk2c..." {{(pid=103095) http_log /opt/stack/data/venv/lib/python3.12/site-packages/swiftclient/client.py:160}}
Jul 31 19:57:00.532844 np0000006266 devstack@g-api.service[103095]: DEBUG swiftclient [None req-2c7df9bc-2fa9-453a-89f1-649fabaf1922 tempest-AttachSCSIVolumeTestJSON-51248150 tempest-AttachSCSIVolumeTestJSON-51248150-project-admin] RESP STATUS: 204 No Content {{(pid=103095) http_log /opt/stack/data/venv/lib/python3.12/site-packages/swiftclient/client.py:161}}
Jul 31 19:57:00.532844 np0000006266 devstack@g-api.service[103095]: DEBUG swiftclient [None req-2c7df9bc-2fa9-453a-89f1-649fabaf1922 tempest-AttachSCSIVolumeTestJSON-51248150 tempest-AttachSCSIVolumeTestJSON-51248150-project-admin] RESP HEADERS: {'Date': 'Fri, 31 Jul 2026 19:57:00 GMT', 'Server': 'Apache/2.4.58 (Ubuntu)', 'Content-Type': 'text/plain; charset=utf-8', 'X-Container-Object-Count': '3', 'X-Container-Bytes-Used': '64356352', 'X-Timestamp': '1785527703.56215', 'Last-Modified': 'Fri, 31 Jul 2026 19:55:04 GMT', 'Accept-Ranges': 'bytes', 'X-Storage-Policy': 'Policy-0', 'X-Container-Sharding': 'False', 'Vary': 'Accept', 'X-Trans-Id': 'tx05d072cdbe62483d9f826-006a6cfe0c', 'X-Openstack-Request-Id': 'tx05d072cdbe62483d9f826-006a6cfe0c', 'Connection': 'close'} {{(pid=103095) http_log /opt/stack/data/venv/lib/python3.12/site-packages/swiftclient/client.py:162}}
Jul 31 19:57:00.533078 np0000006266 devstack@g-api.service[103095]: DEBUG glance_store._drivers.swift.store [None req-2c7df9bc-2fa9-453a-89f1-649fabaf1922 tempest-AttachSCSIVolumeTestJSON-51248150 tempest-AttachSCSIVolumeTestJSON-51248150-project-admin] Adding image object '8654037a-dc2e-49ed-aacd-0f873d1bc212' to Swift {{(pid=103095) add /opt/stack/data/venv/lib/python3.12/site-packages/glance_store/_drivers/swift/store.py:970}}
Jul 31 19:57:00.533698 np0000006266 devstack@g-api.service[103095]: DEBUG glance_store._drivers.swift.store [None req-2c7df9bc-2fa9-453a-89f1-649fabaf1922 tempest-AttachSCSIVolumeTestJSON-51248150 tempest-AttachSCSIVolumeTestJSON-51248150-project-admin] Cannot determine image size because it is either not provided in the request or chunked-transfer encoding is used. Adding image as a segmented object to Swift. {{(pid=103095) add /opt/stack/data/venv/lib/python3.12/site-packages/glance_store/_drivers/swift/store.py:994}}
Jul 31 19:57:00.543621 np0000006266 devstack@g-api.service[103095]: DEBUG oslo_utils.imageutils.format_inspector [None req-2c7df9bc-2fa9-453a-89f1-649fabaf1922 tempest-AttachSCSIVolumeTestJSON-51248150 tempest-AttachSCSIVolumeTestJSON-51248150-project-admin] Format inspector for vmdk does not match, excluding from consideration (Signature KDMV not found: b'QFI\xfb') {{(pid=103095) _process_chunk /opt/stack/data/venv/lib/python3.12/site-packages/oslo_utils/imageutils/format_inspector.py:1758}}
Jul 31 19:57:00.548121 np0000006266 devstack@g-api.service[103095]: DEBUG oslo_utils.imageutils.format_inspector [None req-2c7df9bc-2fa9-453a-89f1-649fabaf1922 tempest-AttachSCSIVolumeTestJSON-51248150 tempest-AttachSCSIVolumeTestJSON-51248150-project-admin] Format inspector for vhdx does not match, excluding from consideration (Region signature not found at 30000) {{(pid=103095) _process_chunk /opt/stack/data/venv/lib/python3.12/site-packages/oslo_utils/imageutils/format_inspector.py:1758}}
Jul 31 19:57:00.807246 np0000006266 devstack@g-api.service[103095]: DEBUG swiftclient [None req-2c7df9bc-2fa9-453a-89f1-649fabaf1922 tempest-AttachSCSIVolumeTestJSON-51248150 tempest-AttachSCSIVolumeTestJSON-51248150-project-admin] REQ: curl -i https://10.4.3.56:8080/v1/AUTH_a4a6ed7857eb44febda37e27af39c55f/glance/8654037a-dc2e-49ed-aacd-0f873d1bc212-00001 -X PUT -H "X-Auth-Token: gAAAAABqbP4MHk2c..." {{(pid=103095) http_log /opt/stack/data/venv/lib/python3.12/site-packages/swiftclient/client.py:160}}
Jul 31 19:57:00.807381 np0000006266 devstack@g-api.service[103095]: DEBUG swiftclient [None req-2c7df9bc-2fa9-453a-89f1-649fabaf1922 tempest-AttachSCSIVolumeTestJSON-51248150 tempest-AttachSCSIVolumeTestJSON-51248150-project-admin] RESP STATUS: 201 Created {{(pid=103095) http_log /opt/stack/data/venv/lib/python3.12/site-packages/swiftclient/client.py:161}}
Jul 31 19:57:00.807663 np0000006266 devstack@g-api.service[103095]: DEBUG swiftclient [None req-2c7df9bc-2fa9-453a-89f1-649fabaf1922 tempest-AttachSCSIVolumeTestJSON-51248150 tempest-AttachSCSIVolumeTestJSON-51248150-project-admin] RESP HEADERS: {'Date': 'Fri, 31 Jul 2026 19:57:00 GMT', 'Server': 'Apache/2.4.58 (Ubuntu)', 'Content-Type': 'text/html; charset=UTF-8', 'Content-Length': '0', 'Etag': '87617e24a5e30cb3b87fda8c0764838f', 'Last-Modified': 'Fri, 31 Jul 2026 19:57:01 GMT', 'X-Trans-Id': 'tx8aef46f5909641a39c8a5-006a6cfe0c', 'X-Openstack-Request-Id': 'tx8aef46f5909641a39c8a5-006a6cfe0c', 'Connection': 'close'} {{(pid=103095) http_log /opt/stack/data/venv/lib/python3.12/site-packages/swiftclient/client.py:162}}
Jul 31 19:57:00.807801 np0000006266 devstack@g-api.service[103095]: DEBUG glance_store._drivers.swift.store [None req-2c7df9bc-2fa9-453a-89f1-649fabaf1922 tempest-AttachSCSIVolumeTestJSON-51248150 tempest-AttachSCSIVolumeTestJSON-51248150-project-admin] Wrote chunk 8654037a-dc2e-49ed-aacd-0f873d1bc212-00001 (1/?) of length 21692416 to Swift returning MD5 of content: 87617e24a5e30cb3b87fda8c0764838f {{(pid=103095) add /opt/stack/data/venv/lib/python3.12/site-packages/glance_store/_drivers/swift/store.py:1059}}
