Jul 31 19:54:33.857633 np0000006266 nova-scheduler[96703]: DEBUG cotyledon.oslo_config_glue [-] workarounds.libvirt_disable_apic = False {{(pid=96703) log_opt_values /opt/stack/data/venv/lib/python3.12/site-packages/oslo_config/cfg.py:3253}}
Jul 31 19:54:33.857822 np0000006266 nova-scheduler[96703]: DEBUG cotyledon.oslo_config_glue [-] workarounds.never_download_image_if_on_rbd = False {{(pid=96703) log_opt_values /opt/stack/data/venv/lib/python3.12/site-packages/oslo_config/cfg.py:3253}}
Jul 31 19:54:33.857822 np0000006266 nova-scheduler[96703]: DEBUG cotyledon.oslo_config_glue [-] workarounds.qemu_monitor_announce_self_count = 3 {{(pid=96703) log_opt_values /opt/stack/data/venv/lib/python3.12/site-packages/oslo_config/cfg.py:3253}}
Jul 31 19:54:33.857822 np0000006266 nova-scheduler[96703]: DEBUG cotyledon.oslo_config_glue [-] workarounds.qemu_monitor_announce_self_interval = 1 {{(pid=96703) log_opt_values /opt/stack/data/venv/lib/python3.12/site-packages/oslo_config/cfg.py:3253}}
Jul 31 19:54:33.857822 np0000006266 nova-scheduler[96703]: DEBUG cotyledon.oslo_config_glue [-] workarounds.reserve_disk_resource_for_image_cache = False {{(pid=96703) log_opt_values /opt/stack/data/venv/lib/python3.12/site-packages/oslo_config/cfg.py:3253}}
Jul 31 19:54:33.857822 np0000006266 nova-scheduler[96703]: DEBUG cotyledon.oslo_config_glue [-] workarounds.skip_cpu_compare_at_startup = False {{(pid=96703) log_opt_values /opt/stack/data/venv/lib/python3.12/site-packages/oslo_config/cfg.py:3253}}
Jul 31 19:54:33.857822 np0000006266 nova-scheduler[96703]: DEBUG cotyledon.oslo_config_glue [-] workarounds.skip_cpu_compare_on_dest = False {{(pid=96703) log_opt_values /opt/stack/data/venv/lib/python3.12/site-packages/oslo_config/cfg.py:3253}}
Jul 31 19:54:33.857822 np0000006266 nova-scheduler[96703]: DEBUG cotyledon.oslo_config_glue [-] workarounds.skip_hypervisor_version_check_on_lm = False {{(pid=96703) log_opt_values /opt/stack/data/venv/lib/python3.12/site-packages/oslo_config/cfg.py:3253}}
Jul 31 19:54:33.857822 np0000006266 nova-scheduler[96703]: DEBUG cotyledon.oslo_config_glue [-] workarounds.skip_reserve_in_use_ironic_nodes = False {{(pid=96703) log_opt_values /opt/stack/data/venv/lib/python3.12/site-packages/oslo_config/cfg.py:3253}}
Jul 31 19:54:33.857822 np0000006266 nova-scheduler[96703]: DEBUG cotyledon.oslo_config_glue [-] workarounds.unified_limits_count_pcpu_as_vcpu = False {{(pid=96703) log_opt_values /opt/stack/data/venv/lib/python3.12/site-packages/oslo_config/cfg.py:3253}}
Jul 31 19:54:33.858033 np0000006266 nova-scheduler[96703]: DEBUG cotyledon.oslo_config_glue [-] workarounds.wait_for_vif_plugged_event_during_hard_reboot = [] {{(pid=96703) log_opt_values /opt/stack/data/venv/lib/python3.12/site-packages/oslo_config/cfg.py:3253}}
Jul 31 19:54:33.858033 np0000006266 nova-scheduler[96703]: DEBUG cotyledon.oslo_config_glue [-] wsgi.api_paste_config = /etc/nova/api-paste.ini {{(pid=96703) log_opt_values /opt/stack/data/venv/lib/python3.12/site-packages/oslo_config/cfg.py:3253}}
Jul 31 19:54:33.858033 np0000006266 nova-scheduler[96703]: DEBUG cotyledon.oslo_config_glue [-] wsgi.secure_proxy_ssl_header = None {{(pid=96703) log_opt_values /opt/stack/data/venv/lib/python3.12/site-packages/oslo_config/cfg.py:3253}}
Jul 31 19:54:33.858090 np0000006266 nova-scheduler[96705]: INFO nova.service [-] Starting scheduler node (version 33.1.0)
Jul 31 19:54:33.858118 np0000006266 nova-scheduler[96703]: DEBUG cotyledon.oslo_config_glue [-] zvm.ca_file = None {{(pid=96703) log_opt_values /opt/stack/data/venv/lib/python3.12/site-packages/oslo_config/cfg.py:3253}}
Jul 31 19:54:33.858118 np0000006266 nova-scheduler[96703]: DEBUG cotyledon.oslo_config_glue [-] zvm.cloud_connector_url = None {{(pid=96703) log_opt_values /opt/stack/data/venv/lib/python3.12/site-packages/oslo_config/cfg.py:3253}}
Jul 31 19:54:33.858118 np0000006266 nova-scheduler[96703]: DEBUG cotyledon.oslo_config_glue [-] zvm.image_tmp_path = /opt/stack/data/nova/images {{(pid=96703) log_opt_values /opt/stack/data/venv/lib/python3.12/site-packages/oslo_config/cfg.py:3253}}
Jul 31 19:54:33.858118 np0000006266 nova-scheduler[96703]: DEBUG cotyledon.oslo_config_glue [-] zvm.reachable_timeout = 300 {{(pid=96703) log_opt_values /opt/stack/data/venv/lib/python3.12/site-packages/oslo_config/cfg.py:3253}}
Jul 31 19:54:33.858118 np0000006266 nova-scheduler[96703]: DEBUG cotyledon.oslo_config_glue [-] oslo_versionedobjects.fatal_exception_format_errors = False {{(pid=96703) log_opt_values /opt/stack/data/venv/lib/python3.12/site-packages/oslo_config/cfg.py:3253}}
Jul 31 19:54:33.858118 np0000006266 nova-scheduler[96703]: DEBUG cotyledon.oslo_config_glue [-] oslo_middleware.http_basic_auth_user_file = /etc/htpasswd {{(pid=96703) log_opt_values /opt/stack/data/venv/lib/python3.12/site-packages/oslo_config/cfg.py:3253}}
Jul 31 19:54:33.858118 np0000006266 nova-scheduler[96703]: DEBUG cotyledon.oslo_config_glue [-] oslo_messaging_metrics.metrics_buffer_size = 1000 {{(pid=96703) log_opt_values /opt/stack/data/venv/lib/python3.12/site-packages/oslo_config/cfg.py:3253}}
Jul 31 19:54:33.858118 np0000006266 nova-scheduler[96703]: DEBUG cotyledon.oslo_config_glue [-] oslo_messaging_metrics.metrics_enabled = False {{(pid=96703) log_opt_values /opt/stack/data/venv/lib/python3.12/site-packages/oslo_config/cfg.py:3253}}
Jul 31 19:54:33.858118 np0000006266 nova-scheduler[96703]: DEBUG cotyledon.oslo_config_glue [-] oslo_messaging_metrics.metrics_process_name = {{(pid=96703) log_opt_values /opt/stack/data/venv/lib/python3.12/site-packages/oslo_config/cfg.py:3253}}
Jul 31 19:54:33.858307 np0000006266 nova-scheduler[96703]: DEBUG cotyledon.oslo_config_glue [-] oslo_messaging_metrics.metrics_socket_file = /var/tmp/metrics_collector.sock {{(pid=96703) log_opt_values /opt/stack/data/venv/lib/python3.12/site-packages/oslo_config/cfg.py:3253}}
Jul 31 19:54:33.858307 np0000006266 nova-scheduler[96703]: DEBUG cotyledon.oslo_config_glue [-] oslo_messaging_metrics.metrics_thread_stop_timeout = 10 {{(pid=96703) log_opt_values /opt/stack/data/venv/lib/python3.12/site-packages/oslo_config/cfg.py:3253}}
Jul 31 19:54:33.858307 np0000006266 nova-scheduler[96703]: DEBUG cotyledon.oslo_config_glue [-] profiler.connection_string = messaging:// {{(pid=96703) log_opt_values /opt/stack/data/venv/lib/python3.12/site-packages/oslo_config/cfg.py:3253}}
Jul 31 19:54:33.858307 np0000006266 nova-scheduler[96703]: DEBUG cotyledon.oslo_config_glue [-] profiler.enabled = False {{(pid=96703) log_opt_values /opt/stack/data/venv/lib/python3.12/site-packages/oslo_config/cfg.py:3253}}
Jul 31 19:54:33.858307 np0000006266 nova-scheduler[96703]: DEBUG cotyledon.oslo_config_glue [-] profiler.es_doc_type = notification {{(pid=96703) log_opt_values /opt/stack/data/venv/lib/python3.12/site-packages/oslo_config/cfg.py:3253}}
Jul 31 19:54:33.858307 np0000006266 nova-scheduler[96703]: DEBUG cotyledon.oslo_config_glue [-] profiler.es_scroll_size = 10000 {{(pid=96703) log_opt_values /opt/stack/data/venv/lib/python3.12/site-packages/oslo_config/cfg.py:3253}}
Jul 31 19:54:33.858307 np0000006266 nova-scheduler[96703]: DEBUG cotyledon.oslo_config_glue [-] profiler.es_scroll_time = 2m {{(pid=96703) log_opt_values /opt/stack/data/venv/lib/python3.12/site-packages/oslo_config/cfg.py:3253}}
Jul 31 19:54:33.858307 np0000006266 nova-scheduler[96703]: DEBUG cotyledon.oslo_config_glue [-] profiler.filter_error_trace = False {{(pid=96703) log_opt_values /opt/stack/data/venv/lib/python3.12/site-packages/oslo_config/cfg.py:3253}}
Jul 31 19:54:33.858307 np0000006266 nova-scheduler[96703]: DEBUG cotyledon.oslo_config_glue [-] profiler.hmac_keys = **** {{(pid=96703) log_opt_values /opt/stack/data/venv/lib/python3.12/site-packages/oslo_config/cfg.py:3253}}
Jul 31 19:54:33.859128 np0000006266 nova-scheduler[96703]: DEBUG cotyledon.oslo_config_glue [-] profiler.sentinel_service_name = mymaster {{(pid=96703) log_opt_values /opt/stack/data/venv/lib/python3.12/site-packages/oslo_config/cfg.py:3253}}
Jul 31 19:54:33.859128 np0000006266 nova-scheduler[96703]: DEBUG cotyledon.oslo_config_glue [-] profiler.socket_timeout = 0.1 {{(pid=96703) log_opt_values /opt/stack/data/venv/lib/python3.12/site-packages/oslo_config/cfg.py:3253}}
Jul 31 19:54:33.859128 np0000006266 nova-scheduler[96703]: DEBUG cotyledon.oslo_config_glue [-] profiler.trace_requests = False {{(pid=96703) log_opt_values /opt/stack/data/venv/lib/python3.12/site-packages/oslo_config/cfg.py:3253}}
Jul 31 19:54:33.859128 np0000006266 nova-scheduler[96703]: DEBUG cotyledon.oslo_config_glue [-] profiler.trace_sqlalchemy = False {{(pid=96703) log_opt_values /opt/stack/data/venv/lib/python3.12/site-packages/oslo_config/cfg.py:3253}}
Jul 31 19:54:33.859128 np0000006266 nova-scheduler[96703]: DEBUG cotyledon.oslo_config_glue [-] profiler_jaeger.process_tags = {} {{(pid=96703) log_opt_values /opt/stack/data/venv/lib/python3.12/site-packages/oslo_config/cfg.py:3253}}
Jul 31 19:54:33.859128 np0000006266 nova-scheduler[96703]: DEBUG cotyledon.oslo_config_glue [-] profiler_jaeger.service_name_prefix = None {{(pid=96703) log_opt_values /opt/stack/data/venv/lib/python3.12/site-packages/oslo_config/cfg.py:3253}}
Jul 31 19:54:33.859128 np0000006266 nova-scheduler[96703]: DEBUG cotyledon.oslo_config_glue [-] profiler_otlp.service_name_prefix = None {{(pid=96703) log_opt_values /opt/stack/data/venv/lib/python3.12/site-packages/oslo_config/cfg.py:3253}}
Jul 31 19:54:33.859128 np0000006266 nova-scheduler[96703]: DEBUG cotyledon.oslo_config_glue [-] oslo_messaging_rabbit.amqp_auto_delete = False {{(pid=96703) log_opt_values /opt/stack/data/venv/lib/python3.12/site-packages/oslo_config/cfg.py:3253}}
Jul 31 19:54:33.859128 np0000006266 nova-scheduler[96703]: DEBUG cotyledon.oslo_config_glue [-] oslo_messaging_rabbit.amqp_durable_queues = False {{(pid=96703) log_opt_values /opt/stack/data/venv/lib/python3.12/site-packages/oslo_config/cfg.py:3253}}
Jul 31 19:54:33.859381 np0000006266 nova-scheduler[96703]: DEBUG cotyledon.oslo_config_glue [-] oslo_messaging_rabbit.conn_pool_min_size = 2 {{(pid=96703) log_opt_values /opt/stack/data/venv/lib/python3.12/site-packages/oslo_config/cfg.py:3253}}
Jul 31 19:54:33.859381 np0000006266 nova-scheduler[96703]: DEBUG cotyledon.oslo_config_glue [-] oslo_messaging_rabbit.conn_pool_ttl = 1200 {{(pid=96703) log_opt_values /opt/stack/data/venv/lib/python3.12/site-packages/oslo_config/cfg.py:3253}}
Jul 31 19:54:33.859381 np0000006266 nova-scheduler[96703]: DEBUG cotyledon.oslo_config_glue [-] oslo_messaging_rabbit.direct_mandatory_flag = True {{(pid=96703) log_opt_values /opt/stack/data/venv/lib/python3.12/site-packages/oslo_config/cfg.py:3253}}
Jul 31 19:54:33.859381 np0000006266 nova-scheduler[96703]: DEBUG cotyledon.oslo_config_glue [-] oslo_messaging_rabbit.enable_cancel_on_failover = False {{(pid=96703) log_opt_values /opt/stack/data/venv/lib/python3.12/site-packages/oslo_config/cfg.py:3253}}
Jul 31 19:54:33.859381 np0000006266 nova-scheduler[96703]: DEBUG cotyledon.oslo_config_glue [-] oslo_messaging_rabbit.heartbeat_rate = 3 {{(pid=96703) log_opt_values /opt/stack/data/venv/lib/python3.12/site-packages/oslo_config/cfg.py:3253}}
Jul 31 19:54:33.859381 np0000006266 nova-scheduler[96703]: DEBUG cotyledon.oslo_config_glue [-] oslo_messaging_rabbit.heartbeat_timeout_threshold = 60 {{(pid=96703) log_opt_values /opt/stack/data/venv/lib/python3.12/site-packages/oslo_config/cfg.py:3253}}
Jul 31 19:54:33.859381 np0000006266 nova-scheduler[96703]: DEBUG cotyledon.oslo_config_glue [-] oslo_messaging_rabbit.hostname = np0000006266 {{(pid=96703) log_opt_values /opt/stack/data/venv/lib/python3.12/site-packages/oslo_config/cfg.py:3253}}
Jul 31 19:54:33.859381 np0000006266 nova-scheduler[96703]: DEBUG cotyledon.oslo_config_glue [-] oslo_messaging_rabbit.kombu_compression = None {{(pid=96703) log_opt_values /opt/stack/data/venv/lib/python3.12/site-packages/oslo_config/cfg.py:3253}}
Jul 31 19:54:33.859381 np0000006266 nova-scheduler[96703]: DEBUG cotyledon.oslo_config_glue [-] oslo_messaging_rabbit.kombu_failover_strategy = round-robin {{(pid=96703) log_opt_values /opt/stack/data/venv/lib/python3.12/site-packages/oslo_config/cfg.py:3253}}
Jul 31 19:54:33.859581 np0000006266 nova-scheduler[96703]: DEBUG cotyledon.oslo_config_glue [-] oslo_messaging_rabbit.kombu_missing_consumer_retry_timeout = 60 {{(pid=96703) log_opt_values /opt/stack/data/venv/lib/python3.12/site-packages/oslo_config/cfg.py:3253}}
Jul 31 19:54:33.859581 np0000006266 nova-scheduler[96703]: DEBUG cotyledon.oslo_config_glue [-] oslo_messaging_rabbit.kombu_reconnect_delay = 1.0 {{(pid=96703) log_opt_values /opt/stack/data/venv/lib/python3.12/site-packages/oslo_config/cfg.py:3253}}
Jul 31 19:54:33.859581 np0000006266 nova-scheduler[96703]: DEBUG cotyledon.oslo_config_glue [-] oslo_messaging_rabbit.kombu_reconnect_splay = 0.0 {{(pid=96703) log_opt_values /opt/stack/data/venv/lib/python3.12/site-packages/oslo_config/cfg.py:3253}}
Jul 31 19:54:33.859581 np0000006266 nova-scheduler[96703]: DEBUG cotyledon.oslo_config_glue [-] oslo_messaging_rabbit.processname = nova-scheduler {{(pid=96703) log_opt_values /opt/stack/data/venv/lib/python3.12/site-packages/oslo_config/cfg.py:3253}}
Jul 31 19:54:33.859581 np0000006266 nova-scheduler[96703]: DEBUG cotyledon.oslo_config_glue [-] oslo_messaging_rabbit.rabbit_ha_queues = False {{(pid=96703) log_opt_values /opt/stack/data/venv/lib/python3.12/site-packages/oslo_config/cfg.py:3253}}
Jul 31 19:54:33.859581 np0000006266 nova-scheduler[96703]: DEBUG cotyledon.oslo_config_glue [-] oslo_messaging_rabbit.rabbit_interval_max = 30 {{(pid=96703) log_opt_values /opt/stack/data/venv/lib/python3.12/site-packages/oslo_config/cfg.py:3253}}
Jul 31 19:54:33.859581 np0000006266 nova-scheduler[96703]: DEBUG cotyledon.oslo_config_glue [-] oslo_messaging_rabbit.rabbit_login_method = AMQPLAIN {{(pid=96703) log_opt_values /opt/stack/data/venv/lib/python3.12/site-packages/oslo_config/cfg.py:3253}}
Jul 31 19:54:33.859581 np0000006266 nova-scheduler[96703]: DEBUG cotyledon.oslo_config_glue [-] oslo_messaging_rabbit.rabbit_qos_prefetch_count = 0 {{(pid=96703) log_opt_values /opt/stack/data/venv/lib/python3.12/site-packages/oslo_config/cfg.py:3253}}
Jul 31 19:54:33.859581 np0000006266 nova-scheduler[96703]: DEBUG cotyledon.oslo_config_glue [-] oslo_messaging_rabbit.rabbit_quorum_delivery_limit = 0 {{(pid=96703) log_opt_values /opt/stack/data/venv/lib/python3.12/site-packages/oslo_config/cfg.py:3253}}
Jul 31 19:54:33.859848 np0000006266 nova-scheduler[96703]: DEBUG cotyledon.oslo_config_glue [-] oslo_messaging_rabbit.rabbit_quorum_max_memory_bytes = 0 {{(pid=96703) log_opt_values /opt/stack/data/venv/lib/python3.12/site-packages/oslo_config/cfg.py:3253}}
Jul 31 19:54:33.859848 np0000006266 nova-scheduler[96703]: DEBUG cotyledon.oslo_config_glue [-] oslo_messaging_rabbit.rabbit_quorum_max_memory_length = 0 {{(pid=96703) log_opt_values /opt/stack/data/venv/lib/python3.12/site-packages/oslo_config/cfg.py:3253}}
Jul 31 19:54:33.859848 np0000006266 nova-scheduler[96703]: DEBUG cotyledon.oslo_config_glue [-] oslo_messaging_rabbit.rabbit_quorum_queue = False {{(pid=96703) log_opt_values /opt/stack/data/venv/lib/python3.12/site-packages/oslo_config/cfg.py:3253}}
Jul 31 19:54:33.859848 np0000006266 nova-scheduler[96703]: DEBUG cotyledon.oslo_config_glue [-] oslo_messaging_rabbit.rabbit_retry_backoff = 2 {{(pid=96703) log_opt_values /opt/stack/data/venv/lib/python3.12/site-packages/oslo_config/cfg.py:3253}}
Jul 31 19:54:33.859848 np0000006266 nova-scheduler[96703]: DEBUG cotyledon.oslo_config_glue [-] oslo_messaging_rabbit.rabbit_retry_interval = 1 {{(pid=96703) log_opt_values /opt/stack/data/venv/lib/python3.12/site-packages/oslo_config/cfg.py:3253}}
Jul 31 19:54:33.859848 np0000006266 nova-scheduler[96703]: DEBUG cotyledon.oslo_config_glue [-] oslo_messaging_rabbit.rabbit_stream_fanout = False {{(pid=96703) log_opt_values /opt/stack/data/venv/lib/python3.12/site-packages/oslo_config/cfg.py:3253}}
Jul 31 19:54:33.859848 np0000006266 nova-scheduler[96703]: DEBUG cotyledon.oslo_config_glue [-] oslo_messaging_rabbit.rabbit_transient_queues_ttl = 1800 {{(pid=96703) log_opt_values /opt/stack/data/venv/lib/python3.12/site-packages/oslo_config/cfg.py:3253}}
Jul 31 19:54:33.859848 np0000006266 nova-scheduler[96703]: DEBUG cotyledon.oslo_config_glue [-] oslo_messaging_rabbit.rabbit_transient_quorum_queue = False {{(pid=96703) log_opt_values /opt/stack/data/venv/lib/python3.12/site-packages/oslo_config/cfg.py:3253}}
Jul 31 19:54:33.860055 np0000006266 nova-scheduler[96703]: DEBUG cotyledon.oslo_config_glue [-] oslo_messaging_rabbit.rpc_conn_pool_size = 30 {{(pid=96703) log_opt_values /opt/stack/data/venv/lib/python3.12/site-packages/oslo_config/cfg.py:3253}}
Jul 31 19:54:33.860055 np0000006266 nova-scheduler[96703]: DEBUG cotyledon.oslo_config_glue [-] oslo_messaging_rabbit.ssl = False {{(pid=96703) log_opt_values /opt/stack/data/venv/lib/python3.12/site-packages/oslo_config/cfg.py:3253}}
Jul 31 19:54:33.860055 np0000006266 nova-scheduler[96703]: DEBUG cotyledon.oslo_config_glue [-] oslo_messaging_rabbit.ssl_ca_file = {{(pid=96703) log_opt_values /opt/stack/data/venv/lib/python3.12/site-packages/oslo_config/cfg.py:3253}}
Jul 31 19:54:33.860055 np0000006266 nova-scheduler[96703]: DEBUG cotyledon.oslo_config_glue [-] oslo_messaging_rabbit.ssl_cert_file = {{(pid=96703) log_opt_values /opt/stack/data/venv/lib/python3.12/site-packages/oslo_config/cfg.py:3253}}
Jul 31 19:54:33.860055 np0000006266 nova-scheduler[96703]: DEBUG cotyledon.oslo_config_glue [-] oslo_messaging_rabbit.ssl_enforce_fips_mode = False {{(pid=96703) log_opt_values /opt/stack/data/venv/lib/python3.12/site-packages/oslo_config/cfg.py:3253}}
Jul 31 19:54:33.860055 np0000006266 nova-scheduler[96703]: DEBUG cotyledon.oslo_config_glue [-] oslo_messaging_rabbit.ssl_enforce_hostname_verification = True {{(pid=96703) log_opt_values /opt/stack/data/venv/lib/python3.12/site-packages/oslo_config/cfg.py:3253}}
Jul 31 19:54:33.860055 np0000006266 nova-scheduler[96703]: DEBUG cotyledon.oslo_config_glue [-] oslo_messaging_rabbit.ssl_key_file = {{(pid=96703) log_opt_values /opt/stack/data/venv/lib/python3.12/site-packages/oslo_config/cfg.py:3253}}
Jul 31 19:54:33.860055 np0000006266 nova-scheduler[96703]: DEBUG cotyledon.oslo_config_glue [-] oslo_messaging_rabbit.ssl_version = {{(pid=96703) log_opt_values /opt/stack/data/venv/lib/python3.12/site-packages/oslo_config/cfg.py:3253}}
Jul 31 19:54:33.860055 np0000006266 nova-scheduler[96703]: DEBUG cotyledon.oslo_config_glue [-] oslo_messaging_rabbit.use_queue_manager = False {{(pid=96703) log_opt_values /opt/stack/data/venv/lib/python3.12/site-packages/oslo_config/cfg.py:3253}}
Jul 31 19:54:33.860262 np0000006266 nova-scheduler[96703]: DEBUG cotyledon.oslo_config_glue [-] oslo_messaging_notifications.driver = ['messagingv2'] {{(pid=96703) log_opt_values /opt/stack/data/venv/lib/python3.12/site-packages/oslo_config/cfg.py:3253}}
Jul 31 19:54:33.860262 np0000006266 nova-scheduler[96703]: DEBUG cotyledon.oslo_config_glue [-] oslo_messaging_notifications.retry = -1 {{(pid=96703) log_opt_values /opt/stack/data/venv/lib/python3.12/site-packages/oslo_config/cfg.py:3253}}
Jul 31 19:54:33.860262 np0000006266 nova-scheduler[96703]: DEBUG cotyledon.oslo_config_glue [-] oslo_messaging_notifications.topics = ['notifications'] {{(pid=96703) log_opt_values /opt/stack/data/venv/lib/python3.12/site-packages/oslo_config/cfg.py:3253}}
Jul 31 19:54:33.860262 np0000006266 nova-scheduler[96703]: DEBUG cotyledon.oslo_config_glue [-] oslo_messaging_notifications.transport_url = **** {{(pid=96703) log_opt_values /opt/stack/data/venv/lib/python3.12/site-packages/oslo_config/cfg.py:3253}}
Jul 31 19:54:33.860262 np0000006266 nova-scheduler[96703]: DEBUG cotyledon.oslo_config_glue [-] oslo_limit.auth_section = None {{(pid=96703) log_opt_values /opt/stack/data/venv/lib/python3.12/site-packages/oslo_config/cfg.py:3253}}
Jul 31 19:54:33.860262 np0000006266 nova-scheduler[96703]: DEBUG cotyledon.oslo_config_glue [-] oslo_limit.auth_type = None {{(pid=96703) log_opt_values /opt/stack/data/venv/lib/python3.12/site-packages/oslo_config/cfg.py:3253}}
Jul 31 19:54:33.860262 np0000006266 nova-scheduler[96703]: DEBUG cotyledon.oslo_config_glue [-] oslo_limit.cafile = None {{(pid=96703) log_opt_values /opt/stack/data/venv/lib/python3.12/site-packages/oslo_config/cfg.py:3253}}
Jul 31 19:54:33.860262 np0000006266 nova-scheduler[96703]: DEBUG cotyledon.oslo_config_glue [-] oslo_limit.certfile = None {{(pid=96703) log_opt_values /opt/stack/data/venv/lib/python3.12/site-packages/oslo_config/cfg.py:3253}}
Jul 31 19:54:33.860262 np0000006266 nova-scheduler[96703]: DEBUG cotyledon.oslo_config_glue [-] oslo_limit.collect_timing = False {{(pid=96703) log_opt_values /opt/stack/data/venv/lib/python3.12/site-packages/oslo_config/cfg.py:3253}}
Jul 31 19:54:33.860461 np0000006266 nova-scheduler[96703]: DEBUG cotyledon.oslo_config_glue [-] oslo_limit.connect_retries = None {{(pid=96703) log_opt_values /opt/stack/data/venv/lib/python3.12/site-packages/oslo_config/cfg.py:3253}}
Jul 31 19:54:33.860461 np0000006266 nova-scheduler[96703]: DEBUG cotyledon.oslo_config_glue [-] oslo_limit.connect_retry_delay = None {{(pid=96703) log_opt_values /opt/stack/data/venv/lib/python3.12/site-packages/oslo_config/cfg.py:3253}}
Jul 31 19:54:33.860461 np0000006266 nova-scheduler[96703]: DEBUG cotyledon.oslo_config_glue [-] oslo_limit.endpoint_id = None {{(pid=96703) log_opt_values /opt/stack/data/venv/lib/python3.12/site-packages/oslo_config/cfg.py:3253}}
Jul 31 19:54:33.860461 np0000006266 nova-scheduler[96703]: DEBUG cotyledon.oslo_config_glue [-] oslo_limit.endpoint_interface = public {{(pid=96703) log_opt_values /opt/stack/data/venv/lib/python3.12/site-packages/oslo_config/cfg.py:3253}}
Jul 31 19:54:33.860461 np0000006266 nova-scheduler[96703]: DEBUG cotyledon.oslo_config_glue [-] oslo_limit.endpoint_override = None {{(pid=96703) log_opt_values /opt/stack/data/venv/lib/python3.12/site-packages/oslo_config/cfg.py:3253}}
Jul 31 19:54:33.860461 np0000006266 nova-scheduler[96703]: DEBUG cotyledon.oslo_config_glue [-] oslo_limit.endpoint_region_name = None {{(pid=96703) log_opt_values /opt/stack/data/venv/lib/python3.12/site-packages/oslo_config/cfg.py:3253}}
Jul 31 19:54:33.860461 np0000006266 nova-scheduler[96703]: DEBUG cotyledon.oslo_config_glue [-] oslo_limit.endpoint_service_name = None {{(pid=96703) log_opt_values /opt/stack/data/venv/lib/python3.12/site-packages/oslo_config/cfg.py:3253}}
Jul 31 19:54:33.860615 np0000006266 nova-scheduler[96705]: INFO dbcounter [None req-eded1375-bee0-463f-bf91-ca9bbe355498 None None] Registered counter for database nova_cell0
Jul 31 19:54:33.860648 np0000006266 nova-scheduler[96703]: DEBUG cotyledon.oslo_config_glue [-] oslo_limit.endpoint_service_type = None {{(pid=96703) log_opt_values /opt/stack/data/venv/lib/python3.12/site-packages/oslo_config/cfg.py:3253}}
Jul 31 19:54:33.860648 np0000006266 nova-scheduler[96703]: DEBUG cotyledon.oslo_config_glue [-] oslo_limit.insecure = False {{(pid=96703) log_opt_values /opt/stack/data/venv/lib/python3.12/site-packages/oslo_config/cfg.py:3253}}
Jul 31 19:54:33.860648 np0000006266 nova-scheduler[96703]: DEBUG cotyledon.oslo_config_glue [-] oslo_limit.keyfile = None {{(pid=96703) log_opt_values /opt/stack/data/venv/lib/python3.12/site-packages/oslo_config/cfg.py:3253}}
Jul 31 19:54:33.860648 np0000006266 nova-scheduler[96703]: DEBUG cotyledon.oslo_config_glue [-] oslo_limit.max_version = None {{(pid=96703) log_opt_values /opt/stack/data/venv/lib/python3.12/site-packages/oslo_config/cfg.py:3253}}
Jul 31 19:54:33.860648 np0000006266 nova-scheduler[96703]: DEBUG cotyledon.oslo_config_glue [-] oslo_limit.min_version = None {{(pid=96703) log_opt_values /opt/stack/data/venv/lib/python3.12/site-packages/oslo_config/cfg.py:3253}}
Jul 31 19:54:33.860648 np0000006266 nova-scheduler[96703]: DEBUG cotyledon.oslo_config_glue [-] oslo_limit.region_name = None {{(pid=96703) log_opt_values /opt/stack/data/venv/lib/python3.12/site-packages/oslo_config/cfg.py:3253}}
Jul 31 19:54:33.860648 np0000006266 nova-scheduler[96703]: DEBUG cotyledon.oslo_config_glue [-] oslo_limit.retriable_status_codes = None {{(pid=96703) log_opt_values /opt/stack/data/venv/lib/python3.12/site-packages/oslo_config/cfg.py:3253}}
Jul 31 19:54:33.860648 np0000006266 nova-scheduler[96703]: DEBUG cotyledon.oslo_config_glue [-] oslo_limit.service_name = None {{(pid=96703) log_opt_values /opt/stack/data/venv/lib/python3.12/site-packages/oslo_config/cfg.py:3253}}
Jul 31 19:54:33.860648 np0000006266 nova-scheduler[96703]: DEBUG cotyledon.oslo_config_glue [-] oslo_limit.service_type = None {{(pid=96703) log_opt_values /opt/stack/data/venv/lib/python3.12/site-packages/oslo_config/cfg.py:3253}}
Jul 31 19:54:33.860812 np0000006266 nova-scheduler[96703]: DEBUG cotyledon.oslo_config_glue [-] oslo_limit.split_loggers = False {{(pid=96703) log_opt_values /opt/stack/data/venv/lib/python3.12/site-packages/oslo_config/cfg.py:3253}}
Jul 31 19:54:33.860812 np0000006266 nova-scheduler[96703]: DEBUG cotyledon.oslo_config_glue [-] oslo_limit.status_code_retries = None {{(pid=96703) log_opt_values /opt/stack/data/venv/lib/python3.12/site-packages/oslo_config/cfg.py:3253}}
Jul 31 19:54:33.860812 np0000006266 nova-scheduler[96703]: DEBUG cotyledon.oslo_config_glue [-] oslo_limit.status_code_retry_delay = None {{(pid=96703) log_opt_values /opt/stack/data/venv/lib/python3.12/site-packages/oslo_config/cfg.py:3253}}
Jul 31 19:54:33.860812 np0000006266 nova-scheduler[96703]: DEBUG cotyledon.oslo_config_glue [-] oslo_limit.timeout = None {{(pid=96703) log_opt_values /opt/stack/data/venv/lib/python3.12/site-packages/oslo_config/cfg.py:3253}}
Jul 31 19:54:33.860812 np0000006266 nova-scheduler[96703]: DEBUG cotyledon.oslo_config_glue [-] oslo_limit.valid_interfaces = None {{(pid=96703) log_opt_values /opt/stack/data/venv/lib/python3.12/site-packages/oslo_config/cfg.py:3253}}
Jul 31 19:54:33.860812 np0000006266 nova-scheduler[96703]: DEBUG cotyledon.oslo_config_glue [-] oslo_limit.version = None {{(pid=96703) log_opt_values /opt/stack/data/venv/lib/python3.12/site-packages/oslo_config/cfg.py:3253}}
Jul 31 19:54:33.860812 np0000006266 nova-scheduler[96703]: DEBUG cotyledon.oslo_config_glue [-] oslo_reports.file_event_handler = None {{(pid=96703) log_opt_values /opt/stack/data/venv/lib/python3.12/site-packages/oslo_config/cfg.py:3253}}
Jul 31 19:54:33.860812 np0000006266 nova-scheduler[96703]: DEBUG cotyledon.oslo_config_glue [-] oslo_reports.file_event_handler_interval = 1 {{(pid=96703) log_opt_values /opt/stack/data/venv/lib/python3.12/site-packages/oslo_config/cfg.py:3253}}
Jul 31 19:54:33.860812 np0000006266 nova-scheduler[96703]: DEBUG cotyledon.oslo_config_glue [-] oslo_reports.log_dir = None {{(pid=96703) log_opt_values /opt/stack/data/venv/lib/python3.12/site-packages/oslo_config/cfg.py:3253}}
Jul 31 19:54:33.861027 np0000006266 nova-scheduler[96703]: DEBUG cotyledon.oslo_config_glue [-] ******************************************************************************** {{(pid=96703) log_opt_values /opt/stack/data/venv/lib/python3.12/site-packages/oslo_config/cfg.py:3260}}
Jul 31 19:54:33.861027 np0000006266 nova-scheduler[96703]: DEBUG cotyledon._service_worker [-] Run service ServiceWrapper(2) [96703] {{(pid=96703) wait_forever /opt/stack/data/venv/lib/python3.12/site-packages/cotyledon/_service_worker.py:218}}
Jul 31 19:54:33.861027 np0000006266 nova-scheduler[96703]: INFO nova.service [-] Starting scheduler node (version 33.1.0)
Jul 31 19:54:33.861027 np0000006266 nova-scheduler[96703]: INFO dbcounter [None req-ddb81863-82ab-4632-a840-a57d67fe5f93 None None] Registered counter for database nova_cell0
Jul 31 19:54:33.861112 np0000006266 nova-scheduler[96699]: DEBUG oslo_db.sqlalchemy.engines [None req-d5ee4226-5135-406c-b2d4-f49df2299a39 None None] MySQL server mode set to STRICT_TRANS_TABLES,STRICT_ALL_TABLES,NO_ZERO_IN_DATE,NO_ZERO_DATE,ERROR_FOR_DIVISION_BY_ZERO,TRADITIONAL,NO_ENGINE_SUBSTITUTION {{(pid=96699) _check_effective_sql_mode /opt/stack/data/venv/lib/python3.12/site-packages/oslo_db/sqlalchemy/engines.py:325}}
Jul 31 19:54:33.861112 np0000006266 nova-scheduler[96699]: DEBUG dbcounter [-] [96699] Writer thread running {{(pid=96699) stat_writer /opt/stack/data/venv/lib/python3.12/site-packages/dbcounter.py:102}}
Jul 31 19:54:33.861159 np0000006266 nova-scheduler[96701]: DEBUG oslo_db.sqlalchemy.engines [None req-e9853f1d-1f81-4508-aac7-e978756efd87 None None] MySQL server mode set to STRICT_TRANS_TABLES,STRICT_ALL_TABLES,NO_ZERO_IN_DATE,NO_ZERO_DATE,ERROR_FOR_DIVISION_BY_ZERO,TRADITIONAL,NO_ENGINE_SUBSTITUTION {{(pid=96701) _check_effective_sql_mode /opt/stack/data/venv/lib/python3.12/site-packages/oslo_db/sqlalchemy/engines.py:325}}
Jul 31 19:54:33.861159 np0000006266 nova-scheduler[96701]: DEBUG dbcounter [-] [96701] Writer thread running {{(pid=96701) stat_writer /opt/stack/data/venv/lib/python3.12/site-packages/dbcounter.py:102}}
Jul 31 19:54:33.861754 np0000006266 nova-scheduler[96699]: DEBUG nova.service [None req-d5ee4226-5135-406c-b2d4-f49df2299a39 None None] Creating RPC server for service: nova-scheduler on topic: scheduler {{(pid=96699) start /opt/stack/nova/nova/service.py:196}}
Jul 31 19:54:33.874840 np0000006266 nova-scheduler[96701]: DEBUG nova.service [None req-e9853f1d-1f81-4508-aac7-e978756efd87 None None] Creating RPC server for service: nova-scheduler on topic: scheduler {{(pid=96701) start /opt/stack/nova/nova/service.py:196}}
Jul 31 19:54:33.875035 np0000006266 nova-scheduler[96703]: DEBUG oslo_db.sqlalchemy.engines [None req-ddb81863-82ab-4632-a840-a57d67fe5f93 None None] MySQL server mode set to STRICT_TRANS_TABLES,STRICT_ALL_TABLES,NO_ZERO_IN_DATE,NO_ZERO_DATE,ERROR_FOR_DIVISION_BY_ZERO,TRADITIONAL,NO_ENGINE_SUBSTITUTION {{(pid=96703) _check_effective_sql_mode /opt/stack/data/venv/lib/python3.12/site-packages/oslo_db/sqlalchemy/engines.py:325}}
Jul 31 19:54:33.878912 np0000006266 nova-scheduler[96705]: DEBUG oslo_db.sqlalchemy.engines [None req-eded1375-bee0-463f-bf91-ca9bbe355498 None None] MySQL server mode set to STRICT_TRANS_TABLES,STRICT_ALL_TABLES,NO_ZERO_IN_DATE,NO_ZERO_DATE,ERROR_FOR_DIVISION_BY_ZERO,TRADITIONAL,NO_ENGINE_SUBSTITUTION {{(pid=96705) _check_effective_sql_mode /opt/stack/data/venv/lib/python3.12/site-packages/oslo_db/sqlalchemy/engines.py:325}}
Jul 31 19:54:33.888525 np0000006266 nova-scheduler[96703]: DEBUG dbcounter [-] [96703] Writer thread running {{(pid=96703) stat_writer /opt/stack/data/venv/lib/python3.12/site-packages/dbcounter.py:102}}
Jul 31 19:54:33.893527 np0000006266 nova-scheduler[96705]: DEBUG dbcounter [-] [96705] Writer thread running {{(pid=96705) stat_writer /opt/stack/data/venv/lib/python3.12/site-packages/dbcounter.py:102}}
Jul 31 19:54:33.893646 np0000006266 nova-scheduler[96703]: DEBUG nova.service [None req-ddb81863-82ab-4632-a840-a57d67fe5f93 None None] Creating RPC server for service: nova-scheduler on topic: scheduler {{(pid=96703) start /opt/stack/nova/nova/service.py:196}}
Jul 31 19:54:33.897041 np0000006266 nova-scheduler[96705]: DEBUG nova.service [None req-eded1375-bee0-463f-bf91-ca9bbe355498 None None] Creating RPC server for service: nova-scheduler on topic: scheduler {{(pid=96705) start /opt/stack/nova/nova/service.py:196}}
Jul 31 19:54:33.905120 np0000006266 nova-scheduler[96699]: DEBUG nova.service [None req-d5ee4226-5135-406c-b2d4-f49df2299a39 None None] Join ServiceGroup membership for this service scheduler {{(pid=96699) start /opt/stack/nova/nova/service.py:222}}
Jul 31 19:54:33.905325 np0000006266 nova-scheduler[96699]: DEBUG nova.servicegroup.drivers.db [None req-d5ee4226-5135-406c-b2d4-f49df2299a39 None None] DB_Driver: join new ServiceGroup member np0000006266 to the scheduler group, service = {{(pid=96699) join /opt/stack/nova/nova/servicegroup/drivers/db.py:44}}
Jul 31 19:54:33.911166 np0000006266 nova-scheduler[96701]: DEBUG nova.service [None req-e9853f1d-1f81-4508-aac7-e978756efd87 None None] Join ServiceGroup membership for this service scheduler {{(pid=96701) start /opt/stack/nova/nova/service.py:222}}
Jul 31 19:54:33.911322 np0000006266 nova-scheduler[96703]: DEBUG nova.service [None req-ddb81863-82ab-4632-a840-a57d67fe5f93 None None] Join ServiceGroup membership for this service scheduler {{(pid=96703) start /opt/stack/nova/nova/service.py:222}}
Jul 31 19:54:33.911367 np0000006266 nova-scheduler[96701]: DEBUG nova.servicegroup.drivers.db [None req-e9853f1d-1f81-4508-aac7-e978756efd87 None None] DB_Driver: join new ServiceGroup member np0000006266 to the scheduler group, service = {{(pid=96701) join /opt/stack/nova/nova/servicegroup/drivers/db.py:44}}
Jul 31 19:54:33.911433 np0000006266 nova-scheduler[96703]: DEBUG nova.servicegroup.drivers.db [None req-ddb81863-82ab-4632-a840-a57d67fe5f93 None None] DB_Driver: join new ServiceGroup member np0000006266 to the scheduler group, service = {{(pid=96703) join /opt/stack/nova/nova/servicegroup/drivers/db.py:44}}
Jul 31 19:54:33.915598 np0000006266 nova-scheduler[96705]: DEBUG nova.service [None req-eded1375-bee0-463f-bf91-ca9bbe355498 None None] Join ServiceGroup membership for this service scheduler {{(pid=96705) start /opt/stack/nova/nova/service.py:222}}
Jul 31 19:54:33.915836 np0000006266 nova-scheduler[96705]: DEBUG nova.servicegroup.drivers.db [None req-eded1375-bee0-463f-bf91-ca9bbe355498 None None] DB_Driver: join new ServiceGroup member np0000006266 to the scheduler group, service = {{(pid=96705) join /opt/stack/nova/nova/servicegroup/drivers/db.py:44}}
Jul 31 19:54:36.907364 np0000006266 nova-scheduler[96699]: DEBUG oslo.service.backend._threading.loopingcall [None req-a9b88b98-ea30-4d50-a721-e57774e89e80 None None] Dynamic interval looping call 'nova.service.Service.periodic_tasks' sleeping for 60.00 seconds {{(pid=96699) _run_loop /opt/stack/data/venv/lib/python3.12/site-packages/oslo_service/backend/_threading/loopingcall.py:125}}
Jul 31 19:54:38.922022 np0000006266 nova-scheduler[96699]: DEBUG oslo.service.backend._threading.loopingcall [-] Fixed interval looping call 'nova.servicegroup.drivers.db.DbDriver._report_state' sleeping for 119.99 seconds {{(pid=96699) _run_loop /opt/stack/data/venv/lib/python3.12/site-packages/oslo_service/backend/_threading/loopingcall.py:125}}
Jul 31 19:54:38.922782 np0000006266 nova-scheduler[96701]: DEBUG oslo.service.backend._threading.loopingcall [-] Fixed interval looping call 'nova.servicegroup.drivers.db.DbDriver._report_state' sleeping for 119.99 seconds {{(pid=96701) _run_loop /opt/stack/data/venv/lib/python3.12/site-packages/oslo_service/backend/_threading/loopingcall.py:125}}
Jul 31 19:54:38.923649 np0000006266 nova-scheduler[96703]: DEBUG oslo.service.backend._threading.loopingcall [-] Fixed interval looping call 'nova.servicegroup.drivers.db.DbDriver._report_state' sleeping for 119.99 seconds {{(pid=96703) _run_loop /opt/stack/data/venv/lib/python3.12/site-packages/oslo_service/backend/_threading/loopingcall.py:125}}
Jul 31 19:54:38.928014 np0000006266 nova-scheduler[96705]: DEBUG oslo.service.backend._threading.loopingcall [-] Fixed interval looping call 'nova.servicegroup.drivers.db.DbDriver._report_state' sleeping for 119.99 seconds {{(pid=96705) _run_loop /opt/stack/data/venv/lib/python3.12/site-packages/oslo_service/backend/_threading/loopingcall.py:125}}
Jul 31 19:54:42.465174 np0000006266 nova-scheduler[95498]: DEBUG dbcounter [-] [95498] Writing DB stats nova_api:SELECT=3 {{(pid=95498) stat_writer /opt/stack/data/venv/lib/python3.12/site-packages/dbcounter.py:115}}
Jul 31 19:54:42.605204 np0000006266 nova-scheduler[95498]: DEBUG dbcounter [-] [95498] Writing DB stats nova_cell1:SELECT=1 {{(pid=95498) stat_writer /opt/stack/data/venv/lib/python3.12/site-packages/dbcounter.py:115}}
Jul 31 19:54:42.609026 np0000006266 nova-scheduler[95498]: DEBUG dbcounter [-] [95498] Writing DB stats nova_cell0:SELECT=1 {{(pid=95498) stat_writer /opt/stack/data/venv/lib/python3.12/site-packages/dbcounter.py:115}}
Jul 31 19:54:44.917797 np0000006266 nova-scheduler[96705]: DEBUG oslo.service.backend._threading.loopingcall [None req-a6cb3334-a7b0-4cd0-ad5d-9cbc1e40987b None None] Dynamic interval looping call 'nova.service.Service.periodic_tasks' sleeping for 60.00 seconds {{(pid=96705) _run_loop /opt/stack/data/venv/lib/python3.12/site-packages/oslo_service/backend/_threading/loopingcall.py:125}}
Jul 31 19:54:48.917379 np0000006266 nova-scheduler[96699]: DEBUG dbcounter [-] [96699] Writing DB stats nova_cell0:SELECT=4,nova_cell0:INSERT=1,nova_cell0:UPDATE=1 {{(pid=96699) stat_writer /opt/stack/data/venv/lib/python3.12/site-packages/dbcounter.py:115}}
Jul 31 19:54:48.920453 np0000006266 nova-scheduler[96701]: DEBUG dbcounter [-] [96701] Writing DB stats nova_cell0:SELECT=4,nova_cell0:INSERT=1,nova_cell0:UPDATE=1 {{(pid=96701) stat_writer /opt/stack/data/venv/lib/python3.12/site-packages/dbcounter.py:115}}
Jul 31 19:54:48.922219 np0000006266 nova-scheduler[96703]: DEBUG dbcounter [-] [96703] Writing DB stats nova_cell0:SELECT=3,nova_cell0:UPDATE=1 {{(pid=96703) stat_writer /opt/stack/data/venv/lib/python3.12/site-packages/dbcounter.py:115}}
Jul 31 19:54:48.924819 np0000006266 nova-scheduler[96705]: DEBUG dbcounter [-] [96705] Writing DB stats nova_cell0:SELECT=3 {{(pid=96705) stat_writer /opt/stack/data/venv/lib/python3.12/site-packages/dbcounter.py:115}}
Jul 31 19:54:52.914233 np0000006266 nova-scheduler[96701]: DEBUG oslo.service.backend._threading.loopingcall [None req-27c22d07-1881-446b-8dde-24b57d0f89ce None None] Dynamic interval looping call 'nova.service.Service.periodic_tasks' sleeping for 60.00 seconds {{(pid=96701) _run_loop /opt/stack/data/venv/lib/python3.12/site-packages/oslo_service/backend/_threading/loopingcall.py:125}}
Jul 31 19:55:31.913372 np0000006266 nova-scheduler[96703]: DEBUG oslo.service.backend._threading.loopingcall [None req-6099d3c0-6b30-439b-8c38-28f0c14dc3d9 None None] Dynamic interval looping call 'nova.service.Service.periodic_tasks' sleeping for 60.00 seconds {{(pid=96703) _run_loop /opt/stack/data/venv/lib/python3.12/site-packages/oslo_service/backend/_threading/loopingcall.py:125}}
Jul 31 19:55:36.908011 np0000006266 nova-scheduler[96699]: DEBUG oslo.service.backend._threading.loopingcall [None req-a9b88b98-ea30-4d50-a721-e57774e89e80 None None] Dynamic interval looping call 'nova.service.Service.periodic_tasks' sleeping for 60.00 seconds {{(pid=96699) _run_loop /opt/stack/data/venv/lib/python3.12/site-packages/oslo_service/backend/_threading/loopingcall.py:125}}
Jul 31 19:55:44.918296 np0000006266 nova-scheduler[96705]: DEBUG oslo.service.backend._threading.loopingcall [None req-a6cb3334-a7b0-4cd0-ad5d-9cbc1e40987b None None] Dynamic interval looping call 'nova.service.Service.periodic_tasks' sleeping for 60.00 seconds {{(pid=96705) _run_loop /opt/stack/data/venv/lib/python3.12/site-packages/oslo_service/backend/_threading/loopingcall.py:125}}
Jul 31 19:55:52.914702 np0000006266 nova-scheduler[96701]: DEBUG oslo.service.backend._threading.loopingcall [None req-27c22d07-1881-446b-8dde-24b57d0f89ce None None] Dynamic interval looping call 'nova.service.Service.periodic_tasks' sleeping for 60.00 seconds {{(pid=96701) _run_loop /opt/stack/data/venv/lib/python3.12/site-packages/oslo_service/backend/_threading/loopingcall.py:125}}
Jul 31 19:56:31.913962 np0000006266 nova-scheduler[96703]: DEBUG oslo.service.backend._threading.loopingcall [None req-6099d3c0-6b30-439b-8c38-28f0c14dc3d9 None None] Dynamic interval looping call 'nova.service.Service.periodic_tasks' sleeping for 60.00 seconds {{(pid=96703) _run_loop /opt/stack/data/venv/lib/python3.12/site-packages/oslo_service/backend/_threading/loopingcall.py:125}}
Jul 31 19:56:36.908527 np0000006266 nova-scheduler[96699]: DEBUG oslo.service.backend._threading.loopingcall [None req-a9b88b98-ea30-4d50-a721-e57774e89e80 None None] Dynamic interval looping call 'nova.service.Service.periodic_tasks' sleeping for 60.00 seconds {{(pid=96699) _run_loop /opt/stack/data/venv/lib/python3.12/site-packages/oslo_service/backend/_threading/loopingcall.py:125}}
Jul 31 19:56:38.919815 np0000006266 nova-scheduler[96701]: DEBUG oslo.service.backend._threading.loopingcall [-] Fixed interval looping call 'nova.servicegroup.drivers.db.DbDriver._report_state' sleeping for 119.99 seconds {{(pid=96701) _run_loop /opt/stack/data/venv/lib/python3.12/site-packages/oslo_service/backend/_threading/loopingcall.py:125}}
Jul 31 19:56:38.920253 np0000006266 nova-scheduler[96699]: DEBUG oslo.service.backend._threading.loopingcall [-] Fixed interval looping call 'nova.servicegroup.drivers.db.DbDriver._report_state' sleeping for 119.99 seconds {{(pid=96699) _run_loop /opt/stack/data/venv/lib/python3.12/site-packages/oslo_service/backend/_threading/loopingcall.py:125}}
Jul 31 19:56:38.920541 np0000006266 nova-scheduler[96703]: DEBUG oslo.service.backend._threading.loopingcall [-] Fixed interval looping call 'nova.servicegroup.drivers.db.DbDriver._report_state' sleeping for 119.99 seconds {{(pid=96703) _run_loop /opt/stack/data/venv/lib/python3.12/site-packages/oslo_service/backend/_threading/loopingcall.py:125}}
Jul 31 19:56:38.922609 np0000006266 nova-scheduler[96705]: DEBUG oslo.service.backend._threading.loopingcall [-] Fixed interval looping call 'nova.servicegroup.drivers.db.DbDriver._report_state' sleeping for 120.00 seconds {{(pid=96705) _run_loop /opt/stack/data/venv/lib/python3.12/site-packages/oslo_service/backend/_threading/loopingcall.py:125}}
Jul 31 19:56:44.921695 np0000006266 nova-scheduler[96705]: DEBUG oslo.service.backend._threading.loopingcall [None req-a6cb3334-a7b0-4cd0-ad5d-9cbc1e40987b None None] Dynamic interval looping call 'nova.service.Service.periodic_tasks' sleeping for 60.00 seconds {{(pid=96705) _run_loop /opt/stack/data/venv/lib/python3.12/site-packages/oslo_service/backend/_threading/loopingcall.py:125}}
Jul 31 19:56:48.916053 np0000006266 nova-scheduler[96701]: DEBUG dbcounter [-] [96701] Writing DB stats nova_cell0:SELECT=1,nova_cell0:UPDATE=1 {{(pid=96701) stat_writer /opt/stack/data/venv/lib/python3.12/site-packages/dbcounter.py:115}}
Jul 31 19:56:48.917378 np0000006266 nova-scheduler[96699]: DEBUG dbcounter [-] [96699] Writing DB stats nova_cell0:SELECT=1,nova_cell0:UPDATE=1 {{(pid=96699) stat_writer /opt/stack/data/venv/lib/python3.12/site-packages/dbcounter.py:115}}
Jul 31 19:56:48.917688 np0000006266 nova-scheduler[96703]: DEBUG dbcounter [-] [96703] Writing DB stats nova_cell0:SELECT=1,nova_cell0:UPDATE=1 {{(pid=96703) stat_writer /opt/stack/data/venv/lib/python3.12/site-packages/dbcounter.py:115}}
Jul 31 19:56:48.920478 np0000006266 nova-scheduler[96705]: DEBUG dbcounter [-] [96705] Writing DB stats nova_cell0:SELECT=1 {{(pid=96705) stat_writer /opt/stack/data/venv/lib/python3.12/site-packages/dbcounter.py:115}}
Jul 31 19:56:52.915459 np0000006266 nova-scheduler[96701]: DEBUG oslo.service.backend._threading.loopingcall [None req-27c22d07-1881-446b-8dde-24b57d0f89ce None None] Dynamic interval looping call 'nova.service.Service.periodic_tasks' sleeping for 60.00 seconds {{(pid=96701) _run_loop /opt/stack/data/venv/lib/python3.12/site-packages/oslo_service/backend/_threading/loopingcall.py:125}}
Jul 31 19:56:57.537213 np0000006266 nova-scheduler[96699]: DEBUG nova.scheduler.manager [None req-1680a3ca-7b9c-4b12-9ad6-8a93ef942794 tempest-DeleteServersTestJSON-1477268198 tempest-DeleteServersTestJSON-1477268198-project-member] Starting to schedule for instances: ['4d3be558-6988-42ad-afb8-c67b86b7084e'] {{(pid=96699) select_destinations /opt/stack/nova/nova/scheduler/manager.py:209}}
Jul 31 19:56:57.537802 np0000006266 nova-scheduler[96699]: DEBUG nova.scheduler.request_filter [None req-1680a3ca-7b9c-4b12-9ad6-8a93ef942794 tempest-DeleteServersTestJSON-1477268198 tempest-DeleteServersTestJSON-1477268198-project-member] compute_status_filter request filter added forbidden trait COMPUTE_STATUS_DISABLED {{(pid=96699) compute_status_filter /opt/stack/nova/nova/scheduler/request_filter.py:253}}
Jul 31 19:56:57.537872 np0000006266 nova-scheduler[96699]: DEBUG nova.scheduler.request_filter [None req-1680a3ca-7b9c-4b12-9ad6-8a93ef942794 tempest-DeleteServersTestJSON-1477268198 tempest-DeleteServersTestJSON-1477268198-project-member] Request filter 'compute_status_filter' took 0.0 seconds {{(pid=96699) wrapper /opt/stack/nova/nova/scheduler/request_filter.py:46}}
Jul 31 19:56:57.538085 np0000006266 nova-scheduler[96699]: DEBUG nova.scheduler.request_filter [None req-1680a3ca-7b9c-4b12-9ad6-8a93ef942794 tempest-DeleteServersTestJSON-1477268198 tempest-DeleteServersTestJSON-1477268198-project-member] Request filter 'accelerators_filter' took 0.0 seconds {{(pid=96699) wrapper /opt/stack/nova/nova/scheduler/request_filter.py:46}}
Jul 31 19:56:57.538387 np0000006266 nova-scheduler[96699]: DEBUG nova.scheduler.request_filter [None req-1680a3ca-7b9c-4b12-9ad6-8a93ef942794 tempest-DeleteServersTestJSON-1477268198 tempest-DeleteServersTestJSON-1477268198-project-member] Request filter 'packed_virtqueue_filter' took 0.0 seconds {{(pid=96699) wrapper /opt/stack/nova/nova/scheduler/request_filter.py:46}}
Jul 31 19:56:57.538551 np0000006266 nova-scheduler[96699]: DEBUG nova.scheduler.request_filter [None req-1680a3ca-7b9c-4b12-9ad6-8a93ef942794 tempest-DeleteServersTestJSON-1477268198 tempest-DeleteServersTestJSON-1477268198-project-member] Request filter 'remote_managed_ports_filter' took 0.0 seconds {{(pid=96699) wrapper /opt/stack/nova/nova/scheduler/request_filter.py:46}}
Jul 31 19:56:57.538764 np0000006266 nova-scheduler[96699]: DEBUG nova.scheduler.request_filter [None req-1680a3ca-7b9c-4b12-9ad6-8a93ef942794 tempest-DeleteServersTestJSON-1477268198 tempest-DeleteServersTestJSON-1477268198-project-member] ephemeral_encryption_filter skipped {{(pid=96699) ephemeral_encryption_filter /opt/stack/nova/nova/scheduler/request_filter.py:426}}
Jul 31 19:56:57.538858 np0000006266 nova-scheduler[96699]: DEBUG nova.scheduler.request_filter [None req-1680a3ca-7b9c-4b12-9ad6-8a93ef942794 tempest-DeleteServersTestJSON-1477268198 tempest-DeleteServersTestJSON-1477268198-project-member] virtio_sound_filter skipped {{(pid=96699) virtio_sound_filter /opt/stack/nova/nova/scheduler/request_filter.py:460}}
Jul 31 19:56:57.538962 np0000006266 nova-scheduler[96699]: DEBUG nova.scheduler.request_filter [None req-1680a3ca-7b9c-4b12-9ad6-8a93ef942794 tempest-DeleteServersTestJSON-1477268198 tempest-DeleteServersTestJSON-1477268198-project-member] tpm_secret_security_filter skipped {{(pid=96699) tpm_secret_security_filter /opt/stack/nova/nova/scheduler/request_filter.py:477}}
Jul 31 19:56:57.703296 np0000006266 nova-scheduler[96701]: DEBUG nova.scheduler.manager [None req-02156ed4-22cc-4377-8c93-20b5a0020d0c tempest-ServerStableDeviceRescueTest-692926417 tempest-ServerStableDeviceRescueTest-692926417-project-member] Starting to schedule for instances: ['4bba5cfc-47b7-4d2d-9e35-b6267fd91580'] {{(pid=96701) select_destinations /opt/stack/nova/nova/scheduler/manager.py:209}}
Jul 31 19:56:57.703694 np0000006266 nova-scheduler[96701]: DEBUG nova.scheduler.request_filter [None req-02156ed4-22cc-4377-8c93-20b5a0020d0c tempest-ServerStableDeviceRescueTest-692926417 tempest-ServerStableDeviceRescueTest-692926417-project-member] compute_status_filter request filter added forbidden trait COMPUTE_STATUS_DISABLED {{(pid=96701) compute_status_filter /opt/stack/nova/nova/scheduler/request_filter.py:253}}
Jul 31 19:56:57.703694 np0000006266 nova-scheduler[96701]: DEBUG nova.scheduler.request_filter [None req-02156ed4-22cc-4377-8c93-20b5a0020d0c tempest-ServerStableDeviceRescueTest-692926417 tempest-ServerStableDeviceRescueTest-692926417-project-member] Request filter 'compute_status_filter' took 0.0 seconds {{(pid=96701) wrapper /opt/stack/nova/nova/scheduler/request_filter.py:46}}
Jul 31 19:56:57.703752 np0000006266 nova-scheduler[96701]: DEBUG nova.scheduler.request_filter [None req-02156ed4-22cc-4377-8c93-20b5a0020d0c tempest-ServerStableDeviceRescueTest-692926417 tempest-ServerStableDeviceRescueTest-692926417-project-member] Request filter 'accelerators_filter' took 0.0 seconds {{(pid=96701) wrapper /opt/stack/nova/nova/scheduler/request_filter.py:46}}
Jul 31 19:56:57.704003 np0000006266 nova-scheduler[96701]: DEBUG nova.scheduler.request_filter [None req-02156ed4-22cc-4377-8c93-20b5a0020d0c tempest-ServerStableDeviceRescueTest-692926417 tempest-ServerStableDeviceRescueTest-692926417-project-member] Request filter 'packed_virtqueue_filter' took 0.0 seconds {{(pid=96701) wrapper /opt/stack/nova/nova/scheduler/request_filter.py:46}}
Jul 31 19:56:57.704351 np0000006266 nova-scheduler[96701]: DEBUG nova.scheduler.request_filter [None req-02156ed4-22cc-4377-8c93-20b5a0020d0c tempest-ServerStableDeviceRescueTest-692926417 tempest-ServerStableDeviceRescueTest-692926417-project-member] Request filter 'remote_managed_ports_filter' took 0.0 seconds {{(pid=96701) wrapper /opt/stack/nova/nova/scheduler/request_filter.py:46}}
Jul 31 19:56:57.704566 np0000006266 nova-scheduler[96701]: DEBUG nova.scheduler.request_filter [None req-02156ed4-22cc-4377-8c93-20b5a0020d0c tempest-ServerStableDeviceRescueTest-692926417 tempest-ServerStableDeviceRescueTest-692926417-project-member] ephemeral_encryption_filter skipped {{(pid=96701) ephemeral_encryption_filter /opt/stack/nova/nova/scheduler/request_filter.py:426}}
Jul 31 19:56:57.704763 np0000006266 nova-scheduler[96701]: DEBUG nova.scheduler.request_filter [None req-02156ed4-22cc-4377-8c93-20b5a0020d0c tempest-ServerStableDeviceRescueTest-692926417 tempest-ServerStableDeviceRescueTest-692926417-project-member] virtio_sound_filter skipped {{(pid=96701) virtio_sound_filter /opt/stack/nova/nova/scheduler/request_filter.py:460}}
