Jul 31 19:54:39.167731 np0000006266 nova-conductor[99157]: DEBUG cotyledon.oslo_config_glue [-] workarounds.disable_fallback_pcpu_query = False {{(pid=99157) log_opt_values /opt/stack/data/venv/lib/python3.12/site-packages/oslo_config/cfg.py:3253}}
Jul 31 19:54:39.167731 np0000006266 nova-conductor[99157]: DEBUG cotyledon.oslo_config_glue [-] workarounds.disable_group_policy_check_upcall = False {{(pid=99157) log_opt_values /opt/stack/data/venv/lib/python3.12/site-packages/oslo_config/cfg.py:3253}}
Jul 31 19:54:39.167731 np0000006266 nova-conductor[99157]: DEBUG cotyledon.oslo_config_glue [-] workarounds.disable_libvirt_livesnapshot = False {{(pid=99157) log_opt_values /opt/stack/data/venv/lib/python3.12/site-packages/oslo_config/cfg.py:3253}}
Jul 31 19:54:39.167731 np0000006266 nova-conductor[99157]: DEBUG cotyledon.oslo_config_glue [-] workarounds.disable_rootwrap = False {{(pid=99157) log_opt_values /opt/stack/data/venv/lib/python3.12/site-packages/oslo_config/cfg.py:3253}}
Jul 31 19:54:39.168020 np0000006266 nova-conductor[99157]: DEBUG cotyledon.oslo_config_glue [-] workarounds.enable_numa_live_migration = False {{(pid=99157) log_opt_values /opt/stack/data/venv/lib/python3.12/site-packages/oslo_config/cfg.py:3253}}
Jul 31 19:54:39.168020 np0000006266 nova-conductor[99157]: DEBUG cotyledon.oslo_config_glue [-] workarounds.enable_qemu_monitor_announce_self = False {{(pid=99157) log_opt_values /opt/stack/data/venv/lib/python3.12/site-packages/oslo_config/cfg.py:3253}}
Jul 31 19:54:39.168020 np0000006266 nova-conductor[99157]: DEBUG cotyledon.oslo_config_glue [-] workarounds.ensure_libvirt_rbd_instance_dir_cleanup = False {{(pid=99157) log_opt_values /opt/stack/data/venv/lib/python3.12/site-packages/oslo_config/cfg.py:3253}}
Jul 31 19:54:39.168020 np0000006266 nova-conductor[99157]: DEBUG cotyledon.oslo_config_glue [-] workarounds.handle_virt_lifecycle_events = True {{(pid=99157) log_opt_values /opt/stack/data/venv/lib/python3.12/site-packages/oslo_config/cfg.py:3253}}
Jul 31 19:54:39.168020 np0000006266 nova-conductor[99157]: DEBUG cotyledon.oslo_config_glue [-] workarounds.libvirt_disable_apic = False {{(pid=99157) log_opt_values /opt/stack/data/venv/lib/python3.12/site-packages/oslo_config/cfg.py:3253}}
Jul 31 19:54:39.168020 np0000006266 nova-conductor[99157]: DEBUG cotyledon.oslo_config_glue [-] workarounds.never_download_image_if_on_rbd = False {{(pid=99157) log_opt_values /opt/stack/data/venv/lib/python3.12/site-packages/oslo_config/cfg.py:3253}}
Jul 31 19:54:39.168020 np0000006266 nova-conductor[99157]: DEBUG cotyledon.oslo_config_glue [-] workarounds.qemu_monitor_announce_self_count = 3 {{(pid=99157) log_opt_values /opt/stack/data/venv/lib/python3.12/site-packages/oslo_config/cfg.py:3253}}
Jul 31 19:54:39.168020 np0000006266 nova-conductor[99157]: DEBUG cotyledon.oslo_config_glue [-] workarounds.qemu_monitor_announce_self_interval = 1 {{(pid=99157) log_opt_values /opt/stack/data/venv/lib/python3.12/site-packages/oslo_config/cfg.py:3253}}
Jul 31 19:54:39.168020 np0000006266 nova-conductor[99157]: DEBUG cotyledon.oslo_config_glue [-] workarounds.reserve_disk_resource_for_image_cache = False {{(pid=99157) log_opt_values /opt/stack/data/venv/lib/python3.12/site-packages/oslo_config/cfg.py:3253}}
Jul 31 19:54:39.168194 np0000006266 nova-conductor[99157]: DEBUG cotyledon.oslo_config_glue [-] workarounds.skip_cpu_compare_at_startup = False {{(pid=99157) log_opt_values /opt/stack/data/venv/lib/python3.12/site-packages/oslo_config/cfg.py:3253}}
Jul 31 19:54:39.168194 np0000006266 nova-conductor[99157]: DEBUG cotyledon.oslo_config_glue [-] workarounds.skip_cpu_compare_on_dest = False {{(pid=99157) log_opt_values /opt/stack/data/venv/lib/python3.12/site-packages/oslo_config/cfg.py:3253}}
Jul 31 19:54:39.168194 np0000006266 nova-conductor[99157]: DEBUG cotyledon.oslo_config_glue [-] workarounds.skip_hypervisor_version_check_on_lm = False {{(pid=99157) log_opt_values /opt/stack/data/venv/lib/python3.12/site-packages/oslo_config/cfg.py:3253}}
Jul 31 19:54:39.168194 np0000006266 nova-conductor[99157]: DEBUG cotyledon.oslo_config_glue [-] workarounds.skip_reserve_in_use_ironic_nodes = False {{(pid=99157) log_opt_values /opt/stack/data/venv/lib/python3.12/site-packages/oslo_config/cfg.py:3253}}
Jul 31 19:54:39.168194 np0000006266 nova-conductor[99157]: DEBUG cotyledon.oslo_config_glue [-] workarounds.unified_limits_count_pcpu_as_vcpu = False {{(pid=99157) log_opt_values /opt/stack/data/venv/lib/python3.12/site-packages/oslo_config/cfg.py:3253}}
Jul 31 19:54:39.168194 np0000006266 nova-conductor[99157]: DEBUG cotyledon.oslo_config_glue [-] workarounds.wait_for_vif_plugged_event_during_hard_reboot = [] {{(pid=99157) log_opt_values /opt/stack/data/venv/lib/python3.12/site-packages/oslo_config/cfg.py:3253}}
Jul 31 19:54:39.168194 np0000006266 nova-conductor[99157]: DEBUG cotyledon.oslo_config_glue [-] wsgi.api_paste_config = /etc/nova/api-paste.ini {{(pid=99157) log_opt_values /opt/stack/data/venv/lib/python3.12/site-packages/oslo_config/cfg.py:3253}}
Jul 31 19:54:39.168194 np0000006266 nova-conductor[99157]: DEBUG cotyledon.oslo_config_glue [-] wsgi.secure_proxy_ssl_header = None {{(pid=99157) log_opt_values /opt/stack/data/venv/lib/python3.12/site-packages/oslo_config/cfg.py:3253}}
Jul 31 19:54:39.168194 np0000006266 nova-conductor[99157]: DEBUG cotyledon.oslo_config_glue [-] zvm.ca_file = None {{(pid=99157) log_opt_values /opt/stack/data/venv/lib/python3.12/site-packages/oslo_config/cfg.py:3253}}
Jul 31 19:54:39.168351 np0000006266 nova-conductor[99157]: DEBUG cotyledon.oslo_config_glue [-] zvm.cloud_connector_url = None {{(pid=99157) log_opt_values /opt/stack/data/venv/lib/python3.12/site-packages/oslo_config/cfg.py:3253}}
Jul 31 19:54:39.168351 np0000006266 nova-conductor[99157]: DEBUG cotyledon.oslo_config_glue [-] zvm.image_tmp_path = /opt/stack/data/nova/images {{(pid=99157) log_opt_values /opt/stack/data/venv/lib/python3.12/site-packages/oslo_config/cfg.py:3253}}
Jul 31 19:54:39.168351 np0000006266 nova-conductor[99157]: DEBUG cotyledon.oslo_config_glue [-] zvm.reachable_timeout = 300 {{(pid=99157) log_opt_values /opt/stack/data/venv/lib/python3.12/site-packages/oslo_config/cfg.py:3253}}
Jul 31 19:54:39.168351 np0000006266 nova-conductor[99157]: DEBUG cotyledon.oslo_config_glue [-] oslo_versionedobjects.fatal_exception_format_errors = False {{(pid=99157) log_opt_values /opt/stack/data/venv/lib/python3.12/site-packages/oslo_config/cfg.py:3253}}
Jul 31 19:54:39.168351 np0000006266 nova-conductor[99157]: DEBUG cotyledon.oslo_config_glue [-] oslo_middleware.http_basic_auth_user_file = /etc/htpasswd {{(pid=99157) log_opt_values /opt/stack/data/venv/lib/python3.12/site-packages/oslo_config/cfg.py:3253}}
Jul 31 19:54:39.168351 np0000006266 nova-conductor[99157]: DEBUG cotyledon.oslo_config_glue [-] profiler.connection_string = messaging:// {{(pid=99157) log_opt_values /opt/stack/data/venv/lib/python3.12/site-packages/oslo_config/cfg.py:3253}}
Jul 31 19:54:39.168351 np0000006266 nova-conductor[99157]: DEBUG cotyledon.oslo_config_glue [-] profiler.enabled = False {{(pid=99157) log_opt_values /opt/stack/data/venv/lib/python3.12/site-packages/oslo_config/cfg.py:3253}}
Jul 31 19:54:39.168351 np0000006266 nova-conductor[99157]: DEBUG cotyledon.oslo_config_glue [-] profiler.es_doc_type = notification {{(pid=99157) log_opt_values /opt/stack/data/venv/lib/python3.12/site-packages/oslo_config/cfg.py:3253}}
Jul 31 19:54:39.168351 np0000006266 nova-conductor[99157]: DEBUG cotyledon.oslo_config_glue [-] profiler.es_scroll_size = 10000 {{(pid=99157) log_opt_values /opt/stack/data/venv/lib/python3.12/site-packages/oslo_config/cfg.py:3253}}
Jul 31 19:54:39.168576 np0000006266 nova-conductor[99157]: DEBUG cotyledon.oslo_config_glue [-] profiler.es_scroll_time = 2m {{(pid=99157) log_opt_values /opt/stack/data/venv/lib/python3.12/site-packages/oslo_config/cfg.py:3253}}
Jul 31 19:54:39.168576 np0000006266 nova-conductor[99157]: DEBUG cotyledon.oslo_config_glue [-] profiler.filter_error_trace = False {{(pid=99157) log_opt_values /opt/stack/data/venv/lib/python3.12/site-packages/oslo_config/cfg.py:3253}}
Jul 31 19:54:39.168576 np0000006266 nova-conductor[99157]: DEBUG cotyledon.oslo_config_glue [-] profiler.hmac_keys = **** {{(pid=99157) log_opt_values /opt/stack/data/venv/lib/python3.12/site-packages/oslo_config/cfg.py:3253}}
Jul 31 19:54:39.168576 np0000006266 nova-conductor[99157]: DEBUG cotyledon.oslo_config_glue [-] profiler.sentinel_service_name = mymaster {{(pid=99157) log_opt_values /opt/stack/data/venv/lib/python3.12/site-packages/oslo_config/cfg.py:3253}}
Jul 31 19:54:39.168576 np0000006266 nova-conductor[99157]: DEBUG cotyledon.oslo_config_glue [-] profiler.socket_timeout = 0.1 {{(pid=99157) log_opt_values /opt/stack/data/venv/lib/python3.12/site-packages/oslo_config/cfg.py:3253}}
Jul 31 19:54:39.168576 np0000006266 nova-conductor[99157]: DEBUG cotyledon.oslo_config_glue [-] profiler.trace_requests = False {{(pid=99157) log_opt_values /opt/stack/data/venv/lib/python3.12/site-packages/oslo_config/cfg.py:3253}}
Jul 31 19:54:39.168576 np0000006266 nova-conductor[99157]: DEBUG cotyledon.oslo_config_glue [-] profiler.trace_sqlalchemy = False {{(pid=99157) log_opt_values /opt/stack/data/venv/lib/python3.12/site-packages/oslo_config/cfg.py:3253}}
Jul 31 19:54:39.168576 np0000006266 nova-conductor[99157]: DEBUG cotyledon.oslo_config_glue [-] profiler_jaeger.process_tags = {} {{(pid=99157) log_opt_values /opt/stack/data/venv/lib/python3.12/site-packages/oslo_config/cfg.py:3253}}
Jul 31 19:54:39.168576 np0000006266 nova-conductor[99157]: DEBUG cotyledon.oslo_config_glue [-] profiler_jaeger.service_name_prefix = None {{(pid=99157) log_opt_values /opt/stack/data/venv/lib/python3.12/site-packages/oslo_config/cfg.py:3253}}
Jul 31 19:54:39.168831 np0000006266 nova-conductor[99157]: DEBUG cotyledon.oslo_config_glue [-] profiler_otlp.service_name_prefix = None {{(pid=99157) log_opt_values /opt/stack/data/venv/lib/python3.12/site-packages/oslo_config/cfg.py:3253}}
Jul 31 19:54:39.168831 np0000006266 nova-conductor[99157]: DEBUG cotyledon.oslo_config_glue [-] oslo_messaging_rabbit.amqp_auto_delete = False {{(pid=99157) log_opt_values /opt/stack/data/venv/lib/python3.12/site-packages/oslo_config/cfg.py:3253}}
Jul 31 19:54:39.168831 np0000006266 nova-conductor[99157]: DEBUG cotyledon.oslo_config_glue [-] oslo_messaging_rabbit.amqp_durable_queues = False {{(pid=99157) log_opt_values /opt/stack/data/venv/lib/python3.12/site-packages/oslo_config/cfg.py:3253}}
Jul 31 19:54:39.168831 np0000006266 nova-conductor[99157]: DEBUG cotyledon.oslo_config_glue [-] oslo_messaging_rabbit.conn_pool_min_size = 2 {{(pid=99157) log_opt_values /opt/stack/data/venv/lib/python3.12/site-packages/oslo_config/cfg.py:3253}}
Jul 31 19:54:39.168831 np0000006266 nova-conductor[99157]: DEBUG cotyledon.oslo_config_glue [-] oslo_messaging_rabbit.conn_pool_ttl = 1200 {{(pid=99157) log_opt_values /opt/stack/data/venv/lib/python3.12/site-packages/oslo_config/cfg.py:3253}}
Jul 31 19:54:39.168831 np0000006266 nova-conductor[99157]: DEBUG cotyledon.oslo_config_glue [-] oslo_messaging_rabbit.direct_mandatory_flag = True {{(pid=99157) log_opt_values /opt/stack/data/venv/lib/python3.12/site-packages/oslo_config/cfg.py:3253}}
Jul 31 19:54:39.168831 np0000006266 nova-conductor[99157]: DEBUG cotyledon.oslo_config_glue [-] oslo_messaging_rabbit.enable_cancel_on_failover = False {{(pid=99157) log_opt_values /opt/stack/data/venv/lib/python3.12/site-packages/oslo_config/cfg.py:3253}}
Jul 31 19:54:39.168831 np0000006266 nova-conductor[99157]: DEBUG cotyledon.oslo_config_glue [-] oslo_messaging_rabbit.heartbeat_rate = 3 {{(pid=99157) log_opt_values /opt/stack/data/venv/lib/python3.12/site-packages/oslo_config/cfg.py:3253}}
Jul 31 19:54:39.168831 np0000006266 nova-conductor[99157]: DEBUG cotyledon.oslo_config_glue [-] oslo_messaging_rabbit.heartbeat_timeout_threshold = 60 {{(pid=99157) log_opt_values /opt/stack/data/venv/lib/python3.12/site-packages/oslo_config/cfg.py:3253}}
Jul 31 19:54:39.169058 np0000006266 nova-conductor[99157]: DEBUG cotyledon.oslo_config_glue [-] oslo_messaging_rabbit.hostname = np0000006266 {{(pid=99157) log_opt_values /opt/stack/data/venv/lib/python3.12/site-packages/oslo_config/cfg.py:3253}}
Jul 31 19:54:39.169058 np0000006266 nova-conductor[99157]: DEBUG cotyledon.oslo_config_glue [-] oslo_messaging_rabbit.kombu_compression = None {{(pid=99157) log_opt_values /opt/stack/data/venv/lib/python3.12/site-packages/oslo_config/cfg.py:3253}}
Jul 31 19:54:39.169058 np0000006266 nova-conductor[99157]: DEBUG cotyledon.oslo_config_glue [-] oslo_messaging_rabbit.kombu_failover_strategy = round-robin {{(pid=99157) log_opt_values /opt/stack/data/venv/lib/python3.12/site-packages/oslo_config/cfg.py:3253}}
Jul 31 19:54:39.169058 np0000006266 nova-conductor[99157]: DEBUG cotyledon.oslo_config_glue [-] oslo_messaging_rabbit.kombu_missing_consumer_retry_timeout = 60 {{(pid=99157) log_opt_values /opt/stack/data/venv/lib/python3.12/site-packages/oslo_config/cfg.py:3253}}
Jul 31 19:54:39.169058 np0000006266 nova-conductor[99157]: DEBUG cotyledon.oslo_config_glue [-] oslo_messaging_rabbit.kombu_reconnect_delay = 1.0 {{(pid=99157) log_opt_values /opt/stack/data/venv/lib/python3.12/site-packages/oslo_config/cfg.py:3253}}
Jul 31 19:54:39.169058 np0000006266 nova-conductor[99157]: DEBUG cotyledon.oslo_config_glue [-] oslo_messaging_rabbit.kombu_reconnect_splay = 0.0 {{(pid=99157) log_opt_values /opt/stack/data/venv/lib/python3.12/site-packages/oslo_config/cfg.py:3253}}
Jul 31 19:54:39.169058 np0000006266 nova-conductor[99157]: DEBUG cotyledon.oslo_config_glue [-] oslo_messaging_rabbit.processname = nova-conductor {{(pid=99157) log_opt_values /opt/stack/data/venv/lib/python3.12/site-packages/oslo_config/cfg.py:3253}}
Jul 31 19:54:39.169058 np0000006266 nova-conductor[99157]: DEBUG cotyledon.oslo_config_glue [-] oslo_messaging_rabbit.rabbit_ha_queues = False {{(pid=99157) log_opt_values /opt/stack/data/venv/lib/python3.12/site-packages/oslo_config/cfg.py:3253}}
Jul 31 19:54:39.169058 np0000006266 nova-conductor[99157]: DEBUG cotyledon.oslo_config_glue [-] oslo_messaging_rabbit.rabbit_interval_max = 30 {{(pid=99157) log_opt_values /opt/stack/data/venv/lib/python3.12/site-packages/oslo_config/cfg.py:3253}}
Jul 31 19:54:39.169218 np0000006266 nova-conductor[99157]: DEBUG cotyledon.oslo_config_glue [-] oslo_messaging_rabbit.rabbit_login_method = AMQPLAIN {{(pid=99157) log_opt_values /opt/stack/data/venv/lib/python3.12/site-packages/oslo_config/cfg.py:3253}}
Jul 31 19:54:39.169218 np0000006266 nova-conductor[99157]: DEBUG cotyledon.oslo_config_glue [-] oslo_messaging_rabbit.rabbit_qos_prefetch_count = 0 {{(pid=99157) log_opt_values /opt/stack/data/venv/lib/python3.12/site-packages/oslo_config/cfg.py:3253}}
Jul 31 19:54:39.169218 np0000006266 nova-conductor[99157]: DEBUG cotyledon.oslo_config_glue [-] oslo_messaging_rabbit.rabbit_quorum_delivery_limit = 0 {{(pid=99157) log_opt_values /opt/stack/data/venv/lib/python3.12/site-packages/oslo_config/cfg.py:3253}}
Jul 31 19:54:39.169218 np0000006266 nova-conductor[99157]: DEBUG cotyledon.oslo_config_glue [-] oslo_messaging_rabbit.rabbit_quorum_max_memory_bytes = 0 {{(pid=99157) log_opt_values /opt/stack/data/venv/lib/python3.12/site-packages/oslo_config/cfg.py:3253}}
Jul 31 19:54:39.169218 np0000006266 nova-conductor[99157]: DEBUG cotyledon.oslo_config_glue [-] oslo_messaging_rabbit.rabbit_quorum_max_memory_length = 0 {{(pid=99157) log_opt_values /opt/stack/data/venv/lib/python3.12/site-packages/oslo_config/cfg.py:3253}}
Jul 31 19:54:39.169218 np0000006266 nova-conductor[99157]: DEBUG cotyledon.oslo_config_glue [-] oslo_messaging_rabbit.rabbit_quorum_queue = False {{(pid=99157) log_opt_values /opt/stack/data/venv/lib/python3.12/site-packages/oslo_config/cfg.py:3253}}
Jul 31 19:54:39.169218 np0000006266 nova-conductor[99157]: DEBUG cotyledon.oslo_config_glue [-] oslo_messaging_rabbit.rabbit_retry_backoff = 2 {{(pid=99157) log_opt_values /opt/stack/data/venv/lib/python3.12/site-packages/oslo_config/cfg.py:3253}}
Jul 31 19:54:39.169218 np0000006266 nova-conductor[99157]: DEBUG cotyledon.oslo_config_glue [-] oslo_messaging_rabbit.rabbit_retry_interval = 1 {{(pid=99157) log_opt_values /opt/stack/data/venv/lib/python3.12/site-packages/oslo_config/cfg.py:3253}}
Jul 31 19:54:39.169218 np0000006266 nova-conductor[99157]: DEBUG cotyledon.oslo_config_glue [-] oslo_messaging_rabbit.rabbit_stream_fanout = False {{(pid=99157) log_opt_values /opt/stack/data/venv/lib/python3.12/site-packages/oslo_config/cfg.py:3253}}
Jul 31 19:54:39.169378 np0000006266 nova-conductor[99157]: DEBUG cotyledon.oslo_config_glue [-] oslo_messaging_rabbit.rabbit_transient_queues_ttl = 1800 {{(pid=99157) log_opt_values /opt/stack/data/venv/lib/python3.12/site-packages/oslo_config/cfg.py:3253}}
Jul 31 19:54:39.169378 np0000006266 nova-conductor[99157]: DEBUG cotyledon.oslo_config_glue [-] oslo_messaging_rabbit.rabbit_transient_quorum_queue = False {{(pid=99157) log_opt_values /opt/stack/data/venv/lib/python3.12/site-packages/oslo_config/cfg.py:3253}}
Jul 31 19:54:39.169378 np0000006266 nova-conductor[99157]: DEBUG cotyledon.oslo_config_glue [-] oslo_messaging_rabbit.rpc_conn_pool_size = 30 {{(pid=99157) log_opt_values /opt/stack/data/venv/lib/python3.12/site-packages/oslo_config/cfg.py:3253}}
Jul 31 19:54:39.169378 np0000006266 nova-conductor[99157]: DEBUG cotyledon.oslo_config_glue [-] oslo_messaging_rabbit.ssl = False {{(pid=99157) log_opt_values /opt/stack/data/venv/lib/python3.12/site-packages/oslo_config/cfg.py:3253}}
Jul 31 19:54:39.169378 np0000006266 nova-conductor[99157]: DEBUG cotyledon.oslo_config_glue [-] oslo_messaging_rabbit.ssl_ca_file = {{(pid=99157) log_opt_values /opt/stack/data/venv/lib/python3.12/site-packages/oslo_config/cfg.py:3253}}
Jul 31 19:54:39.169378 np0000006266 nova-conductor[99157]: DEBUG cotyledon.oslo_config_glue [-] oslo_messaging_rabbit.ssl_cert_file = {{(pid=99157) log_opt_values /opt/stack/data/venv/lib/python3.12/site-packages/oslo_config/cfg.py:3253}}
Jul 31 19:54:39.169378 np0000006266 nova-conductor[99157]: DEBUG cotyledon.oslo_config_glue [-] oslo_messaging_rabbit.ssl_enforce_fips_mode = False {{(pid=99157) log_opt_values /opt/stack/data/venv/lib/python3.12/site-packages/oslo_config/cfg.py:3253}}
Jul 31 19:54:39.169378 np0000006266 nova-conductor[99157]: DEBUG cotyledon.oslo_config_glue [-] oslo_messaging_rabbit.ssl_enforce_hostname_verification = True {{(pid=99157) log_opt_values /opt/stack/data/venv/lib/python3.12/site-packages/oslo_config/cfg.py:3253}}
Jul 31 19:54:39.169378 np0000006266 nova-conductor[99157]: DEBUG cotyledon.oslo_config_glue [-] oslo_messaging_rabbit.ssl_key_file = {{(pid=99157) log_opt_values /opt/stack/data/venv/lib/python3.12/site-packages/oslo_config/cfg.py:3253}}
Jul 31 19:54:39.169577 np0000006266 nova-conductor[99157]: DEBUG cotyledon.oslo_config_glue [-] oslo_messaging_rabbit.ssl_version = {{(pid=99157) log_opt_values /opt/stack/data/venv/lib/python3.12/site-packages/oslo_config/cfg.py:3253}}
Jul 31 19:54:39.169577 np0000006266 nova-conductor[99157]: DEBUG cotyledon.oslo_config_glue [-] oslo_messaging_rabbit.use_queue_manager = False {{(pid=99157) log_opt_values /opt/stack/data/venv/lib/python3.12/site-packages/oslo_config/cfg.py:3253}}
Jul 31 19:54:39.169577 np0000006266 nova-conductor[99157]: DEBUG cotyledon.oslo_config_glue [-] oslo_messaging_notifications.driver = ['messagingv2'] {{(pid=99157) log_opt_values /opt/stack/data/venv/lib/python3.12/site-packages/oslo_config/cfg.py:3253}}
Jul 31 19:54:39.169577 np0000006266 nova-conductor[99157]: DEBUG cotyledon.oslo_config_glue [-] oslo_messaging_notifications.retry = -1 {{(pid=99157) log_opt_values /opt/stack/data/venv/lib/python3.12/site-packages/oslo_config/cfg.py:3253}}
Jul 31 19:54:39.169577 np0000006266 nova-conductor[99157]: DEBUG cotyledon.oslo_config_glue [-] oslo_messaging_notifications.topics = ['notifications'] {{(pid=99157) log_opt_values /opt/stack/data/venv/lib/python3.12/site-packages/oslo_config/cfg.py:3253}}
Jul 31 19:54:39.169577 np0000006266 nova-conductor[99157]: DEBUG cotyledon.oslo_config_glue [-] oslo_messaging_notifications.transport_url = **** {{(pid=99157) log_opt_values /opt/stack/data/venv/lib/python3.12/site-packages/oslo_config/cfg.py:3253}}
Jul 31 19:54:39.169577 np0000006266 nova-conductor[99157]: DEBUG cotyledon.oslo_config_glue [-] oslo_limit.auth_section = None {{(pid=99157) log_opt_values /opt/stack/data/venv/lib/python3.12/site-packages/oslo_config/cfg.py:3253}}
Jul 31 19:54:39.169577 np0000006266 nova-conductor[99157]: DEBUG cotyledon.oslo_config_glue [-] oslo_limit.auth_type = None {{(pid=99157) log_opt_values /opt/stack/data/venv/lib/python3.12/site-packages/oslo_config/cfg.py:3253}}
Jul 31 19:54:39.169577 np0000006266 nova-conductor[99157]: DEBUG cotyledon.oslo_config_glue [-] oslo_limit.cafile = None {{(pid=99157) log_opt_values /opt/stack/data/venv/lib/python3.12/site-packages/oslo_config/cfg.py:3253}}
Jul 31 19:54:39.169750 np0000006266 nova-conductor[99157]: DEBUG cotyledon.oslo_config_glue [-] oslo_limit.certfile = None {{(pid=99157) log_opt_values /opt/stack/data/venv/lib/python3.12/site-packages/oslo_config/cfg.py:3253}}
Jul 31 19:54:39.169750 np0000006266 nova-conductor[99157]: DEBUG cotyledon.oslo_config_glue [-] oslo_limit.collect_timing = False {{(pid=99157) log_opt_values /opt/stack/data/venv/lib/python3.12/site-packages/oslo_config/cfg.py:3253}}
Jul 31 19:54:39.169750 np0000006266 nova-conductor[99157]: DEBUG cotyledon.oslo_config_glue [-] oslo_limit.connect_retries = None {{(pid=99157) log_opt_values /opt/stack/data/venv/lib/python3.12/site-packages/oslo_config/cfg.py:3253}}
Jul 31 19:54:39.169750 np0000006266 nova-conductor[99157]: DEBUG cotyledon.oslo_config_glue [-] oslo_limit.connect_retry_delay = None {{(pid=99157) log_opt_values /opt/stack/data/venv/lib/python3.12/site-packages/oslo_config/cfg.py:3253}}
Jul 31 19:54:39.169750 np0000006266 nova-conductor[99157]: DEBUG cotyledon.oslo_config_glue [-] oslo_limit.endpoint_id = None {{(pid=99157) log_opt_values /opt/stack/data/venv/lib/python3.12/site-packages/oslo_config/cfg.py:3253}}
Jul 31 19:54:39.169750 np0000006266 nova-conductor[99157]: DEBUG cotyledon.oslo_config_glue [-] oslo_limit.endpoint_interface = public {{(pid=99157) log_opt_values /opt/stack/data/venv/lib/python3.12/site-packages/oslo_config/cfg.py:3253}}
Jul 31 19:54:39.169750 np0000006266 nova-conductor[99157]: DEBUG cotyledon.oslo_config_glue [-] oslo_limit.endpoint_override = None {{(pid=99157) log_opt_values /opt/stack/data/venv/lib/python3.12/site-packages/oslo_config/cfg.py:3253}}
Jul 31 19:54:39.169750 np0000006266 nova-conductor[99157]: DEBUG cotyledon.oslo_config_glue [-] oslo_limit.endpoint_region_name = None {{(pid=99157) log_opt_values /opt/stack/data/venv/lib/python3.12/site-packages/oslo_config/cfg.py:3253}}
Jul 31 19:54:39.169750 np0000006266 nova-conductor[99157]: DEBUG cotyledon.oslo_config_glue [-] oslo_limit.endpoint_service_name = None {{(pid=99157) log_opt_values /opt/stack/data/venv/lib/python3.12/site-packages/oslo_config/cfg.py:3253}}
Jul 31 19:54:39.169908 np0000006266 nova-conductor[99157]: DEBUG cotyledon.oslo_config_glue [-] oslo_limit.endpoint_service_type = None {{(pid=99157) log_opt_values /opt/stack/data/venv/lib/python3.12/site-packages/oslo_config/cfg.py:3253}}
Jul 31 19:54:39.169908 np0000006266 nova-conductor[99157]: DEBUG cotyledon.oslo_config_glue [-] oslo_limit.insecure = False {{(pid=99157) log_opt_values /opt/stack/data/venv/lib/python3.12/site-packages/oslo_config/cfg.py:3253}}
Jul 31 19:54:39.169908 np0000006266 nova-conductor[99157]: DEBUG cotyledon.oslo_config_glue [-] oslo_limit.keyfile = None {{(pid=99157) log_opt_values /opt/stack/data/venv/lib/python3.12/site-packages/oslo_config/cfg.py:3253}}
Jul 31 19:54:39.169908 np0000006266 nova-conductor[99157]: DEBUG cotyledon.oslo_config_glue [-] oslo_limit.max_version = None {{(pid=99157) log_opt_values /opt/stack/data/venv/lib/python3.12/site-packages/oslo_config/cfg.py:3253}}
Jul 31 19:54:39.169908 np0000006266 nova-conductor[99157]: DEBUG cotyledon.oslo_config_glue [-] oslo_limit.min_version = None {{(pid=99157) log_opt_values /opt/stack/data/venv/lib/python3.12/site-packages/oslo_config/cfg.py:3253}}
Jul 31 19:54:39.169908 np0000006266 nova-conductor[99157]: DEBUG cotyledon.oslo_config_glue [-] oslo_limit.region_name = None {{(pid=99157) log_opt_values /opt/stack/data/venv/lib/python3.12/site-packages/oslo_config/cfg.py:3253}}
Jul 31 19:54:39.169908 np0000006266 nova-conductor[99157]: DEBUG cotyledon.oslo_config_glue [-] oslo_limit.retriable_status_codes = None {{(pid=99157) log_opt_values /opt/stack/data/venv/lib/python3.12/site-packages/oslo_config/cfg.py:3253}}
Jul 31 19:54:39.169908 np0000006266 nova-conductor[99157]: DEBUG cotyledon.oslo_config_glue [-] oslo_limit.service_name = None {{(pid=99157) log_opt_values /opt/stack/data/venv/lib/python3.12/site-packages/oslo_config/cfg.py:3253}}
Jul 31 19:54:39.169908 np0000006266 nova-conductor[99157]: DEBUG cotyledon.oslo_config_glue [-] oslo_limit.service_type = None {{(pid=99157) log_opt_values /opt/stack/data/venv/lib/python3.12/site-packages/oslo_config/cfg.py:3253}}
Jul 31 19:54:39.170100 np0000006266 nova-conductor[99157]: DEBUG cotyledon.oslo_config_glue [-] oslo_limit.split_loggers = False {{(pid=99157) log_opt_values /opt/stack/data/venv/lib/python3.12/site-packages/oslo_config/cfg.py:3253}}
Jul 31 19:54:39.170100 np0000006266 nova-conductor[99157]: DEBUG cotyledon.oslo_config_glue [-] oslo_limit.status_code_retries = None {{(pid=99157) log_opt_values /opt/stack/data/venv/lib/python3.12/site-packages/oslo_config/cfg.py:3253}}
Jul 31 19:54:39.170100 np0000006266 nova-conductor[99157]: DEBUG cotyledon.oslo_config_glue [-] oslo_limit.status_code_retry_delay = None {{(pid=99157) log_opt_values /opt/stack/data/venv/lib/python3.12/site-packages/oslo_config/cfg.py:3253}}
Jul 31 19:54:39.170100 np0000006266 nova-conductor[99157]: DEBUG cotyledon.oslo_config_glue [-] oslo_limit.timeout = None {{(pid=99157) log_opt_values /opt/stack/data/venv/lib/python3.12/site-packages/oslo_config/cfg.py:3253}}
Jul 31 19:54:39.170100 np0000006266 nova-conductor[99157]: DEBUG cotyledon.oslo_config_glue [-] oslo_limit.valid_interfaces = None {{(pid=99157) log_opt_values /opt/stack/data/venv/lib/python3.12/site-packages/oslo_config/cfg.py:3253}}
Jul 31 19:54:39.170100 np0000006266 nova-conductor[99157]: DEBUG cotyledon.oslo_config_glue [-] oslo_limit.version = None {{(pid=99157) log_opt_values /opt/stack/data/venv/lib/python3.12/site-packages/oslo_config/cfg.py:3253}}
Jul 31 19:54:39.170100 np0000006266 nova-conductor[99157]: DEBUG cotyledon.oslo_config_glue [-] oslo_reports.file_event_handler = None {{(pid=99157) log_opt_values /opt/stack/data/venv/lib/python3.12/site-packages/oslo_config/cfg.py:3253}}
Jul 31 19:54:39.170100 np0000006266 nova-conductor[99157]: DEBUG cotyledon.oslo_config_glue [-] oslo_reports.file_event_handler_interval = 1 {{(pid=99157) log_opt_values /opt/stack/data/venv/lib/python3.12/site-packages/oslo_config/cfg.py:3253}}
Jul 31 19:54:39.170100 np0000006266 nova-conductor[99157]: DEBUG cotyledon.oslo_config_glue [-] oslo_reports.log_dir = None {{(pid=99157) log_opt_values /opt/stack/data/venv/lib/python3.12/site-packages/oslo_config/cfg.py:3253}}
Jul 31 19:54:39.170273 np0000006266 nova-conductor[99157]: DEBUG cotyledon.oslo_config_glue [-] ******************************************************************************** {{(pid=99157) log_opt_values /opt/stack/data/venv/lib/python3.12/site-packages/oslo_config/cfg.py:3260}}
Jul 31 19:54:39.170273 np0000006266 nova-conductor[99157]: DEBUG cotyledon._service_worker [-] Run service ServiceWrapper(3) [99157] {{(pid=99157) wait_forever /opt/stack/data/venv/lib/python3.12/site-packages/cotyledon/_service_worker.py:218}}
Jul 31 19:54:39.170273 np0000006266 nova-conductor[99157]: INFO nova.service [-] Starting conductor node (version 33.1.0)
Jul 31 19:54:39.170335 np0000006266 nova-conductor[99145]: DEBUG oslo_db.sqlalchemy.engines [None req-87b0601f-e936-4e3e-aa61-66d652299f29 None None] MySQL server mode set to STRICT_TRANS_TABLES,STRICT_ALL_TABLES,NO_ZERO_IN_DATE,NO_ZERO_DATE,ERROR_FOR_DIVISION_BY_ZERO,TRADITIONAL,NO_ENGINE_SUBSTITUTION {{(pid=99145) _check_effective_sql_mode /opt/stack/data/venv/lib/python3.12/site-packages/oslo_db/sqlalchemy/engines.py:325}}
Jul 31 19:54:39.170370 np0000006266 nova-conductor[99157]: INFO dbcounter [None req-b60d8a55-9a14-4681-8dc9-b2706bfe7425 None None] Registered counter for database nova_cell0
Jul 31 19:54:39.170396 np0000006266 nova-conductor[99135]: DEBUG oslo_db.sqlalchemy.engines [None req-f5d1d660-8ee2-408a-9f96-e74bc8a4bcf8 None None] MySQL server mode set to STRICT_TRANS_TABLES,STRICT_ALL_TABLES,NO_ZERO_IN_DATE,NO_ZERO_DATE,ERROR_FOR_DIVISION_BY_ZERO,TRADITIONAL,NO_ENGINE_SUBSTITUTION {{(pid=99135) _check_effective_sql_mode /opt/stack/data/venv/lib/python3.12/site-packages/oslo_db/sqlalchemy/engines.py:325}}
Jul 31 19:54:39.170424 np0000006266 nova-conductor[99145]: DEBUG dbcounter [-] [99145] Writer thread running {{(pid=99145) stat_writer /opt/stack/data/venv/lib/python3.12/site-packages/dbcounter.py:102}}
Jul 31 19:54:39.171928 np0000006266 nova-conductor[99135]: DEBUG dbcounter [-] [99135] Writer thread running {{(pid=99135) stat_writer /opt/stack/data/venv/lib/python3.12/site-packages/dbcounter.py:102}}
Jul 31 19:54:39.179123 np0000006266 nova-conductor[99150]: DEBUG oslo_db.sqlalchemy.engines [None req-1fe24445-5418-4be7-b497-f54a049edaf1 None None] MySQL server mode set to STRICT_TRANS_TABLES,STRICT_ALL_TABLES,NO_ZERO_IN_DATE,NO_ZERO_DATE,ERROR_FOR_DIVISION_BY_ZERO,TRADITIONAL,NO_ENGINE_SUBSTITUTION {{(pid=99150) _check_effective_sql_mode /opt/stack/data/venv/lib/python3.12/site-packages/oslo_db/sqlalchemy/engines.py:325}}
Jul 31 19:54:39.188128 np0000006266 nova-conductor[99145]: DEBUG nova.service [None req-87b0601f-e936-4e3e-aa61-66d652299f29 None None] Creating RPC server for service: nova-conductor on topic: conductor {{(pid=99145) start /opt/stack/nova/nova/service.py:196}}
Jul 31 19:54:39.188349 np0000006266 nova-conductor[99150]: DEBUG dbcounter [-] [99150] Writer thread running {{(pid=99150) stat_writer /opt/stack/data/venv/lib/python3.12/site-packages/dbcounter.py:102}}
Jul 31 19:54:39.195210 np0000006266 nova-conductor[99135]: DEBUG nova.service [None req-f5d1d660-8ee2-408a-9f96-e74bc8a4bcf8 None None] Creating RPC server for service: nova-conductor on topic: conductor {{(pid=99135) start /opt/stack/nova/nova/service.py:196}}
Jul 31 19:54:39.195966 np0000006266 nova-conductor[99150]: DEBUG nova.service [None req-1fe24445-5418-4be7-b497-f54a049edaf1 None None] Creating RPC server for service: nova-conductor on topic: conductor {{(pid=99150) start /opt/stack/nova/nova/service.py:196}}
Jul 31 19:54:39.217722 np0000006266 nova-conductor[99157]: DEBUG oslo_db.sqlalchemy.engines [None req-b60d8a55-9a14-4681-8dc9-b2706bfe7425 None None] MySQL server mode set to STRICT_TRANS_TABLES,STRICT_ALL_TABLES,NO_ZERO_IN_DATE,NO_ZERO_DATE,ERROR_FOR_DIVISION_BY_ZERO,TRADITIONAL,NO_ENGINE_SUBSTITUTION {{(pid=99157) _check_effective_sql_mode /opt/stack/data/venv/lib/python3.12/site-packages/oslo_db/sqlalchemy/engines.py:325}}
Jul 31 19:54:39.225623 np0000006266 nova-conductor[99150]: DEBUG nova.service [None req-1fe24445-5418-4be7-b497-f54a049edaf1 None None] Join ServiceGroup membership for this service conductor {{(pid=99150) start /opt/stack/nova/nova/service.py:222}}
Jul 31 19:54:39.225996 np0000006266 nova-conductor[99150]: DEBUG nova.servicegroup.drivers.db [None req-1fe24445-5418-4be7-b497-f54a049edaf1 None None] DB_Driver: join new ServiceGroup member np0000006266 to the conductor group, service = {{(pid=99150) join /opt/stack/nova/nova/servicegroup/drivers/db.py:44}}
Jul 31 19:54:39.227478 np0000006266 nova-conductor[99135]: DEBUG nova.service [None req-f5d1d660-8ee2-408a-9f96-e74bc8a4bcf8 None None] Join ServiceGroup membership for this service conductor {{(pid=99135) start /opt/stack/nova/nova/service.py:222}}
Jul 31 19:54:39.227886 np0000006266 nova-conductor[99135]: DEBUG nova.servicegroup.drivers.db [None req-f5d1d660-8ee2-408a-9f96-e74bc8a4bcf8 None None] DB_Driver: join new ServiceGroup member np0000006266 to the conductor group, service = {{(pid=99135) join /opt/stack/nova/nova/servicegroup/drivers/db.py:44}}
Jul 31 19:54:39.230121 np0000006266 nova-conductor[99157]: DEBUG dbcounter [-] [99157] Writer thread running {{(pid=99157) stat_writer /opt/stack/data/venv/lib/python3.12/site-packages/dbcounter.py:102}}
Jul 31 19:54:39.230692 np0000006266 nova-conductor[99145]: DEBUG nova.service [None req-87b0601f-e936-4e3e-aa61-66d652299f29 None None] Join ServiceGroup membership for this service conductor {{(pid=99145) start /opt/stack/nova/nova/service.py:222}}
Jul 31 19:54:39.230883 np0000006266 nova-conductor[99145]: DEBUG nova.servicegroup.drivers.db [None req-87b0601f-e936-4e3e-aa61-66d652299f29 None None] DB_Driver: join new ServiceGroup member np0000006266 to the conductor group, service = {{(pid=99145) join /opt/stack/nova/nova/servicegroup/drivers/db.py:44}}
Jul 31 19:54:39.233292 np0000006266 nova-conductor[99157]: DEBUG nova.service [None req-b60d8a55-9a14-4681-8dc9-b2706bfe7425 None None] Creating RPC server for service: nova-conductor on topic: conductor {{(pid=99157) start /opt/stack/nova/nova/service.py:196}}
Jul 31 19:54:39.251738 np0000006266 nova-conductor[99157]: DEBUG nova.service [None req-b60d8a55-9a14-4681-8dc9-b2706bfe7425 None None] Join ServiceGroup membership for this service conductor {{(pid=99157) start /opt/stack/nova/nova/service.py:222}}
Jul 31 19:54:39.251979 np0000006266 nova-conductor[99157]: DEBUG nova.servicegroup.drivers.db [None req-b60d8a55-9a14-4681-8dc9-b2706bfe7425 None None] DB_Driver: join new ServiceGroup member np0000006266 to the conductor group, service = {{(pid=99157) join /opt/stack/nova/nova/servicegroup/drivers/db.py:44}}
Jul 31 19:54:44.241850 np0000006266 nova-conductor[99135]: DEBUG oslo.service.backend._threading.loopingcall [-] Fixed interval looping call 'nova.servicegroup.drivers.db.DbDriver._report_state' sleeping for 119.99 seconds {{(pid=99135) _run_loop /opt/stack/data/venv/lib/python3.12/site-packages/oslo_service/backend/_threading/loopingcall.py:125}}
Jul 31 19:54:44.242787 np0000006266 nova-conductor[99150]: DEBUG oslo.service.backend._threading.loopingcall [-] Fixed interval looping call 'nova.servicegroup.drivers.db.DbDriver._report_state' sleeping for 119.99 seconds {{(pid=99150) _run_loop /opt/stack/data/venv/lib/python3.12/site-packages/oslo_service/backend/_threading/loopingcall.py:125}}
Jul 31 19:54:44.243085 np0000006266 nova-conductor[99145]: DEBUG oslo.service.backend._threading.loopingcall [-] Fixed interval looping call 'nova.servicegroup.drivers.db.DbDriver._report_state' sleeping for 119.99 seconds {{(pid=99145) _run_loop /opt/stack/data/venv/lib/python3.12/site-packages/oslo_service/backend/_threading/loopingcall.py:125}}
Jul 31 19:54:44.272534 np0000006266 nova-conductor[99157]: DEBUG oslo.service.backend._threading.loopingcall [-] Fixed interval looping call 'nova.servicegroup.drivers.db.DbDriver._report_state' sleeping for 119.98 seconds {{(pid=99157) _run_loop /opt/stack/data/venv/lib/python3.12/site-packages/oslo_service/backend/_threading/loopingcall.py:125}}
Jul 31 19:54:45.229939 np0000006266 nova-conductor[99135]: DEBUG oslo.service.backend._threading.loopingcall [None req-3c5f1a12-ac65-40e3-9ae5-aa4dc50dd542 None None] Dynamic interval looping call 'nova.service.Service.periodic_tasks' sleeping for 60.00 seconds {{(pid=99135) _run_loop /opt/stack/data/venv/lib/python3.12/site-packages/oslo_service/backend/_threading/loopingcall.py:125}}
Jul 31 19:54:47.777179 np0000006266 nova-conductor[97646]: DEBUG dbcounter [-] [97646] Writing DB stats nova_api:SELECT=1 {{(pid=97646) stat_writer /opt/stack/data/venv/lib/python3.12/site-packages/dbcounter.py:115}}
Jul 31 19:54:47.904093 np0000006266 nova-conductor[97646]: DEBUG dbcounter [-] [97646] Writing DB stats nova_cell0:SELECT=1 {{(pid=97646) stat_writer /opt/stack/data/venv/lib/python3.12/site-packages/dbcounter.py:115}}
Jul 31 19:54:47.908834 np0000006266 nova-conductor[97646]: DEBUG dbcounter [-] [97646] Writing DB stats nova_cell1:SELECT=1 {{(pid=97646) stat_writer /opt/stack/data/venv/lib/python3.12/site-packages/dbcounter.py:115}}
Jul 31 19:54:52.232575 np0000006266 nova-conductor[99145]: DEBUG oslo.service.backend._threading.loopingcall [None req-1523cde9-bef1-4d92-ac32-cf7a8d3f1e8b None None] Dynamic interval looping call 'nova.service.Service.periodic_tasks' sleeping for 60.00 seconds {{(pid=99145) _run_loop /opt/stack/data/venv/lib/python3.12/site-packages/oslo_service/backend/_threading/loopingcall.py:125}}
Jul 31 19:54:54.237210 np0000006266 nova-conductor[99135]: DEBUG dbcounter [-] [99135] Writing DB stats nova_cell0:SELECT=5,nova_cell0:INSERT=1,nova_cell0:UPDATE=1 {{(pid=99135) stat_writer /opt/stack/data/venv/lib/python3.12/site-packages/dbcounter.py:115}}
Jul 31 19:54:54.239729 np0000006266 nova-conductor[99150]: DEBUG dbcounter [-] [99150] Writing DB stats nova_cell0:SELECT=3,nova_cell0:UPDATE=1 {{(pid=99150) stat_writer /opt/stack/data/venv/lib/python3.12/site-packages/dbcounter.py:115}}
Jul 31 19:54:54.240523 np0000006266 nova-conductor[99145]: DEBUG dbcounter [-] [99145] Writing DB stats nova_cell0:SELECT=4,nova_cell0:INSERT=1,nova_cell0:UPDATE=1 {{(pid=99145) stat_writer /opt/stack/data/venv/lib/python3.12/site-packages/dbcounter.py:115}}
Jul 31 19:54:54.268977 np0000006266 nova-conductor[99157]: DEBUG dbcounter [-] [99157] Writing DB stats nova_cell0:SELECT=3 {{(pid=99157) stat_writer /opt/stack/data/venv/lib/python3.12/site-packages/dbcounter.py:115}}
Jul 31 19:55:06.228218 np0000006266 nova-conductor[99150]: DEBUG oslo.service.backend._threading.loopingcall [None req-ec1ac103-30df-4c83-939a-ace73d49cc4f None None] Dynamic interval looping call 'nova.service.Service.periodic_tasks' sleeping for 60.00 seconds {{(pid=99150) _run_loop /opt/stack/data/venv/lib/python3.12/site-packages/oslo_service/backend/_threading/loopingcall.py:125}}
Jul 31 19:55:32.254000 np0000006266 nova-conductor[99157]: DEBUG oslo.service.backend._threading.loopingcall [None req-58cd337c-9766-4b90-a56f-db76bbc5b22a None None] Dynamic interval looping call 'nova.service.Service.periodic_tasks' sleeping for 60.00 seconds {{(pid=99157) _run_loop /opt/stack/data/venv/lib/python3.12/site-packages/oslo_service/backend/_threading/loopingcall.py:125}}
Jul 31 19:55:45.230584 np0000006266 nova-conductor[99135]: DEBUG oslo.service.backend._threading.loopingcall [None req-3c5f1a12-ac65-40e3-9ae5-aa4dc50dd542 None None] Dynamic interval looping call 'nova.service.Service.periodic_tasks' sleeping for 60.00 seconds {{(pid=99135) _run_loop /opt/stack/data/venv/lib/python3.12/site-packages/oslo_service/backend/_threading/loopingcall.py:125}}
Jul 31 19:55:52.233165 np0000006266 nova-conductor[99145]: DEBUG oslo.service.backend._threading.loopingcall [None req-1523cde9-bef1-4d92-ac32-cf7a8d3f1e8b None None] Dynamic interval looping call 'nova.service.Service.periodic_tasks' sleeping for 60.00 seconds {{(pid=99145) _run_loop /opt/stack/data/venv/lib/python3.12/site-packages/oslo_service/backend/_threading/loopingcall.py:125}}
Jul 31 19:56:06.228986 np0000006266 nova-conductor[99150]: DEBUG oslo.service.backend._threading.loopingcall [None req-ec1ac103-30df-4c83-939a-ace73d49cc4f None None] Dynamic interval looping call 'nova.service.Service.periodic_tasks' sleeping for 60.00 seconds {{(pid=99150) _run_loop /opt/stack/data/venv/lib/python3.12/site-packages/oslo_service/backend/_threading/loopingcall.py:125}}
Jul 31 19:56:32.254558 np0000006266 nova-conductor[99157]: DEBUG oslo.service.backend._threading.loopingcall [None req-58cd337c-9766-4b90-a56f-db76bbc5b22a None None] Dynamic interval looping call 'nova.service.Service.periodic_tasks' sleeping for 60.00 seconds {{(pid=99157) _run_loop /opt/stack/data/venv/lib/python3.12/site-packages/oslo_service/backend/_threading/loopingcall.py:125}}
Jul 31 19:56:44.240724 np0000006266 nova-conductor[99150]: DEBUG oslo.service.backend._threading.loopingcall [-] Fixed interval looping call 'nova.servicegroup.drivers.db.DbDriver._report_state' sleeping for 119.99 seconds {{(pid=99150) _run_loop /opt/stack/data/venv/lib/python3.12/site-packages/oslo_service/backend/_threading/loopingcall.py:125}}
Jul 31 19:56:44.241898 np0000006266 nova-conductor[99135]: DEBUG oslo.service.backend._threading.loopingcall [-] Fixed interval looping call 'nova.servicegroup.drivers.db.DbDriver._report_state' sleeping for 119.99 seconds {{(pid=99135) _run_loop /opt/stack/data/venv/lib/python3.12/site-packages/oslo_service/backend/_threading/loopingcall.py:125}}
Jul 31 19:56:44.242273 np0000006266 nova-conductor[99145]: DEBUG oslo.service.backend._threading.loopingcall [-] Fixed interval looping call 'nova.servicegroup.drivers.db.DbDriver._report_state' sleeping for 119.99 seconds {{(pid=99145) _run_loop /opt/stack/data/venv/lib/python3.12/site-packages/oslo_service/backend/_threading/loopingcall.py:125}}
Jul 31 19:56:44.256807 np0000006266 nova-conductor[99157]: DEBUG oslo.service.backend._threading.loopingcall [-] Fixed interval looping call 'nova.servicegroup.drivers.db.DbDriver._report_state' sleeping for 120.00 seconds {{(pid=99157) _run_loop /opt/stack/data/venv/lib/python3.12/site-packages/oslo_service/backend/_threading/loopingcall.py:125}}
Jul 31 19:56:45.230951 np0000006266 nova-conductor[99135]: DEBUG oslo.service.backend._threading.loopingcall [None req-3c5f1a12-ac65-40e3-9ae5-aa4dc50dd542 None None] Dynamic interval looping call 'nova.service.Service.periodic_tasks' sleeping for 60.00 seconds {{(pid=99135) _run_loop /opt/stack/data/venv/lib/python3.12/site-packages/oslo_service/backend/_threading/loopingcall.py:125}}
Jul 31 19:56:52.233851 np0000006266 nova-conductor[99145]: DEBUG oslo.service.backend._threading.loopingcall [None req-1523cde9-bef1-4d92-ac32-cf7a8d3f1e8b None None] Dynamic interval looping call 'nova.service.Service.periodic_tasks' sleeping for 60.00 seconds {{(pid=99145) _run_loop /opt/stack/data/venv/lib/python3.12/site-packages/oslo_service/backend/_threading/loopingcall.py:125}}
Jul 31 19:56:54.235806 np0000006266 nova-conductor[99150]: DEBUG dbcounter [-] [99150] Writing DB stats nova_cell0:SELECT=1,nova_cell0:UPDATE=1 {{(pid=99150) stat_writer /opt/stack/data/venv/lib/python3.12/site-packages/dbcounter.py:115}}
Jul 31 19:56:54.237777 np0000006266 nova-conductor[99135]: DEBUG dbcounter [-] [99135] Writing DB stats nova_cell0:SELECT=1,nova_cell0:UPDATE=1 {{(pid=99135) stat_writer /opt/stack/data/venv/lib/python3.12/site-packages/dbcounter.py:115}}
Jul 31 19:56:54.238521 np0000006266 nova-conductor[99145]: DEBUG dbcounter [-] [99145] Writing DB stats nova_cell0:SELECT=1,nova_cell0:UPDATE=1 {{(pid=99145) stat_writer /opt/stack/data/venv/lib/python3.12/site-packages/dbcounter.py:115}}
Jul 31 19:56:54.255054 np0000006266 nova-conductor[99157]: DEBUG dbcounter [-] [99157] Writing DB stats nova_cell0:SELECT=1 {{(pid=99157) stat_writer /opt/stack/data/venv/lib/python3.12/site-packages/dbcounter.py:115}}
Jul 31 19:56:57.461664 np0000006266 nova-conductor[99150]: DEBUG oslo_db.sqlalchemy.engines [None req-1680a3ca-7b9c-4b12-9ad6-8a93ef942794 tempest-DeleteServersTestJSON-1477268198 tempest-DeleteServersTestJSON-1477268198-project-member] Parent process 97646 forked (99150) with an open database connection, which is being discarded and recreated. {{(pid=99150) checkout /opt/stack/data/venv/lib/python3.12/site-packages/oslo_db/sqlalchemy/engines.py:402}}
Jul 31 19:56:57.507516 np0000006266 nova-conductor[99150]: DEBUG dbcounter [-] [99150] Writer thread running {{(pid=99150) stat_writer /opt/stack/data/venv/lib/python3.12/site-packages/dbcounter.py:102}}
Jul 31 19:56:57.677016 np0000006266 nova-conductor[99135]: DEBUG dbcounter [-] [99135] Writer thread running {{(pid=99135) stat_writer /opt/stack/data/venv/lib/python3.12/site-packages/dbcounter.py:102}}
Jul 31 19:56:58.054335 np0000006266 nova-conductor[99145]: DEBUG dbcounter [-] [99145] Writer thread running {{(pid=99145) stat_writer /opt/stack/data/venv/lib/python3.12/site-packages/dbcounter.py:102}}
Jul 31 19:56:58.424093 np0000006266 nova-conductor[99150]: DEBUG nova.conductor.manager [None req-1680a3ca-7b9c-4b12-9ad6-8a93ef942794 tempest-DeleteServersTestJSON-1477268198 tempest-DeleteServersTestJSON-1477268198-project-member] Took 0.91 seconds to select destinations for 1 instance(s). {{(pid=99150) _schedule_instances /opt/stack/nova/nova/conductor/manager.py:968}}
Jul 31 19:56:58.459393 np0000006266 nova-conductor[99150]: DEBUG oslo_concurrency.lockutils [None req-1680a3ca-7b9c-4b12-9ad6-8a93ef942794 tempest-DeleteServersTestJSON-1477268198 tempest-DeleteServersTestJSON-1477268198-project-member] Acquiring lock "b453388d-f2ef-4dcb-a60b-3e4a90081b8e" by "nova.context.set_target_cell..get_or_set_cached_cell_and_set_connections" {{(pid=99150) inner /opt/stack/data/venv/lib/python3.12/site-packages/oslo_concurrency/lockutils.py:512}}
Jul 31 19:56:58.459789 np0000006266 nova-conductor[99150]: DEBUG oslo_concurrency.lockutils [None req-1680a3ca-7b9c-4b12-9ad6-8a93ef942794 tempest-DeleteServersTestJSON-1477268198 tempest-DeleteServersTestJSON-1477268198-project-member] Lock "b453388d-f2ef-4dcb-a60b-3e4a90081b8e" acquired by "nova.context.set_target_cell..get_or_set_cached_cell_and_set_connections" :: waited 0.000s {{(pid=99150) inner /opt/stack/data/venv/lib/python3.12/site-packages/oslo_concurrency/lockutils.py:525}}
Jul 31 19:56:58.460831 np0000006266 nova-conductor[99150]: DEBUG oslo_concurrency.lockutils [None req-1680a3ca-7b9c-4b12-9ad6-8a93ef942794 tempest-DeleteServersTestJSON-1477268198 tempest-DeleteServersTestJSON-1477268198-project-member] Lock "b453388d-f2ef-4dcb-a60b-3e4a90081b8e" "released" by "nova.context.set_target_cell..get_or_set_cached_cell_and_set_connections" :: held 0.001s {{(pid=99150) inner /opt/stack/data/venv/lib/python3.12/site-packages/oslo_concurrency/lockutils.py:544}}
Jul 31 19:56:58.462383 np0000006266 nova-conductor[99150]: INFO dbcounter [None req-1680a3ca-7b9c-4b12-9ad6-8a93ef942794 tempest-DeleteServersTestJSON-1477268198 tempest-DeleteServersTestJSON-1477268198-project-member] Registered counter for database nova_cell1
Jul 31 19:56:58.479579 np0000006266 nova-conductor[99135]: DEBUG nova.conductor.manager [None req-02156ed4-22cc-4377-8c93-20b5a0020d0c tempest-ServerStableDeviceRescueTest-692926417 tempest-ServerStableDeviceRescueTest-692926417-project-member] Took 0.80 seconds to select destinations for 1 instance(s). {{(pid=99135) _schedule_instances /opt/stack/nova/nova/conductor/manager.py:968}}
Jul 31 19:56:58.498973 np0000006266 nova-conductor[99150]: DEBUG oslo_db.sqlalchemy.engines [None req-1680a3ca-7b9c-4b12-9ad6-8a93ef942794 tempest-DeleteServersTestJSON-1477268198 tempest-DeleteServersTestJSON-1477268198-project-member] MySQL server mode set to STRICT_TRANS_TABLES,STRICT_ALL_TABLES,NO_ZERO_IN_DATE,NO_ZERO_DATE,ERROR_FOR_DIVISION_BY_ZERO,TRADITIONAL,NO_ENGINE_SUBSTITUTION {{(pid=99150) _check_effective_sql_mode /opt/stack/data/venv/lib/python3.12/site-packages/oslo_db/sqlalchemy/engines.py:325}}
Jul 31 19:56:58.504990 np0000006266 nova-conductor[99150]: DEBUG dbcounter [-] [99150] Writer thread running {{(pid=99150) stat_writer /opt/stack/data/venv/lib/python3.12/site-packages/dbcounter.py:102}}
Jul 31 19:56:58.506657 np0000006266 nova-conductor[99135]: DEBUG oslo_concurrency.lockutils [None req-02156ed4-22cc-4377-8c93-20b5a0020d0c tempest-ServerStableDeviceRescueTest-692926417 tempest-ServerStableDeviceRescueTest-692926417-project-member] Acquiring lock "b453388d-f2ef-4dcb-a60b-3e4a90081b8e" by "nova.context.set_target_cell..get_or_set_cached_cell_and_set_connections" {{(pid=99135) inner /opt/stack/data/venv/lib/python3.12/site-packages/oslo_concurrency/lockutils.py:512}}
Jul 31 19:56:58.506863 np0000006266 nova-conductor[99135]: DEBUG oslo_concurrency.lockutils [None req-02156ed4-22cc-4377-8c93-20b5a0020d0c tempest-ServerStableDeviceRescueTest-692926417 tempest-ServerStableDeviceRescueTest-692926417-project-member] Lock "b453388d-f2ef-4dcb-a60b-3e4a90081b8e" acquired by "nova.context.set_target_cell..get_or_set_cached_cell_and_set_connections" :: waited 0.000s {{(pid=99135) inner /opt/stack/data/venv/lib/python3.12/site-packages/oslo_concurrency/lockutils.py:525}}
Jul 31 19:56:58.508630 np0000006266 nova-conductor[99135]: DEBUG oslo_concurrency.lockutils [None req-02156ed4-22cc-4377-8c93-20b5a0020d0c tempest-ServerStableDeviceRescueTest-692926417 tempest-ServerStableDeviceRescueTest-692926417-project-member] Lock "b453388d-f2ef-4dcb-a60b-3e4a90081b8e" "released" by "nova.context.set_target_cell..get_or_set_cached_cell_and_set_connections" :: held 0.002s {{(pid=99135) inner /opt/stack/data/venv/lib/python3.12/site-packages/oslo_concurrency/lockutils.py:544}}
Jul 31 19:56:58.511102 np0000006266 nova-conductor[99135]: INFO dbcounter [None req-02156ed4-22cc-4377-8c93-20b5a0020d0c tempest-ServerStableDeviceRescueTest-692926417 tempest-ServerStableDeviceRescueTest-692926417-project-member] Registered counter for database nova_cell1
Jul 31 19:56:58.522857 np0000006266 nova-conductor[99145]: DEBUG nova.conductor.manager [None req-521c1998-021a-40a1-93e6-c9779d2466aa tempest-ServerActionsTestOtherB-344572742 tempest-ServerActionsTestOtherB-344572742-project-member] Took 0.47 seconds to select destinations for 1 instance(s). {{(pid=99145) _schedule_instances /opt/stack/nova/nova/conductor/manager.py:968}}
