Jun 03 14:00:02.378506 np0000002063 devstack@placement-api.service[89309]: DEBUG placement.objects.research_context [req-3b55d271-12e7-4eb6-85d1-02f8b2e42d3d req-65e4b720-cbd0-4600-a8a8-18d3585ea8b5 service nova] found 1 providers with available 192 MEMORY_MB {{(pid=89309) get_provider_ids_matching /opt/stack/placement/placement/objects/research_context.py:563}}
Jun 03 14:00:02.378635 np0000002063 devstack@placement-api.service[89309]: DEBUG placement.objects.research_context [req-3b55d271-12e7-4eb6-85d1-02f8b2e42d3d req-65e4b720-cbd0-4600-a8a8-18d3585ea8b5 service nova] found 1 providers after filtering by previous result {{(pid=89309) get_provider_ids_matching /opt/stack/placement/placement/objects/research_context.py:594}}
Jun 03 14:00:02.378798 np0000002063 devstack@placement-api.service[89309]: DEBUG placement.objects.research_context [req-3b55d271-12e7-4eb6-85d1-02f8b2e42d3d req-65e4b720-cbd0-4600-a8a8-18d3585ea8b5 service nova] found 1 providers with available 1 VCPU {{(pid=89309) get_provider_ids_matching /opt/stack/placement/placement/objects/research_context.py:563}}
Jun 03 14:00:02.378893 np0000002063 devstack@placement-api.service[89309]: DEBUG placement.objects.research_context [req-3b55d271-12e7-4eb6-85d1-02f8b2e42d3d req-65e4b720-cbd0-4600-a8a8-18d3585ea8b5 service nova] found 1 providers after filtering by previous result {{(pid=89309) get_provider_ids_matching /opt/stack/placement/placement/objects/research_context.py:594}}
Jun 03 14:00:02.385617 np0000002063 devstack@placement-api.service[89309]: DEBUG placement.objects.allocation_candidate [req-3b55d271-12e7-4eb6-85d1-02f8b2e42d3d req-65e4b720-cbd0-4600-a8a8-18d3585ea8b5 service nova] RequestGroup(use_same_provider=False, resources={DISK_GB:1, MEMORY_MB:192, VCPU:1}, traits=(), aggregates=[]) (suffix '') returned 1 matches {{(pid=89309) _get_by_requests /opt/stack/placement/placement/objects/allocation_candidate.py:158}}
Jun 03 14:00:02.385720 np0000002063 devstack@placement-api.service[89309]: DEBUG placement.objects.allocation_candidate [req-3b55d271-12e7-4eb6-85d1-02f8b2e42d3d req-65e4b720-cbd0-4600-a8a8-18d3585ea8b5 service nova] Merging candidates yields 1 allocation requests and 1 provider summaries {{(pid=89309) _merge_candidates /opt/stack/placement/placement/objects/allocation_candidate.py:908}}
Jun 03 14:00:02.386631 np0000002063 devstack@placement-api.service[89309]: INFO placement.requestlog [req-3b55d271-12e7-4eb6-85d1-02f8b2e42d3d req-65e4b720-cbd0-4600-a8a8-18d3585ea8b5 service nova] 10.4.3.4 "GET /placement/allocation_candidates?limit=1000&resources=DISK_GB%3A1%2CMEMORY_MB%3A192%2CVCPU%3A1&root_required=%21COMPUTE_STATUS_DISABLED" status: 200 len: 2493 microversion: 1.36
Jun 03 14:00:02.386907 np0000002063 devstack@placement-api.service[89309]: [pid: 89309|app: 0|req: 361/721] 10.4.3.4 () {68 vars in 1611 bytes} [Wed Jun 3 14:00:02 2026] GET /placement/allocation_candidates?limit=1000&resources=DISK_GB%3A1%2CMEMORY_MB%3A192%2CVCPU%3A1&root_required=%21COMPUTE_STATUS_DISABLED => generated 2493 bytes in 53 msecs (HTTP/1.1 200) 8 headers in 297 bytes (1 switches on core 0)
Jun 03 14:00:02.436047 np0000002063 devstack@placement-api.service[89310]: DEBUG placement.requestlog [req-3b55d271-12e7-4eb6-85d1-02f8b2e42d3d req-8b13d49a-f275-4103-9763-e63806682d2a None None] Starting request: 10.4.3.4 "GET /placement/allocations/ccf77da4-d5cb-4389-ad70-3b62d810e578" {{(pid=89310) __call__ /opt/stack/placement/placement/requestlog.py:55}}
Jun 03 14:00:02.446300 np0000002063 devstack@placement-api.service[89310]: INFO placement.requestlog [req-3b55d271-12e7-4eb6-85d1-02f8b2e42d3d req-8b13d49a-f275-4103-9763-e63806682d2a service nova] 10.4.3.4 "GET /placement/allocations/ccf77da4-d5cb-4389-ad70-3b62d810e578" status: 200 len: 19 microversion: 1.28
Jun 03 14:00:02.447101 np0000002063 devstack@placement-api.service[89310]: [pid: 89310|app: 0|req: 361/722] 10.4.3.4 () {68 vars in 1487 bytes} [Wed Jun 3 14:00:02 2026] GET /placement/allocations/ccf77da4-d5cb-4389-ad70-3b62d810e578 => generated 19 bytes in 11 msecs (HTTP/1.1 200) 8 headers in 295 bytes (1 switches on core 0)
Jun 03 14:00:02.506178 np0000002063 devstack@placement-api.service[89309]: DEBUG placement.requestlog [req-3b55d271-12e7-4eb6-85d1-02f8b2e42d3d req-d9a205bd-fd80-4873-8c40-762b44c20959 None None] Starting request: 10.4.3.4 "PUT /placement/allocations/ccf77da4-d5cb-4389-ad70-3b62d810e578" {{(pid=89309) __call__ /opt/stack/placement/placement/requestlog.py:55}}
Jun 03 14:00:02.518291 np0000002063 devstack@placement-api.service[89310]: DEBUG placement.requestlog [req-f51158e8-5b3e-49b4-8efa-2a40a2ac1870 req-c22cc0cc-4635-4023-91f5-f3ea0486d64d None None] Starting request: 10.4.3.4 "DELETE /placement/allocations/8ca57a8a-af93-450b-98a9-aad0e0a2ffa6" {{(pid=89310) __call__ /opt/stack/placement/placement/requestlog.py:55}}
Jun 03 14:00:02.565033 np0000002063 devstack@placement-api.service[89310]: DEBUG placement.handlers.allocation [req-f51158e8-5b3e-49b4-8efa-2a40a2ac1870 req-c22cc0cc-4635-4023-91f5-f3ea0486d64d service nova] Successfully deleted allocations [, , ] {{(pid=89310) delete_allocations /opt/stack/placement/placement/handlers/allocation.py:627}}
Jun 03 14:00:02.565220 np0000002063 devstack@placement-api.service[89310]: INFO placement.requestlog [req-f51158e8-5b3e-49b4-8efa-2a40a2ac1870 req-c22cc0cc-4635-4023-91f5-f3ea0486d64d service nova] 10.4.3.4 "DELETE /placement/allocations/8ca57a8a-af93-450b-98a9-aad0e0a2ffa6" status: 204 len: 0 microversion: 1.0
Jun 03 14:00:02.565439 np0000002063 devstack@placement-api.service[89310]: [pid: 89310|app: 0|req: 362/723] 10.4.3.4 () {68 vars in 1463 bytes} [Wed Jun 3 14:00:02 2026] DELETE /placement/allocations/8ca57a8a-af93-450b-98a9-aad0e0a2ffa6 => generated 0 bytes in 47 msecs (HTTP/1.1 204) 5 headers in 198 bytes (1 switches on core 0)
Jun 03 14:00:02.579243 np0000002063 devstack@placement-api.service[89309]: DEBUG placement.handlers.allocation [req-3b55d271-12e7-4eb6-85d1-02f8b2e42d3d req-d9a205bd-fd80-4873-8c40-762b44c20959 service nova] Successfully wrote allocations [, , ] {{(pid=89309) _update_consumers_and_create_allocations /opt/stack/placement/placement/handlers/allocation.py:462}}
Jun 03 14:00:02.590926 np0000002063 devstack@placement-api.service[89309]: INFO placement.requestlog [req-3b55d271-12e7-4eb6-85d1-02f8b2e42d3d req-d9a205bd-fd80-4873-8c40-762b44c20959 service nova] 10.4.3.4 "PUT /placement/allocations/ccf77da4-d5cb-4389-ad70-3b62d810e578" status: 204 len: 0 microversion: 1.36
Jun 03 14:00:02.591199 np0000002063 devstack@placement-api.service[89309]: [pid: 89309|app: 0|req: 362/724] 10.4.3.4 () {72 vars in 1540 bytes} [Wed Jun 3 14:00:02 2026] PUT /placement/allocations/ccf77da4-d5cb-4389-ad70-3b62d810e578 => generated 0 bytes in 85 msecs (HTTP/1.1 204) 5 headers in 199 bytes (1 switches on core 0)
Jun 03 14:00:03.966583 np0000002063 devstack@placement-api.service[89310]: DEBUG placement.requestlog [req-3b55d271-12e7-4eb6-85d1-02f8b2e42d3d req-01264d9e-6625-4c34-a58e-67970354517b None None] Starting request: 10.4.3.4 "GET /placement/allocations/ccf77da4-d5cb-4389-ad70-3b62d810e578" {{(pid=89310) __call__ /opt/stack/placement/placement/requestlog.py:55}}
Jun 03 14:00:03.980757 np0000002063 devstack@placement-api.service[89310]: INFO placement.requestlog [req-3b55d271-12e7-4eb6-85d1-02f8b2e42d3d req-01264d9e-6625-4c34-a58e-67970354517b service nova] 10.4.3.4 "GET /placement/allocations/ccf77da4-d5cb-4389-ad70-3b62d810e578" status: 200 len: 258 microversion: 1.28
Jun 03 14:00:03.981277 np0000002063 devstack@placement-api.service[89310]: [pid: 89310|app: 0|req: 363/725] 10.4.3.4 () {68 vars in 1485 bytes} [Wed Jun 3 14:00:03 2026] GET /placement/allocations/ccf77da4-d5cb-4389-ad70-3b62d810e578 => generated 258 bytes in 15 msecs (HTTP/1.1 200) 8 headers in 296 bytes (1 switches on core 0)
Jun 03 14:00:05.048410 np0000002063 devstack@placement-api.service[89309]: DEBUG placement.requestlog [req-3b55d271-12e7-4eb6-85d1-02f8b2e42d3d req-b336e6e1-ec23-47c8-9ac4-4831361dfcde None None] Starting request: 10.4.3.4 "GET /placement/resource_providers/f2e95855-7e85-4074-bc1e-439178f76603/allocations" {{(pid=89309) __call__ /opt/stack/placement/placement/requestlog.py:55}}
Jun 03 14:00:05.061652 np0000002063 devstack@placement-api.service[89309]: INFO placement.requestlog [req-3b55d271-12e7-4eb6-85d1-02f8b2e42d3d req-b336e6e1-ec23-47c8-9ac4-4831361dfcde service nova] 10.4.3.4 "GET /placement/resource_providers/f2e95855-7e85-4074-bc1e-439178f76603/allocations" status: 200 len: 753 microversion: 1.0
Jun 03 14:00:05.061964 np0000002063 devstack@placement-api.service[89309]: [pid: 89309|app: 0|req: 363/726] 10.4.3.4 () {66 vars in 1498 bytes} [Wed Jun 3 14:00:05 2026] GET /placement/resource_providers/f2e95855-7e85-4074-bc1e-439178f76603/allocations => generated 753 bytes in 14 msecs (HTTP/1.1 200) 6 headers in 224 bytes (1 switches on core 0)
Jun 03 14:00:05.113121 np0000002063 devstack@placement-api.service[89310]: DEBUG placement.requestlog [req-3b55d271-12e7-4eb6-85d1-02f8b2e42d3d req-d9393907-36d0-41eb-8b69-5ed3a9bdba5c None None] Starting request: 10.4.3.4 "GET /placement/allocations/ccf77da4-d5cb-4389-ad70-3b62d810e578" {{(pid=89310) __call__ /opt/stack/placement/placement/requestlog.py:55}}
Jun 03 14:00:05.123683 np0000002063 devstack@placement-api.service[89310]: INFO placement.requestlog [req-3b55d271-12e7-4eb6-85d1-02f8b2e42d3d req-d9393907-36d0-41eb-8b69-5ed3a9bdba5c service nova] 10.4.3.4 "GET /placement/allocations/ccf77da4-d5cb-4389-ad70-3b62d810e578" status: 200 len: 258 microversion: 1.28
Jun 03 14:00:05.123974 np0000002063 devstack@placement-api.service[89310]: [pid: 89310|app: 0|req: 364/727] 10.4.3.4 () {68 vars in 1485 bytes} [Wed Jun 3 14:00:05 2026] GET /placement/allocations/ccf77da4-d5cb-4389-ad70-3b62d810e578 => generated 258 bytes in 11 msecs (HTTP/1.1 200) 8 headers in 296 bytes (1 switches on core 0)
Jun 03 14:00:05.163277 np0000002063 devstack@placement-api.service[89309]: DEBUG placement.requestlog [req-3b55d271-12e7-4eb6-85d1-02f8b2e42d3d req-1e67a948-3157-430b-b36e-869e9690b34f None None] Starting request: 10.4.3.4 "GET /placement/allocations/3c1a70d0-0f73-443e-b47d-f267ca71f069" {{(pid=89309) __call__ /opt/stack/placement/placement/requestlog.py:55}}
Jun 03 14:00:05.170209 np0000002063 devstack@placement-api.service[89309]: INFO placement.requestlog [req-3b55d271-12e7-4eb6-85d1-02f8b2e42d3d req-1e67a948-3157-430b-b36e-869e9690b34f service nova] 10.4.3.4 "GET /placement/allocations/3c1a70d0-0f73-443e-b47d-f267ca71f069" status: 200 len: 258 microversion: 1.28
Jun 03 14:00:05.170402 np0000002063 devstack@placement-api.service[89309]: [pid: 89309|app: 0|req: 364/728] 10.4.3.4 () {68 vars in 1485 bytes} [Wed Jun 3 14:00:05 2026] GET /placement/allocations/3c1a70d0-0f73-443e-b47d-f267ca71f069 => generated 258 bytes in 7 msecs (HTTP/1.1 200) 8 headers in 296 bytes (1 switches on core 0)
Jun 03 14:00:05.200764 np0000002063 devstack@placement-api.service[89310]: DEBUG placement.requestlog [req-3b55d271-12e7-4eb6-85d1-02f8b2e42d3d req-15353a11-1cc8-44ce-b14c-5bc5411aa0a9 None None] Starting request: 10.4.3.4 "GET /placement/allocations/a332475a-14d4-4067-b447-b55d52378102" {{(pid=89310) __call__ /opt/stack/placement/placement/requestlog.py:55}}
Jun 03 14:00:05.208839 np0000002063 devstack@placement-api.service[89310]: INFO placement.requestlog [req-3b55d271-12e7-4eb6-85d1-02f8b2e42d3d req-15353a11-1cc8-44ce-b14c-5bc5411aa0a9 service nova] 10.4.3.4 "GET /placement/allocations/a332475a-14d4-4067-b447-b55d52378102" status: 200 len: 258 microversion: 1.28
Jun 03 14:00:05.209121 np0000002063 devstack@placement-api.service[89310]: [pid: 89310|app: 0|req: 365/729] 10.4.3.4 () {68 vars in 1485 bytes} [Wed Jun 3 14:00:05 2026] GET /placement/allocations/a332475a-14d4-4067-b447-b55d52378102 => generated 258 bytes in 8 msecs (HTTP/1.1 200) 8 headers in 296 bytes (1 switches on core 0)
Jun 03 14:00:05.255147 np0000002063 devstack@placement-api.service[89309]: DEBUG placement.requestlog [req-3b55d271-12e7-4eb6-85d1-02f8b2e42d3d req-6b69674d-f2d0-492e-aff2-33b5ae43621e None None] Starting request: 10.4.3.4 "GET /placement/allocations/c4cd6d7c-298b-429a-8b47-985c6e85ad7c" {{(pid=89309) __call__ /opt/stack/placement/placement/requestlog.py:55}}
Jun 03 14:00:05.262661 np0000002063 devstack@placement-api.service[89309]: INFO placement.requestlog [req-3b55d271-12e7-4eb6-85d1-02f8b2e42d3d req-6b69674d-f2d0-492e-aff2-33b5ae43621e service nova] 10.4.3.4 "GET /placement/allocations/c4cd6d7c-298b-429a-8b47-985c6e85ad7c" status: 200 len: 258 microversion: 1.28
Jun 03 14:00:05.263110 np0000002063 devstack@placement-api.service[89309]: [pid: 89309|app: 0|req: 365/730] 10.4.3.4 () {68 vars in 1485 bytes} [Wed Jun 3 14:00:05 2026] GET /placement/allocations/c4cd6d7c-298b-429a-8b47-985c6e85ad7c => generated 258 bytes in 8 msecs (HTTP/1.1 200) 8 headers in 296 bytes (1 switches on core 0)
Jun 03 14:00:05.297525 np0000002063 devstack@placement-api.service[89310]: DEBUG placement.requestlog [req-3b55d271-12e7-4eb6-85d1-02f8b2e42d3d req-70ae95a2-2f68-48ed-bda2-83ee341098af None None] Starting request: 10.4.3.4 "GET /placement/allocations/0b03984d-3030-496d-b451-1b70021fbb45" {{(pid=89310) __call__ /opt/stack/placement/placement/requestlog.py:55}}
Jun 03 14:00:05.305859 np0000002063 devstack@placement-api.service[89310]: INFO placement.requestlog [req-3b55d271-12e7-4eb6-85d1-02f8b2e42d3d req-70ae95a2-2f68-48ed-bda2-83ee341098af service nova] 10.4.3.4 "GET /placement/allocations/0b03984d-3030-496d-b451-1b70021fbb45" status: 200 len: 258 microversion: 1.28
Jun 03 14:00:05.306116 np0000002063 devstack@placement-api.service[89310]: [pid: 89310|app: 0|req: 366/731] 10.4.3.4 () {68 vars in 1485 bytes} [Wed Jun 3 14:00:05 2026] GET /placement/allocations/0b03984d-3030-496d-b451-1b70021fbb45 => generated 258 bytes in 9 msecs (HTTP/1.1 200) 8 headers in 296 bytes (1 switches on core 0)
Jun 03 14:00:05.340302 np0000002063 devstack@placement-api.service[89309]: DEBUG placement.requestlog [req-3b55d271-12e7-4eb6-85d1-02f8b2e42d3d req-02a6ac13-338c-4a3a-ac69-64a202dcffb5 None None] Starting request: 10.4.3.4 "GET /placement/allocations/24f133c0-4a2d-427c-9ab8-112290e13430" {{(pid=89309) __call__ /opt/stack/placement/placement/requestlog.py:55}}
Jun 03 14:00:05.347468 np0000002063 devstack@placement-api.service[89309]: INFO placement.requestlog [req-3b55d271-12e7-4eb6-85d1-02f8b2e42d3d req-02a6ac13-338c-4a3a-ac69-64a202dcffb5 service nova] 10.4.3.4 "GET /placement/allocations/24f133c0-4a2d-427c-9ab8-112290e13430" status: 200 len: 258 microversion: 1.28
Jun 03 14:00:05.347639 np0000002063 devstack@placement-api.service[89309]: [pid: 89309|app: 0|req: 366/732] 10.4.3.4 () {68 vars in 1485 bytes} [Wed Jun 3 14:00:05 2026] GET /placement/allocations/24f133c0-4a2d-427c-9ab8-112290e13430 => generated 258 bytes in 7 msecs (HTTP/1.1 200) 8 headers in 296 bytes (1 switches on core 0)
Jun 03 14:00:05.376353 np0000002063 devstack@placement-api.service[89310]: DEBUG placement.requestlog [req-3b55d271-12e7-4eb6-85d1-02f8b2e42d3d req-ac5c04b4-2366-4588-bf4f-f4443b5de5a1 None None] Starting request: 10.4.3.4 "GET /placement/allocations/d16e7962-080b-4dd8-bbaf-9d4ae7db7917" {{(pid=89310) __call__ /opt/stack/placement/placement/requestlog.py:55}}
Jun 03 14:00:05.384304 np0000002063 devstack@placement-api.service[89310]: INFO placement.requestlog [req-3b55d271-12e7-4eb6-85d1-02f8b2e42d3d req-ac5c04b4-2366-4588-bf4f-f4443b5de5a1 service nova] 10.4.3.4 "GET /placement/allocations/d16e7962-080b-4dd8-bbaf-9d4ae7db7917" status: 200 len: 258 microversion: 1.28
Jun 03 14:00:05.384663 np0000002063 devstack@placement-api.service[89310]: [pid: 89310|app: 0|req: 367/733] 10.4.3.4 () {68 vars in 1485 bytes} [Wed Jun 3 14:00:05 2026] GET /placement/allocations/d16e7962-080b-4dd8-bbaf-9d4ae7db7917 => generated 258 bytes in 8 msecs (HTTP/1.1 200) 8 headers in 296 bytes (1 switches on core 0)
Jun 03 14:00:05.904463 np0000002063 devstack@placement-api.service[89309]: DEBUG placement.requestlog [None req-e1602435-d6ca-4ec3-8022-78b553c953d2 None None] Starting request: 10.4.3.4 "GET /placement/resource_providers/ddac83a9-2dec-4806-89f8-9b22007f889f/aggregates" {{(pid=89309) __call__ /opt/stack/placement/placement/requestlog.py:55}}
Jun 03 14:00:05.992414 np0000002063 devstack@placement-api.service[89309]: INFO placement.requestlog [None req-e1602435-d6ca-4ec3-8022-78b553c953d2 service placement] 10.4.3.4 "GET /placement/resource_providers/ddac83a9-2dec-4806-89f8-9b22007f889f/aggregates" status: 404 len: 235 microversion: 1.1
Jun 03 14:00:05.992414 np0000002063 devstack@placement-api.service[89309]: [pid: 89309|app: 0|req: 367/734] 10.4.3.4 () {66 vars in 1460 bytes} [Wed Jun 3 14:00:05 2026] GET /placement/resource_providers/ddac83a9-2dec-4806-89f8-9b22007f889f/aggregates => generated 235 bytes in 88 msecs (HTTP/1.1 404) 5 headers in 202 bytes (1 switches on core 0)
Jun 03 14:00:06.035851 np0000002063 devstack@placement-api.service[89310]: DEBUG placement.requestlog [None req-ffedfc0d-57d5-4958-a9df-4af57511365b None None] Starting request: 10.4.3.4 "DELETE /placement/resource_providers/ddac83a9-2dec-4806-89f8-9b22007f889f" {{(pid=89310) __call__ /opt/stack/placement/placement/requestlog.py:55}}
Jun 03 14:00:06.042896 np0000002063 devstack@placement-api.service[89310]: DEBUG placement.wsgi_wrapper [None req-ffedfc0d-57d5-4958-a9df-4af57511365b service placement] Placement API returning an error response: No resource provider with uuid ddac83a9-2dec-4806-89f8-9b22007f889f found for delete {{(pid=89310) call_func /opt/stack/placement/placement/wsgi_wrapper.py:31}}
Jun 03 14:00:06.042896 np0000002063 devstack@placement-api.service[89310]: INFO placement.requestlog [None req-ffedfc0d-57d5-4958-a9df-4af57511365b service placement] 10.4.3.4 "DELETE /placement/resource_providers/ddac83a9-2dec-4806-89f8-9b22007f889f" status: 404 len: 246 microversion: 1.1
Jun 03 14:00:06.042896 np0000002063 devstack@placement-api.service[89310]: [pid: 89310|app: 0|req: 368/735] 10.4.3.4 () {68 vars in 1449 bytes} [Wed Jun 3 14:00:06 2026] DELETE /placement/resource_providers/ddac83a9-2dec-4806-89f8-9b22007f889f => generated 246 bytes in 7 msecs (HTTP/1.1 404) 6 headers in 231 bytes (1 switches on core 0)
Jun 03 14:00:13.705264 np0000002063 devstack@placement-api.service[89309]: DEBUG placement.requestlog [req-31b31c92-d1ad-478e-9f2b-32502a632d4f req-96c341c7-aef0-4ca1-a322-b08c0d06ed36 None None] Starting request: 10.4.3.4 "GET /placement/resource_providers/f2e95855-7e85-4074-bc1e-439178f76603/allocations" {{(pid=89309) __call__ /opt/stack/placement/placement/requestlog.py:55}}
Jun 03 14:00:13.724763 np0000002063 devstack@placement-api.service[89309]: INFO placement.requestlog [req-31b31c92-d1ad-478e-9f2b-32502a632d4f req-96c341c7-aef0-4ca1-a322-b08c0d06ed36 service nova] 10.4.3.4 "GET /placement/resource_providers/f2e95855-7e85-4074-bc1e-439178f76603/allocations" status: 200 len: 753 microversion: 1.0
Jun 03 14:00:13.725677 np0000002063 devstack@placement-api.service[89309]: [pid: 89309|app: 0|req: 368/736] 10.4.3.4 () {66 vars in 1498 bytes} [Wed Jun 3 14:00:13 2026] GET /placement/resource_providers/f2e95855-7e85-4074-bc1e-439178f76603/allocations => generated 753 bytes in 21 msecs (HTTP/1.1 200) 6 headers in 224 bytes (1 switches on core 0)
Jun 03 14:00:13.763216 np0000002063 devstack@placement-api.service[89310]: DEBUG placement.requestlog [req-31b31c92-d1ad-478e-9f2b-32502a632d4f req-c39a77ab-2e0c-4ff8-849e-b8271929a3a2 None None] Starting request: 10.4.3.4 "GET /placement/allocations/ccf77da4-d5cb-4389-ad70-3b62d810e578" {{(pid=89310) __call__ /opt/stack/placement/placement/requestlog.py:55}}
Jun 03 14:00:13.767168 np0000002063 devstack@placement-api.service[89310]: DEBUG dbcounter [-] [89310] Writing DB stats placement:SELECT=204,placement:INSERT=12,placement:DELETE=14,placement:UPDATE=4 {{(pid=89310) stat_writer /opt/stack/data/venv/lib/python3.12/site-packages/dbcounter.py:115}}
Jun 03 14:00:13.780312 np0000002063 devstack@placement-api.service[89310]: INFO placement.requestlog [req-31b31c92-d1ad-478e-9f2b-32502a632d4f req-c39a77ab-2e0c-4ff8-849e-b8271929a3a2 service nova] 10.4.3.4 "GET /placement/allocations/ccf77da4-d5cb-4389-ad70-3b62d810e578" status: 200 len: 258 microversion: 1.28
Jun 03 14:00:13.780758 np0000002063 devstack@placement-api.service[89310]: [pid: 89310|app: 0|req: 369/737] 10.4.3.4 () {68 vars in 1485 bytes} [Wed Jun 3 14:00:13 2026] GET /placement/allocations/ccf77da4-d5cb-4389-ad70-3b62d810e578 => generated 258 bytes in 17 msecs (HTTP/1.1 200) 8 headers in 296 bytes (1 switches on core 0)
Jun 03 14:00:13.812389 np0000002063 devstack@placement-api.service[89309]: DEBUG placement.requestlog [req-31b31c92-d1ad-478e-9f2b-32502a632d4f req-890e4b1b-6611-4545-a395-adbe46b3e623 None None] Starting request: 10.4.3.4 "GET /placement/allocations/3c1a70d0-0f73-443e-b47d-f267ca71f069" {{(pid=89309) __call__ /opt/stack/placement/placement/requestlog.py:55}}
Jun 03 14:00:13.820868 np0000002063 devstack@placement-api.service[89309]: INFO placement.requestlog [req-31b31c92-d1ad-478e-9f2b-32502a632d4f req-890e4b1b-6611-4545-a395-adbe46b3e623 service nova] 10.4.3.4 "GET /placement/allocations/3c1a70d0-0f73-443e-b47d-f267ca71f069" status: 200 len: 258 microversion: 1.28
Jun 03 14:00:13.821248 np0000002063 devstack@placement-api.service[89309]: [pid: 89309|app: 0|req: 369/738] 10.4.3.4 () {68 vars in 1485 bytes} [Wed Jun 3 14:00:13 2026] GET /placement/allocations/3c1a70d0-0f73-443e-b47d-f267ca71f069 => generated 258 bytes in 9 msecs (HTTP/1.1 200) 8 headers in 296 bytes (1 switches on core 0)
Jun 03 14:00:13.853683 np0000002063 devstack@placement-api.service[89310]: DEBUG placement.requestlog [req-31b31c92-d1ad-478e-9f2b-32502a632d4f req-6abdfbdf-75e4-4a9b-8a2e-0223ae57f73a None None] Starting request: 10.4.3.4 "GET /placement/allocations/a332475a-14d4-4067-b447-b55d52378102" {{(pid=89310) __call__ /opt/stack/placement/placement/requestlog.py:55}}
Jun 03 14:00:13.862648 np0000002063 devstack@placement-api.service[89310]: INFO placement.requestlog [req-31b31c92-d1ad-478e-9f2b-32502a632d4f req-6abdfbdf-75e4-4a9b-8a2e-0223ae57f73a service nova] 10.4.3.4 "GET /placement/allocations/a332475a-14d4-4067-b447-b55d52378102" status: 200 len: 258 microversion: 1.28
Jun 03 14:00:13.862901 np0000002063 devstack@placement-api.service[89310]: [pid: 89310|app: 0|req: 370/739] 10.4.3.4 () {68 vars in 1485 bytes} [Wed Jun 3 14:00:13 2026] GET /placement/allocations/a332475a-14d4-4067-b447-b55d52378102 => generated 258 bytes in 9 msecs (HTTP/1.1 200) 8 headers in 296 bytes (1 switches on core 0)
Jun 03 14:00:13.896017 np0000002063 devstack@placement-api.service[89309]: DEBUG placement.requestlog [req-31b31c92-d1ad-478e-9f2b-32502a632d4f req-e721cb2a-0c32-4142-a17d-6ef2fa4d01ec None None] Starting request: 10.4.3.4 "GET /placement/allocations/c4cd6d7c-298b-429a-8b47-985c6e85ad7c" {{(pid=89309) __call__ /opt/stack/placement/placement/requestlog.py:55}}
Jun 03 14:00:13.906273 np0000002063 devstack@placement-api.service[89309]: INFO placement.requestlog [req-31b31c92-d1ad-478e-9f2b-32502a632d4f req-e721cb2a-0c32-4142-a17d-6ef2fa4d01ec service nova] 10.4.3.4 "GET /placement/allocations/c4cd6d7c-298b-429a-8b47-985c6e85ad7c" status: 200 len: 258 microversion: 1.28
Jun 03 14:00:13.906829 np0000002063 devstack@placement-api.service[89309]: [pid: 89309|app: 0|req: 370/740] 10.4.3.4 () {68 vars in 1485 bytes} [Wed Jun 3 14:00:13 2026] GET /placement/allocations/c4cd6d7c-298b-429a-8b47-985c6e85ad7c => generated 258 bytes in 11 msecs (HTTP/1.1 200) 8 headers in 296 bytes (1 switches on core 0)
Jun 03 14:00:13.938969 np0000002063 devstack@placement-api.service[89310]: DEBUG placement.requestlog [req-31b31c92-d1ad-478e-9f2b-32502a632d4f req-2def126d-29f6-406c-a551-8f7aa8568c59 None None] Starting request: 10.4.3.4 "GET /placement/allocations/0b03984d-3030-496d-b451-1b70021fbb45" {{(pid=89310) __call__ /opt/stack/placement/placement/requestlog.py:55}}
Jun 03 14:00:13.946916 np0000002063 devstack@placement-api.service[89310]: INFO placement.requestlog [req-31b31c92-d1ad-478e-9f2b-32502a632d4f req-2def126d-29f6-406c-a551-8f7aa8568c59 service nova] 10.4.3.4 "GET /placement/allocations/0b03984d-3030-496d-b451-1b70021fbb45" status: 200 len: 258 microversion: 1.28
Jun 03 14:00:13.947532 np0000002063 devstack@placement-api.service[89310]: [pid: 89310|app: 0|req: 371/741] 10.4.3.4 () {68 vars in 1485 bytes} [Wed Jun 3 14:00:13 2026] GET /placement/allocations/0b03984d-3030-496d-b451-1b70021fbb45 => generated 258 bytes in 8 msecs (HTTP/1.1 200) 8 headers in 296 bytes (2 switches on core 0)
Jun 03 14:00:13.983612 np0000002063 devstack@placement-api.service[89309]: DEBUG placement.requestlog [req-31b31c92-d1ad-478e-9f2b-32502a632d4f req-3b4c7098-82ea-42e6-9316-51bce81b6421 None None] Starting request: 10.4.3.4 "GET /placement/allocations/24f133c0-4a2d-427c-9ab8-112290e13430" {{(pid=89309) __call__ /opt/stack/placement/placement/requestlog.py:55}}
Jun 03 14:00:14.003090 np0000002063 devstack@placement-api.service[89309]: INFO placement.requestlog [req-31b31c92-d1ad-478e-9f2b-32502a632d4f req-3b4c7098-82ea-42e6-9316-51bce81b6421 service nova] 10.4.3.4 "GET /placement/allocations/24f133c0-4a2d-427c-9ab8-112290e13430" status: 200 len: 258 microversion: 1.28
Jun 03 14:00:14.003540 np0000002063 devstack@placement-api.service[89309]: [pid: 89309|app: 0|req: 371/742] 10.4.3.4 () {68 vars in 1485 bytes} [Wed Jun 3 14:00:13 2026] GET /placement/allocations/24f133c0-4a2d-427c-9ab8-112290e13430 => generated 258 bytes in 20 msecs (HTTP/1.1 200) 8 headers in 296 bytes (1 switches on core 0)
Jun 03 14:00:14.042285 np0000002063 devstack@placement-api.service[89310]: DEBUG placement.requestlog [req-31b31c92-d1ad-478e-9f2b-32502a632d4f req-f5590dff-83ae-48b0-a13a-05ea47200049 None None] Starting request: 10.4.3.4 "GET /placement/allocations/d16e7962-080b-4dd8-bbaf-9d4ae7db7917" {{(pid=89310) __call__ /opt/stack/placement/placement/requestlog.py:55}}
Jun 03 14:00:14.050678 np0000002063 devstack@placement-api.service[89310]: INFO placement.requestlog [req-31b31c92-d1ad-478e-9f2b-32502a632d4f req-f5590dff-83ae-48b0-a13a-05ea47200049 service nova] 10.4.3.4 "GET /placement/allocations/d16e7962-080b-4dd8-bbaf-9d4ae7db7917" status: 200 len: 258 microversion: 1.28
Jun 03 14:00:14.051060 np0000002063 devstack@placement-api.service[89310]: [pid: 89310|app: 0|req: 372/743] 10.4.3.4 () {68 vars in 1485 bytes} [Wed Jun 3 14:00:14 2026] GET /placement/allocations/d16e7962-080b-4dd8-bbaf-9d4ae7db7917 => generated 258 bytes in 9 msecs (HTTP/1.1 200) 8 headers in 296 bytes (1 switches on core 0)
Jun 03 14:00:15.117980 np0000002063 devstack@placement-api.service[89309]: DEBUG placement.requestlog [req-31b31c92-d1ad-478e-9f2b-32502a632d4f req-bc4b82e8-6e88-446d-9104-beccff507eeb None None] Starting request: 10.4.3.4 "DELETE /placement/allocations/d16e7962-080b-4dd8-bbaf-9d4ae7db7917" {{(pid=89309) __call__ /opt/stack/placement/placement/requestlog.py:55}}
Jun 03 14:00:15.154376 np0000002063 devstack@placement-api.service[89309]: DEBUG placement.handlers.allocation [req-31b31c92-d1ad-478e-9f2b-32502a632d4f req-bc4b82e8-6e88-446d-9104-beccff507eeb service nova] Successfully deleted allocations [, , ] {{(pid=89309) delete_allocations /opt/stack/placement/placement/handlers/allocation.py:627}}
Jun 03 14:00:15.156160 np0000002063 devstack@placement-api.service[89309]: INFO placement.requestlog [req-31b31c92-d1ad-478e-9f2b-32502a632d4f req-bc4b82e8-6e88-446d-9104-beccff507eeb service nova] 10.4.3.4 "DELETE /placement/allocations/d16e7962-080b-4dd8-bbaf-9d4ae7db7917" status: 204 len: 0 microversion: 1.0
Jun 03 14:00:15.157449 np0000002063 devstack@placement-api.service[89309]: [pid: 89309|app: 0|req: 372/744] 10.4.3.4 () {68 vars in 1463 bytes} [Wed Jun 3 14:00:15 2026] DELETE /placement/allocations/d16e7962-080b-4dd8-bbaf-9d4ae7db7917 => generated 0 bytes in 39 msecs (HTTP/1.1 204) 5 headers in 198 bytes (1 switches on core 0)
Jun 03 14:00:15.375574 np0000002063 devstack@placement-api.service[89310]: DEBUG placement.requestlog [req-9bab07b7-b85d-4540-8c8f-aa3afa206741 req-f364f7a1-2f04-43cb-b68b-3a591189c465 None None] Starting request: 10.4.3.4 "GET /placement/allocation_candidates?limit=1000&resources=DISK_GB%3A1%2CMEMORY_MB%3A192%2CVCPU%3A1&root_required=%21COMPUTE_STATUS_DISABLED" {{(pid=89310) __call__ /opt/stack/placement/placement/requestlog.py:55}}
Jun 03 14:00:15.404520 np0000002063 devstack@placement-api.service[89310]: DEBUG placement.objects.research_context [req-9bab07b7-b85d-4540-8c8f-aa3afa206741 req-f364f7a1-2f04-43cb-b68b-3a591189c465 service nova] getting providers with 1 DISK_GB {{(pid=89310) __init__ /opt/stack/placement/placement/objects/research_context.py:137}}
Jun 03 14:00:15.415300 np0000002063 devstack@placement-api.service[89310]: DEBUG placement.objects.research_context [req-9bab07b7-b85d-4540-8c8f-aa3afa206741 req-f364f7a1-2f04-43cb-b68b-3a591189c465 service nova] getting providers with 192 MEMORY_MB {{(pid=89310) __init__ /opt/stack/placement/placement/objects/research_context.py:137}}
Jun 03 14:00:15.420000 np0000002063 devstack@placement-api.service[89310]: DEBUG placement.objects.research_context [req-9bab07b7-b85d-4540-8c8f-aa3afa206741 req-f364f7a1-2f04-43cb-b68b-3a591189c465 service nova] getting providers with 1 VCPU {{(pid=89310) __init__ /opt/stack/placement/placement/objects/research_context.py:137}}
Jun 03 14:00:15.423108 np0000002063 devstack@placement-api.service[89310]: DEBUG placement.objects.research_context [req-9bab07b7-b85d-4540-8c8f-aa3afa206741 req-f364f7a1-2f04-43cb-b68b-3a591189c465 service nova] found 1 providers with available 1 DISK_GB {{(pid=89310) get_provider_ids_matching /opt/stack/placement/placement/objects/research_context.py:563}}
Jun 03 14:00:15.423216 np0000002063 devstack@placement-api.service[89310]: DEBUG placement.objects.research_context [req-9bab07b7-b85d-4540-8c8f-aa3afa206741 req-f364f7a1-2f04-43cb-b68b-3a591189c465 service nova] found 1 providers with available 192 MEMORY_MB {{(pid=89310) get_provider_ids_matching /opt/stack/placement/placement/objects/research_context.py:563}}
Jun 03 14:00:15.423321 np0000002063 devstack@placement-api.service[89310]: DEBUG placement.objects.research_context [req-9bab07b7-b85d-4540-8c8f-aa3afa206741 req-f364f7a1-2f04-43cb-b68b-3a591189c465 service nova] found 1 providers after filtering by previous result {{(pid=89310) get_provider_ids_matching /opt/stack/placement/placement/objects/research_context.py:594}}
Jun 03 14:00:15.423403 np0000002063 devstack@placement-api.service[89310]: DEBUG placement.objects.research_context [req-9bab07b7-b85d-4540-8c8f-aa3afa206741 req-f364f7a1-2f04-43cb-b68b-3a591189c465 service nova] found 1 providers with available 1 VCPU {{(pid=89310) get_provider_ids_matching /opt/stack/placement/placement/objects/research_context.py:563}}
Jun 03 14:00:15.423484 np0000002063 devstack@placement-api.service[89310]: DEBUG placement.objects.research_context [req-9bab07b7-b85d-4540-8c8f-aa3afa206741 req-f364f7a1-2f04-43cb-b68b-3a591189c465 service nova] found 1 providers after filtering by previous result {{(pid=89310) get_provider_ids_matching /opt/stack/placement/placement/objects/research_context.py:594}}
Jun 03 14:00:15.431882 np0000002063 devstack@placement-api.service[89310]: DEBUG placement.objects.allocation_candidate [req-9bab07b7-b85d-4540-8c8f-aa3afa206741 req-f364f7a1-2f04-43cb-b68b-3a591189c465 service nova] RequestGroup(use_same_provider=False, resources={DISK_GB:1, MEMORY_MB:192, VCPU:1}, traits=(), aggregates=[]) (suffix '') returned 1 matches {{(pid=89310) _get_by_requests /opt/stack/placement/placement/objects/allocation_candidate.py:158}}
Jun 03 14:00:15.431882 np0000002063 devstack@placement-api.service[89310]: DEBUG placement.objects.allocation_candidate [req-9bab07b7-b85d-4540-8c8f-aa3afa206741 req-f364f7a1-2f04-43cb-b68b-3a591189c465 service nova] Merging candidates yields 1 allocation requests and 1 provider summaries {{(pid=89310) _merge_candidates /opt/stack/placement/placement/objects/allocation_candidate.py:908}}
Jun 03 14:00:15.431882 np0000002063 devstack@placement-api.service[89310]: INFO placement.requestlog [req-9bab07b7-b85d-4540-8c8f-aa3afa206741 req-f364f7a1-2f04-43cb-b68b-3a591189c465 service nova] 10.4.3.4 "GET /placement/allocation_candidates?limit=1000&resources=DISK_GB%3A1%2CMEMORY_MB%3A192%2CVCPU%3A1&root_required=%21COMPUTE_STATUS_DISABLED" status: 200 len: 2493 microversion: 1.36
Jun 03 14:00:15.431882 np0000002063 devstack@placement-api.service[89310]: [pid: 89310|app: 0|req: 373/745] 10.4.3.4 () {68 vars in 1611 bytes} [Wed Jun 3 14:00:15 2026] GET /placement/allocation_candidates?limit=1000&resources=DISK_GB%3A1%2CMEMORY_MB%3A192%2CVCPU%3A1&root_required=%21COMPUTE_STATUS_DISABLED => generated 2493 bytes in 56 msecs (HTTP/1.1 200) 8 headers in 297 bytes (2 switches on core 0)
Jun 03 14:00:15.479359 np0000002063 devstack@placement-api.service[89309]: DEBUG placement.requestlog [req-1f23c0f0-ce40-4b2c-b76c-ce686280089a req-1bc1f2a8-4e5f-4745-875d-8018a453f463 None None] Starting request: 10.4.3.4 "GET /placement/allocation_candidates?limit=1000&resources=DISK_GB%3A1%2CMEMORY_MB%3A192%2CVCPU%3A1&root_required=%21COMPUTE_STATUS_DISABLED" {{(pid=89309) __call__ /opt/stack/placement/placement/requestlog.py:55}}
Jun 03 14:00:15.525149 np0000002063 devstack@placement-api.service[89310]: DEBUG placement.requestlog [req-9bab07b7-b85d-4540-8c8f-aa3afa206741 req-2a59dfb8-a582-4d04-b0e3-cdc8a8316fe2 None None] Starting request: 10.4.3.4 "GET /placement/allocations/0f76c495-f781-4ae5-96f3-024312e9d451" {{(pid=89310) __call__ /opt/stack/placement/placement/requestlog.py:55}}
Jun 03 14:00:15.535997 np0000002063 devstack@placement-api.service[89309]: DEBUG placement.objects.research_context [req-1f23c0f0-ce40-4b2c-b76c-ce686280089a req-1bc1f2a8-4e5f-4745-875d-8018a453f463 service nova] getting providers with 1 DISK_GB {{(pid=89309) __init__ /opt/stack/placement/placement/objects/research_context.py:137}}
Jun 03 14:00:15.541074 np0000002063 devstack@placement-api.service[89309]: DEBUG placement.objects.research_context [req-1f23c0f0-ce40-4b2c-b76c-ce686280089a req-1bc1f2a8-4e5f-4745-875d-8018a453f463 service nova] getting providers with 192 MEMORY_MB {{(pid=89309) __init__ /opt/stack/placement/placement/objects/research_context.py:137}}
Jun 03 14:00:15.541221 np0000002063 devstack@placement-api.service[89310]: INFO placement.requestlog [req-9bab07b7-b85d-4540-8c8f-aa3afa206741 req-2a59dfb8-a582-4d04-b0e3-cdc8a8316fe2 service nova] 10.4.3.4 "GET /placement/allocations/0f76c495-f781-4ae5-96f3-024312e9d451" status: 200 len: 19 microversion: 1.28
Jun 03 14:00:15.541221 np0000002063 devstack@placement-api.service[89310]: [pid: 89310|app: 0|req: 374/746] 10.4.3.4 () {68 vars in 1487 bytes} [Wed Jun 3 14:00:15 2026] GET /placement/allocations/0f76c495-f781-4ae5-96f3-024312e9d451 => generated 19 bytes in 17 msecs (HTTP/1.1 200) 8 headers in 295 bytes (1 switches on core 0)
Jun 03 14:00:15.549064 np0000002063 devstack@placement-api.service[89309]: DEBUG placement.objects.research_context [req-1f23c0f0-ce40-4b2c-b76c-ce686280089a req-1bc1f2a8-4e5f-4745-875d-8018a453f463 service nova] getting providers with 1 VCPU {{(pid=89309) __init__ /opt/stack/placement/placement/objects/research_context.py:137}}
Jun 03 14:00:15.552469 np0000002063 devstack@placement-api.service[89309]: DEBUG placement.objects.research_context [req-1f23c0f0-ce40-4b2c-b76c-ce686280089a req-1bc1f2a8-4e5f-4745-875d-8018a453f463 service nova] found 1 providers with available 1 DISK_GB {{(pid=89309) get_provider_ids_matching /opt/stack/placement/placement/objects/research_context.py:563}}
Jun 03 14:00:15.554078 np0000002063 devstack@placement-api.service[89309]: DEBUG placement.objects.research_context [req-1f23c0f0-ce40-4b2c-b76c-ce686280089a req-1bc1f2a8-4e5f-4745-875d-8018a453f463 service nova] found 1 providers with available 192 MEMORY_MB {{(pid=89309) get_provider_ids_matching /opt/stack/placement/placement/objects/research_context.py:563}}
Jun 03 14:00:15.554078 np0000002063 devstack@placement-api.service[89309]: DEBUG placement.objects.research_context [req-1f23c0f0-ce40-4b2c-b76c-ce686280089a req-1bc1f2a8-4e5f-4745-875d-8018a453f463 service nova] found 1 providers after filtering by previous result {{(pid=89309) get_provider_ids_matching /opt/stack/placement/placement/objects/research_context.py:594}}
Jun 03 14:00:15.554078 np0000002063 devstack@placement-api.service[89309]: DEBUG placement.objects.research_context [req-1f23c0f0-ce40-4b2c-b76c-ce686280089a req-1bc1f2a8-4e5f-4745-875d-8018a453f463 service nova] found 1 providers with available 1 VCPU {{(pid=89309) get_provider_ids_matching /opt/stack/placement/placement/objects/research_context.py:563}}
Jun 03 14:00:15.554078 np0000002063 devstack@placement-api.service[89309]: DEBUG placement.objects.research_context [req-1f23c0f0-ce40-4b2c-b76c-ce686280089a req-1bc1f2a8-4e5f-4745-875d-8018a453f463 service nova] found 1 providers after filtering by previous result {{(pid=89309) get_provider_ids_matching /opt/stack/placement/placement/objects/research_context.py:594}}
Jun 03 14:00:15.570332 np0000002063 devstack@placement-api.service[89309]: DEBUG placement.objects.allocation_candidate [req-1f23c0f0-ce40-4b2c-b76c-ce686280089a req-1bc1f2a8-4e5f-4745-875d-8018a453f463 service nova] RequestGroup(use_same_provider=False, resources={DISK_GB:1, MEMORY_MB:192, VCPU:1}, traits=(), aggregates=[]) (suffix '') returned 1 matches {{(pid=89309) _get_by_requests /opt/stack/placement/placement/objects/allocation_candidate.py:158}}
Jun 03 14:00:15.570516 np0000002063 devstack@placement-api.service[89309]: DEBUG placement.objects.allocation_candidate [req-1f23c0f0-ce40-4b2c-b76c-ce686280089a req-1bc1f2a8-4e5f-4745-875d-8018a453f463 service nova] Merging candidates yields 1 allocation requests and 1 provider summaries {{(pid=89309) _merge_candidates /opt/stack/placement/placement/objects/allocation_candidate.py:908}}
Jun 03 14:00:15.571723 np0000002063 devstack@placement-api.service[89309]: INFO placement.requestlog [req-1f23c0f0-ce40-4b2c-b76c-ce686280089a req-1bc1f2a8-4e5f-4745-875d-8018a453f463 service nova] 10.4.3.4 "GET /placement/allocation_candidates?limit=1000&resources=DISK_GB%3A1%2CMEMORY_MB%3A192%2CVCPU%3A1&root_required=%21COMPUTE_STATUS_DISABLED" status: 200 len: 2493 microversion: 1.36
Jun 03 14:00:15.572042 np0000002063 devstack@placement-api.service[89309]: [pid: 89309|app: 0|req: 373/747] 10.4.3.4 () {68 vars in 1611 bytes} [Wed Jun 3 14:00:15 2026] GET /placement/allocation_candidates?limit=1000&resources=DISK_GB%3A1%2CMEMORY_MB%3A192%2CVCPU%3A1&root_required=%21COMPUTE_STATUS_DISABLED => generated 2493 bytes in 94 msecs (HTTP/1.1 200) 8 headers in 297 bytes (2 switches on core 0)
Jun 03 14:00:15.585812 np0000002063 devstack@placement-api.service[89310]: DEBUG placement.requestlog [req-9bab07b7-b85d-4540-8c8f-aa3afa206741 req-dc968f94-ec17-4def-ba92-40e829aa174b None None] Starting request: 10.4.3.4 "PUT /placement/allocations/0f76c495-f781-4ae5-96f3-024312e9d451" {{(pid=89310) __call__ /opt/stack/placement/placement/requestlog.py:55}}
Jun 03 14:00:15.664179 np0000002063 devstack@placement-api.service[89309]: DEBUG placement.requestlog [req-1f23c0f0-ce40-4b2c-b76c-ce686280089a req-3f5a1a17-3cb9-4953-a364-3f9be86e0615 None None] Starting request: 10.4.3.4 "GET /placement/allocations/b736693b-a84b-4edb-aa13-8c5323ad01ee" {{(pid=89309) __call__ /opt/stack/placement/placement/requestlog.py:55}}
Jun 03 14:00:15.668900 np0000002063 devstack@placement-api.service[89310]: DEBUG placement.handlers.allocation [req-9bab07b7-b85d-4540-8c8f-aa3afa206741 req-dc968f94-ec17-4def-ba92-40e829aa174b service nova] Successfully wrote allocations [, , ] {{(pid=89310) _update_consumers_and_create_allocations /opt/stack/placement/placement/handlers/allocation.py:462}}
Jun 03 14:00:15.671879 np0000002063 devstack@placement-api.service[89310]: INFO placement.requestlog [req-9bab07b7-b85d-4540-8c8f-aa3afa206741 req-dc968f94-ec17-4def-ba92-40e829aa174b service nova] 10.4.3.4 "PUT /placement/allocations/0f76c495-f781-4ae5-96f3-024312e9d451" status: 204 len: 0 microversion: 1.36
Jun 03 14:00:15.672310 np0000002063 devstack@placement-api.service[89310]: [pid: 89310|app: 0|req: 375/748] 10.4.3.4 () {72 vars in 1540 bytes} [Wed Jun 3 14:00:15 2026] PUT /placement/allocations/0f76c495-f781-4ae5-96f3-024312e9d451 => generated 0 bytes in 88 msecs (HTTP/1.1 204) 5 headers in 199 bytes (1 switches on core 0)
Jun 03 14:00:15.677878 np0000002063 devstack@placement-api.service[89309]: INFO placement.requestlog [req-1f23c0f0-ce40-4b2c-b76c-ce686280089a req-3f5a1a17-3cb9-4953-a364-3f9be86e0615 service nova] 10.4.3.4 "GET /placement/allocations/b736693b-a84b-4edb-aa13-8c5323ad01ee" status: 200 len: 19 microversion: 1.28
Jun 03 14:00:15.679716 np0000002063 devstack@placement-api.service[89309]: [pid: 89309|app: 0|req: 374/749] 10.4.3.4 () {68 vars in 1487 bytes} [Wed Jun 3 14:00:15 2026] GET /placement/allocations/b736693b-a84b-4edb-aa13-8c5323ad01ee => generated 19 bytes in 15 msecs (HTTP/1.1 200) 8 headers in 295 bytes (1 switches on core 0)
Jun 03 14:00:15.721902 np0000002063 devstack@placement-api.service[89310]: DEBUG placement.requestlog [req-1f23c0f0-ce40-4b2c-b76c-ce686280089a req-ba75808d-a0d2-40b9-b23a-a2f2c00ed70d None None] Starting request: 10.4.3.4 "PUT /placement/allocations/b736693b-a84b-4edb-aa13-8c5323ad01ee" {{(pid=89310) __call__ /opt/stack/placement/placement/requestlog.py:55}}
Jun 03 14:00:15.785046 np0000002063 devstack@placement-api.service[89310]: DEBUG placement.handlers.allocation [req-1f23c0f0-ce40-4b2c-b76c-ce686280089a req-ba75808d-a0d2-40b9-b23a-a2f2c00ed70d service nova] Successfully wrote allocations [, , ] {{(pid=89310) _update_consumers_and_create_allocations /opt/stack/placement/placement/handlers/allocation.py:462}}
Jun 03 14:00:15.790279 np0000002063 devstack@placement-api.service[89310]: INFO placement.requestlog [req-1f23c0f0-ce40-4b2c-b76c-ce686280089a req-ba75808d-a0d2-40b9-b23a-a2f2c00ed70d service nova] 10.4.3.4 "PUT /placement/allocations/b736693b-a84b-4edb-aa13-8c5323ad01ee" status: 204 len: 0 microversion: 1.36
Jun 03 14:00:15.790679 np0000002063 devstack@placement-api.service[89310]: [pid: 89310|app: 0|req: 376/750] 10.4.3.4 () {72 vars in 1540 bytes} [Wed Jun 3 14:00:15 2026] PUT /placement/allocations/b736693b-a84b-4edb-aa13-8c5323ad01ee => generated 0 bytes in 69 msecs (HTTP/1.1 204) 5 headers in 199 bytes (1 switches on core 0)
Jun 03 14:00:17.000739 np0000002063 devstack@placement-api.service[89309]: DEBUG placement.requestlog [req-9bab07b7-b85d-4540-8c8f-aa3afa206741 req-c53bb180-5a70-43d3-ad33-0596344c1c6c None None] Starting request: 10.4.3.4 "GET /placement/allocations/0f76c495-f781-4ae5-96f3-024312e9d451" {{(pid=89309) __call__ /opt/stack/placement/placement/requestlog.py:55}}
Jun 03 14:00:17.017533 np0000002063 devstack@placement-api.service[89309]: INFO placement.requestlog [req-9bab07b7-b85d-4540-8c8f-aa3afa206741 req-c53bb180-5a70-43d3-ad33-0596344c1c6c service nova] 10.4.3.4 "GET /placement/allocations/0f76c495-f781-4ae5-96f3-024312e9d451" status: 200 len: 258 microversion: 1.28
Jun 03 14:00:17.017749 np0000002063 devstack@placement-api.service[89309]: [pid: 89309|app: 0|req: 375/751] 10.4.3.4 () {68 vars in 1485 bytes} [Wed Jun 3 14:00:17 2026] GET /placement/allocations/0f76c495-f781-4ae5-96f3-024312e9d451 => generated 258 bytes in 17 msecs (HTTP/1.1 200) 8 headers in 296 bytes (1 switches on core 0)
Jun 03 14:00:17.093944 np0000002063 devstack@placement-api.service[89310]: DEBUG placement.requestlog [req-1f23c0f0-ce40-4b2c-b76c-ce686280089a req-fb47debe-64d6-4b81-8e02-c01aa9849e4d None None] Starting request: 10.4.3.4 "GET /placement/allocations/b736693b-a84b-4edb-aa13-8c5323ad01ee" {{(pid=89310) __call__ /opt/stack/placement/placement/requestlog.py:55}}
Jun 03 14:00:17.107388 np0000002063 devstack@placement-api.service[89310]: INFO placement.requestlog [req-1f23c0f0-ce40-4b2c-b76c-ce686280089a req-fb47debe-64d6-4b81-8e02-c01aa9849e4d service nova] 10.4.3.4 "GET /placement/allocations/b736693b-a84b-4edb-aa13-8c5323ad01ee" status: 200 len: 258 microversion: 1.28
Jun 03 14:00:17.107388 np0000002063 devstack@placement-api.service[89310]: [pid: 89310|app: 0|req: 377/752] 10.4.3.4 () {68 vars in 1485 bytes} [Wed Jun 3 14:00:17 2026] GET /placement/allocations/b736693b-a84b-4edb-aa13-8c5323ad01ee => generated 258 bytes in 13 msecs (HTTP/1.1 200) 8 headers in 296 bytes (1 switches on core 0)
Jun 03 14:00:18.063926 np0000002063 devstack@placement-api.service[89309]: DEBUG placement.requestlog [req-9bab07b7-b85d-4540-8c8f-aa3afa206741 req-3c285255-8c6e-460b-a89e-33e36d70eb87 None None] Starting request: 10.4.3.4 "GET /placement/resource_providers/f2e95855-7e85-4074-bc1e-439178f76603/allocations" {{(pid=89309) __call__ /opt/stack/placement/placement/requestlog.py:55}}
Jun 03 14:00:18.074541 np0000002063 devstack@placement-api.service[89309]: INFO placement.requestlog [req-9bab07b7-b85d-4540-8c8f-aa3afa206741 req-3c285255-8c6e-460b-a89e-33e36d70eb87 service nova] 10.4.3.4 "GET /placement/resource_providers/f2e95855-7e85-4074-bc1e-439178f76603/allocations" status: 200 len: 853 microversion: 1.0
Jun 03 14:00:18.074699 np0000002063 devstack@placement-api.service[89309]: [pid: 89309|app: 0|req: 376/753] 10.4.3.4 () {66 vars in 1498 bytes} [Wed Jun 3 14:00:18 2026] GET /placement/resource_providers/f2e95855-7e85-4074-bc1e-439178f76603/allocations => generated 853 bytes in 11 msecs (HTTP/1.1 200) 6 headers in 224 bytes (1 switches on core 0)
Jun 03 14:00:18.134165 np0000002063 devstack@placement-api.service[89310]: DEBUG placement.requestlog [req-9bab07b7-b85d-4540-8c8f-aa3afa206741 req-4cbe34a7-89be-42c4-b1a5-37c7a1e8c35d None None] Starting request: 10.4.3.4 "GET /placement/allocations/b736693b-a84b-4edb-aa13-8c5323ad01ee" {{(pid=89310) __call__ /opt/stack/placement/placement/requestlog.py:55}}
Jun 03 14:00:18.143235 np0000002063 devstack@placement-api.service[89310]: INFO placement.requestlog [req-9bab07b7-b85d-4540-8c8f-aa3afa206741 req-4cbe34a7-89be-42c4-b1a5-37c7a1e8c35d service nova] 10.4.3.4 "GET /placement/allocations/b736693b-a84b-4edb-aa13-8c5323ad01ee" status: 200 len: 258 microversion: 1.28
Jun 03 14:00:18.143565 np0000002063 devstack@placement-api.service[89310]: [pid: 89310|app: 0|req: 378/754] 10.4.3.4 () {68 vars in 1485 bytes} [Wed Jun 3 14:00:18 2026] GET /placement/allocations/b736693b-a84b-4edb-aa13-8c5323ad01ee => generated 258 bytes in 9 msecs (HTTP/1.1 200) 8 headers in 296 bytes (1 switches on core 0)
Jun 03 14:00:18.183277 np0000002063 devstack@placement-api.service[89309]: DEBUG placement.requestlog [req-9bab07b7-b85d-4540-8c8f-aa3afa206741 req-6cf83c6b-17c4-4288-9524-5be01dcbc6a4 None None] Starting request: 10.4.3.4 "GET /placement/allocations/0f76c495-f781-4ae5-96f3-024312e9d451" {{(pid=89309) __call__ /opt/stack/placement/placement/requestlog.py:55}}
Jun 03 14:00:18.196431 np0000002063 devstack@placement-api.service[89309]: INFO placement.requestlog [req-9bab07b7-b85d-4540-8c8f-aa3afa206741 req-6cf83c6b-17c4-4288-9524-5be01dcbc6a4 service nova] 10.4.3.4 "GET /placement/allocations/0f76c495-f781-4ae5-96f3-024312e9d451" status: 200 len: 258 microversion: 1.28
Jun 03 14:00:18.196696 np0000002063 devstack@placement-api.service[89309]: [pid: 89309|app: 0|req: 377/755] 10.4.3.4 () {68 vars in 1485 bytes} [Wed Jun 3 14:00:18 2026] GET /placement/allocations/0f76c495-f781-4ae5-96f3-024312e9d451 => generated 258 bytes in 13 msecs (HTTP/1.1 200) 8 headers in 296 bytes (1 switches on core 0)
Jun 03 14:00:18.229207 np0000002063 devstack@placement-api.service[89310]: DEBUG placement.requestlog [req-9bab07b7-b85d-4540-8c8f-aa3afa206741 req-00da1117-92bd-4eca-a9a6-cc28733554ac None None] Starting request: 10.4.3.4 "GET /placement/allocations/a332475a-14d4-4067-b447-b55d52378102" {{(pid=89310) __call__ /opt/stack/placement/placement/requestlog.py:55}}
Jun 03 14:00:18.239819 np0000002063 devstack@placement-api.service[89310]: INFO placement.requestlog [req-9bab07b7-b85d-4540-8c8f-aa3afa206741 req-00da1117-92bd-4eca-a9a6-cc28733554ac service nova] 10.4.3.4 "GET /placement/allocations/a332475a-14d4-4067-b447-b55d52378102" status: 200 len: 258 microversion: 1.28
Jun 03 14:00:18.240080 np0000002063 devstack@placement-api.service[89310]: [pid: 89310|app: 0|req: 379/756] 10.4.3.4 () {68 vars in 1485 bytes} [Wed Jun 3 14:00:18 2026] GET /placement/allocations/a332475a-14d4-4067-b447-b55d52378102 => generated 258 bytes in 11 msecs (HTTP/1.1 200) 8 headers in 296 bytes (1 switches on core 0)
Jun 03 14:00:18.274205 np0000002063 devstack@placement-api.service[89309]: DEBUG placement.requestlog [req-9bab07b7-b85d-4540-8c8f-aa3afa206741 req-09df79f8-1e43-4f57-be02-a1ec92a3750f None None] Starting request: 10.4.3.4 "GET /placement/allocations/24f133c0-4a2d-427c-9ab8-112290e13430" {{(pid=89309) __call__ /opt/stack/placement/placement/requestlog.py:55}}
Jun 03 14:00:18.293296 np0000002063 devstack@placement-api.service[89309]: INFO placement.requestlog [req-9bab07b7-b85d-4540-8c8f-aa3afa206741 req-09df79f8-1e43-4f57-be02-a1ec92a3750f service nova] 10.4.3.4 "GET /placement/allocations/24f133c0-4a2d-427c-9ab8-112290e13430" status: 200 len: 258 microversion: 1.28
Jun 03 14:00:18.293502 np0000002063 devstack@placement-api.service[89309]: [pid: 89309|app: 0|req: 378/757] 10.4.3.4 () {68 vars in 1485 bytes} [Wed Jun 3 14:00:18 2026] GET /placement/allocations/24f133c0-4a2d-427c-9ab8-112290e13430 => generated 258 bytes in 19 msecs (HTTP/1.1 200) 8 headers in 296 bytes (1 switches on core 0)
Jun 03 14:00:18.332371 np0000002063 devstack@placement-api.service[89310]: DEBUG placement.requestlog [req-9bab07b7-b85d-4540-8c8f-aa3afa206741 req-e917053a-c94b-44b9-b85c-950663222578 None None] Starting request: 10.4.3.4 "GET /placement/allocations/ccf77da4-d5cb-4389-ad70-3b62d810e578" {{(pid=89310) __call__ /opt/stack/placement/placement/requestlog.py:55}}
