Jul 21 14:41:23.603175 np0000005567 devstack@neutron-api.service[87551]: DEBUG ovsdbapp.backend.ovs_idl.event [None req-b9fd9309-0edc-4cda-976a-4c8a17b42c47 None None] Matched UPDATE: ChassisAgentWriteEvent(events=('create', 'update'), table='Chassis_Private', conditions=None, old_conditions=None), priority=20 to row=Chassis_Private(uuid=9d36b193-0a6b-4763-b493-fcb0a0b51102, chassis=077ef521-6a6c-474b-8426-4836ff807c5b, external_ids={'neutron:ovn-bridge': 'br-int', 'neutron:ovn-neutron-agent-id': 'ee841390-498b-51d4-9371-499710bcff21', 'neutron:ovn-neutron-agent-sb-cfg': '2'}, name='21bd1a5a-8b82-48e7-9959-9ea82dba17c3', nb_cfg=3, nb_cfg_timestamp=1784644883596) old=Chassis_Private(uuid=9d36b193-0a6b-4763-b493-fcb0a0b51102, nb_cfg=2, nb_cfg_timestamp=1784644811140) {{(pid=87551) matches /opt/stack/data/venv/lib/python3.12/site-packages/ovsdbapp/backend/ovs_idl/event.py:55}}
Jul 21 14:41:23.603997 np0000005567 devstack@neutron-api.service[87549]: DEBUG neutron.plugins.ml2.drivers.ovn.mech_driver.ovsdb.ovsdb_monitor [None req-8eeb450b-f5f8-4de8-8ba3-211d44fa6714 None None] Hash Ring: Node df749b48b1cb51988d135ff7cbf032b5 (host: np0000005567) handling event "update" for row ba5d4fe6-5e91-44fd-afa7-5abccf0191a6 (table: NB_Global) {{(pid=87549) notify /opt/stack/neutron/neutron/plugins/ml2/drivers/ovn/mech_driver/ovsdb/ovsdb_monitor.py:1013}}
Jul 21 14:41:23.609626 np0000005567 devstack@neutron-api.service[87549]: DEBUG neutron.common.ovn.hash_ring_manager [None req-90d10308-a4a5-4869-a47d-91f42e6efce7 None None] Hash Ring loaded. 3 active nodes. 0 offline nodes {{(pid=87549) _load_hash_ring /opt/stack/neutron/neutron/common/ovn/hash_ring_manager.py:110}}
Jul 21 14:41:23.611222 np0000005567 devstack@neutron-api.service[87550]: DEBUG ovsdbapp.backend.ovs_idl.event [None req-815790f7-d2be-4005-bbe5-f80eb202a281 None None] Matched UPDATE: ChassisAgentWriteEvent(events=('create', 'update'), table='Chassis_Private', conditions=None, old_conditions=None), priority=20 to row=Chassis_Private(uuid=9d36b193-0a6b-4763-b493-fcb0a0b51102, chassis=077ef521-6a6c-474b-8426-4836ff807c5b, external_ids={'neutron:ovn-bridge': 'br-int', 'neutron:ovn-neutron-agent-id': 'ee841390-498b-51d4-9371-499710bcff21', 'neutron:ovn-neutron-agent-sb-cfg': '2'}, name='21bd1a5a-8b82-48e7-9959-9ea82dba17c3', nb_cfg=3, nb_cfg_timestamp=1784644883596) old=Chassis_Private(uuid=9d36b193-0a6b-4763-b493-fcb0a0b51102, nb_cfg=2, nb_cfg_timestamp=1784644811140) {{(pid=87550) matches /opt/stack/data/venv/lib/python3.12/site-packages/ovsdbapp/backend/ovs_idl/event.py:55}}
Jul 21 14:41:23.615021 np0000005567 devstack@neutron-api.service[87551]: DEBUG neutron.common.ovn.hash_ring_manager [None req-b9fd9309-0edc-4cda-976a-4c8a17b42c47 None None] Hash Ring loaded. 3 active nodes. 0 offline nodes {{(pid=87551) _load_hash_ring /opt/stack/neutron/neutron/common/ovn/hash_ring_manager.py:110}}
Jul 21 14:41:23.615252 np0000005567 devstack@neutron-api.service[87551]: DEBUG neutron.plugins.ml2.drivers.ovn.mech_driver.ovsdb.ovsdb_monitor [None req-b9fd9309-0edc-4cda-976a-4c8a17b42c47 None None] Hash Ring: Node 0f2e057444f55bf488e92feab7a1249d (host: np0000005567) handling event "update" for row 9d36b193-0a6b-4763-b493-fcb0a0b51102 (table: Chassis_Private) {{(pid=87551) notify /opt/stack/neutron/neutron/plugins/ml2/drivers/ovn/mech_driver/ovsdb/ovsdb_monitor.py:1013}}
Jul 21 14:41:23.632609 np0000005567 devstack@neutron-api.service[87550]: DEBUG neutron_lib.callbacks.manager [None req-c61d8d7c-64cc-4bc2-aa78-1c0b47474d31 admin admin] Publish callbacks ['neutron.plugins.ml2.drivers.ovn.mech_driver.mech_driver.OVNMechanismDriver._create_security_group_precommit-201507'] for security_group (d3afd56a-fe1f-465e-9771-bba6b969aaa3), precommit_create {{(pid=87550) _notify_loop /opt/stack/data/venv/lib/python3.12/site-packages/neutron_lib/callbacks/manager.py:184}}
Jul 21 14:41:23.632814 np0000005567 devstack@neutron-api.service[87550]: DEBUG neutron.db.ovn_revision_numbers_db [None req-c61d8d7c-64cc-4bc2-aa78-1c0b47474d31 admin admin] create_initial_revision uuid=d3afd56a-fe1f-465e-9771-bba6b969aaa3, type=security_groups, rev=-1 {{(pid=87550) create_initial_revision /opt/stack/neutron/neutron/db/ovn_revision_numbers_db.py:98}}
Jul 21 14:41:23.633799 np0000005567 devstack@neutron-api.service[87551]: DEBUG neutron.plugins.ml2.drivers.helpers [None req-854a18eb-8e00-4a2f-8593-ca741d0f66c6 admin admin] geneve segment allocate from pool success with {'geneve_vni': 48720} {{(pid=87551) allocate_partially_specified_segment /opt/stack/neutron/neutron/plugins/ml2/drivers/helpers.py:142}}
Jul 21 14:41:23.633971 np0000005567 devstack@neutron-api.service[87550]: DEBUG neutron.common.ovn.hash_ring_manager [None req-815790f7-d2be-4005-bbe5-f80eb202a281 None None] Hash Ring loaded. 3 active nodes. 0 offline nodes {{(pid=87550) _load_hash_ring /opt/stack/neutron/neutron/common/ovn/hash_ring_manager.py:110}}
Jul 21 14:41:23.634721 np0000005567 devstack@neutron-api.service[87550]: DEBUG neutron.db.ovn_revision_numbers_db [None req-c61d8d7c-64cc-4bc2-aa78-1c0b47474d31 admin admin] create_initial_revision uuid=2d90eab2-4a34-4845-8b44-7044ea4c1b3c, type=security_group_rules, rev=-1 {{(pid=87550) create_initial_revision /opt/stack/neutron/neutron/db/ovn_revision_numbers_db.py:98}}
Jul 21 14:41:23.636034 np0000005567 devstack@neutron-api.service[87550]: DEBUG neutron.db.ovn_revision_numbers_db [None req-c61d8d7c-64cc-4bc2-aa78-1c0b47474d31 admin admin] create_initial_revision uuid=96eaf182-20e6-4410-a90b-3a5e1ad2186c, type=security_group_rules, rev=-1 {{(pid=87550) create_initial_revision /opt/stack/neutron/neutron/db/ovn_revision_numbers_db.py:98}}
Jul 21 14:41:23.637207 np0000005567 devstack@neutron-api.service[87550]: DEBUG neutron.db.ovn_revision_numbers_db [None req-c61d8d7c-64cc-4bc2-aa78-1c0b47474d31 admin admin] create_initial_revision uuid=aed63b82-6c2c-4a9c-957d-cbc715241cfc, type=security_group_rules, rev=-1 {{(pid=87550) create_initial_revision /opt/stack/neutron/neutron/db/ovn_revision_numbers_db.py:98}}
Jul 21 14:41:23.638349 np0000005567 devstack@neutron-api.service[87550]: DEBUG neutron.db.ovn_revision_numbers_db [None req-c61d8d7c-64cc-4bc2-aa78-1c0b47474d31 admin admin] create_initial_revision uuid=d601fe57-f9d7-44e8-91a3-4b95331f37ba, type=security_group_rules, rev=-1 {{(pid=87550) create_initial_revision /opt/stack/neutron/neutron/db/ovn_revision_numbers_db.py:98}}
Jul 21 14:41:23.640840 np0000005567 devstack@neutron-api.service[87551]: DEBUG neutron_lib.callbacks.manager [None req-854a18eb-8e00-4a2f-8593-ca741d0f66c6 admin admin] Publish callbacks ['neutron.services.segments.db._add_segment_host_mapping_for_segment-8277680624370', 'neutron.plugins.ml2.plugin.Ml2Plugin._handle_segment_change-785042'] for segment (5a225494-9842-4da4-8fa7-7e39822acc75), precommit_create {{(pid=87551) _notify_loop /opt/stack/data/venv/lib/python3.12/site-packages/neutron_lib/callbacks/manager.py:184}}
Jul 21 14:41:23.640996 np0000005567 devstack@neutron-api.service[87551]: INFO neutron.db.segments_db [None req-854a18eb-8e00-4a2f-8593-ca741d0f66c6 admin admin] Added segment 5a225494-9842-4da4-8fa7-7e39822acc75 of type geneve for network aeea9802-7732-43ab-9a4c-e8e5fb294bae
Jul 21 14:41:23.642329 np0000005567 devstack@neutron-api.service[87550]: DEBUG neutron_lib.callbacks.manager [None req-c61d8d7c-64cc-4bc2-aa78-1c0b47474d31 admin admin] Publish callbacks ['neutron.plugins.ml2.drivers.ovn.mech_driver.mech_driver.OVNMechanismDriver._create_security_group-201501', 'neutron.plugins.ml2.ovo_rpc._ObjectChangeHandler.handle_event-1206592'] for security_group (d3afd56a-fe1f-465e-9771-bba6b969aaa3), after_create {{(pid=87550) _notify_loop /opt/stack/data/venv/lib/python3.12/site-packages/neutron_lib/callbacks/manager.py:184}}
Jul 21 14:41:23.643096 np0000005567 devstack@neutron-api.service[87550]: DEBUG ovsdbapp.backend.ovs_idl.transaction [None req-33eef2df-2d0b-4a4d-92d7-d84dc86fd9e1 None None] Running txn n=1 command(idx=0): PgAddCommand(_result=None, name=pg_d3afd56a_fe1f_465e_9771_bba6b969aaa3, may_exist=False, columns={'acls': [], 'external_ids': {'neutron:security_group_id': 'd3afd56a-fe1f-465e-9771-bba6b969aaa3'}}) {{(pid=87550) do_commit /opt/stack/data/venv/lib/python3.12/site-packages/ovsdbapp/backend/ovs_idl/transaction.py:89}}
Jul 21 14:41:23.643472 np0000005567 devstack@neutron-api.service[87550]: DEBUG ovsdbapp.backend.ovs_idl.transaction [None req-33eef2df-2d0b-4a4d-92d7-d84dc86fd9e1 None None] Running txn n=1 command(idx=1): PgAclAddCommand(_result=None, entity=pg_d3afd56a_fe1f_465e_9771_bba6b969aaa3, direction=to-lport, priority=1002, match=outport == @pg_d3afd56a_fe1f_465e_9771_bba6b969aaa3 && ip4 && ip4.src == $pg_d3afd56a_fe1f_465e_9771_bba6b969aaa3_ip4, action=allow-related, log=False, may_exist=True, severity=[], name=[], meter=[], external_ids={'neutron:security_group_rule_id': '2d90eab2-4a34-4845-8b44-7044ea4c1b3c'}) {{(pid=87550) do_commit /opt/stack/data/venv/lib/python3.12/site-packages/ovsdbapp/backend/ovs_idl/transaction.py:89}}
Jul 21 14:41:23.643819 np0000005567 devstack@neutron-api.service[87550]: DEBUG ovsdbapp.backend.ovs_idl.transaction [None req-33eef2df-2d0b-4a4d-92d7-d84dc86fd9e1 None None] Running txn n=1 command(idx=2): PgAclAddCommand(_result=None, entity=pg_d3afd56a_fe1f_465e_9771_bba6b969aaa3, direction=to-lport, priority=1002, match=outport == @pg_d3afd56a_fe1f_465e_9771_bba6b969aaa3 && ip6 && ip6.src == $pg_d3afd56a_fe1f_465e_9771_bba6b969aaa3_ip6, action=allow-related, log=False, may_exist=True, severity=[], name=[], meter=[], external_ids={'neutron:security_group_rule_id': '96eaf182-20e6-4410-a90b-3a5e1ad2186c'}) {{(pid=87550) do_commit /opt/stack/data/venv/lib/python3.12/site-packages/ovsdbapp/backend/ovs_idl/transaction.py:89}}
Jul 21 14:41:23.644066 np0000005567 devstack@neutron-api.service[87550]: DEBUG ovsdbapp.backend.ovs_idl.transaction [None req-33eef2df-2d0b-4a4d-92d7-d84dc86fd9e1 None None] Running txn n=1 command(idx=3): PgAclAddCommand(_result=None, entity=pg_d3afd56a_fe1f_465e_9771_bba6b969aaa3, direction=from-lport, priority=1002, match=inport == @pg_d3afd56a_fe1f_465e_9771_bba6b969aaa3 && ip4, action=allow-related, log=False, may_exist=True, severity=[], name=[], meter=[], external_ids={'neutron:security_group_rule_id': 'aed63b82-6c2c-4a9c-957d-cbc715241cfc'}) {{(pid=87550) do_commit /opt/stack/data/venv/lib/python3.12/site-packages/ovsdbapp/backend/ovs_idl/transaction.py:89}}
Jul 21 14:41:23.644345 np0000005567 devstack@neutron-api.service[87550]: DEBUG ovsdbapp.backend.ovs_idl.transaction [None req-33eef2df-2d0b-4a4d-92d7-d84dc86fd9e1 None None] Running txn n=1 command(idx=4): PgAclAddCommand(_result=None, entity=pg_d3afd56a_fe1f_465e_9771_bba6b969aaa3, direction=from-lport, priority=1002, match=inport == @pg_d3afd56a_fe1f_465e_9771_bba6b969aaa3 && ip6, action=allow-related, log=False, may_exist=True, severity=[], name=[], meter=[], external_ids={'neutron:security_group_rule_id': 'd601fe57-f9d7-44e8-91a3-4b95331f37ba'}) {{(pid=87550) do_commit /opt/stack/data/venv/lib/python3.12/site-packages/ovsdbapp/backend/ovs_idl/transaction.py:89}}
Jul 21 14:41:23.648553 np0000005567 devstack@neutron-api.service[87550]: DEBUG neutron.plugins.ml2.drivers.ovn.mech_driver.ovsdb.ovsdb_monitor [None req-33eef2df-2d0b-4a4d-92d7-d84dc86fd9e1 None None] Hash Ring: Node 2ebf9aa79d8d57898fb951c1ee2ac628 (host: np0000005567) handling event "create" for row 495fcf1b-eba7-45d9-a243-49516510859c (table: ACL) {{(pid=87550) notify /opt/stack/neutron/neutron/plugins/ml2/drivers/ovn/mech_driver/ovsdb/ovsdb_monitor.py:1013}}
Jul 21 14:41:23.648871 np0000005567 devstack@neutron-api.service[87550]: DEBUG neutron.plugins.ml2.drivers.ovn.mech_driver.ovsdb.ovsdb_monitor [None req-33eef2df-2d0b-4a4d-92d7-d84dc86fd9e1 None None] Hash Ring: Node 2ebf9aa79d8d57898fb951c1ee2ac628 (host: np0000005567) handling event "create" for row 29ae46a1-bcf7-453f-997d-4d743fc2f1fc (table: Port_Group) {{(pid=87550) notify /opt/stack/neutron/neutron/plugins/ml2/drivers/ovn/mech_driver/ovsdb/ovsdb_monitor.py:1013}}
Jul 21 14:41:23.650646 np0000005567 devstack@neutron-api.service[87549]: DEBUG neutron.plugins.ml2.drivers.ovn.mech_driver.ovsdb.ovsdb_monitor [None req-8eeb450b-f5f8-4de8-8ba3-211d44fa6714 None None] Hash Ring: Node df749b48b1cb51988d135ff7cbf032b5 (host: np0000005567) handling event "create" for row 10a8d763-d3a9-429f-9c01-24d31935d669 (table: ACL) {{(pid=87549) notify /opt/stack/neutron/neutron/plugins/ml2/drivers/ovn/mech_driver/ovsdb/ovsdb_monitor.py:1013}}
Jul 21 14:41:23.650911 np0000005567 devstack@neutron-api.service[87549]: DEBUG neutron.plugins.ml2.drivers.ovn.mech_driver.ovsdb.ovsdb_monitor [None req-8eeb450b-f5f8-4de8-8ba3-211d44fa6714 None None] Hash Ring: Node df749b48b1cb51988d135ff7cbf032b5 (host: np0000005567) handling event "create" for row 9a765a71-2591-460b-978c-0b5df6211b82 (table: ACL) {{(pid=87549) notify /opt/stack/neutron/neutron/plugins/ml2/drivers/ovn/mech_driver/ovsdb/ovsdb_monitor.py:1013}}
Jul 21 14:41:23.651139 np0000005567 devstack@neutron-api.service[87549]: DEBUG neutron.plugins.ml2.drivers.ovn.mech_driver.ovsdb.ovsdb_monitor [None req-8eeb450b-f5f8-4de8-8ba3-211d44fa6714 None None] Hash Ring: Node df749b48b1cb51988d135ff7cbf032b5 (host: np0000005567) handling event "create" for row eb1a174d-46eb-45ee-b876-19fd4bdac613 (table: ACL) {{(pid=87549) notify /opt/stack/neutron/neutron/plugins/ml2/drivers/ovn/mech_driver/ovsdb/ovsdb_monitor.py:1013}}
Jul 21 14:41:23.661903 np0000005567 devstack@neutron-api.service[87551]: DEBUG neutron_lib.callbacks.manager [None req-854a18eb-8e00-4a2f-8593-ca741d0f66c6 admin admin] Publish callbacks ['neutron.services.auto_allocate.db._ensure_external_network_default_value_callback-8277679005286'] for network (aeea9802-7732-43ab-9a4c-e8e5fb294bae), precommit_create {{(pid=87551) _notify_loop /opt/stack/data/venv/lib/python3.12/site-packages/neutron_lib/callbacks/manager.py:184}}
Jul 21 14:41:23.666246 np0000005567 devstack@neutron-api.service[87550]: INFO neutron.db.ovn_revision_numbers_db [None req-c61d8d7c-64cc-4bc2-aa78-1c0b47474d31 admin admin] Successfully bumped revision number for resource d3afd56a-fe1f-465e-9771-bba6b969aaa3 (type: security_groups) to 1
Jul 21 14:41:23.674971 np0000005567 devstack@neutron-api.service[87551]: DEBUG neutron.plugins.ml2.drivers.ovn.mech_driver.mech_driver [None req-854a18eb-8e00-4a2f-8593-ca741d0f66c6 admin admin] Validating network segment with type geneve, segmentation ID 48720, physical network None {{(pid=87551) _validate_network_segments /opt/stack/neutron/neutron/plugins/ml2/drivers/ovn/mech_driver/mech_driver.py:646}}
Jul 21 14:41:23.675145 np0000005567 devstack@neutron-api.service[87551]: DEBUG neutron.db.ovn_revision_numbers_db [None req-854a18eb-8e00-4a2f-8593-ca741d0f66c6 admin admin] create_initial_revision uuid=aeea9802-7732-43ab-9a4c-e8e5fb294bae, type=networks, rev=-1 {{(pid=87551) create_initial_revision /opt/stack/neutron/neutron/db/ovn_revision_numbers_db.py:98}}
Jul 21 14:41:23.678505 np0000005567 devstack@neutron-api.service[87550]: INFO neutron.db.ovn_revision_numbers_db [None req-c61d8d7c-64cc-4bc2-aa78-1c0b47474d31 admin admin] Successfully bumped revision number for resource 2d90eab2-4a34-4845-8b44-7044ea4c1b3c (type: security_group_rules) to 0
Jul 21 14:41:23.682580 np0000005567 devstack@neutron-api.service[87551]: DEBUG neutron_lib.callbacks.manager [None req-854a18eb-8e00-4a2f-8593-ca741d0f66c6 admin admin] Publish callbacks ['neutron.plugins.ml2.ovo_rpc._ObjectChangeHandler.handle_event-1117054'] for network (aeea9802-7732-43ab-9a4c-e8e5fb294bae), after_create {{(pid=87551) _notify_loop /opt/stack/data/venv/lib/python3.12/site-packages/neutron_lib/callbacks/manager.py:184}}
Jul 21 14:41:23.690469 np0000005567 devstack@neutron-api.service[87550]: INFO neutron.db.ovn_revision_numbers_db [None req-c61d8d7c-64cc-4bc2-aa78-1c0b47474d31 admin admin] Successfully bumped revision number for resource 96eaf182-20e6-4410-a90b-3a5e1ad2186c (type: security_group_rules) to 0
Jul 21 14:41:23.696579 np0000005567 devstack@neutron-api.service[87551]: DEBUG neutron.api.rpc.handlers.resources_rpc [None req-854a18eb-8e00-4a2f-8593-ca741d0f66c6 admin admin] Pushing event updated for resources: {'Network': ['ID=aeea9802-7732-43ab-9a4c-e8e5fb294bae,revision_number=1']} {{(pid=87551) push /opt/stack/neutron/neutron/api/rpc/handlers/resources_rpc.py:237}}
Jul 21 14:41:23.703580 np0000005567 devstack@neutron-api.service[87551]: DEBUG ovsdbapp.backend.ovs_idl.transaction [None req-296b24ae-38b4-46b5-a364-efec55e67948 None None] Running txn n=1 command(idx=0): AddNetworkCommand(_result=None, network_uuid=aeea9802-7732-43ab-9a4c-e8e5fb294bae, may_exist=True, columns={'external_ids': {'neutron:network_name': 'tempest-TaggedBootDevicesTest_v242-1646633581-network', 'neutron:mtu': '1372', 'neutron:revision_number': '1', 'neutron:availability_zone_hints': '', 'neutron:provnet-network-type': 'geneve'}, 'other_config': {'mcast_snoop': 'false', 'mcast_flood_unregistered': 'false', 'vlan-passthru': 'false'}}) {{(pid=87551) do_commit /opt/stack/data/venv/lib/python3.12/site-packages/ovsdbapp/backend/ovs_idl/transaction.py:89}}
Jul 21 14:41:23.705754 np0000005567 devstack@neutron-api.service[87550]: INFO neutron.db.ovn_revision_numbers_db [None req-c61d8d7c-64cc-4bc2-aa78-1c0b47474d31 admin admin] Successfully bumped revision number for resource aed63b82-6c2c-4a9c-957d-cbc715241cfc (type: security_group_rules) to 0
Jul 21 14:41:23.707389 np0000005567 devstack@neutron-api.service[87551]: DEBUG neutron.plugins.ml2.drivers.ovn.mech_driver.ovsdb.ovsdb_monitor [None req-296b24ae-38b4-46b5-a364-efec55e67948 None None] Hash Ring: Node 0f2e057444f55bf488e92feab7a1249d (host: np0000005567) handling event "create" for row aeea9802-7732-43ab-9a4c-e8e5fb294bae (table: Logical_Switch) {{(pid=87551) notify /opt/stack/neutron/neutron/plugins/ml2/drivers/ovn/mech_driver/ovsdb/ovsdb_monitor.py:1013}}
Jul 21 14:41:23.709564 np0000005567 devstack@neutron-api.service[87551]: DEBUG neutron.plugins.ml2.drivers.ovn.mech_driver.ovsdb.ovsdb_monitor [None req-b9fd9309-0edc-4cda-976a-4c8a17b42c47 None None] Hash Ring: Node 0f2e057444f55bf488e92feab7a1249d (host: np0000005567) handling event "create" for row 82bad1a3-d1be-4dfa-b3ca-00e1e530e766 (table: Datapath_Binding) {{(pid=87551) notify /opt/stack/neutron/neutron/plugins/ml2/drivers/ovn/mech_driver/ovsdb/ovsdb_monitor.py:1013}}
Jul 21 14:41:23.719076 np0000005567 devstack@neutron-api.service[87550]: INFO neutron.db.ovn_revision_numbers_db [None req-c61d8d7c-64cc-4bc2-aa78-1c0b47474d31 admin admin] Successfully bumped revision number for resource d601fe57-f9d7-44e8-91a3-4b95331f37ba (type: security_group_rules) to 0
Jul 21 14:41:23.725500 np0000005567 devstack@neutron-api.service[87551]: INFO neutron.db.ovn_revision_numbers_db [None req-854a18eb-8e00-4a2f-8593-ca741d0f66c6 admin admin] Successfully bumped revision number for resource aeea9802-7732-43ab-9a4c-e8e5fb294bae (type: networks) to 1
Jul 21 14:41:23.737427 np0000005567 devstack@neutron-api.service[87551]: DEBUG neutron_lib.callbacks.manager [None req-854a18eb-8e00-4a2f-8593-ca741d0f66c6 admin admin] Publish callbacks ['neutron.plugins.ml2.plugin.SecurityGroupDbMixin._ensure_default_security_group_handler-1031112'] for port (None), before_create {{(pid=87551) _notify_loop /opt/stack/data/venv/lib/python3.12/site-packages/neutron_lib/callbacks/manager.py:184}}
Jul 21 14:41:23.741034 np0000005567 devstack@neutron-api.service[87550]: DEBUG neutron.api.rpc.handlers.resources_rpc [None req-c61d8d7c-64cc-4bc2-aa78-1c0b47474d31 admin admin] Pushing event updated for resources: {'SecurityGroup': ['ID=d3afd56a-fe1f-465e-9771-bba6b969aaa3,revision_number=1']} {{(pid=87550) push /opt/stack/neutron/neutron/api/rpc/handlers/resources_rpc.py:237}}
Jul 21 14:41:23.765712 np0000005567 devstack@neutron-api.service[87549]: DEBUG neutron.api.v2.base [None req-7e34ef95-36a1-464e-92bf-6e8771f12ece admin admin] Request body: {'network': {'name': 'tempest-AttachVolumeTestJSON-117779940-network', 'project_id': '237f6ff8ff384f179b62fd239078357b'}} {{(pid=87549) prepare_request_body /opt/stack/neutron/neutron/api/v2/base.py:727}}
Jul 21 14:41:23.769081 np0000005567 devstack@neutron-api.service[87550]: DEBUG neutron.plugins.ml2.drivers.helpers [None req-c61d8d7c-64cc-4bc2-aa78-1c0b47474d31 admin admin] geneve segment allocate from pool success with {'geneve_vni': 41283} {{(pid=87550) allocate_partially_specified_segment /opt/stack/neutron/neutron/plugins/ml2/drivers/helpers.py:142}}
Jul 21 14:41:23.779230 np0000005567 devstack@neutron-api.service[87550]: DEBUG neutron_lib.callbacks.manager [None req-c61d8d7c-64cc-4bc2-aa78-1c0b47474d31 admin admin] Publish callbacks ['neutron.services.segments.db._add_segment_host_mapping_for_segment-8277680659386', 'neutron.plugins.ml2.plugin.Ml2Plugin._handle_segment_change-31636'] for segment (87781c3b-91ab-4e43-ab7e-11f3716e411d), precommit_create {{(pid=87550) _notify_loop /opt/stack/data/venv/lib/python3.12/site-packages/neutron_lib/callbacks/manager.py:184}}
Jul 21 14:41:23.779798 np0000005567 devstack@neutron-api.service[87550]: INFO neutron.db.segments_db [None req-c61d8d7c-64cc-4bc2-aa78-1c0b47474d31 admin admin] Added segment 87781c3b-91ab-4e43-ab7e-11f3716e411d of type geneve for network be0704a9-cca1-4a7a-af3e-7fcbe63c9d10
Jul 21 14:41:23.780083 np0000005567 devstack@neutron-api.service[87549]: DEBUG neutron.pecan_wsgi.hooks.quota_enforcement [None req-7e34ef95-36a1-464e-92bf-6e8771f12ece admin admin] Made reservation on behalf of 237f6ff8ff384f179b62fd239078357b for: {'network': 1} {{(pid=87549) before /opt/stack/neutron/neutron/pecan_wsgi/hooks/quota_enforcement.py:66}}
Jul 21 14:41:23.783648 np0000005567 devstack@neutron-api.service[87549]: DEBUG neutron_lib.callbacks.manager [None req-7e34ef95-36a1-464e-92bf-6e8771f12ece admin admin] Publish callbacks ['neutron.plugins.ml2.plugin.SecurityGroupDbMixin._ensure_default_security_group_handler-7682500'] for network (None), before_create {{(pid=87549) _notify_loop /opt/stack/data/venv/lib/python3.12/site-packages/neutron_lib/callbacks/manager.py:184}}
Jul 21 14:41:23.788828 np0000005567 devstack@neutron-api.service[87549]: DEBUG neutron_lib.callbacks.manager [None req-7e34ef95-36a1-464e-92bf-6e8771f12ece admin admin] Publish callbacks [] for security_group (None), before_create {{(pid=87549) _notify_loop /opt/stack/data/venv/lib/python3.12/site-packages/neutron_lib/callbacks/manager.py:184}}
Jul 21 14:41:23.799174 np0000005567 devstack@neutron-api.service[87550]: DEBUG neutron_lib.callbacks.manager [None req-c61d8d7c-64cc-4bc2-aa78-1c0b47474d31 admin admin] Publish callbacks ['neutron.services.auto_allocate.db._ensure_external_network_default_value_callback-8277679472934'] for network (be0704a9-cca1-4a7a-af3e-7fcbe63c9d10), precommit_create {{(pid=87550) _notify_loop /opt/stack/data/venv/lib/python3.12/site-packages/neutron_lib/callbacks/manager.py:184}}
Jul 21 14:41:23.807892 np0000005567 devstack@neutron-api.service[87551]: DEBUG neutron_lib.callbacks.manager [None req-854a18eb-8e00-4a2f-8593-ca741d0f66c6 admin admin] Publish callbacks ['neutron.plugins.ml2.drivers.ovn.mech_driver.mech_driver.OVNMechanismDriver._validate_allowed_address_pairs-180734'] for allowed_address_pair (1d529810-d408-4970-9271-7078686f8f2f), before_create {{(pid=87551) _notify_loop /opt/stack/data/venv/lib/python3.12/site-packages/neutron_lib/callbacks/manager.py:184}}
Jul 21 14:41:23.808940 np0000005567 devstack@neutron-api.service[87551]: DEBUG neutron_lib.callbacks.manager [None req-854a18eb-8e00-4a2f-8593-ca741d0f66c6 admin admin] Publish callbacks [] for port (1d529810-d408-4970-9271-7078686f8f2f), precommit_create {{(pid=87551) _notify_loop /opt/stack/data/venv/lib/python3.12/site-packages/neutron_lib/callbacks/manager.py:184}}
Jul 21 14:41:23.809087 np0000005567 devstack@neutron-api.service[87551]: DEBUG neutron.plugins.ml2.drivers.ovn.mech_driver.mech_driver [None req-854a18eb-8e00-4a2f-8593-ca741d0f66c6 admin admin] No provisioning block for port 1d529810-d408-4970-9271-7078686f8f2f since it does not have a host {{(pid=87551) _is_port_provisioning_required /opt/stack/neutron/neutron/plugins/ml2/drivers/ovn/mech_driver/mech_driver.py:899}}
Jul 21 14:41:23.809149 np0000005567 devstack@neutron-api.service[87551]: DEBUG neutron.db.ovn_revision_numbers_db [None req-854a18eb-8e00-4a2f-8593-ca741d0f66c6 admin admin] create_initial_revision uuid=1d529810-d408-4970-9271-7078686f8f2f, type=ports, rev=-1 {{(pid=87551) create_initial_revision /opt/stack/neutron/neutron/db/ovn_revision_numbers_db.py:98}}
Jul 21 14:41:23.813095 np0000005567 devstack@neutron-api.service[87550]: DEBUG neutron.plugins.ml2.drivers.ovn.mech_driver.mech_driver [None req-c61d8d7c-64cc-4bc2-aa78-1c0b47474d31 admin admin] Validating network segment with type geneve, segmentation ID 41283, physical network None {{(pid=87550) _validate_network_segments /opt/stack/neutron/neutron/plugins/ml2/drivers/ovn/mech_driver/mech_driver.py:646}}
Jul 21 14:41:23.813226 np0000005567 devstack@neutron-api.service[87550]: DEBUG neutron.db.ovn_revision_numbers_db [None req-c61d8d7c-64cc-4bc2-aa78-1c0b47474d31 admin admin] create_initial_revision uuid=be0704a9-cca1-4a7a-af3e-7fcbe63c9d10, type=networks, rev=-1 {{(pid=87550) create_initial_revision /opt/stack/neutron/neutron/db/ovn_revision_numbers_db.py:98}}
Jul 21 14:41:23.829152 np0000005567 devstack@neutron-api.service[87550]: DEBUG neutron_lib.callbacks.manager [None req-c61d8d7c-64cc-4bc2-aa78-1c0b47474d31 admin admin] Publish callbacks ['neutron.plugins.ml2.ovo_rpc._ObjectChangeHandler.handle_event-1206597'] for network (be0704a9-cca1-4a7a-af3e-7fcbe63c9d10), after_create {{(pid=87550) _notify_loop /opt/stack/data/venv/lib/python3.12/site-packages/neutron_lib/callbacks/manager.py:184}}
Jul 21 14:41:23.843717 np0000005567 devstack@neutron-api.service[87551]: DEBUG neutron_lib.callbacks.manager [None req-854a18eb-8e00-4a2f-8593-ca741d0f66c6 admin admin] Publish callbacks ['neutron.plugins.ml2.ovo_rpc._ObjectChangeHandler.handle_event-1117049'] for port (1d529810-d408-4970-9271-7078686f8f2f), after_create {{(pid=87551) _notify_loop /opt/stack/data/venv/lib/python3.12/site-packages/neutron_lib/callbacks/manager.py:184}}
Jul 21 14:41:23.861903 np0000005567 devstack@neutron-api.service[87549]: DEBUG neutron_lib.callbacks.manager [None req-7e34ef95-36a1-464e-92bf-6e8771f12ece admin admin] Publish callbacks ['neutron.plugins.ml2.drivers.ovn.mech_driver.mech_driver.OVNMechanismDriver._create_security_group_precommit-202946'] for security_group (0d0f2473-42d9-471f-80f2-27238e801a6a), precommit_create {{(pid=87549) _notify_loop /opt/stack/data/venv/lib/python3.12/site-packages/neutron_lib/callbacks/manager.py:184}}
Jul 21 14:41:23.862051 np0000005567 devstack@neutron-api.service[87549]: DEBUG neutron.db.ovn_revision_numbers_db [None req-7e34ef95-36a1-464e-92bf-6e8771f12ece admin admin] create_initial_revision uuid=0d0f2473-42d9-471f-80f2-27238e801a6a, type=security_groups, rev=-1 {{(pid=87549) create_initial_revision /opt/stack/neutron/neutron/db/ovn_revision_numbers_db.py:98}}
Jul 21 14:41:23.863328 np0000005567 devstack@neutron-api.service[87549]: DEBUG neutron.db.ovn_revision_numbers_db [None req-7e34ef95-36a1-464e-92bf-6e8771f12ece admin admin] create_initial_revision uuid=10abd899-de2c-4843-bdbb-51a0f6ac9a1e, type=security_group_rules, rev=-1 {{(pid=87549) create_initial_revision /opt/stack/neutron/neutron/db/ovn_revision_numbers_db.py:98}}
Jul 21 14:41:23.864253 np0000005567 devstack@neutron-api.service[87549]: DEBUG neutron.db.ovn_revision_numbers_db [None req-7e34ef95-36a1-464e-92bf-6e8771f12ece admin admin] create_initial_revision uuid=4589f836-3bde-47cd-b31f-3f4544ecf6a5, type=security_group_rules, rev=-1 {{(pid=87549) create_initial_revision /opt/stack/neutron/neutron/db/ovn_revision_numbers_db.py:98}}
Jul 21 14:41:23.865202 np0000005567 devstack@neutron-api.service[87549]: DEBUG neutron.db.ovn_revision_numbers_db [None req-7e34ef95-36a1-464e-92bf-6e8771f12ece admin admin] create_initial_revision uuid=664e37eb-a180-4041-8dab-094a1ef4836e, type=security_group_rules, rev=-1 {{(pid=87549) create_initial_revision /opt/stack/neutron/neutron/db/ovn_revision_numbers_db.py:98}}
Jul 21 14:41:23.866120 np0000005567 devstack@neutron-api.service[87549]: DEBUG neutron.db.ovn_revision_numbers_db [None req-7e34ef95-36a1-464e-92bf-6e8771f12ece admin admin] create_initial_revision uuid=90f907e0-65f7-473d-b66a-6fb0413b56de, type=security_group_rules, rev=-1 {{(pid=87549) create_initial_revision /opt/stack/neutron/neutron/db/ovn_revision_numbers_db.py:98}}
Jul 21 14:41:23.874366 np0000005567 devstack@neutron-api.service[87549]: DEBUG neutron_lib.callbacks.manager [None req-7e34ef95-36a1-464e-92bf-6e8771f12ece admin admin] Publish callbacks ['neutron.plugins.ml2.drivers.ovn.mech_driver.mech_driver.OVNMechanismDriver._create_security_group-203000', 'neutron.plugins.ml2.ovo_rpc._ObjectChangeHandler.handle_event-1205265'] for security_group (0d0f2473-42d9-471f-80f2-27238e801a6a), after_create {{(pid=87549) _notify_loop /opt/stack/data/venv/lib/python3.12/site-packages/neutron_lib/callbacks/manager.py:184}}
Jul 21 14:41:23.875125 np0000005567 devstack@neutron-api.service[87549]: DEBUG ovsdbapp.backend.ovs_idl.transaction [None req-8eeb450b-f5f8-4de8-8ba3-211d44fa6714 None None] Running txn n=1 command(idx=0): PgAddCommand(_result=None, name=pg_0d0f2473_42d9_471f_80f2_27238e801a6a, may_exist=False, columns={'acls': [], 'external_ids': {'neutron:security_group_id': '0d0f2473-42d9-471f-80f2-27238e801a6a'}}) {{(pid=87549) do_commit /opt/stack/data/venv/lib/python3.12/site-packages/ovsdbapp/backend/ovs_idl/transaction.py:89}}
Jul 21 14:41:23.875555 np0000005567 devstack@neutron-api.service[87549]: DEBUG ovsdbapp.backend.ovs_idl.transaction [None req-8eeb450b-f5f8-4de8-8ba3-211d44fa6714 None None] Running txn n=1 command(idx=1): PgAclAddCommand(_result=None, entity=pg_0d0f2473_42d9_471f_80f2_27238e801a6a, direction=to-lport, priority=1002, match=outport == @pg_0d0f2473_42d9_471f_80f2_27238e801a6a && ip4 && ip4.src == $pg_0d0f2473_42d9_471f_80f2_27238e801a6a_ip4, action=allow-related, log=False, may_exist=True, severity=[], name=[], meter=[], external_ids={'neutron:security_group_rule_id': '10abd899-de2c-4843-bdbb-51a0f6ac9a1e'}) {{(pid=87549) do_commit /opt/stack/data/venv/lib/python3.12/site-packages/ovsdbapp/backend/ovs_idl/transaction.py:89}}
Jul 21 14:41:23.875870 np0000005567 devstack@neutron-api.service[87549]: DEBUG ovsdbapp.backend.ovs_idl.transaction [None req-8eeb450b-f5f8-4de8-8ba3-211d44fa6714 None None] Running txn n=1 command(idx=2): PgAclAddCommand(_result=None, entity=pg_0d0f2473_42d9_471f_80f2_27238e801a6a, direction=from-lport, priority=1002, match=inport == @pg_0d0f2473_42d9_471f_80f2_27238e801a6a && ip4, action=allow-related, log=False, may_exist=True, severity=[], name=[], meter=[], external_ids={'neutron:security_group_rule_id': '4589f836-3bde-47cd-b31f-3f4544ecf6a5'}) {{(pid=87549) do_commit /opt/stack/data/venv/lib/python3.12/site-packages/ovsdbapp/backend/ovs_idl/transaction.py:89}}
Jul 21 14:41:23.876133 np0000005567 devstack@neutron-api.service[87549]: DEBUG ovsdbapp.backend.ovs_idl.transaction [None req-8eeb450b-f5f8-4de8-8ba3-211d44fa6714 None None] Running txn n=1 command(idx=3): PgAclAddCommand(_result=None, entity=pg_0d0f2473_42d9_471f_80f2_27238e801a6a, direction=to-lport, priority=1002, match=outport == @pg_0d0f2473_42d9_471f_80f2_27238e801a6a && ip6 && ip6.src == $pg_0d0f2473_42d9_471f_80f2_27238e801a6a_ip6, action=allow-related, log=False, may_exist=True, severity=[], name=[], meter=[], external_ids={'neutron:security_group_rule_id': '664e37eb-a180-4041-8dab-094a1ef4836e'}) {{(pid=87549) do_commit /opt/stack/data/venv/lib/python3.12/site-packages/ovsdbapp/backend/ovs_idl/transaction.py:89}}
Jul 21 14:41:23.876396 np0000005567 devstack@neutron-api.service[87549]: DEBUG ovsdbapp.backend.ovs_idl.transaction [None req-8eeb450b-f5f8-4de8-8ba3-211d44fa6714 None None] Running txn n=1 command(idx=4): PgAclAddCommand(_result=None, entity=pg_0d0f2473_42d9_471f_80f2_27238e801a6a, direction=from-lport, priority=1002, match=inport == @pg_0d0f2473_42d9_471f_80f2_27238e801a6a && ip6, action=allow-related, log=False, may_exist=True, severity=[], name=[], meter=[], external_ids={'neutron:security_group_rule_id': '90f907e0-65f7-473d-b66a-6fb0413b56de'}) {{(pid=87549) do_commit /opt/stack/data/venv/lib/python3.12/site-packages/ovsdbapp/backend/ovs_idl/transaction.py:89}}
Jul 21 14:41:23.879425 np0000005567 devstack@neutron-api.service[87550]: DEBUG neutron.api.rpc.handlers.resources_rpc [None req-c61d8d7c-64cc-4bc2-aa78-1c0b47474d31 admin admin] Pushing event updated for resources: {'Network': ['ID=be0704a9-cca1-4a7a-af3e-7fcbe63c9d10,revision_number=1']} {{(pid=87550) push /opt/stack/neutron/neutron/api/rpc/handlers/resources_rpc.py:237}}
Jul 21 14:41:23.879895 np0000005567 devstack@neutron-api.service[87549]: DEBUG neutron.plugins.ml2.drivers.ovn.mech_driver.ovsdb.ovsdb_monitor [None req-8eeb450b-f5f8-4de8-8ba3-211d44fa6714 None None] Hash Ring: Node df749b48b1cb51988d135ff7cbf032b5 (host: np0000005567) handling event "create" for row db0def97-3ca1-45ae-a663-bfc0007e327b (table: Port_Group) {{(pid=87549) notify /opt/stack/neutron/neutron/plugins/ml2/drivers/ovn/mech_driver/ovsdb/ovsdb_monitor.py:1013}}
Jul 21 14:41:23.883293 np0000005567 devstack@neutron-api.service[87550]: DEBUG neutron.plugins.ml2.drivers.ovn.mech_driver.ovsdb.ovsdb_monitor [None req-33eef2df-2d0b-4a4d-92d7-d84dc86fd9e1 None None] Hash Ring: Node 2ebf9aa79d8d57898fb951c1ee2ac628 (host: np0000005567) handling event "create" for row a3d9220d-37e0-4dd0-8c06-bc9fd700bed3 (table: ACL) {{(pid=87550) notify /opt/stack/neutron/neutron/plugins/ml2/drivers/ovn/mech_driver/ovsdb/ovsdb_monitor.py:1013}}
Jul 21 14:41:23.883293 np0000005567 devstack@neutron-api.service[87550]: DEBUG neutron.plugins.ml2.drivers.ovn.mech_driver.ovsdb.ovsdb_monitor [None req-33eef2df-2d0b-4a4d-92d7-d84dc86fd9e1 None None] Hash Ring: Node 2ebf9aa79d8d57898fb951c1ee2ac628 (host: np0000005567) handling event "create" for row f18dc4ef-1198-4f34-8890-1f8ff22fb84f (table: ACL) {{(pid=87550) notify /opt/stack/neutron/neutron/plugins/ml2/drivers/ovn/mech_driver/ovsdb/ovsdb_monitor.py:1013}}
Jul 21 14:41:23.884695 np0000005567 devstack@neutron-api.service[87551]: DEBUG neutron.api.rpc.handlers.resources_rpc [None req-854a18eb-8e00-4a2f-8593-ca741d0f66c6 admin admin] Pushing event updated for resources: {'Port': ['ID=1d529810-d408-4970-9271-7078686f8f2f,revision_number=1']} {{(pid=87551) push /opt/stack/neutron/neutron/api/rpc/handlers/resources_rpc.py:237}}
Jul 21 14:41:23.888280 np0000005567 devstack@neutron-api.service[87551]: DEBUG neutron.plugins.ml2.drivers.ovn.mech_driver.ovsdb.ovsdb_monitor [None req-296b24ae-38b4-46b5-a364-efec55e67948 None None] Hash Ring: Node 0f2e057444f55bf488e92feab7a1249d (host: np0000005567) handling event "create" for row ac1515e6-d443-4b02-a401-021784386f69 (table: ACL) {{(pid=87551) notify /opt/stack/neutron/neutron/plugins/ml2/drivers/ovn/mech_driver/ovsdb/ovsdb_monitor.py:1013}}
Jul 21 14:41:23.889341 np0000005567 devstack@neutron-api.service[87551]: DEBUG neutron.plugins.ml2.drivers.ovn.mech_driver.ovsdb.ovsdb_monitor [None req-296b24ae-38b4-46b5-a364-efec55e67948 None None] Hash Ring: Node 0f2e057444f55bf488e92feab7a1249d (host: np0000005567) handling event "create" for row dd4e2943-7222-4a9f-9f74-b2529f70955f (table: ACL) {{(pid=87551) notify /opt/stack/neutron/neutron/plugins/ml2/drivers/ovn/mech_driver/ovsdb/ovsdb_monitor.py:1013}}
Jul 21 14:41:23.891814 np0000005567 devstack@neutron-api.service[87550]: DEBUG ovsdbapp.backend.ovs_idl.transaction [None req-33eef2df-2d0b-4a4d-92d7-d84dc86fd9e1 None None] Running txn n=1 command(idx=0): AddNetworkCommand(_result=None, network_uuid=be0704a9-cca1-4a7a-af3e-7fcbe63c9d10, may_exist=True, columns={'external_ids': {'neutron:network_name': 'tempest-TaggedAttachmentsTest-1396882000-network', 'neutron:mtu': '1372', 'neutron:revision_number': '1', 'neutron:availability_zone_hints': '', 'neutron:provnet-network-type': 'geneve'}, 'other_config': {'mcast_snoop': 'false', 'mcast_flood_unregistered': 'false', 'vlan-passthru': 'false'}}) {{(pid=87550) do_commit /opt/stack/data/venv/lib/python3.12/site-packages/ovsdbapp/backend/ovs_idl/transaction.py:89}}
Jul 21 14:41:23.891984 np0000005567 devstack@neutron-api.service[87550]: DEBUG neutron.common.ovn.utils [None req-33eef2df-2d0b-4a4d-92d7-d84dc86fd9e1 None None] OVS persist_uuid supported=True {{(pid=87550) ovs_persist_uuid_supported /opt/stack/neutron/neutron/common/ovn/utils.py:1565}}
Jul 21 14:41:23.892254 np0000005567 devstack@neutron-api.service[87551]: DEBUG neutron.plugins.ml2.drivers.ovn.mech_driver.ovsdb.commands [None req-854a18eb-8e00-4a2f-8593-ca741d0f66c6 admin admin] Converting tag [] to a tag_request {{(pid=87551) _tag_column_to_tag_request /opt/stack/neutron/neutron/plugins/ml2/drivers/ovn/mech_driver/ovsdb/commands.py:205}}
Jul 21 14:41:23.892941 np0000005567 devstack@neutron-api.service[87551]: DEBUG ovsdbapp.backend.ovs_idl.transaction [None req-296b24ae-38b4-46b5-a364-efec55e67948 None None] Running txn n=1 command(idx=0): AddLSwitchPortCommand(_result=None, lport=1d529810-d408-4970-9271-7078686f8f2f, lswitch=neutron-aeea9802-7732-43ab-9a4c-e8e5fb294bae, may_exist=True, network_uuid=aeea9802-7732-43ab-9a4c-e8e5fb294bae, columns={'addresses': ['fa:16:3e:1f:88:f0'], 'external_ids': {'neutron:port_name': '', 'neutron:device_id': 'ovnmeta-aeea9802-7732-43ab-9a4c-e8e5fb294bae', 'neutron:project_id': '9638588c5eea4f3d9852b0c09d5e6e35', 'neutron:cidrs': '', 'neutron:device_owner': 'network:distributed', 'neutron:subnet_pool_addr_scope4': '', 'neutron:subnet_pool_addr_scope6': '', 'neutron:network_name': 'neutron-aeea9802-7732-43ab-9a4c-e8e5fb294bae', 'neutron:security_group_ids': '', 'neutron:revision_number': '1', 'neutron:vnic_type': 'normal', 'neutron:port_capabilities': '', 'neutron:mtu': '1372'}, 'parent_name': [], 'enabled': True, 'options': {}, 'type': 'localport', 'port_security': [], 'dhcpv4_options': [], 'dhcpv6_options': [], 'tag_request': []}) {{(pid=87551) do_commit /opt/stack/data/venv/lib/python3.12/site-packages/ovsdbapp/backend/ovs_idl/transaction.py:89}}
Jul 21 14:41:23.893320 np0000005567 devstack@neutron-api.service[87551]: DEBUG ovsdbapp.backend.ovs_idl.transaction [None req-296b24ae-38b4-46b5-a364-efec55e67948 None None] Running txn n=1 command(idx=1): QoSDelCommand(_result=None, switch=neutron-aeea9802-7732-43ab-9a4c-e8e5fb294bae, conditions=[('direction', '=', 'to-lport'), ('priority', '=', 2002), ('match', '=', 'outport == "1d529810-d408-4970-9271-7078686f8f2f"')], if_exists=True) {{(pid=87551) do_commit /opt/stack/data/venv/lib/python3.12/site-packages/ovsdbapp/backend/ovs_idl/transaction.py:89}}
Jul 21 14:41:23.893489 np0000005567 devstack@neutron-api.service[87551]: DEBUG ovsdbapp.backend.ovs_idl.transaction [None req-296b24ae-38b4-46b5-a364-efec55e67948 None None] Running txn n=1 command(idx=2): QoSDelCommand(_result=None, switch=neutron-aeea9802-7732-43ab-9a4c-e8e5fb294bae, conditions=[('direction', '=', 'from-lport'), ('priority', '=', 2002), ('match', '=', 'inport == "1d529810-d408-4970-9271-7078686f8f2f"')], if_exists=True) {{(pid=87551) do_commit /opt/stack/data/venv/lib/python3.12/site-packages/ovsdbapp/backend/ovs_idl/transaction.py:89}}
Jul 21 14:41:23.894222 np0000005567 devstack@neutron-api.service[87550]: DEBUG neutron.plugins.ml2.drivers.ovn.mech_driver.ovsdb.ovsdb_monitor [None req-33eef2df-2d0b-4a4d-92d7-d84dc86fd9e1 None None] Hash Ring: Node 2ebf9aa79d8d57898fb951c1ee2ac628 (host: np0000005567) handling event "create" for row be0704a9-cca1-4a7a-af3e-7fcbe63c9d10 (table: Logical_Switch) {{(pid=87550) notify /opt/stack/neutron/neutron/plugins/ml2/drivers/ovn/mech_driver/ovsdb/ovsdb_monitor.py:1013}}
Jul 21 14:41:23.895866 np0000005567 devstack@neutron-api.service[87551]: DEBUG neutron.plugins.ml2.drivers.ovn.mech_driver.ovsdb.ovsdb_monitor [None req-296b24ae-38b4-46b5-a364-efec55e67948 None None] Hash Ring: Node 0f2e057444f55bf488e92feab7a1249d (host: np0000005567) handling event "update" for row aeea9802-7732-43ab-9a4c-e8e5fb294bae (table: Logical_Switch) {{(pid=87551) notify /opt/stack/neutron/neutron/plugins/ml2/drivers/ovn/mech_driver/ovsdb/ovsdb_monitor.py:1013}}
Jul 21 14:41:23.897386 np0000005567 devstack@neutron-api.service[87550]: DEBUG neutron.plugins.ml2.drivers.ovn.mech_driver.ovsdb.ovsdb_monitor [None req-33eef2df-2d0b-4a4d-92d7-d84dc86fd9e1 None None] Hash Ring: Node 2ebf9aa79d8d57898fb951c1ee2ac628 (host: np0000005567) handling event "create" for row d0394e1d-0642-447f-bdea-f5c162b475ef (table: Logical_Switch_Port) {{(pid=87550) notify /opt/stack/neutron/neutron/plugins/ml2/drivers/ovn/mech_driver/ovsdb/ovsdb_monitor.py:1013}}
Jul 21 14:41:23.898103 np0000005567 devstack@neutron-api.service[87550]: DEBUG ovsdbapp.backend.ovs_idl.event [None req-33eef2df-2d0b-4a4d-92d7-d84dc86fd9e1 None None] Matched CREATE: LogicalSwitchPortCreateEvent(events=('create',), table='Logical_Switch_Port', conditions=[], old_conditions=None), priority=20 to row=Logical_Switch_Port(uuid=d0394e1d-0642-447f-bdea-f5c162b475ef, addresses=['fa:16:3e:1f:88:f0'], dhcpv4_options=[], dhcpv6_options=[], dynamic_addresses=[], enabled=True, external_ids={'neutron:cidrs': '', 'neutron:device_id': 'ovnmeta-aeea9802-7732-43ab-9a4c-e8e5fb294bae', 'neutron:device_owner': 'network:distributed', 'neutron:mtu': '1372', 'neutron:network_name': 'neutron-aeea9802-7732-43ab-9a4c-e8e5fb294bae', 'neutron:port_capabilities': '', 'neutron:port_name': '', 'neutron:project_id': '9638588c5eea4f3d9852b0c09d5e6e35', 'neutron:revision_number': '1', 'neutron:security_group_ids': '', 'neutron:subnet_pool_addr_scope4': '', 'neutron:subnet_pool_addr_scope6': '', 'neutron:vnic_type': 'normal'}, ha_chassis_group=[], mirror_rules=[], name='1d529810-d408-4970-9271-7078686f8f2f', options={}, parent_name=[], port_security=[], tag=[], tag_request=[], type='localport', up=[]) old= {{(pid=87550) matches /opt/stack/data/venv/lib/python3.12/site-packages/ovsdbapp/backend/ovs_idl/event.py:55}}
Jul 21 14:41:23.902132 np0000005567 devstack@neutron-api.service[87550]: INFO neutron.plugins.ml2.drivers.ovn.mech_driver.mech_driver [None req-def4e531-997f-4d17-b2eb-b838f40658e2 None None] OVN reports status down for port: 1d529810-d408-4970-9271-7078686f8f2f
Jul 21 14:41:23.906619 np0000005567 devstack@neutron-api.service[87550]: DEBUG neutron.plugins.ml2.drivers.ovn.mech_driver.ovsdb.ovsdb_monitor [None req-33eef2df-2d0b-4a4d-92d7-d84dc86fd9e1 None None] Hash Ring: Node 2ebf9aa79d8d57898fb951c1ee2ac628 (host: np0000005567) handling event "update" for row d0394e1d-0642-447f-bdea-f5c162b475ef (table: Logical_Switch_Port) {{(pid=87550) notify /opt/stack/neutron/neutron/plugins/ml2/drivers/ovn/mech_driver/ovsdb/ovsdb_monitor.py:1013}}
Jul 21 14:41:23.907414 np0000005567 devstack@neutron-api.service[87551]: DEBUG neutron.plugins.ml2.drivers.ovn.mech_driver.ovsdb.ovsdb_monitor [None req-b9fd9309-0edc-4cda-976a-4c8a17b42c47 None None] Hash Ring: Node 0f2e057444f55bf488e92feab7a1249d (host: np0000005567) handling event "create" for row 7c40dd00-d686-40d4-8459-5eef8a7f8fae (table: Datapath_Binding) {{(pid=87551) notify /opt/stack/neutron/neutron/plugins/ml2/drivers/ovn/mech_driver/ovsdb/ovsdb_monitor.py:1013}}
Jul 21 14:41:23.908146 np0000005567 devstack@neutron-api.service[87550]: DEBUG neutron.plugins.ml2.drivers.ovn.mech_driver.ovsdb.ovsdb_monitor [None req-815790f7-d2be-4005-bbe5-f80eb202a281 None None] Hash Ring: Node 2ebf9aa79d8d57898fb951c1ee2ac628 (host: np0000005567) handling event "create" for row 15590185-e288-4a7b-93ab-347d3a4dd390 (table: Port_Binding) {{(pid=87550) notify /opt/stack/neutron/neutron/plugins/ml2/drivers/ovn/mech_driver/ovsdb/ovsdb_monitor.py:1013}}
Jul 21 14:41:23.916924 np0000005567 devstack@neutron-api.service[87549]: INFO neutron.db.ovn_revision_numbers_db [None req-7e34ef95-36a1-464e-92bf-6e8771f12ece admin admin] Successfully bumped revision number for resource 0d0f2473-42d9-471f-80f2-27238e801a6a (type: security_groups) to 1
Jul 21 14:41:23.934743 np0000005567 devstack@neutron-api.service[87549]: INFO neutron.db.ovn_revision_numbers_db [None req-7e34ef95-36a1-464e-92bf-6e8771f12ece admin admin] Successfully bumped revision number for resource 10abd899-de2c-4843-bdbb-51a0f6ac9a1e (type: security_group_rules) to 0
Jul 21 14:41:23.935093 np0000005567 devstack@neutron-api.service[87551]: INFO neutron.db.ovn_revision_numbers_db [None req-854a18eb-8e00-4a2f-8593-ca741d0f66c6 admin admin] Successfully bumped revision number for resource 1d529810-d408-4970-9271-7078686f8f2f (type: ports) to 1
Jul 21 14:41:23.943579 np0000005567 devstack@neutron-api.service[87551]: DEBUG neutron.pecan_wsgi.hooks.policy_enforcement [None req-854a18eb-8e00-4a2f-8593-ca741d0f66c6 admin admin] Attributes excluded by policy engine: ['standard_attr_id'] {{(pid=87551) _exclude_attributes_by_policy /opt/stack/neutron/neutron/pecan_wsgi/hooks/policy_enforcement.py:259}}
Jul 21 14:41:23.943865 np0000005567 devstack@neutron-api.service[87551]: DEBUG neutron_lib.callbacks.manager [None req-854a18eb-8e00-4a2f-8593-ca741d0f66c6 admin admin] Publish callbacks [] for network (None), before_response {{(pid=87551) _notify_loop /opt/stack/data/venv/lib/python3.12/site-packages/neutron_lib/callbacks/manager.py:184}}
Jul 21 14:41:23.949557 np0000005567 devstack@neutron-api.service[87549]: INFO neutron.db.ovn_revision_numbers_db [None req-7e34ef95-36a1-464e-92bf-6e8771f12ece admin admin] Successfully bumped revision number for resource 4589f836-3bde-47cd-b31f-3f4544ecf6a5 (type: security_group_rules) to 0
Jul 21 14:41:23.955182 np0000005567 devstack@neutron-api.service[87550]: INFO neutron.db.ovn_revision_numbers_db [None req-c61d8d7c-64cc-4bc2-aa78-1c0b47474d31 admin admin] Successfully bumped revision number for resource be0704a9-cca1-4a7a-af3e-7fcbe63c9d10 (type: networks) to 1
Jul 21 14:41:23.959833 np0000005567 devstack@neutron-api.service[87551]: [pid: 87551|app: 0|req: 16/44] 10.4.3.121 () {68 vars in 1277 bytes} [Tue Jul 21 14:41:23 2026] POST /networking/v2.0/networks => generated 727 bytes in 934 msecs (HTTP/1.1 201) 4 headers in 162 bytes (1 switches on core 0)
Jul 21 14:41:23.960937 np0000005567 devstack@neutron-api.service[87549]: INFO neutron.db.ovn_revision_numbers_db [None req-7e34ef95-36a1-464e-92bf-6e8771f12ece admin admin] Successfully bumped revision number for resource 664e37eb-a180-4041-8dab-094a1ef4836e (type: security_group_rules) to 0
Jul 21 14:41:23.985209 np0000005567 devstack@neutron-api.service[87549]: INFO neutron.db.ovn_revision_numbers_db [None req-7e34ef95-36a1-464e-92bf-6e8771f12ece admin admin] Successfully bumped revision number for resource 90f907e0-65f7-473d-b66a-6fb0413b56de (type: security_group_rules) to 0
Jul 21 14:41:23.992719 np0000005567 devstack@neutron-api.service[87550]: DEBUG neutron.db.provisioning_blocks [None req-def4e531-997f-4d17-b2eb-b838f40658e2 None None] Transition to ACTIVE for port object 1d529810-d408-4970-9271-7078686f8f2f will not be triggered until provisioned by entity L2. {{(pid=87550) add_provisioning_component /opt/stack/neutron/neutron/db/provisioning_blocks.py:74}}
Jul 21 14:41:24.006188 np0000005567 devstack@neutron-api.service[87549]: DEBUG neutron.api.rpc.handlers.resources_rpc [None req-7e34ef95-36a1-464e-92bf-6e8771f12ece admin admin] Pushing event updated for resources: {'SecurityGroup': ['ID=0d0f2473-42d9-471f-80f2-27238e801a6a,revision_number=1']} {{(pid=87549) push /opt/stack/neutron/neutron/api/rpc/handlers/resources_rpc.py:237}}
Jul 21 14:41:24.011360 np0000005567 devstack@neutron-api.service[87549]: DEBUG neutron.api.rpc.callbacks.version_manager [None req-7e34ef95-36a1-464e-92bf-6e8771f12ece admin admin] Tracked resource versions report:
Jul 21 14:41:24.011360 np0000005567 devstack@neutron-api.service[87549]: pushed versions:
Jul 21 14:41:24.011360 np0000005567 devstack@neutron-api.service[87549]: { 'AddressGroup': {'1.2'},
Jul 21 14:41:24.011360 np0000005567 devstack@neutron-api.service[87549]: 'Agent': {'1.1'},
Jul 21 14:41:24.011360 np0000005567 devstack@neutron-api.service[87549]: 'ConntrackHelper': {'1.0'},
Jul 21 14:41:24.011360 np0000005567 devstack@neutron-api.service[87549]: 'LocalIPAssociation': {'1.0'},
Jul 21 14:41:24.011360 np0000005567 devstack@neutron-api.service[87549]: 'Log': {'1.0'},
Jul 21 14:41:24.011360 np0000005567 devstack@neutron-api.service[87549]: 'NDPProxy': {'1.0'},
Jul 21 14:41:24.011360 np0000005567 devstack@neutron-api.service[87549]: 'Network': {'1.3'},
Jul 21 14:41:24.011360 np0000005567 devstack@neutron-api.service[87549]: 'Port': {'1.11'},
Jul 21 14:41:24.011360 np0000005567 devstack@neutron-api.service[87549]: 'PortForwarding': {'1.3'},
Jul 21 14:41:24.011360 np0000005567 devstack@neutron-api.service[87549]: 'QosPolicy': {'1.10'},
Jul 21 14:41:24.011360 np0000005567 devstack@neutron-api.service[87549]: 'SecurityGroup': {'1.6'},
Jul 21 14:41:24.011360 np0000005567 devstack@neutron-api.service[87549]: 'SecurityGroupRule': {'1.3'},
Jul 21 14:41:24.011360 np0000005567 devstack@neutron-api.service[87549]: 'SubPort': {'1.0'},
Jul 21 14:41:24.011360 np0000005567 devstack@neutron-api.service[87549]: 'Subnet': {'1.2'},
Jul 21 14:41:24.011360 np0000005567 devstack@neutron-api.service[87549]: 'Trunk': {'1.1'}}
Jul 21 14:41:24.011360 np0000005567 devstack@neutron-api.service[87549]: consumer versions:
Jul 21 14:41:24.011360 np0000005567 devstack@neutron-api.service[87549]: { OVN Neutron agent@np0000005567: {},
Jul 21 14:41:24.011360 np0000005567 devstack@neutron-api.service[87549]: OVN Controller Gateway agent@np0000005567: {}}
Jul 21 14:41:24.011360 np0000005567 devstack@neutron-api.service[87549]: {{(pid=87549) report /opt/stack/neutron/neutron/api/rpc/callbacks/version_manager.py:183}}
