Jun 24 15:43:26.046118 np0000003560 devstack@g-api.service[102694]: DEBUG glance.api.middleware.version_negotiation [None req-355c9269-3bbe-4014-9a4b-21d4d665b68d tempest-VolumesBackupsTest-1611920015 tempest-VolumesBackupsTest-1611920015-project-member] new path /v2/images/4171e155-9220-4ca7-aee9-5d120c301c57/locations {{(pid=102694) process_request /opt/stack/glance/glance/api/middleware/version_negotiation.py:70}}
Jun 24 15:43:26.105737 np0000003560 devstack@g-api.service[102694]: [pid: 102694|app: 0|req: 42/174] 127.0.0.1 () {44 vars in 1131 bytes} [Wed Jun 24 15:43:26 2026] GET /v2/images/4171e155-9220-4ca7-aee9-5d120c301c57/locations => generated 92 bytes in 60 msecs (HTTP/1.1 200) 4 headers in 156 bytes (1 switches on core 0)
Jun 24 15:43:26.116955 np0000003560 devstack@g-api.service[102693]: DEBUG glance.api.middleware.version_negotiation [None req-355c9269-3bbe-4014-9a4b-21d4d665b68d tempest-VolumesBackupsTest-1611920015 tempest-VolumesBackupsTest-1611920015-project-member] Determining version of request: GET /v2/images/4171e155-9220-4ca7-aee9-5d120c301c57 Accept: */* {{(pid=102693) process_request /opt/stack/glance/glance/api/middleware/version_negotiation.py:44}}
Jun 24 15:43:26.117120 np0000003560 devstack@g-api.service[102693]: DEBUG glance.api.middleware.version_negotiation [None req-355c9269-3bbe-4014-9a4b-21d4d665b68d tempest-VolumesBackupsTest-1611920015 tempest-VolumesBackupsTest-1611920015-project-member] Using url versioning {{(pid=102693) process_request /opt/stack/glance/glance/api/middleware/version_negotiation.py:57}}
Jun 24 15:43:26.117297 np0000003560 devstack@g-api.service[102693]: DEBUG glance.api.middleware.version_negotiation [None req-355c9269-3bbe-4014-9a4b-21d4d665b68d tempest-VolumesBackupsTest-1611920015 tempest-VolumesBackupsTest-1611920015-project-member] Matched version: v2 {{(pid=102693) process_request /opt/stack/glance/glance/api/middleware/version_negotiation.py:69}}
Jun 24 15:43:26.117430 np0000003560 devstack@g-api.service[102693]: DEBUG glance.api.middleware.version_negotiation [None req-355c9269-3bbe-4014-9a4b-21d4d665b68d tempest-VolumesBackupsTest-1611920015 tempest-VolumesBackupsTest-1611920015-project-member] new path /v2/images/4171e155-9220-4ca7-aee9-5d120c301c57 {{(pid=102693) process_request /opt/stack/glance/glance/api/middleware/version_negotiation.py:70}}
Jun 24 15:43:26.130730 np0000003560 devstack@g-api.service[102693]: [pid: 102693|app: 0|req: 44/175] 127.0.0.1 () {44 vars in 1111 bytes} [Wed Jun 24 15:43:26 2026] GET /v2/images/4171e155-9220-4ca7-aee9-5d120c301c57 => generated 1044 bytes in 15 msecs (HTTP/1.1 200) 4 headers in 158 bytes (1 switches on core 0)
Jun 24 15:43:26.138541 np0000003560 devstack@g-api.service[102695]: DEBUG glance.api.middleware.version_negotiation [None req-b2aaa414-93be-41f2-8792-2973c5075669 tempest-VolumesActionsTest-710127084 tempest-VolumesActionsTest-710127084-project-member] Determining version of request: GET /v2/schemas/image Accept: */* {{(pid=102695) process_request /opt/stack/glance/glance/api/middleware/version_negotiation.py:44}}
Jun 24 15:43:26.138688 np0000003560 devstack@g-api.service[102695]: DEBUG glance.api.middleware.version_negotiation [None req-b2aaa414-93be-41f2-8792-2973c5075669 tempest-VolumesActionsTest-710127084 tempest-VolumesActionsTest-710127084-project-member] Using url versioning {{(pid=102695) process_request /opt/stack/glance/glance/api/middleware/version_negotiation.py:57}}
Jun 24 15:43:26.138882 np0000003560 devstack@g-api.service[102695]: DEBUG glance.api.middleware.version_negotiation [None req-b2aaa414-93be-41f2-8792-2973c5075669 tempest-VolumesActionsTest-710127084 tempest-VolumesActionsTest-710127084-project-member] Matched version: v2 {{(pid=102695) process_request /opt/stack/glance/glance/api/middleware/version_negotiation.py:69}}
Jun 24 15:43:26.139036 np0000003560 devstack@g-api.service[102695]: DEBUG glance.api.middleware.version_negotiation [None req-b2aaa414-93be-41f2-8792-2973c5075669 tempest-VolumesActionsTest-710127084 tempest-VolumesActionsTest-710127084-project-member] new path /v2/schemas/image {{(pid=102695) process_request /opt/stack/glance/glance/api/middleware/version_negotiation.py:70}}
Jun 24 15:43:26.141380 np0000003560 devstack@g-api.service[102695]: [pid: 102695|app: 0|req: 43/176] 127.0.0.1 () {44 vars in 1051 bytes} [Wed Jun 24 15:43:26 2026] GET /v2/schemas/image => generated 6083 bytes in 3 msecs (HTTP/1.1 200) 4 headers in 158 bytes (1 switches on core 0)
Jun 24 15:43:26.149954 np0000003560 devstack@g-api.service[102692]: DEBUG glance.api.middleware.version_negotiation [None req-355c9269-3bbe-4014-9a4b-21d4d665b68d tempest-VolumesBackupsTest-1611920015 tempest-VolumesBackupsTest-1611920015-project-member] Determining version of request: GET /v2/schemas/image Accept: */* {{(pid=102692) process_request /opt/stack/glance/glance/api/middleware/version_negotiation.py:44}}
Jun 24 15:43:26.150212 np0000003560 devstack@g-api.service[102692]: DEBUG glance.api.middleware.version_negotiation [None req-355c9269-3bbe-4014-9a4b-21d4d665b68d tempest-VolumesBackupsTest-1611920015 tempest-VolumesBackupsTest-1611920015-project-member] Using url versioning {{(pid=102692) process_request /opt/stack/glance/glance/api/middleware/version_negotiation.py:57}}
Jun 24 15:43:26.150429 np0000003560 devstack@g-api.service[102692]: DEBUG glance.api.middleware.version_negotiation [None req-355c9269-3bbe-4014-9a4b-21d4d665b68d tempest-VolumesBackupsTest-1611920015 tempest-VolumesBackupsTest-1611920015-project-member] Matched version: v2 {{(pid=102692) process_request /opt/stack/glance/glance/api/middleware/version_negotiation.py:69}}
Jun 24 15:43:26.150612 np0000003560 devstack@g-api.service[102692]: DEBUG glance.api.middleware.version_negotiation [None req-355c9269-3bbe-4014-9a4b-21d4d665b68d tempest-VolumesBackupsTest-1611920015 tempest-VolumesBackupsTest-1611920015-project-member] new path /v2/schemas/image {{(pid=102692) process_request /opt/stack/glance/glance/api/middleware/version_negotiation.py:70}}
Jun 24 15:43:26.156349 np0000003560 devstack@g-api.service[102692]: [pid: 102692|app: 0|req: 48/177] 127.0.0.1 () {44 vars in 1051 bytes} [Wed Jun 24 15:43:26 2026] GET /v2/schemas/image => generated 6083 bytes in 7 msecs (HTTP/1.1 200) 4 headers in 158 bytes (1 switches on core 0)
Jun 24 15:43:26.667483 np0000003560 devstack@g-api.service[102694]: DEBUG glance.api.middleware.version_negotiation [None req-355c9269-3bbe-4014-9a4b-21d4d665b68d service glance] Determining version of request: GET /v2/images/bd3f3aae-0881-4d14-9a5c-0a49ed814ab1 Accept: application/json {{(pid=102694) process_request /opt/stack/glance/glance/api/middleware/version_negotiation.py:44}}
Jun 24 15:43:26.667595 np0000003560 devstack@g-api.service[102694]: DEBUG glance.api.middleware.version_negotiation [None req-355c9269-3bbe-4014-9a4b-21d4d665b68d service glance] Using url versioning {{(pid=102694) process_request /opt/stack/glance/glance/api/middleware/version_negotiation.py:57}}
Jun 24 15:43:26.667768 np0000003560 devstack@g-api.service[102694]: DEBUG glance.api.middleware.version_negotiation [None req-355c9269-3bbe-4014-9a4b-21d4d665b68d service glance] Matched version: v2 {{(pid=102694) process_request /opt/stack/glance/glance/api/middleware/version_negotiation.py:69}}
Jun 24 15:43:26.667924 np0000003560 devstack@g-api.service[102694]: DEBUG glance.api.middleware.version_negotiation [None req-355c9269-3bbe-4014-9a4b-21d4d665b68d service glance] new path /v2/images/bd3f3aae-0881-4d14-9a5c-0a49ed814ab1 {{(pid=102694) process_request /opt/stack/glance/glance/api/middleware/version_negotiation.py:70}}
Jun 24 15:43:26.675598 np0000003560 devstack@g-api.service[102694]: [pid: 102694|app: 0|req: 43/178] 127.0.0.1 () {40 vars in 834 bytes} [Wed Jun 24 15:43:26 2026] GET /v2/images/bd3f3aae-0881-4d14-9a5c-0a49ed814ab1 => generated 650 bytes in 8 msecs (HTTP/1.1 200) 4 headers in 157 bytes (1 switches on core 0)
Jun 24 15:43:27.686891 np0000003560 devstack@g-api.service[102693]: DEBUG glance.api.middleware.version_negotiation [None req-355c9269-3bbe-4014-9a4b-21d4d665b68d tempest-VolumesBackupsTest-1611920015 tempest-VolumesBackupsTest-1611920015-project-member] Determining version of request: GET /v2/images/bd3f3aae-0881-4d14-9a5c-0a49ed814ab1 Accept: application/json {{(pid=102693) process_request /opt/stack/glance/glance/api/middleware/version_negotiation.py:44}}
Jun 24 15:43:27.687405 np0000003560 devstack@g-api.service[102693]: DEBUG glance.api.middleware.version_negotiation [None req-355c9269-3bbe-4014-9a4b-21d4d665b68d tempest-VolumesBackupsTest-1611920015 tempest-VolumesBackupsTest-1611920015-project-member] Using url versioning {{(pid=102693) process_request /opt/stack/glance/glance/api/middleware/version_negotiation.py:57}}
Jun 24 15:43:27.687405 np0000003560 devstack@g-api.service[102693]: DEBUG glance.api.middleware.version_negotiation [None req-355c9269-3bbe-4014-9a4b-21d4d665b68d tempest-VolumesBackupsTest-1611920015 tempest-VolumesBackupsTest-1611920015-project-member] Matched version: v2 {{(pid=102693) process_request /opt/stack/glance/glance/api/middleware/version_negotiation.py:69}}
Jun 24 15:43:27.687482 np0000003560 devstack@g-api.service[102693]: DEBUG glance.api.middleware.version_negotiation [None req-355c9269-3bbe-4014-9a4b-21d4d665b68d tempest-VolumesBackupsTest-1611920015 tempest-VolumesBackupsTest-1611920015-project-member] new path /v2/images/bd3f3aae-0881-4d14-9a5c-0a49ed814ab1 {{(pid=102693) process_request /opt/stack/glance/glance/api/middleware/version_negotiation.py:70}}
Jun 24 15:43:27.699037 np0000003560 devstack@g-api.service[102693]: [pid: 102693|app: 0|req: 45/179] 127.0.0.1 () {40 vars in 834 bytes} [Wed Jun 24 15:43:27 2026] GET /v2/images/bd3f3aae-0881-4d14-9a5c-0a49ed814ab1 => generated 650 bytes in 12 msecs (HTTP/1.1 200) 4 headers in 157 bytes (1 switches on core 0)
Jun 24 15:43:27.887721 np0000003560 devstack@g-api.service[102695]: DEBUG glance.api.middleware.version_negotiation [None req-355c9269-3bbe-4014-9a4b-21d4d665b68d tempest-VolumesBackupsTest-1611920015 tempest-VolumesBackupsTest-1611920015-project-member] Determining version of request: GET /v2/images/ecfb5571-0064-48a3-9505-007e6d9d7e54 Accept: */* {{(pid=102695) process_request /opt/stack/glance/glance/api/middleware/version_negotiation.py:44}}
Jun 24 15:43:27.888109 np0000003560 devstack@g-api.service[102695]: DEBUG glance.api.middleware.version_negotiation [None req-355c9269-3bbe-4014-9a4b-21d4d665b68d tempest-VolumesBackupsTest-1611920015 tempest-VolumesBackupsTest-1611920015-project-member] Using url versioning {{(pid=102695) process_request /opt/stack/glance/glance/api/middleware/version_negotiation.py:57}}
Jun 24 15:43:27.888109 np0000003560 devstack@g-api.service[102695]: DEBUG glance.api.middleware.version_negotiation [None req-355c9269-3bbe-4014-9a4b-21d4d665b68d tempest-VolumesBackupsTest-1611920015 tempest-VolumesBackupsTest-1611920015-project-member] Matched version: v2 {{(pid=102695) process_request /opt/stack/glance/glance/api/middleware/version_negotiation.py:69}}
Jun 24 15:43:27.888109 np0000003560 devstack@g-api.service[102695]: DEBUG glance.api.middleware.version_negotiation [None req-355c9269-3bbe-4014-9a4b-21d4d665b68d tempest-VolumesBackupsTest-1611920015 tempest-VolumesBackupsTest-1611920015-project-member] new path /v2/images/ecfb5571-0064-48a3-9505-007e6d9d7e54 {{(pid=102695) process_request /opt/stack/glance/glance/api/middleware/version_negotiation.py:70}}
Jun 24 15:43:27.897315 np0000003560 devstack@g-api.service[102695]: [pid: 102695|app: 0|req: 44/180] 127.0.0.1 () {44 vars in 1111 bytes} [Wed Jun 24 15:43:27 2026] GET /v2/images/ecfb5571-0064-48a3-9505-007e6d9d7e54 => generated 1618 bytes in 10 msecs (HTTP/1.1 200) 4 headers in 158 bytes (1 switches on core 0)
Jun 24 15:43:27.942264 np0000003560 devstack@g-api.service[102692]: DEBUG glance.api.middleware.version_negotiation [None req-355c9269-3bbe-4014-9a4b-21d4d665b68d tempest-VolumesBackupsTest-1611920015 tempest-VolumesBackupsTest-1611920015-project-member] Determining version of request: GET /v2/schemas/image Accept: */* {{(pid=102692) process_request /opt/stack/glance/glance/api/middleware/version_negotiation.py:44}}
Jun 24 15:43:27.942697 np0000003560 devstack@g-api.service[102692]: DEBUG glance.api.middleware.version_negotiation [None req-355c9269-3bbe-4014-9a4b-21d4d665b68d tempest-VolumesBackupsTest-1611920015 tempest-VolumesBackupsTest-1611920015-project-member] Using url versioning {{(pid=102692) process_request /opt/stack/glance/glance/api/middleware/version_negotiation.py:57}}
Jun 24 15:43:27.942697 np0000003560 devstack@g-api.service[102692]: DEBUG glance.api.middleware.version_negotiation [None req-355c9269-3bbe-4014-9a4b-21d4d665b68d tempest-VolumesBackupsTest-1611920015 tempest-VolumesBackupsTest-1611920015-project-member] Matched version: v2 {{(pid=102692) process_request /opt/stack/glance/glance/api/middleware/version_negotiation.py:69}}
Jun 24 15:43:27.942697 np0000003560 devstack@g-api.service[102692]: DEBUG glance.api.middleware.version_negotiation [None req-355c9269-3bbe-4014-9a4b-21d4d665b68d tempest-VolumesBackupsTest-1611920015 tempest-VolumesBackupsTest-1611920015-project-member] new path /v2/schemas/image {{(pid=102692) process_request /opt/stack/glance/glance/api/middleware/version_negotiation.py:70}}
Jun 24 15:43:27.944919 np0000003560 devstack@g-api.service[102692]: [pid: 102692|app: 0|req: 49/181] 127.0.0.1 () {44 vars in 1051 bytes} [Wed Jun 24 15:43:27 2026] GET /v2/schemas/image => generated 6083 bytes in 3 msecs (HTTP/1.1 200) 4 headers in 158 bytes (1 switches on core 0)
Jun 24 15:43:28.705593 np0000003560 devstack@g-api.service[102694]: DEBUG glance.api.middleware.version_negotiation [None req-932ab8ed-f0d9-4399-ab21-dc090a4ed481 tempest-VolumesActionsTest-710127084 tempest-VolumesActionsTest-710127084-project-member] Determining version of request: GET /v2/images/bd3f3aae-0881-4d14-9a5c-0a49ed814ab1 Accept: application/json {{(pid=102694) process_request /opt/stack/glance/glance/api/middleware/version_negotiation.py:44}}
Jun 24 15:43:28.705927 np0000003560 devstack@g-api.service[102694]: DEBUG glance.api.middleware.version_negotiation [None req-932ab8ed-f0d9-4399-ab21-dc090a4ed481 tempest-VolumesActionsTest-710127084 tempest-VolumesActionsTest-710127084-project-member] Using url versioning {{(pid=102694) process_request /opt/stack/glance/glance/api/middleware/version_negotiation.py:57}}
Jun 24 15:43:28.705927 np0000003560 devstack@g-api.service[102694]: DEBUG glance.api.middleware.version_negotiation [None req-932ab8ed-f0d9-4399-ab21-dc090a4ed481 tempest-VolumesActionsTest-710127084 tempest-VolumesActionsTest-710127084-project-member] Matched version: v2 {{(pid=102694) process_request /opt/stack/glance/glance/api/middleware/version_negotiation.py:69}}
Jun 24 15:43:28.705927 np0000003560 devstack@g-api.service[102694]: DEBUG glance.api.middleware.version_negotiation [None req-932ab8ed-f0d9-4399-ab21-dc090a4ed481 tempest-VolumesActionsTest-710127084 tempest-VolumesActionsTest-710127084-project-member] new path /v2/images/bd3f3aae-0881-4d14-9a5c-0a49ed814ab1 {{(pid=102694) process_request /opt/stack/glance/glance/api/middleware/version_negotiation.py:70}}
Jun 24 15:43:28.714241 np0000003560 devstack@g-api.service[102694]: [pid: 102694|app: 0|req: 44/182] 127.0.0.1 () {40 vars in 834 bytes} [Wed Jun 24 15:43:28 2026] GET /v2/images/bd3f3aae-0881-4d14-9a5c-0a49ed814ab1 => generated 650 bytes in 9 msecs (HTTP/1.1 200) 4 headers in 157 bytes (1 switches on core 0)
Jun 24 15:43:29.310566 np0000003560 devstack@g-api.service[102693]: DEBUG glance.api.middleware.version_negotiation [None req-64aa1944-416f-421b-a98f-a55e5529009b tempest-VolumesActionsTest-710127084 tempest-VolumesActionsTest-710127084-project-member] Determining version of request: PUT /v2/images/bd3f3aae-0881-4d14-9a5c-0a49ed814ab1/file Accept: */* {{(pid=102693) process_request /opt/stack/glance/glance/api/middleware/version_negotiation.py:44}}
Jun 24 15:43:29.310944 np0000003560 devstack@g-api.service[102693]: DEBUG glance.api.middleware.version_negotiation [None req-64aa1944-416f-421b-a98f-a55e5529009b tempest-VolumesActionsTest-710127084 tempest-VolumesActionsTest-710127084-project-member] Using url versioning {{(pid=102693) process_request /opt/stack/glance/glance/api/middleware/version_negotiation.py:57}}
Jun 24 15:43:29.310944 np0000003560 devstack@g-api.service[102693]: DEBUG glance.api.middleware.version_negotiation [None req-64aa1944-416f-421b-a98f-a55e5529009b tempest-VolumesActionsTest-710127084 tempest-VolumesActionsTest-710127084-project-member] Matched version: v2 {{(pid=102693) process_request /opt/stack/glance/glance/api/middleware/version_negotiation.py:69}}
Jun 24 15:43:29.310944 np0000003560 devstack@g-api.service[102693]: DEBUG glance.api.middleware.version_negotiation [None req-64aa1944-416f-421b-a98f-a55e5529009b tempest-VolumesActionsTest-710127084 tempest-VolumesActionsTest-710127084-project-member] new path /v2/images/bd3f3aae-0881-4d14-9a5c-0a49ed814ab1/file {{(pid=102693) process_request /opt/stack/glance/glance/api/middleware/version_negotiation.py:70}}
Jun 24 15:43:29.724467 np0000003560 devstack@g-api.service[102695]: DEBUG glance.api.middleware.version_negotiation [None req-2dd1efb6-793f-4000-ac55-0bb1a0cccc5c tempest-AttachVolumeShelveTestJSON-938016866 tempest-AttachVolumeShelveTestJSON-938016866-project-member] Determining version of request: GET /v2/images/bd3f3aae-0881-4d14-9a5c-0a49ed814ab1 Accept: application/json {{(pid=102695) process_request /opt/stack/glance/glance/api/middleware/version_negotiation.py:44}}
Jun 24 15:43:29.724467 np0000003560 devstack@g-api.service[102695]: DEBUG glance.api.middleware.version_negotiation [None req-2dd1efb6-793f-4000-ac55-0bb1a0cccc5c tempest-AttachVolumeShelveTestJSON-938016866 tempest-AttachVolumeShelveTestJSON-938016866-project-member] Using url versioning {{(pid=102695) process_request /opt/stack/glance/glance/api/middleware/version_negotiation.py:57}}
Jun 24 15:43:29.724467 np0000003560 devstack@g-api.service[102695]: DEBUG glance.api.middleware.version_negotiation [None req-2dd1efb6-793f-4000-ac55-0bb1a0cccc5c tempest-AttachVolumeShelveTestJSON-938016866 tempest-AttachVolumeShelveTestJSON-938016866-project-member] Matched version: v2 {{(pid=102695) process_request /opt/stack/glance/glance/api/middleware/version_negotiation.py:69}}
Jun 24 15:43:29.724467 np0000003560 devstack@g-api.service[102695]: DEBUG glance.api.middleware.version_negotiation [None req-2dd1efb6-793f-4000-ac55-0bb1a0cccc5c tempest-AttachVolumeShelveTestJSON-938016866 tempest-AttachVolumeShelveTestJSON-938016866-project-member] new path /v2/images/bd3f3aae-0881-4d14-9a5c-0a49ed814ab1 {{(pid=102695) process_request /opt/stack/glance/glance/api/middleware/version_negotiation.py:70}}
Jun 24 15:43:29.745804 np0000003560 devstack@g-api.service[102695]: [pid: 102695|app: 0|req: 45/183] 127.0.0.1 () {40 vars in 834 bytes} [Wed Jun 24 15:43:29 2026] GET /v2/images/bd3f3aae-0881-4d14-9a5c-0a49ed814ab1 => generated 650 bytes in 22 msecs (HTTP/1.1 200) 4 headers in 157 bytes (1 switches on core 0)
Jun 24 15:43:29.819123 np0000003560 devstack@g-api.service[102693]: INFO glance.api.v2.image_data [None req-82809097-4b69-4643-9617-54a23d6fd0cd tempest-VolumesActionsTest-710127084 tempest-VolumesActionsTest-710127084-project-member] Unable to create trust: no such option collect_timing in group [keystone_authtoken] Use the existing user token.
Jun 24 15:43:30.257473 np0000003560 devstack@g-api.service[102693]: DEBUG glance.location [None req-82809097-4b69-4643-9617-54a23d6fd0cd tempest-VolumesActionsTest-710127084 tempest-VolumesActionsTest-710127084-project-member] Enabling in-flight format inspection for raw {{(pid=102693) set_data /opt/stack/glance/glance/location.py:616}}
Jun 24 15:43:30.257848 np0000003560 devstack@g-api.service[102693]: DEBUG glance_store.backend [None req-82809097-4b69-4643-9617-54a23d6fd0cd tempest-VolumesActionsTest-710127084 tempest-VolumesActionsTest-710127084-project-member] Attempting to import store swift {{(pid=102693) _load_store /opt/stack/data/venv/lib/python3.12/site-packages/glance_store/backend.py:215}}
Jun 24 15:43:30.259592 np0000003560 devstack@g-api.service[102693]: DEBUG glance_store.capabilities [None req-82809097-4b69-4643-9617-54a23d6fd0cd tempest-VolumesActionsTest-710127084 tempest-VolumesActionsTest-710127084-project-member] Store glance_store._drivers.swift.store.SingleTenantStore doesn't support updating dynamic storage capabilities. Please overwrite 'update_capabilities' method of the store to implement updating logics if needed. {{(pid=102693) update_capabilities /opt/stack/data/venv/lib/python3.12/site-packages/glance_store/capabilities.py:91}}
Jun 24 15:43:30.259734 np0000003560 devstack@g-api.service[102693]: DEBUG glance_store.driver [None req-82809097-4b69-4643-9617-54a23d6fd0cd tempest-VolumesActionsTest-710127084 tempest-VolumesActionsTest-710127084-project-member] Late loading location class glance_store._drivers.swift.store.StoreLocation {{(pid=102693) get_store_location_class /opt/stack/data/venv/lib/python3.12/site-packages/glance_store/driver.py:134}}
Jun 24 15:43:30.259882 np0000003560 devstack@g-api.service[102693]: DEBUG glance_store.location [None req-82809097-4b69-4643-9617-54a23d6fd0cd tempest-VolumesActionsTest-710127084 tempest-VolumesActionsTest-710127084-project-member] Registering scheme swift+https with {'store': , 'location_class': , 'store_entry': 'swift'} {{(pid=102693) register_scheme_map /opt/stack/data/venv/lib/python3.12/site-packages/glance_store/location.py:146}}
Jun 24 15:43:30.260056 np0000003560 devstack@g-api.service[102693]: DEBUG glance_store.location [None req-82809097-4b69-4643-9617-54a23d6fd0cd tempest-VolumesActionsTest-710127084 tempest-VolumesActionsTest-710127084-project-member] Registering scheme swift+https with {'store': , 'location_class': , 'store_entry': 'swift'} {{(pid=102693) register_scheme_map /opt/stack/data/venv/lib/python3.12/site-packages/glance_store/location.py:146}}
Jun 24 15:43:30.260188 np0000003560 devstack@g-api.service[102693]: DEBUG glance_store.location [None req-82809097-4b69-4643-9617-54a23d6fd0cd tempest-VolumesActionsTest-710127084 tempest-VolumesActionsTest-710127084-project-member] Registering scheme swift with {'store': , 'location_class': , 'store_entry': 'swift'} {{(pid=102693) register_scheme_map /opt/stack/data/venv/lib/python3.12/site-packages/glance_store/location.py:146}}
Jun 24 15:43:30.260274 np0000003560 devstack@g-api.service[102693]: DEBUG glance_store.location [None req-82809097-4b69-4643-9617-54a23d6fd0cd tempest-VolumesActionsTest-710127084 tempest-VolumesActionsTest-710127084-project-member] Registering scheme swift+https with {'store': , 'location_class': , 'store_entry': 'swift'} {{(pid=102693) register_scheme_map /opt/stack/data/venv/lib/python3.12/site-packages/glance_store/location.py:146}}
Jun 24 15:43:30.260385 np0000003560 devstack@g-api.service[102693]: DEBUG glance_store.location [None req-82809097-4b69-4643-9617-54a23d6fd0cd tempest-VolumesActionsTest-710127084 tempest-VolumesActionsTest-710127084-project-member] Registering scheme swift with {'store': , 'location_class': , 'store_entry': 'swift'} {{(pid=102693) register_scheme_map /opt/stack/data/venv/lib/python3.12/site-packages/glance_store/location.py:146}}
Jun 24 15:43:30.260490 np0000003560 devstack@g-api.service[102693]: DEBUG glance_store.location [None req-82809097-4b69-4643-9617-54a23d6fd0cd tempest-VolumesActionsTest-710127084 tempest-VolumesActionsTest-710127084-project-member] Registering scheme swift+http with {'store': , 'location_class': , 'store_entry': 'swift'} {{(pid=102693) register_scheme_map /opt/stack/data/venv/lib/python3.12/site-packages/glance_store/location.py:146}}
Jun 24 15:43:30.260605 np0000003560 devstack@g-api.service[102693]: DEBUG glance_store.location [None req-82809097-4b69-4643-9617-54a23d6fd0cd tempest-VolumesActionsTest-710127084 tempest-VolumesActionsTest-710127084-project-member] Registering scheme swift+https with {'store': , 'location_class': , 'store_entry': 'swift'} {{(pid=102693) register_scheme_map /opt/stack/data/venv/lib/python3.12/site-packages/glance_store/location.py:146}}
Jun 24 15:43:30.260720 np0000003560 devstack@g-api.service[102693]: DEBUG glance_store.location [None req-82809097-4b69-4643-9617-54a23d6fd0cd tempest-VolumesActionsTest-710127084 tempest-VolumesActionsTest-710127084-project-member] Registering scheme swift with {'store': , 'location_class': , 'store_entry': 'swift'} {{(pid=102693) register_scheme_map /opt/stack/data/venv/lib/python3.12/site-packages/glance_store/location.py:146}}
Jun 24 15:43:30.260860 np0000003560 devstack@g-api.service[102693]: DEBUG glance_store.location [None req-82809097-4b69-4643-9617-54a23d6fd0cd tempest-VolumesActionsTest-710127084 tempest-VolumesActionsTest-710127084-project-member] Registering scheme swift+http with {'store': , 'location_class': , 'store_entry': 'swift'} {{(pid=102693) register_scheme_map /opt/stack/data/venv/lib/python3.12/site-packages/glance_store/location.py:146}}
Jun 24 15:43:30.260942 np0000003560 devstack@g-api.service[102693]: DEBUG glance_store.location [None req-82809097-4b69-4643-9617-54a23d6fd0cd tempest-VolumesActionsTest-710127084 tempest-VolumesActionsTest-710127084-project-member] Registering scheme swift+config with {'store': , 'location_class': , 'store_entry': 'swift'} {{(pid=102693) register_scheme_map /opt/stack/data/venv/lib/python3.12/site-packages/glance_store/location.py:146}}
Jun 24 15:43:30.442536 np0000003560 devstack@g-api.service[102693]: DEBUG swiftclient [None req-82809097-4b69-4643-9617-54a23d6fd0cd tempest-VolumesActionsTest-710127084 tempest-VolumesActionsTest-710127084-project-member] REQ: curl -i https://10.4.3.94:8080/v1/AUTH_9a6e4cb093b444828df79242ffc972dc/glance -I -H "X-Auth-Token: gAAAAABqO_siMtMp..." {{(pid=102693) http_log /opt/stack/data/venv/lib/python3.12/site-packages/swiftclient/client.py:160}}
Jun 24 15:43:30.442823 np0000003560 devstack@g-api.service[102693]: DEBUG swiftclient [None req-82809097-4b69-4643-9617-54a23d6fd0cd tempest-VolumesActionsTest-710127084 tempest-VolumesActionsTest-710127084-project-member] RESP STATUS: 204 No Content {{(pid=102693) http_log /opt/stack/data/venv/lib/python3.12/site-packages/swiftclient/client.py:161}}
Jun 24 15:43:30.442823 np0000003560 devstack@g-api.service[102693]: DEBUG swiftclient [None req-82809097-4b69-4643-9617-54a23d6fd0cd tempest-VolumesActionsTest-710127084 tempest-VolumesActionsTest-710127084-project-member] RESP HEADERS: {'Date': 'Wed, 24 Jun 2026 15:43:30 GMT', 'Server': 'Apache/2.4.58 (Ubuntu)', 'Content-Type': 'text/plain; charset=utf-8', 'X-Container-Object-Count': '5', 'X-Container-Bytes-Used': '117899264', 'X-Timestamp': '1782315463.74674', 'Last-Modified': 'Wed, 24 Jun 2026 15:37:44 GMT', 'Accept-Ranges': 'bytes', 'X-Storage-Policy': 'Policy-0', 'X-Container-Sharding': 'False', 'Vary': 'Accept', 'X-Trans-Id': 'tx44da4fa3ca8043a9b1708-006a3bfb22', 'X-Openstack-Request-Id': 'tx44da4fa3ca8043a9b1708-006a3bfb22', 'Connection': 'close'} {{(pid=102693) http_log /opt/stack/data/venv/lib/python3.12/site-packages/swiftclient/client.py:162}}
Jun 24 15:43:30.442923 np0000003560 devstack@g-api.service[102693]: DEBUG glance_store._drivers.swift.store [None req-82809097-4b69-4643-9617-54a23d6fd0cd tempest-VolumesActionsTest-710127084 tempest-VolumesActionsTest-710127084-project-member] Adding image object 'bd3f3aae-0881-4d14-9a5c-0a49ed814ab1' to Swift {{(pid=102693) add /opt/stack/data/venv/lib/python3.12/site-packages/glance_store/_drivers/swift/store.py:970}}
Jun 24 15:43:30.443051 np0000003560 devstack@g-api.service[102693]: DEBUG glance_store._drivers.swift.store [None req-82809097-4b69-4643-9617-54a23d6fd0cd tempest-VolumesActionsTest-710127084 tempest-VolumesActionsTest-710127084-project-member] Cannot determine image size because it is either not provided in the request or chunked-transfer encoding is used. Adding image as a segmented object to Swift. {{(pid=102693) add /opt/stack/data/venv/lib/python3.12/site-packages/glance_store/_drivers/swift/store.py:994}}
Jun 24 15:43:30.447779 np0000003560 devstack@g-api.service[102693]: DEBUG oslo_utils.imageutils.format_inspector [None req-82809097-4b69-4643-9617-54a23d6fd0cd tempest-VolumesActionsTest-710127084 tempest-VolumesActionsTest-710127084-project-member] Format inspector for vmdk does not match, excluding from consideration (Signature KDMV not found: b'\x00\x00\x00\x00') {{(pid=102693) _process_chunk /opt/stack/data/venv/lib/python3.12/site-packages/oslo_utils/imageutils/format_inspector.py:1758}}
Jun 24 15:43:30.453470 np0000003560 devstack@g-api.service[102693]: DEBUG oslo_utils.imageutils.format_inspector [None req-82809097-4b69-4643-9617-54a23d6fd0cd tempest-VolumesActionsTest-710127084 tempest-VolumesActionsTest-710127084-project-member] Format inspector for vhdx does not match, excluding from consideration (Region signature not found at 30000) {{(pid=102693) _process_chunk /opt/stack/data/venv/lib/python3.12/site-packages/oslo_utils/imageutils/format_inspector.py:1758}}
Jun 24 15:43:30.757958 np0000003560 devstack@g-api.service[102692]: DEBUG glance.api.middleware.version_negotiation [None req-2dd1efb6-793f-4000-ac55-0bb1a0cccc5c tempest-AttachVolumeShelveTestJSON-938016866 tempest-AttachVolumeShelveTestJSON-938016866-project-member] Determining version of request: GET /v2/images/bd3f3aae-0881-4d14-9a5c-0a49ed814ab1 Accept: application/json {{(pid=102692) process_request /opt/stack/glance/glance/api/middleware/version_negotiation.py:44}}
Jun 24 15:43:30.757958 np0000003560 devstack@g-api.service[102692]: DEBUG glance.api.middleware.version_negotiation [None req-2dd1efb6-793f-4000-ac55-0bb1a0cccc5c tempest-AttachVolumeShelveTestJSON-938016866 tempest-AttachVolumeShelveTestJSON-938016866-project-member] Using url versioning {{(pid=102692) process_request /opt/stack/glance/glance/api/middleware/version_negotiation.py:57}}
Jun 24 15:43:30.757958 np0000003560 devstack@g-api.service[102692]: DEBUG glance.api.middleware.version_negotiation [None req-2dd1efb6-793f-4000-ac55-0bb1a0cccc5c tempest-AttachVolumeShelveTestJSON-938016866 tempest-AttachVolumeShelveTestJSON-938016866-project-member] Matched version: v2 {{(pid=102692) process_request /opt/stack/glance/glance/api/middleware/version_negotiation.py:69}}
Jun 24 15:43:30.757958 np0000003560 devstack@g-api.service[102692]: DEBUG glance.api.middleware.version_negotiation [None req-2dd1efb6-793f-4000-ac55-0bb1a0cccc5c tempest-AttachVolumeShelveTestJSON-938016866 tempest-AttachVolumeShelveTestJSON-938016866-project-member] new path /v2/images/bd3f3aae-0881-4d14-9a5c-0a49ed814ab1 {{(pid=102692) process_request /opt/stack/glance/glance/api/middleware/version_negotiation.py:70}}
Jun 24 15:43:30.767578 np0000003560 devstack@g-api.service[102692]: [pid: 102692|app: 0|req: 50/184] 127.0.0.1 () {40 vars in 834 bytes} [Wed Jun 24 15:43:30 2026] GET /v2/images/bd3f3aae-0881-4d14-9a5c-0a49ed814ab1 => generated 650 bytes in 9 msecs (HTTP/1.1 200) 4 headers in 157 bytes (1 switches on core 0)
Jun 24 15:43:31.778619 np0000003560 devstack@g-api.service[102694]: DEBUG glance.api.middleware.version_negotiation [None req-6b27d4c9-8e90-44c1-8589-25221aa53868 tempest-VolumesActionsTest-710127084 tempest-VolumesActionsTest-710127084-project-member] Determining version of request: GET /v2/images/bd3f3aae-0881-4d14-9a5c-0a49ed814ab1 Accept: application/json {{(pid=102694) process_request /opt/stack/glance/glance/api/middleware/version_negotiation.py:44}}
Jun 24 15:43:31.779040 np0000003560 devstack@g-api.service[102694]: DEBUG glance.api.middleware.version_negotiation [None req-6b27d4c9-8e90-44c1-8589-25221aa53868 tempest-VolumesActionsTest-710127084 tempest-VolumesActionsTest-710127084-project-member] Using url versioning {{(pid=102694) process_request /opt/stack/glance/glance/api/middleware/version_negotiation.py:57}}
Jun 24 15:43:31.779040 np0000003560 devstack@g-api.service[102694]: DEBUG glance.api.middleware.version_negotiation [None req-6b27d4c9-8e90-44c1-8589-25221aa53868 tempest-VolumesActionsTest-710127084 tempest-VolumesActionsTest-710127084-project-member] Matched version: v2 {{(pid=102694) process_request /opt/stack/glance/glance/api/middleware/version_negotiation.py:69}}
Jun 24 15:43:31.779151 np0000003560 devstack@g-api.service[102694]: DEBUG glance.api.middleware.version_negotiation [None req-6b27d4c9-8e90-44c1-8589-25221aa53868 tempest-VolumesActionsTest-710127084 tempest-VolumesActionsTest-710127084-project-member] new path /v2/images/bd3f3aae-0881-4d14-9a5c-0a49ed814ab1 {{(pid=102694) process_request /opt/stack/glance/glance/api/middleware/version_negotiation.py:70}}
Jun 24 15:43:31.794567 np0000003560 devstack@g-api.service[102694]: [pid: 102694|app: 0|req: 45/185] 127.0.0.1 () {40 vars in 834 bytes} [Wed Jun 24 15:43:31 2026] GET /v2/images/bd3f3aae-0881-4d14-9a5c-0a49ed814ab1 => generated 650 bytes in 16 msecs (HTTP/1.1 200) 4 headers in 157 bytes (1 switches on core 0)
Jun 24 15:43:32.381850 np0000003560 devstack@g-api.service[102693]: DEBUG swiftclient [None req-82809097-4b69-4643-9617-54a23d6fd0cd tempest-VolumesActionsTest-710127084 tempest-VolumesActionsTest-710127084-project-member] REQ: curl -i https://10.4.3.94:8080/v1/AUTH_9a6e4cb093b444828df79242ffc972dc/glance/bd3f3aae-0881-4d14-9a5c-0a49ed814ab1-00001 -X PUT -H "X-Auth-Token: gAAAAABqO_siMtMp..." {{(pid=102693) http_log /opt/stack/data/venv/lib/python3.12/site-packages/swiftclient/client.py:160}}
Jun 24 15:43:32.382216 np0000003560 devstack@g-api.service[102693]: DEBUG swiftclient [None req-82809097-4b69-4643-9617-54a23d6fd0cd tempest-VolumesActionsTest-710127084 tempest-VolumesActionsTest-710127084-project-member] RESP STATUS: 201 Created {{(pid=102693) http_log /opt/stack/data/venv/lib/python3.12/site-packages/swiftclient/client.py:161}}
Jun 24 15:43:32.382291 np0000003560 devstack@g-api.service[102693]: DEBUG swiftclient [None req-82809097-4b69-4643-9617-54a23d6fd0cd tempest-VolumesActionsTest-710127084 tempest-VolumesActionsTest-710127084-project-member] RESP HEADERS: {'Date': 'Wed, 24 Jun 2026 15:43:32 GMT', 'Server': 'Apache/2.4.58 (Ubuntu)', 'Content-Type': 'text/html; charset=UTF-8', 'Content-Length': '0', 'Etag': 'eda9a9889837ac4bc81d6387d92c1bec', 'Last-Modified': 'Wed, 24 Jun 2026 15:43:31 GMT', 'X-Trans-Id': 'txa98690833aa2446ca5c5e-006a3bfb22', 'X-Openstack-Request-Id': 'txa98690833aa2446ca5c5e-006a3bfb22', 'Connection': 'close'} {{(pid=102693) http_log /opt/stack/data/venv/lib/python3.12/site-packages/swiftclient/client.py:162}}
Jun 24 15:43:32.382373 np0000003560 devstack@g-api.service[102693]: DEBUG glance_store._drivers.swift.store [None req-82809097-4b69-4643-9617-54a23d6fd0cd tempest-VolumesActionsTest-710127084 tempest-VolumesActionsTest-710127084-project-member] Wrote chunk bd3f3aae-0881-4d14-9a5c-0a49ed814ab1-00001 (1/?) of length 204800000 to Swift returning MD5 of content: eda9a9889837ac4bc81d6387d92c1bec {{(pid=102693) add /opt/stack/data/venv/lib/python3.12/site-packages/glance_store/_drivers/swift/store.py:1059}}
Jun 24 15:43:32.804135 np0000003560 devstack@g-api.service[102695]: DEBUG glance.api.middleware.version_negotiation [None req-5558674d-3358-4df5-97a0-ea78fc5a4d65 tempest-VolumesActionsTest-710127084 tempest-VolumesActionsTest-710127084-project-member] Determining version of request: GET /v2/images/bd3f3aae-0881-4d14-9a5c-0a49ed814ab1 Accept: application/json {{(pid=102695) process_request /opt/stack/glance/glance/api/middleware/version_negotiation.py:44}}
Jun 24 15:43:32.804514 np0000003560 devstack@g-api.service[102695]: DEBUG glance.api.middleware.version_negotiation [None req-5558674d-3358-4df5-97a0-ea78fc5a4d65 tempest-VolumesActionsTest-710127084 tempest-VolumesActionsTest-710127084-project-member] Using url versioning {{(pid=102695) process_request /opt/stack/glance/glance/api/middleware/version_negotiation.py:57}}
Jun 24 15:43:32.804514 np0000003560 devstack@g-api.service[102695]: DEBUG glance.api.middleware.version_negotiation [None req-5558674d-3358-4df5-97a0-ea78fc5a4d65 tempest-VolumesActionsTest-710127084 tempest-VolumesActionsTest-710127084-project-member] Matched version: v2 {{(pid=102695) process_request /opt/stack/glance/glance/api/middleware/version_negotiation.py:69}}
Jun 24 15:43:32.804514 np0000003560 devstack@g-api.service[102695]: DEBUG glance.api.middleware.version_negotiation [None req-5558674d-3358-4df5-97a0-ea78fc5a4d65 tempest-VolumesActionsTest-710127084 tempest-VolumesActionsTest-710127084-project-member] new path /v2/images/bd3f3aae-0881-4d14-9a5c-0a49ed814ab1 {{(pid=102695) process_request /opt/stack/glance/glance/api/middleware/version_negotiation.py:70}}
Jun 24 15:43:32.814241 np0000003560 devstack@g-api.service[102695]: [pid: 102695|app: 0|req: 46/186] 127.0.0.1 () {40 vars in 834 bytes} [Wed Jun 24 15:43:32 2026] GET /v2/images/bd3f3aae-0881-4d14-9a5c-0a49ed814ab1 => generated 650 bytes in 10 msecs (HTTP/1.1 200) 4 headers in 157 bytes (1 switches on core 0)
Jun 24 15:43:33.827185 np0000003560 devstack@g-api.service[102692]: DEBUG glance.api.middleware.version_negotiation [None req-37ba56a6-01ee-4daf-853a-24ec39e5c8d9 tempest-VolumesActionsTest-710127084 tempest-VolumesActionsTest-710127084-project-member] Determining version of request: GET /v2/images/bd3f3aae-0881-4d14-9a5c-0a49ed814ab1 Accept: application/json {{(pid=102692) process_request /opt/stack/glance/glance/api/middleware/version_negotiation.py:44}}
Jun 24 15:43:33.827572 np0000003560 devstack@g-api.service[102692]: DEBUG glance.api.middleware.version_negotiation [None req-37ba56a6-01ee-4daf-853a-24ec39e5c8d9 tempest-VolumesActionsTest-710127084 tempest-VolumesActionsTest-710127084-project-member] Using url versioning {{(pid=102692) process_request /opt/stack/glance/glance/api/middleware/version_negotiation.py:57}}
Jun 24 15:43:33.827572 np0000003560 devstack@g-api.service[102692]: DEBUG glance.api.middleware.version_negotiation [None req-37ba56a6-01ee-4daf-853a-24ec39e5c8d9 tempest-VolumesActionsTest-710127084 tempest-VolumesActionsTest-710127084-project-member] Matched version: v2 {{(pid=102692) process_request /opt/stack/glance/glance/api/middleware/version_negotiation.py:69}}
Jun 24 15:43:33.827572 np0000003560 devstack@g-api.service[102692]: DEBUG glance.api.middleware.version_negotiation [None req-37ba56a6-01ee-4daf-853a-24ec39e5c8d9 tempest-VolumesActionsTest-710127084 tempest-VolumesActionsTest-710127084-project-member] new path /v2/images/bd3f3aae-0881-4d14-9a5c-0a49ed814ab1 {{(pid=102692) process_request /opt/stack/glance/glance/api/middleware/version_negotiation.py:70}}
Jun 24 15:43:33.837115 np0000003560 devstack@g-api.service[102692]: [pid: 102692|app: 0|req: 51/187] 127.0.0.1 () {40 vars in 834 bytes} [Wed Jun 24 15:43:33 2026] GET /v2/images/bd3f3aae-0881-4d14-9a5c-0a49ed814ab1 => generated 650 bytes in 10 msecs (HTTP/1.1 200) 4 headers in 157 bytes (1 switches on core 0)
Jun 24 15:43:34.333499 np0000003560 devstack@g-api.service[102693]: DEBUG swiftclient [None req-82809097-4b69-4643-9617-54a23d6fd0cd tempest-VolumesActionsTest-710127084 tempest-VolumesActionsTest-710127084-project-member] REQ: curl -i https://10.4.3.94:8080/v1/AUTH_9a6e4cb093b444828df79242ffc972dc/glance/bd3f3aae-0881-4d14-9a5c-0a49ed814ab1-00002 -X PUT -H "X-Auth-Token: gAAAAABqO_siMtMp..." {{(pid=102693) http_log /opt/stack/data/venv/lib/python3.12/site-packages/swiftclient/client.py:160}}
Jun 24 15:43:34.333987 np0000003560 devstack@g-api.service[102693]: DEBUG swiftclient [None req-82809097-4b69-4643-9617-54a23d6fd0cd tempest-VolumesActionsTest-710127084 tempest-VolumesActionsTest-710127084-project-member] RESP STATUS: 201 Created {{(pid=102693) http_log /opt/stack/data/venv/lib/python3.12/site-packages/swiftclient/client.py:161}}
Jun 24 15:43:34.333987 np0000003560 devstack@g-api.service[102693]: DEBUG swiftclient [None req-82809097-4b69-4643-9617-54a23d6fd0cd tempest-VolumesActionsTest-710127084 tempest-VolumesActionsTest-710127084-project-member] RESP HEADERS: {'Date': 'Wed, 24 Jun 2026 15:43:34 GMT', 'Server': 'Apache/2.4.58 (Ubuntu)', 'Content-Type': 'text/html; charset=UTF-8', 'Content-Length': '0', 'Etag': 'eda9a9889837ac4bc81d6387d92c1bec', 'Last-Modified': 'Wed, 24 Jun 2026 15:43:33 GMT', 'X-Trans-Id': 'tx651befcc7e0c4b9185529-006a3bfb24', 'X-Openstack-Request-Id': 'tx651befcc7e0c4b9185529-006a3bfb24', 'Connection': 'close'} {{(pid=102693) http_log /opt/stack/data/venv/lib/python3.12/site-packages/swiftclient/client.py:162}}
Jun 24 15:43:34.333987 np0000003560 devstack@g-api.service[102693]: DEBUG glance_store._drivers.swift.store [None req-82809097-4b69-4643-9617-54a23d6fd0cd tempest-VolumesActionsTest-710127084 tempest-VolumesActionsTest-710127084-project-member] Wrote chunk bd3f3aae-0881-4d14-9a5c-0a49ed814ab1-00002 (2/?) of length 204800000 to Swift returning MD5 of content: eda9a9889837ac4bc81d6387d92c1bec {{(pid=102693) add /opt/stack/data/venv/lib/python3.12/site-packages/glance_store/_drivers/swift/store.py:1059}}
Jun 24 15:43:34.849384 np0000003560 devstack@g-api.service[102694]: DEBUG glance.api.middleware.version_negotiation [None req-e4bf4f2d-4390-4db0-b56a-7c11061d048b tempest-VolumesActionsTest-710127084 tempest-VolumesActionsTest-710127084-project-member] Determining version of request: GET /v2/images/bd3f3aae-0881-4d14-9a5c-0a49ed814ab1 Accept: application/json {{(pid=102694) process_request /opt/stack/glance/glance/api/middleware/version_negotiation.py:44}}
Jun 24 15:43:34.849788 np0000003560 devstack@g-api.service[102694]: DEBUG glance.api.middleware.version_negotiation [None req-e4bf4f2d-4390-4db0-b56a-7c11061d048b tempest-VolumesActionsTest-710127084 tempest-VolumesActionsTest-710127084-project-member] Using url versioning {{(pid=102694) process_request /opt/stack/glance/glance/api/middleware/version_negotiation.py:57}}
Jun 24 15:43:34.849788 np0000003560 devstack@g-api.service[102694]: DEBUG glance.api.middleware.version_negotiation [None req-e4bf4f2d-4390-4db0-b56a-7c11061d048b tempest-VolumesActionsTest-710127084 tempest-VolumesActionsTest-710127084-project-member] Matched version: v2 {{(pid=102694) process_request /opt/stack/glance/glance/api/middleware/version_negotiation.py:69}}
Jun 24 15:43:34.850004 np0000003560 devstack@g-api.service[102694]: DEBUG glance.api.middleware.version_negotiation [None req-e4bf4f2d-4390-4db0-b56a-7c11061d048b tempest-VolumesActionsTest-710127084 tempest-VolumesActionsTest-710127084-project-member] new path /v2/images/bd3f3aae-0881-4d14-9a5c-0a49ed814ab1 {{(pid=102694) process_request /opt/stack/glance/glance/api/middleware/version_negotiation.py:70}}
Jun 24 15:43:34.870608 np0000003560 devstack@g-api.service[102694]: [pid: 102694|app: 0|req: 46/188] 127.0.0.1 () {40 vars in 834 bytes} [Wed Jun 24 15:43:34 2026] GET /v2/images/bd3f3aae-0881-4d14-9a5c-0a49ed814ab1 => generated 650 bytes in 21 msecs (HTTP/1.1 200) 4 headers in 157 bytes (1 switches on core 0)
Jun 24 15:43:35.883961 np0000003560 devstack@g-api.service[102695]: DEBUG glance.api.middleware.version_negotiation [None req-ae1ea4a6-b884-4093-932c-4d1dde54b4f7 tempest-VolumesActionsTest-710127084 tempest-VolumesActionsTest-710127084-project-member] Determining version of request: GET /v2/images/bd3f3aae-0881-4d14-9a5c-0a49ed814ab1 Accept: application/json {{(pid=102695) process_request /opt/stack/glance/glance/api/middleware/version_negotiation.py:44}}
Jun 24 15:43:35.885438 np0000003560 devstack@g-api.service[102695]: DEBUG glance.api.middleware.version_negotiation [None req-ae1ea4a6-b884-4093-932c-4d1dde54b4f7 tempest-VolumesActionsTest-710127084 tempest-VolumesActionsTest-710127084-project-member] Using url versioning {{(pid=102695) process_request /opt/stack/glance/glance/api/middleware/version_negotiation.py:57}}
Jun 24 15:43:35.885438 np0000003560 devstack@g-api.service[102695]: DEBUG glance.api.middleware.version_negotiation [None req-ae1ea4a6-b884-4093-932c-4d1dde54b4f7 tempest-VolumesActionsTest-710127084 tempest-VolumesActionsTest-710127084-project-member] Matched version: v2 {{(pid=102695) process_request /opt/stack/glance/glance/api/middleware/version_negotiation.py:69}}
Jun 24 15:43:35.885438 np0000003560 devstack@g-api.service[102695]: DEBUG glance.api.middleware.version_negotiation [None req-ae1ea4a6-b884-4093-932c-4d1dde54b4f7 tempest-VolumesActionsTest-710127084 tempest-VolumesActionsTest-710127084-project-member] new path /v2/images/bd3f3aae-0881-4d14-9a5c-0a49ed814ab1 {{(pid=102695) process_request /opt/stack/glance/glance/api/middleware/version_negotiation.py:70}}
Jun 24 15:43:35.897059 np0000003560 devstack@g-api.service[102695]: [pid: 102695|app: 0|req: 47/189] 127.0.0.1 () {40 vars in 834 bytes} [Wed Jun 24 15:43:35 2026] GET /v2/images/bd3f3aae-0881-4d14-9a5c-0a49ed814ab1 => generated 650 bytes in 13 msecs (HTTP/1.1 200) 4 headers in 157 bytes (1 switches on core 0)
Jun 24 15:43:36.313453 np0000003560 devstack@g-api.service[102693]: DEBUG swiftclient [None req-82809097-4b69-4643-9617-54a23d6fd0cd tempest-VolumesActionsTest-710127084 tempest-VolumesActionsTest-710127084-project-member] REQ: curl -i https://10.4.3.94:8080/v1/AUTH_9a6e4cb093b444828df79242ffc972dc/glance/bd3f3aae-0881-4d14-9a5c-0a49ed814ab1-00003 -X PUT -H "X-Auth-Token: gAAAAABqO_siMtMp..." {{(pid=102693) http_log /opt/stack/data/venv/lib/python3.12/site-packages/swiftclient/client.py:160}}
Jun 24 15:43:36.313813 np0000003560 devstack@g-api.service[102693]: DEBUG swiftclient [None req-82809097-4b69-4643-9617-54a23d6fd0cd tempest-VolumesActionsTest-710127084 tempest-VolumesActionsTest-710127084-project-member] RESP STATUS: 201 Created {{(pid=102693) http_log /opt/stack/data/venv/lib/python3.12/site-packages/swiftclient/client.py:161}}
Jun 24 15:43:36.313851 np0000003560 devstack@g-api.service[102693]: DEBUG swiftclient [None req-82809097-4b69-4643-9617-54a23d6fd0cd tempest-VolumesActionsTest-710127084 tempest-VolumesActionsTest-710127084-project-member] RESP HEADERS: {'Date': 'Wed, 24 Jun 2026 15:43:36 GMT', 'Server': 'Apache/2.4.58 (Ubuntu)', 'Content-Type': 'text/html; charset=UTF-8', 'Content-Length': '0', 'Etag': 'eda9a9889837ac4bc81d6387d92c1bec', 'Last-Modified': 'Wed, 24 Jun 2026 15:43:35 GMT', 'X-Trans-Id': 'txdeb4619a2cc645f3b4623-006a3bfb26', 'X-Openstack-Request-Id': 'txdeb4619a2cc645f3b4623-006a3bfb26', 'Connection': 'close'} {{(pid=102693) http_log /opt/stack/data/venv/lib/python3.12/site-packages/swiftclient/client.py:162}}
Jun 24 15:43:36.314033 np0000003560 devstack@g-api.service[102693]: DEBUG glance_store._drivers.swift.store [None req-82809097-4b69-4643-9617-54a23d6fd0cd tempest-VolumesActionsTest-710127084 tempest-VolumesActionsTest-710127084-project-member] Wrote chunk bd3f3aae-0881-4d14-9a5c-0a49ed814ab1-00003 (3/?) of length 204800000 to Swift returning MD5 of content: eda9a9889837ac4bc81d6387d92c1bec {{(pid=102693) add /opt/stack/data/venv/lib/python3.12/site-packages/glance_store/_drivers/swift/store.py:1059}}
Jun 24 15:43:36.907299 np0000003560 devstack@g-api.service[102692]: DEBUG glance.api.middleware.version_negotiation [None req-e9d31a57-a6f1-4761-a6e9-39c8d15fc38e tempest-VolumesActionsTest-710127084 tempest-VolumesActionsTest-710127084-project-member] Determining version of request: GET /v2/images/bd3f3aae-0881-4d14-9a5c-0a49ed814ab1 Accept: application/json {{(pid=102692) process_request /opt/stack/glance/glance/api/middleware/version_negotiation.py:44}}
Jun 24 15:43:36.907642 np0000003560 devstack@g-api.service[102692]: DEBUG glance.api.middleware.version_negotiation [None req-e9d31a57-a6f1-4761-a6e9-39c8d15fc38e tempest-VolumesActionsTest-710127084 tempest-VolumesActionsTest-710127084-project-member] Using url versioning {{(pid=102692) process_request /opt/stack/glance/glance/api/middleware/version_negotiation.py:57}}
Jun 24 15:43:36.907773 np0000003560 devstack@g-api.service[102692]: DEBUG glance.api.middleware.version_negotiation [None req-e9d31a57-a6f1-4761-a6e9-39c8d15fc38e tempest-VolumesActionsTest-710127084 tempest-VolumesActionsTest-710127084-project-member] Matched version: v2 {{(pid=102692) process_request /opt/stack/glance/glance/api/middleware/version_negotiation.py:69}}
Jun 24 15:43:36.907882 np0000003560 devstack@g-api.service[102692]: DEBUG glance.api.middleware.version_negotiation [None req-e9d31a57-a6f1-4761-a6e9-39c8d15fc38e tempest-VolumesActionsTest-710127084 tempest-VolumesActionsTest-710127084-project-member] new path /v2/images/bd3f3aae-0881-4d14-9a5c-0a49ed814ab1 {{(pid=102692) process_request /opt/stack/glance/glance/api/middleware/version_negotiation.py:70}}
Jun 24 15:43:36.930055 np0000003560 devstack@g-api.service[102692]: [pid: 102692|app: 0|req: 52/190] 127.0.0.1 () {40 vars in 834 bytes} [Wed Jun 24 15:43:36 2026] GET /v2/images/bd3f3aae-0881-4d14-9a5c-0a49ed814ab1 => generated 650 bytes in 23 msecs (HTTP/1.1 200) 4 headers in 157 bytes (1 switches on core 0)
Jun 24 15:43:37.623893 np0000003560 devstack@g-api.service[102694]: DEBUG glance.api.middleware.version_negotiation [None req-cc413628-83d3-4f2d-bbca-e4e6f088df7a tempest-VolumesActionsTest-710127084 tempest-VolumesActionsTest-710127084-project-member] Determining version of request: GET /v2/images/4171e155-9220-4ca7-aee9-5d120c301c57 Accept: */* {{(pid=102694) process_request /opt/stack/glance/glance/api/middleware/version_negotiation.py:44}}
Jun 24 15:43:37.625356 np0000003560 devstack@g-api.service[102694]: DEBUG glance.api.middleware.version_negotiation [None req-cc413628-83d3-4f2d-bbca-e4e6f088df7a tempest-VolumesActionsTest-710127084 tempest-VolumesActionsTest-710127084-project-member] Using url versioning {{(pid=102694) process_request /opt/stack/glance/glance/api/middleware/version_negotiation.py:57}}
