Jun 18 08:23:39.386905 np0000003128 devstack@c-api.service[99378]: INFO cinder.api.openstack.wsgi [None req-b7f94ac0-326e-4c97-ae61-0591420e8e67 tempest-DeleteServersTestJSON-469386216 tempest-DeleteServersTestJSON-469386216-project-member] GET https://10.4.3.49/volume/v3/volumes/0b275a7f-8d0d-4590-b08a-877795818ff2
Jun 18 08:23:39.386905 np0000003128 devstack@c-api.service[99378]: DEBUG cinder.api.openstack.wsgi [None req-b7f94ac0-326e-4c97-ae61-0591420e8e67 tempest-DeleteServersTestJSON-469386216 tempest-DeleteServersTestJSON-469386216-project-member] Empty body provided in request {{(pid=99378) get_body /opt/stack/cinder/cinder/api/openstack/wsgi.py:725}}
Jun 18 08:23:39.387017 np0000003128 devstack@c-api.service[99378]: DEBUG cinder.api.openstack.wsgi [None req-b7f94ac0-326e-4c97-ae61-0591420e8e67 tempest-DeleteServersTestJSON-469386216 tempest-DeleteServersTestJSON-469386216-project-member] Calling method 'show' {{(pid=99378) _process_stack /opt/stack/cinder/cinder/api/openstack/wsgi.py:878}}
Jun 18 08:23:39.390373 np0000003128 devstack@c-api.service[99379]: INFO cinder.volume.api [None req-996c82a9-e528-4d88-80a5-399fa634bf85 tempest-VolumesDeleteCascade-1120848857 tempest-VolumesDeleteCascade-1120848857-project-member] Snapshot create request issued successfully.
Jun 18 08:23:39.391226 np0000003128 devstack@c-api.service[99379]: INFO cinder.api.openstack.wsgi [None req-996c82a9-e528-4d88-80a5-399fa634bf85 tempest-VolumesDeleteCascade-1120848857 tempest-VolumesDeleteCascade-1120848857-project-member] https://10.4.3.49/volume/v3/snapshots returned with HTTP 202
Jun 18 08:23:39.391226 np0000003128 devstack@c-api.service[99379]: [pid: 99379|app: 0|req: 76/227] 10.4.3.49 () {68 vars in 1258 bytes} [Thu Jun 18 08:23:39 2026] POST /volume/v3/snapshots => generated 307 bytes in 95 msecs (HTTP/1.1 202) 7 headers in 291 bytes (1 switches on core 0)
Jun 18 08:23:39.406406 np0000003128 devstack@c-api.service[99377]: DEBUG cinder.api.middleware.request_id [None req-1481cb5f-45e9-4055-88f9-ab105ffaf186 None None] RequestId filter calling following filter/app {{(pid=99377) _context_setter /opt/stack/cinder/cinder/api/middleware/request_id.py:62}}
Jun 18 08:23:39.408309 np0000003128 devstack@c-api.service[99377]: INFO cinder.api.openstack.wsgi [None req-1481cb5f-45e9-4055-88f9-ab105ffaf186 tempest-VolumesDeleteCascade-1120848857 tempest-VolumesDeleteCascade-1120848857-project-member] GET https://10.4.3.49/volume/v3/snapshots/efef8344-64cf-4b61-b24c-faa1e895d42b
Jun 18 08:23:39.408767 np0000003128 devstack@c-api.service[99377]: DEBUG cinder.api.openstack.wsgi [None req-1481cb5f-45e9-4055-88f9-ab105ffaf186 tempest-VolumesDeleteCascade-1120848857 tempest-VolumesDeleteCascade-1120848857-project-member] Empty body provided in request {{(pid=99377) get_body /opt/stack/cinder/cinder/api/openstack/wsgi.py:725}}
Jun 18 08:23:39.408961 np0000003128 devstack@c-api.service[99377]: DEBUG cinder.api.openstack.wsgi [None req-1481cb5f-45e9-4055-88f9-ab105ffaf186 tempest-VolumesDeleteCascade-1120848857 tempest-VolumesDeleteCascade-1120848857-project-member] Calling method 'show' {{(pid=99377) _process_stack /opt/stack/cinder/cinder/api/openstack/wsgi.py:878}}
Jun 18 08:23:39.409606 np0000003128 devstack@c-api.service[99378]: /opt/stack/data/venv/lib/python3.12/site-packages/oslo_context/context.py:102: DeprecationWarning: Policy enforcement is depending on the value of is_admin. This key is deprecated. Please update your policy file to use the standard policy values.
Jun 18 08:23:39.409606 np0000003128 devstack@c-api.service[99378]: warnings.warn(
Jun 18 08:23:39.415661 np0000003128 devstack@c-api.service[99377]: /opt/stack/data/venv/lib/python3.12/site-packages/oslo_context/context.py:102: DeprecationWarning: Policy enforcement is depending on the value of is_admin. This key is deprecated. Please update your policy file to use the standard policy values.
Jun 18 08:23:39.415661 np0000003128 devstack@c-api.service[99377]: warnings.warn(
Jun 18 08:23:39.415853 np0000003128 devstack@c-api.service[99378]: INFO cinder.volume.api [None req-b7f94ac0-326e-4c97-ae61-0591420e8e67 tempest-DeleteServersTestJSON-469386216 tempest-DeleteServersTestJSON-469386216-project-member] Volume info retrieved successfully.
Jun 18 08:23:39.416372 np0000003128 devstack@c-api.service[99377]: INFO cinder.volume.api [None req-1481cb5f-45e9-4055-88f9-ab105ffaf186 tempest-VolumesDeleteCascade-1120848857 tempest-VolumesDeleteCascade-1120848857-project-member] Snapshot retrieved successfully.
Jun 18 08:23:39.417881 np0000003128 devstack@c-api.service[99377]: INFO cinder.api.openstack.wsgi [None req-1481cb5f-45e9-4055-88f9-ab105ffaf186 tempest-VolumesDeleteCascade-1120848857 tempest-VolumesDeleteCascade-1120848857-project-member] https://10.4.3.49/volume/v3/snapshots/efef8344-64cf-4b61-b24c-faa1e895d42b returned with HTTP 200
Jun 18 08:23:39.418437 np0000003128 devstack@c-api.service[99377]: [pid: 99377|app: 0|req: 77/228] 10.4.3.49 () {66 vars in 1347 bytes} [Thu Jun 18 08:23:39 2026] GET /volume/v3/snapshots/efef8344-64cf-4b61-b24c-faa1e895d42b => generated 439 bytes in 13 msecs (HTTP/1.1 200) 7 headers in 285 bytes (1 switches on core 0)
Jun 18 08:23:39.428232 np0000003128 devstack@c-api.service[99378]: INFO cinder.api.openstack.wsgi [None req-b7f94ac0-326e-4c97-ae61-0591420e8e67 tempest-DeleteServersTestJSON-469386216 tempest-DeleteServersTestJSON-469386216-project-member] https://10.4.3.49/volume/v3/volumes/0b275a7f-8d0d-4590-b08a-877795818ff2 returned with HTTP 200
Jun 18 08:23:39.428893 np0000003128 devstack@c-api.service[99378]: [pid: 99378|app: 0|req: 76/229] 10.4.3.49 () {66 vars in 1341 bytes} [Thu Jun 18 08:23:39 2026] GET /volume/v3/volumes/0b275a7f-8d0d-4590-b08a-877795818ff2 => generated 843 bytes in 45 msecs (HTTP/1.1 200) 7 headers in 285 bytes (1 switches on core 0)
Jun 18 08:23:39.919826 np0000003128 devstack@c-api.service[99379]: DEBUG cinder.api.middleware.request_id [req-80cdce2a-28cc-43ba-ac83-1e334bcedce9 req-47628580-3e0e-4cb6-a1b1-1387d8ceee29 None None] RequestId filter calling following filter/app {{(pid=99379) _context_setter /opt/stack/cinder/cinder/api/middleware/request_id.py:62}}
Jun 18 08:23:39.923640 np0000003128 devstack@c-api.service[99379]: INFO cinder.api.openstack.wsgi [req-80cdce2a-28cc-43ba-ac83-1e334bcedce9 req-47628580-3e0e-4cb6-a1b1-1387d8ceee29 tempest-DeleteServersTestJSON-469386216 tempest-DeleteServersTestJSON-469386216-project-member] POST https://10.4.3.49/volume/v3/attachments/be9e801c-c9a7-414e-85af-98643b532188/action
Jun 18 08:23:39.924136 np0000003128 devstack@c-api.service[99379]: DEBUG cinder.api.openstack.wsgi [req-80cdce2a-28cc-43ba-ac83-1e334bcedce9 req-47628580-3e0e-4cb6-a1b1-1387d8ceee29 tempest-DeleteServersTestJSON-469386216 tempest-DeleteServersTestJSON-469386216-project-member] Action body: b'{"os-complete": null}' {{(pid=99379) get_method /opt/stack/cinder/cinder/api/openstack/wsgi.py:993}}
Jun 18 08:23:39.924506 np0000003128 devstack@c-api.service[99379]: DEBUG cinder.api.openstack.wsgi [req-80cdce2a-28cc-43ba-ac83-1e334bcedce9 req-47628580-3e0e-4cb6-a1b1-1387d8ceee29 tempest-DeleteServersTestJSON-469386216 tempest-DeleteServersTestJSON-469386216-project-member] Action: 'action', calling method: complete, body: {"os-complete": null} {{(pid=99379) _process_stack /opt/stack/cinder/cinder/api/openstack/wsgi.py:876}}
Jun 18 08:23:39.949538 np0000003128 devstack@c-api.service[99379]: /opt/stack/data/venv/lib/python3.12/site-packages/oslo_context/context.py:102: DeprecationWarning: Policy enforcement is depending on the value of is_admin. This key is deprecated. Please update your policy file to use the standard policy values.
Jun 18 08:23:39.949538 np0000003128 devstack@c-api.service[99379]: warnings.warn(
Jun 18 08:23:39.967877 np0000003128 devstack@c-api.service[99379]: INFO cinder.api.openstack.wsgi [req-80cdce2a-28cc-43ba-ac83-1e334bcedce9 req-47628580-3e0e-4cb6-a1b1-1387d8ceee29 tempest-DeleteServersTestJSON-469386216 tempest-DeleteServersTestJSON-469386216-project-member] https://10.4.3.49/volume/v3/attachments/be9e801c-c9a7-414e-85af-98643b532188/action returned with HTTP 204
Jun 18 08:23:39.968883 np0000003128 devstack@c-api.service[99379]: [pid: 99379|app: 0|req: 77/230] 10.4.3.49 () {74 vars in 1718 bytes} [Thu Jun 18 08:23:39 2026] POST /volume/v3/attachments/be9e801c-c9a7-414e-85af-98643b532188/action => generated 0 bytes in 50 msecs (HTTP/1.1 204) 7 headers in 292 bytes (1 switches on core 0)
Jun 18 08:23:40.428567 np0000003128 devstack@c-api.service[99377]: DEBUG cinder.api.middleware.request_id [None req-f2c8f06b-f8b4-4ba6-a8f1-fa5c7d627429 None None] RequestId filter calling following filter/app {{(pid=99377) _context_setter /opt/stack/cinder/cinder/api/middleware/request_id.py:62}}
Jun 18 08:23:40.430713 np0000003128 devstack@c-api.service[99377]: INFO cinder.api.openstack.wsgi [None req-f2c8f06b-f8b4-4ba6-a8f1-fa5c7d627429 tempest-VolumesDeleteCascade-1120848857 tempest-VolumesDeleteCascade-1120848857-project-member] GET https://10.4.3.49/volume/v3/snapshots/efef8344-64cf-4b61-b24c-faa1e895d42b
Jun 18 08:23:40.430954 np0000003128 devstack@c-api.service[99377]: DEBUG cinder.api.openstack.wsgi [None req-f2c8f06b-f8b4-4ba6-a8f1-fa5c7d627429 tempest-VolumesDeleteCascade-1120848857 tempest-VolumesDeleteCascade-1120848857-project-member] Empty body provided in request {{(pid=99377) get_body /opt/stack/cinder/cinder/api/openstack/wsgi.py:725}}
Jun 18 08:23:40.431166 np0000003128 devstack@c-api.service[99377]: DEBUG cinder.api.openstack.wsgi [None req-f2c8f06b-f8b4-4ba6-a8f1-fa5c7d627429 tempest-VolumesDeleteCascade-1120848857 tempest-VolumesDeleteCascade-1120848857-project-member] Calling method 'show' {{(pid=99377) _process_stack /opt/stack/cinder/cinder/api/openstack/wsgi.py:878}}
Jun 18 08:23:40.436502 np0000003128 devstack@c-api.service[99377]: /opt/stack/data/venv/lib/python3.12/site-packages/oslo_context/context.py:102: DeprecationWarning: Policy enforcement is depending on the value of is_admin. This key is deprecated. Please update your policy file to use the standard policy values.
Jun 18 08:23:40.436502 np0000003128 devstack@c-api.service[99377]: warnings.warn(
Jun 18 08:23:40.436982 np0000003128 devstack@c-api.service[99377]: INFO cinder.volume.api [None req-f2c8f06b-f8b4-4ba6-a8f1-fa5c7d627429 tempest-VolumesDeleteCascade-1120848857 tempest-VolumesDeleteCascade-1120848857-project-member] Snapshot retrieved successfully.
Jun 18 08:23:40.437811 np0000003128 devstack@c-api.service[99377]: INFO cinder.api.openstack.wsgi [None req-f2c8f06b-f8b4-4ba6-a8f1-fa5c7d627429 tempest-VolumesDeleteCascade-1120848857 tempest-VolumesDeleteCascade-1120848857-project-member] https://10.4.3.49/volume/v3/snapshots/efef8344-64cf-4b61-b24c-faa1e895d42b returned with HTTP 200
Jun 18 08:23:40.438169 np0000003128 devstack@c-api.service[99377]: [pid: 99377|app: 0|req: 78/231] 10.4.3.49 () {66 vars in 1347 bytes} [Thu Jun 18 08:23:40 2026] GET /volume/v3/snapshots/efef8344-64cf-4b61-b24c-faa1e895d42b => generated 466 bytes in 10 msecs (HTTP/1.1 200) 7 headers in 285 bytes (1 switches on core 0)
Jun 18 08:23:40.451635 np0000003128 devstack@c-api.service[99378]: DEBUG cinder.api.middleware.request_id [None req-83a4e73d-3c00-4b50-92a5-055ffa3fdfed None None] RequestId filter calling following filter/app {{(pid=99378) _context_setter /opt/stack/cinder/cinder/api/middleware/request_id.py:62}}
Jun 18 08:23:40.452190 np0000003128 devstack@c-api.service[99379]: DEBUG cinder.api.middleware.request_id [None req-d2e26b49-b6de-47f1-bd16-ffb8636eb5b8 None None] RequestId filter calling following filter/app {{(pid=99379) _context_setter /opt/stack/cinder/cinder/api/middleware/request_id.py:62}}
Jun 18 08:23:40.453609 np0000003128 devstack@c-api.service[99378]: INFO cinder.api.openstack.wsgi [None req-83a4e73d-3c00-4b50-92a5-055ffa3fdfed tempest-VolumesDeleteCascade-1120848857 tempest-VolumesDeleteCascade-1120848857-project-member] DELETE https://10.4.3.49/volume/v3/volumes/03a3c796-e1e6-467e-a3e2-46d49034a454?cascade=True
Jun 18 08:23:40.453609 np0000003128 devstack@c-api.service[99378]: DEBUG cinder.api.openstack.wsgi [None req-83a4e73d-3c00-4b50-92a5-055ffa3fdfed tempest-VolumesDeleteCascade-1120848857 tempest-VolumesDeleteCascade-1120848857-project-member] Empty body provided in request {{(pid=99378) get_body /opt/stack/cinder/cinder/api/openstack/wsgi.py:725}}
Jun 18 08:23:40.453609 np0000003128 devstack@c-api.service[99378]: DEBUG cinder.api.openstack.wsgi [None req-83a4e73d-3c00-4b50-92a5-055ffa3fdfed tempest-VolumesDeleteCascade-1120848857 tempest-VolumesDeleteCascade-1120848857-project-member] Calling method 'delete' {{(pid=99378) _process_stack /opt/stack/cinder/cinder/api/openstack/wsgi.py:878}}
Jun 18 08:23:40.453609 np0000003128 devstack@c-api.service[99378]: INFO cinder.api.v3.volumes [None req-83a4e73d-3c00-4b50-92a5-055ffa3fdfed tempest-VolumesDeleteCascade-1120848857 tempest-VolumesDeleteCascade-1120848857-project-member] Delete volume with id: 03a3c796-e1e6-467e-a3e2-46d49034a454
Jun 18 08:23:40.453758 np0000003128 devstack@c-api.service[99379]: INFO cinder.api.openstack.wsgi [None req-d2e26b49-b6de-47f1-bd16-ffb8636eb5b8 tempest-DeleteServersTestJSON-469386216 tempest-DeleteServersTestJSON-469386216-project-member] GET https://10.4.3.49/volume/v3/volumes/0b275a7f-8d0d-4590-b08a-877795818ff2
Jun 18 08:23:40.453758 np0000003128 devstack@c-api.service[99379]: DEBUG cinder.api.openstack.wsgi [None req-d2e26b49-b6de-47f1-bd16-ffb8636eb5b8 tempest-DeleteServersTestJSON-469386216 tempest-DeleteServersTestJSON-469386216-project-member] Empty body provided in request {{(pid=99379) get_body /opt/stack/cinder/cinder/api/openstack/wsgi.py:725}}
Jun 18 08:23:40.453758 np0000003128 devstack@c-api.service[99379]: DEBUG cinder.api.openstack.wsgi [None req-d2e26b49-b6de-47f1-bd16-ffb8636eb5b8 tempest-DeleteServersTestJSON-469386216 tempest-DeleteServersTestJSON-469386216-project-member] Calling method 'show' {{(pid=99379) _process_stack /opt/stack/cinder/cinder/api/openstack/wsgi.py:878}}
Jun 18 08:23:40.460506 np0000003128 devstack@c-api.service[99378]: /opt/stack/data/venv/lib/python3.12/site-packages/oslo_context/context.py:102: DeprecationWarning: Policy enforcement is depending on the value of is_admin. This key is deprecated. Please update your policy file to use the standard policy values.
Jun 18 08:23:40.460506 np0000003128 devstack@c-api.service[99378]: warnings.warn(
Jun 18 08:23:40.461220 np0000003128 devstack@c-api.service[99378]: INFO cinder.volume.api [None req-83a4e73d-3c00-4b50-92a5-055ffa3fdfed tempest-VolumesDeleteCascade-1120848857 tempest-VolumesDeleteCascade-1120848857-project-member] Volume info retrieved successfully.
Jun 18 08:23:40.470673 np0000003128 devstack@c-api.service[99379]: /opt/stack/data/venv/lib/python3.12/site-packages/oslo_context/context.py:102: DeprecationWarning: Policy enforcement is depending on the value of is_admin. This key is deprecated. Please update your policy file to use the standard policy values.
Jun 18 08:23:40.470673 np0000003128 devstack@c-api.service[99379]: warnings.warn(
Jun 18 08:23:40.479630 np0000003128 devstack@c-api.service[99379]: INFO cinder.volume.api [None req-d2e26b49-b6de-47f1-bd16-ffb8636eb5b8 tempest-DeleteServersTestJSON-469386216 tempest-DeleteServersTestJSON-469386216-project-member] Volume info retrieved successfully.
Jun 18 08:23:40.489237 np0000003128 devstack@c-api.service[99379]: INFO cinder.api.openstack.wsgi [None req-d2e26b49-b6de-47f1-bd16-ffb8636eb5b8 tempest-DeleteServersTestJSON-469386216 tempest-DeleteServersTestJSON-469386216-project-member] https://10.4.3.49/volume/v3/volumes/0b275a7f-8d0d-4590-b08a-877795818ff2 returned with HTTP 200
Jun 18 08:23:40.490320 np0000003128 devstack@c-api.service[99379]: [pid: 99379|app: 0|req: 78/232] 10.4.3.49 () {66 vars in 1341 bytes} [Thu Jun 18 08:23:40 2026] GET /volume/v3/volumes/0b275a7f-8d0d-4590-b08a-877795818ff2 => generated 1135 bytes in 39 msecs (HTTP/1.1 200) 7 headers in 286 bytes (1 switches on core 0)
Jun 18 08:23:40.506821 np0000003128 devstack@c-api.service[99377]: DEBUG cinder.api.middleware.request_id [None req-b24ceac8-b5dd-4091-8a38-39f23f355cd8 None None] RequestId filter calling following filter/app {{(pid=99377) _context_setter /opt/stack/cinder/cinder/api/middleware/request_id.py:62}}
Jun 18 08:23:40.508580 np0000003128 devstack@c-api.service[99377]: INFO cinder.api.openstack.wsgi [None req-b24ceac8-b5dd-4091-8a38-39f23f355cd8 tempest-DeleteServersTestJSON-469386216 tempest-DeleteServersTestJSON-469386216-project-member] GET https://10.4.3.49/volume/v3/volumes/0b275a7f-8d0d-4590-b08a-877795818ff2
Jun 18 08:23:40.508713 np0000003128 devstack@c-api.service[99378]: INFO cinder.volume.api [None req-83a4e73d-3c00-4b50-92a5-055ffa3fdfed tempest-VolumesDeleteCascade-1120848857 tempest-VolumesDeleteCascade-1120848857-project-member] Delete volume request issued successfully.
Jun 18 08:23:40.508838 np0000003128 devstack@c-api.service[99377]: DEBUG cinder.api.openstack.wsgi [None req-b24ceac8-b5dd-4091-8a38-39f23f355cd8 tempest-DeleteServersTestJSON-469386216 tempest-DeleteServersTestJSON-469386216-project-member] Empty body provided in request {{(pid=99377) get_body /opt/stack/cinder/cinder/api/openstack/wsgi.py:725}}
Jun 18 08:23:40.508941 np0000003128 devstack@c-api.service[99378]: INFO cinder.api.openstack.wsgi [None req-83a4e73d-3c00-4b50-92a5-055ffa3fdfed tempest-VolumesDeleteCascade-1120848857 tempest-VolumesDeleteCascade-1120848857-project-member] https://10.4.3.49/volume/v3/volumes/03a3c796-e1e6-467e-a3e2-46d49034a454?cascade=True returned with HTTP 202
Jun 18 08:23:40.509288 np0000003128 devstack@c-api.service[99377]: DEBUG cinder.api.openstack.wsgi [None req-b24ceac8-b5dd-4091-8a38-39f23f355cd8 tempest-DeleteServersTestJSON-469386216 tempest-DeleteServersTestJSON-469386216-project-member] Calling method 'show' {{(pid=99377) _process_stack /opt/stack/cinder/cinder/api/openstack/wsgi.py:878}}
Jun 18 08:23:40.509370 np0000003128 devstack@c-api.service[99378]: [pid: 99378|app: 0|req: 77/233] 10.4.3.49 () {66 vars in 1369 bytes} [Thu Jun 18 08:23:40 2026] DELETE /volume/v3/volumes/03a3c796-e1e6-467e-a3e2-46d49034a454?cascade=True => generated 0 bytes in 59 msecs (HTTP/1.1 202) 6 headers in 233 bytes (1 switches on core 0)
Jun 18 08:23:40.518780 np0000003128 devstack@c-api.service[99379]: DEBUG cinder.api.middleware.request_id [None req-8e9ed33f-a3c1-4395-9cdf-d4bf63e505b7 None None] RequestId filter calling following filter/app {{(pid=99379) _context_setter /opt/stack/cinder/cinder/api/middleware/request_id.py:62}}
Jun 18 08:23:40.521141 np0000003128 devstack@c-api.service[99379]: INFO cinder.api.openstack.wsgi [None req-8e9ed33f-a3c1-4395-9cdf-d4bf63e505b7 tempest-VolumesDeleteCascade-1120848857 tempest-VolumesDeleteCascade-1120848857-project-member] GET https://10.4.3.49/volume/v3/volumes/03a3c796-e1e6-467e-a3e2-46d49034a454
Jun 18 08:23:40.522329 np0000003128 devstack@c-api.service[99379]: DEBUG cinder.api.openstack.wsgi [None req-8e9ed33f-a3c1-4395-9cdf-d4bf63e505b7 tempest-VolumesDeleteCascade-1120848857 tempest-VolumesDeleteCascade-1120848857-project-member] Empty body provided in request {{(pid=99379) get_body /opt/stack/cinder/cinder/api/openstack/wsgi.py:725}}
Jun 18 08:23:40.522329 np0000003128 devstack@c-api.service[99379]: DEBUG cinder.api.openstack.wsgi [None req-8e9ed33f-a3c1-4395-9cdf-d4bf63e505b7 tempest-VolumesDeleteCascade-1120848857 tempest-VolumesDeleteCascade-1120848857-project-member] Calling method 'show' {{(pid=99379) _process_stack /opt/stack/cinder/cinder/api/openstack/wsgi.py:878}}
Jun 18 08:23:40.523239 np0000003128 devstack@c-api.service[99377]: /opt/stack/data/venv/lib/python3.12/site-packages/oslo_context/context.py:102: DeprecationWarning: Policy enforcement is depending on the value of is_admin. This key is deprecated. Please update your policy file to use the standard policy values.
Jun 18 08:23:40.523239 np0000003128 devstack@c-api.service[99377]: warnings.warn(
Jun 18 08:23:40.528314 np0000003128 devstack@c-api.service[99377]: INFO cinder.volume.api [None req-b24ceac8-b5dd-4091-8a38-39f23f355cd8 tempest-DeleteServersTestJSON-469386216 tempest-DeleteServersTestJSON-469386216-project-member] Volume info retrieved successfully.
Jun 18 08:23:40.533998 np0000003128 devstack@c-api.service[99379]: /opt/stack/data/venv/lib/python3.12/site-packages/oslo_context/context.py:102: DeprecationWarning: Policy enforcement is depending on the value of is_admin. This key is deprecated. Please update your policy file to use the standard policy values.
Jun 18 08:23:40.533998 np0000003128 devstack@c-api.service[99379]: warnings.warn(
Jun 18 08:23:40.534453 np0000003128 devstack@c-api.service[99377]: INFO cinder.api.openstack.wsgi [None req-b24ceac8-b5dd-4091-8a38-39f23f355cd8 tempest-DeleteServersTestJSON-469386216 tempest-DeleteServersTestJSON-469386216-project-member] https://10.4.3.49/volume/v3/volumes/0b275a7f-8d0d-4590-b08a-877795818ff2 returned with HTTP 200
Jun 18 08:23:40.534969 np0000003128 devstack@c-api.service[99377]: [pid: 99377|app: 0|req: 79/234] 10.4.3.49 () {66 vars in 1341 bytes} [Thu Jun 18 08:23:40 2026] GET /volume/v3/volumes/0b275a7f-8d0d-4590-b08a-877795818ff2 => generated 1135 bytes in 29 msecs (HTTP/1.1 200) 7 headers in 286 bytes (1 switches on core 0)
Jun 18 08:23:40.540403 np0000003128 devstack@c-api.service[99379]: INFO cinder.volume.api [None req-8e9ed33f-a3c1-4395-9cdf-d4bf63e505b7 tempest-VolumesDeleteCascade-1120848857 tempest-VolumesDeleteCascade-1120848857-project-member] Volume info retrieved successfully.
Jun 18 08:23:40.548504 np0000003128 devstack@c-api.service[99379]: INFO cinder.api.openstack.wsgi [None req-8e9ed33f-a3c1-4395-9cdf-d4bf63e505b7 tempest-VolumesDeleteCascade-1120848857 tempest-VolumesDeleteCascade-1120848857-project-member] https://10.4.3.49/volume/v3/volumes/03a3c796-e1e6-467e-a3e2-46d49034a454 returned with HTTP 200
Jun 18 08:23:40.550676 np0000003128 devstack@c-api.service[99379]: [pid: 99379|app: 0|req: 79/235] 10.4.3.49 () {66 vars in 1341 bytes} [Thu Jun 18 08:23:40 2026] GET /volume/v3/volumes/03a3c796-e1e6-467e-a3e2-46d49034a454 => generated 841 bytes in 33 msecs (HTTP/1.1 200) 7 headers in 285 bytes (1 switches on core 0)
Jun 18 08:23:40.810410 np0000003128 devstack@c-api.service[99378]: DEBUG cinder.api.middleware.request_id [req-0b10413c-92d9-4f56-b335-280d50c42bf5 req-81615249-b04e-492d-8552-a78cef2febed None None] RequestId filter calling following filter/app {{(pid=99378) _context_setter /opt/stack/cinder/cinder/api/middleware/request_id.py:62}}
Jun 18 08:23:40.813653 np0000003128 devstack@c-api.service[99378]: INFO cinder.api.openstack.wsgi [req-0b10413c-92d9-4f56-b335-280d50c42bf5 req-81615249-b04e-492d-8552-a78cef2febed tempest-ServerBootFromVolumeStableRescueTest-2062645737 tempest-ServerBootFromVolumeStableRescueTest-2062645737-project-member] GET https://10.4.3.49/volume/v3/volumes/39b28d41-3abb-4951-91d5-b161fd5875d3
Jun 18 08:23:40.813838 np0000003128 devstack@c-api.service[99378]: DEBUG cinder.api.openstack.wsgi [req-0b10413c-92d9-4f56-b335-280d50c42bf5 req-81615249-b04e-492d-8552-a78cef2febed tempest-ServerBootFromVolumeStableRescueTest-2062645737 tempest-ServerBootFromVolumeStableRescueTest-2062645737-project-member] Empty body provided in request {{(pid=99378) get_body /opt/stack/cinder/cinder/api/openstack/wsgi.py:725}}
Jun 18 08:23:40.814057 np0000003128 devstack@c-api.service[99378]: DEBUG cinder.api.openstack.wsgi [req-0b10413c-92d9-4f56-b335-280d50c42bf5 req-81615249-b04e-492d-8552-a78cef2febed tempest-ServerBootFromVolumeStableRescueTest-2062645737 tempest-ServerBootFromVolumeStableRescueTest-2062645737-project-member] Calling method 'show' {{(pid=99378) _process_stack /opt/stack/cinder/cinder/api/openstack/wsgi.py:878}}
Jun 18 08:23:40.823521 np0000003128 devstack@c-api.service[99378]: /opt/stack/data/venv/lib/python3.12/site-packages/oslo_context/context.py:102: DeprecationWarning: Policy enforcement is depending on the value of is_admin. This key is deprecated. Please update your policy file to use the standard policy values.
Jun 18 08:23:40.823521 np0000003128 devstack@c-api.service[99378]: warnings.warn(
Jun 18 08:23:40.828442 np0000003128 devstack@c-api.service[99378]: INFO cinder.volume.api [req-0b10413c-92d9-4f56-b335-280d50c42bf5 req-81615249-b04e-492d-8552-a78cef2febed tempest-ServerBootFromVolumeStableRescueTest-2062645737 tempest-ServerBootFromVolumeStableRescueTest-2062645737-project-member] Volume info retrieved successfully.
Jun 18 08:23:40.839309 np0000003128 devstack@c-api.service[99378]: INFO cinder.api.openstack.wsgi [req-0b10413c-92d9-4f56-b335-280d50c42bf5 req-81615249-b04e-492d-8552-a78cef2febed tempest-ServerBootFromVolumeStableRescueTest-2062645737 tempest-ServerBootFromVolumeStableRescueTest-2062645737-project-member] https://10.4.3.49/volume/v3/volumes/39b28d41-3abb-4951-91d5-b161fd5875d3 returned with HTTP 200
Jun 18 08:23:40.839309 np0000003128 devstack@c-api.service[99378]: [pid: 99378|app: 0|req: 78/236] 10.4.3.49 () {68 vars in 1591 bytes} [Thu Jun 18 08:23:40 2026] GET /volume/v3/volumes/39b28d41-3abb-4951-91d5-b161fd5875d3 => generated 1132 bytes in 26 msecs (HTTP/1.1 200) 7 headers in 286 bytes (1 switches on core 0)
Jun 18 08:23:41.569354 np0000003128 devstack@c-api.service[99377]: DEBUG cinder.api.middleware.request_id [None req-2af24d08-18ba-4fd2-86bc-bc693c487e70 None None] RequestId filter calling following filter/app {{(pid=99377) _context_setter /opt/stack/cinder/cinder/api/middleware/request_id.py:62}}
Jun 18 08:23:41.571293 np0000003128 devstack@c-api.service[99377]: INFO cinder.api.openstack.wsgi [None req-2af24d08-18ba-4fd2-86bc-bc693c487e70 tempest-VolumesDeleteCascade-1120848857 tempest-VolumesDeleteCascade-1120848857-project-member] GET https://10.4.3.49/volume/v3/volumes/03a3c796-e1e6-467e-a3e2-46d49034a454
Jun 18 08:23:41.571832 np0000003128 devstack@c-api.service[99377]: DEBUG cinder.api.openstack.wsgi [None req-2af24d08-18ba-4fd2-86bc-bc693c487e70 tempest-VolumesDeleteCascade-1120848857 tempest-VolumesDeleteCascade-1120848857-project-member] Empty body provided in request {{(pid=99377) get_body /opt/stack/cinder/cinder/api/openstack/wsgi.py:725}}
Jun 18 08:23:41.572171 np0000003128 devstack@c-api.service[99377]: DEBUG cinder.api.openstack.wsgi [None req-2af24d08-18ba-4fd2-86bc-bc693c487e70 tempest-VolumesDeleteCascade-1120848857 tempest-VolumesDeleteCascade-1120848857-project-member] Calling method 'show' {{(pid=99377) _process_stack /opt/stack/cinder/cinder/api/openstack/wsgi.py:878}}
Jun 18 08:23:41.578309 np0000003128 devstack@c-api.service[99377]: INFO cinder.api.openstack.wsgi [None req-2af24d08-18ba-4fd2-86bc-bc693c487e70 tempest-VolumesDeleteCascade-1120848857 tempest-VolumesDeleteCascade-1120848857-project-member] https://10.4.3.49/volume/v3/volumes/03a3c796-e1e6-467e-a3e2-46d49034a454 returned with HTTP 404
Jun 18 08:23:41.579661 np0000003128 devstack@c-api.service[99377]: [pid: 99377|app: 0|req: 80/237] 10.4.3.49 () {66 vars in 1341 bytes} [Thu Jun 18 08:23:41 2026] GET /volume/v3/volumes/03a3c796-e1e6-467e-a3e2-46d49034a454 => generated 109 bytes in 11 msecs (HTTP/1.1 404) 7 headers in 292 bytes (2 switches on core 0)
Jun 18 08:23:41.587460 np0000003128 devstack@c-api.service[99379]: DEBUG cinder.api.middleware.request_id [None req-5ac2ad5c-2481-4f89-aa3a-1d9875595471 None None] RequestId filter calling following filter/app {{(pid=99379) _context_setter /opt/stack/cinder/cinder/api/middleware/request_id.py:62}}
Jun 18 08:23:41.589674 np0000003128 devstack@c-api.service[99379]: INFO cinder.api.openstack.wsgi [None req-5ac2ad5c-2481-4f89-aa3a-1d9875595471 tempest-VolumesDeleteCascade-1120848857 tempest-VolumesDeleteCascade-1120848857-project-member] GET https://10.4.3.49/volume/v3/volumes
Jun 18 08:23:41.589949 np0000003128 devstack@c-api.service[99379]: DEBUG cinder.api.openstack.wsgi [None req-5ac2ad5c-2481-4f89-aa3a-1d9875595471 tempest-VolumesDeleteCascade-1120848857 tempest-VolumesDeleteCascade-1120848857-project-member] Empty body provided in request {{(pid=99379) get_body /opt/stack/cinder/cinder/api/openstack/wsgi.py:725}}
Jun 18 08:23:41.590209 np0000003128 devstack@c-api.service[99379]: DEBUG cinder.api.openstack.wsgi [None req-5ac2ad5c-2481-4f89-aa3a-1d9875595471 tempest-VolumesDeleteCascade-1120848857 tempest-VolumesDeleteCascade-1120848857-project-member] Calling method 'index' {{(pid=99379) _process_stack /opt/stack/cinder/cinder/api/openstack/wsgi.py:878}}
Jun 18 08:23:41.590554 np0000003128 devstack@c-api.service[99379]: DEBUG cinder.api.api_utils [None req-5ac2ad5c-2481-4f89-aa3a-1d9875595471 tempest-VolumesDeleteCascade-1120848857 tempest-VolumesDeleteCascade-1120848857-project-member] Removing options '' from query. {{(pid=99379) remove_invalid_filter_options /opt/stack/cinder/cinder/api/api_utils.py:82}}
Jun 18 08:23:41.591525 np0000003128 devstack@c-api.service[99379]: DEBUG cinder.volume.api [None req-5ac2ad5c-2481-4f89-aa3a-1d9875595471 tempest-VolumesDeleteCascade-1120848857 tempest-VolumesDeleteCascade-1120848857-project-member] Searching by: MultiDict([('no_migration_targets', True)]). {{(pid=99379) get_all /opt/stack/cinder/cinder/volume/api.py:664}}
Jun 18 08:23:41.604579 np0000003128 devstack@c-api.service[99379]: INFO cinder.volume.api [None req-5ac2ad5c-2481-4f89-aa3a-1d9875595471 tempest-VolumesDeleteCascade-1120848857 tempest-VolumesDeleteCascade-1120848857-project-member] Get all volumes completed successfully.
Jun 18 08:23:41.604832 np0000003128 devstack@c-api.service[99379]: INFO cinder.api.openstack.wsgi [None req-5ac2ad5c-2481-4f89-aa3a-1d9875595471 tempest-VolumesDeleteCascade-1120848857 tempest-VolumesDeleteCascade-1120848857-project-member] https://10.4.3.49/volume/v3/volumes returned with HTTP 200
Jun 18 08:23:41.605451 np0000003128 devstack@c-api.service[99379]: [pid: 99379|app: 0|req: 80/238] 10.4.3.49 () {66 vars in 1230 bytes} [Thu Jun 18 08:23:41 2026] GET /volume/v3/volumes => generated 15 bytes in 18 msecs (HTTP/1.1 200) 7 headers in 284 bytes (1 switches on core 0)
Jun 18 08:23:41.618350 np0000003128 devstack@c-api.service[99378]: DEBUG cinder.api.middleware.request_id [None req-8edec1e2-bc5a-48b2-beb4-6229df804926 None None] RequestId filter calling following filter/app {{(pid=99378) _context_setter /opt/stack/cinder/cinder/api/middleware/request_id.py:62}}
Jun 18 08:23:41.620661 np0000003128 devstack@c-api.service[99378]: INFO cinder.api.openstack.wsgi [None req-8edec1e2-bc5a-48b2-beb4-6229df804926 tempest-VolumesDeleteCascade-1120848857 tempest-VolumesDeleteCascade-1120848857-project-member] GET https://10.4.3.49/volume/v3/snapshots
Jun 18 08:23:41.620943 np0000003128 devstack@c-api.service[99378]: DEBUG cinder.api.openstack.wsgi [None req-8edec1e2-bc5a-48b2-beb4-6229df804926 tempest-VolumesDeleteCascade-1120848857 tempest-VolumesDeleteCascade-1120848857-project-member] Empty body provided in request {{(pid=99378) get_body /opt/stack/cinder/cinder/api/openstack/wsgi.py:725}}
Jun 18 08:23:41.621268 np0000003128 devstack@c-api.service[99378]: DEBUG cinder.api.openstack.wsgi [None req-8edec1e2-bc5a-48b2-beb4-6229df804926 tempest-VolumesDeleteCascade-1120848857 tempest-VolumesDeleteCascade-1120848857-project-member] Calling method 'index' {{(pid=99378) _process_stack /opt/stack/cinder/cinder/api/openstack/wsgi.py:878}}
Jun 18 08:23:41.621638 np0000003128 devstack@c-api.service[99378]: DEBUG cinder.api.api_utils [None req-8edec1e2-bc5a-48b2-beb4-6229df804926 tempest-VolumesDeleteCascade-1120848857 tempest-VolumesDeleteCascade-1120848857-project-member] Removing options '' from query. {{(pid=99378) remove_invalid_filter_options /opt/stack/cinder/cinder/api/api_utils.py:82}}
Jun 18 08:23:41.623296 np0000003128 devstack@c-api.service[99378]: DEBUG cinder.db.api [None req-8edec1e2-bc5a-48b2-beb4-6229df804926 tempest-VolumesDeleteCascade-1120848857 tempest-VolumesDeleteCascade-1120848857-project-member] Building query based on filter {{(pid=99378) _process_snaps_filters /opt/stack/cinder/cinder/db/api.py:3942}}
Jun 18 08:23:41.638249 np0000003128 devstack@c-api.service[99378]: INFO cinder.volume.api [None req-8edec1e2-bc5a-48b2-beb4-6229df804926 tempest-VolumesDeleteCascade-1120848857 tempest-VolumesDeleteCascade-1120848857-project-member] Get all snapshots completed successfully.
Jun 18 08:23:41.638642 np0000003128 devstack@c-api.service[99378]: INFO cinder.api.openstack.wsgi [None req-8edec1e2-bc5a-48b2-beb4-6229df804926 tempest-VolumesDeleteCascade-1120848857 tempest-VolumesDeleteCascade-1120848857-project-member] https://10.4.3.49/volume/v3/snapshots returned with HTTP 200
Jun 18 08:23:41.639145 np0000003128 devstack@c-api.service[99378]: [pid: 99378|app: 0|req: 79/239] 10.4.3.49 () {66 vars in 1236 bytes} [Thu Jun 18 08:23:41 2026] GET /volume/v3/snapshots => generated 17 bytes in 21 msecs (HTTP/1.1 200) 7 headers in 284 bytes (1 switches on core 0)
Jun 18 08:23:41.650168 np0000003128 devstack@c-api.service[99377]: DEBUG cinder.api.middleware.request_id [None req-4afaea8f-3967-4c97-9319-177a6fde72b3 None None] RequestId filter calling following filter/app {{(pid=99377) _context_setter /opt/stack/cinder/cinder/api/middleware/request_id.py:62}}
Jun 18 08:23:41.655346 np0000003128 devstack@c-api.service[99377]: INFO cinder.api.openstack.wsgi [None req-4afaea8f-3967-4c97-9319-177a6fde72b3 tempest-VolumesDeleteCascade-1120848857 tempest-VolumesDeleteCascade-1120848857-project-member] DELETE https://10.4.3.49/volume/v3/snapshots/efef8344-64cf-4b61-b24c-faa1e895d42b
Jun 18 08:23:41.655631 np0000003128 devstack@c-api.service[99377]: DEBUG cinder.api.openstack.wsgi [None req-4afaea8f-3967-4c97-9319-177a6fde72b3 tempest-VolumesDeleteCascade-1120848857 tempest-VolumesDeleteCascade-1120848857-project-member] Empty body provided in request {{(pid=99377) get_body /opt/stack/cinder/cinder/api/openstack/wsgi.py:725}}
Jun 18 08:23:41.655904 np0000003128 devstack@c-api.service[99377]: DEBUG cinder.api.openstack.wsgi [None req-4afaea8f-3967-4c97-9319-177a6fde72b3 tempest-VolumesDeleteCascade-1120848857 tempest-VolumesDeleteCascade-1120848857-project-member] Calling method 'delete' {{(pid=99377) _process_stack /opt/stack/cinder/cinder/api/openstack/wsgi.py:878}}
Jun 18 08:23:41.656925 np0000003128 devstack@c-api.service[99377]: INFO cinder.api.v3.snapshots [None req-4afaea8f-3967-4c97-9319-177a6fde72b3 tempest-VolumesDeleteCascade-1120848857 tempest-VolumesDeleteCascade-1120848857-project-member] Delete snapshot with id: efef8344-64cf-4b61-b24c-faa1e895d42b
Jun 18 08:23:41.662994 np0000003128 devstack@c-api.service[99377]: INFO cinder.api.openstack.wsgi [None req-4afaea8f-3967-4c97-9319-177a6fde72b3 tempest-VolumesDeleteCascade-1120848857 tempest-VolumesDeleteCascade-1120848857-project-member] https://10.4.3.49/volume/v3/snapshots/efef8344-64cf-4b61-b24c-faa1e895d42b returned with HTTP 404
Jun 18 08:23:41.663468 np0000003128 devstack@c-api.service[99377]: [pid: 99377|app: 0|req: 81/240] 10.4.3.49 () {66 vars in 1350 bytes} [Thu Jun 18 08:23:41 2026] DELETE /volume/v3/snapshots/efef8344-64cf-4b61-b24c-faa1e895d42b => generated 111 bytes in 14 msecs (HTTP/1.1 404) 7 headers in 292 bytes (1 switches on core 0)
Jun 18 08:23:41.673108 np0000003128 devstack@c-api.service[99379]: DEBUG cinder.api.middleware.request_id [None req-49c1c912-d49c-48f8-901f-3f9880fad813 None None] RequestId filter calling following filter/app {{(pid=99379) _context_setter /opt/stack/cinder/cinder/api/middleware/request_id.py:62}}
Jun 18 08:23:41.675936 np0000003128 devstack@c-api.service[99379]: INFO cinder.api.openstack.wsgi [None req-49c1c912-d49c-48f8-901f-3f9880fad813 tempest-VolumesDeleteCascade-1120848857 tempest-VolumesDeleteCascade-1120848857-project-member] DELETE https://10.4.3.49/volume/v3/snapshots/f769a908-86cb-486b-913c-f76f4cbde7ca
Jun 18 08:23:41.677195 np0000003128 devstack@c-api.service[99379]: DEBUG cinder.api.openstack.wsgi [None req-49c1c912-d49c-48f8-901f-3f9880fad813 tempest-VolumesDeleteCascade-1120848857 tempest-VolumesDeleteCascade-1120848857-project-member] Empty body provided in request {{(pid=99379) get_body /opt/stack/cinder/cinder/api/openstack/wsgi.py:725}}
Jun 18 08:23:41.677195 np0000003128 devstack@c-api.service[99379]: DEBUG cinder.api.openstack.wsgi [None req-49c1c912-d49c-48f8-901f-3f9880fad813 tempest-VolumesDeleteCascade-1120848857 tempest-VolumesDeleteCascade-1120848857-project-member] Calling method 'delete' {{(pid=99379) _process_stack /opt/stack/cinder/cinder/api/openstack/wsgi.py:878}}
Jun 18 08:23:41.677195 np0000003128 devstack@c-api.service[99379]: INFO cinder.api.v3.snapshots [None req-49c1c912-d49c-48f8-901f-3f9880fad813 tempest-VolumesDeleteCascade-1120848857 tempest-VolumesDeleteCascade-1120848857-project-member] Delete snapshot with id: f769a908-86cb-486b-913c-f76f4cbde7ca
Jun 18 08:23:41.681219 np0000003128 devstack@c-api.service[99379]: INFO cinder.api.openstack.wsgi [None req-49c1c912-d49c-48f8-901f-3f9880fad813 tempest-VolumesDeleteCascade-1120848857 tempest-VolumesDeleteCascade-1120848857-project-member] https://10.4.3.49/volume/v3/snapshots/f769a908-86cb-486b-913c-f76f4cbde7ca returned with HTTP 404
Jun 18 08:23:41.681771 np0000003128 devstack@c-api.service[99379]: [pid: 99379|app: 0|req: 81/241] 10.4.3.49 () {66 vars in 1350 bytes} [Thu Jun 18 08:23:41 2026] DELETE /volume/v3/snapshots/f769a908-86cb-486b-913c-f76f4cbde7ca => generated 111 bytes in 9 msecs (HTTP/1.1 404) 7 headers in 292 bytes (1 switches on core 0)
Jun 18 08:23:41.698942 np0000003128 devstack@c-api.service[99378]: DEBUG cinder.api.middleware.request_id [None req-7ee7e67b-90da-43d4-a62d-30648878796a None None] RequestId filter calling following filter/app {{(pid=99378) _context_setter /opt/stack/cinder/cinder/api/middleware/request_id.py:62}}
Jun 18 08:23:41.701799 np0000003128 devstack@c-api.service[99378]: INFO cinder.api.openstack.wsgi [None req-7ee7e67b-90da-43d4-a62d-30648878796a tempest-VolumesDeleteCascade-1120848857 tempest-VolumesDeleteCascade-1120848857-project-member] GET https://10.4.3.49/volume/v3/volumes/03a3c796-e1e6-467e-a3e2-46d49034a454
Jun 18 08:23:41.703495 np0000003128 devstack@c-api.service[99378]: DEBUG cinder.api.openstack.wsgi [None req-7ee7e67b-90da-43d4-a62d-30648878796a tempest-VolumesDeleteCascade-1120848857 tempest-VolumesDeleteCascade-1120848857-project-member] Empty body provided in request {{(pid=99378) get_body /opt/stack/cinder/cinder/api/openstack/wsgi.py:725}}
Jun 18 08:23:41.703495 np0000003128 devstack@c-api.service[99378]: DEBUG cinder.api.openstack.wsgi [None req-7ee7e67b-90da-43d4-a62d-30648878796a tempest-VolumesDeleteCascade-1120848857 tempest-VolumesDeleteCascade-1120848857-project-member] Calling method 'show' {{(pid=99378) _process_stack /opt/stack/cinder/cinder/api/openstack/wsgi.py:878}}
Jun 18 08:23:41.716421 np0000003128 devstack@c-api.service[99378]: INFO cinder.api.openstack.wsgi [None req-7ee7e67b-90da-43d4-a62d-30648878796a tempest-VolumesDeleteCascade-1120848857 tempest-VolumesDeleteCascade-1120848857-project-member] https://10.4.3.49/volume/v3/volumes/03a3c796-e1e6-467e-a3e2-46d49034a454 returned with HTTP 404
Jun 18 08:23:41.716842 np0000003128 devstack@c-api.service[99378]: [pid: 99378|app: 0|req: 80/242] 10.4.3.49 () {66 vars in 1341 bytes} [Thu Jun 18 08:23:41 2026] GET /volume/v3/volumes/03a3c796-e1e6-467e-a3e2-46d49034a454 => generated 109 bytes in 20 msecs (HTTP/1.1 404) 7 headers in 292 bytes (1 switches on core 0)
Jun 18 08:23:41.729102 np0000003128 devstack@c-api.service[99377]: DEBUG cinder.api.middleware.request_id [None req-5d4b6818-3ba6-4361-981c-08eafdb754a1 None None] RequestId filter calling following filter/app {{(pid=99377) _context_setter /opt/stack/cinder/cinder/api/middleware/request_id.py:62}}
Jun 18 08:23:41.732727 np0000003128 devstack@c-api.service[99377]: INFO cinder.api.openstack.wsgi [None req-5d4b6818-3ba6-4361-981c-08eafdb754a1 tempest-VolumesDeleteCascade-1120848857 tempest-VolumesDeleteCascade-1120848857-project-member] DELETE https://10.4.3.49/volume/v3/volumes/03a3c796-e1e6-467e-a3e2-46d49034a454
Jun 18 08:23:41.732727 np0000003128 devstack@c-api.service[99377]: DEBUG cinder.api.openstack.wsgi [None req-5d4b6818-3ba6-4361-981c-08eafdb754a1 tempest-VolumesDeleteCascade-1120848857 tempest-VolumesDeleteCascade-1120848857-project-member] Empty body provided in request {{(pid=99377) get_body /opt/stack/cinder/cinder/api/openstack/wsgi.py:725}}
Jun 18 08:23:41.732727 np0000003128 devstack@c-api.service[99377]: DEBUG cinder.api.openstack.wsgi [None req-5d4b6818-3ba6-4361-981c-08eafdb754a1 tempest-VolumesDeleteCascade-1120848857 tempest-VolumesDeleteCascade-1120848857-project-member] Calling method 'delete' {{(pid=99377) _process_stack /opt/stack/cinder/cinder/api/openstack/wsgi.py:878}}
Jun 18 08:23:41.732727 np0000003128 devstack@c-api.service[99377]: INFO cinder.api.v3.volumes [None req-5d4b6818-3ba6-4361-981c-08eafdb754a1 tempest-VolumesDeleteCascade-1120848857 tempest-VolumesDeleteCascade-1120848857-project-member] Delete volume with id: 03a3c796-e1e6-467e-a3e2-46d49034a454
Jun 18 08:23:41.739382 np0000003128 devstack@c-api.service[99377]: INFO cinder.api.openstack.wsgi [None req-5d4b6818-3ba6-4361-981c-08eafdb754a1 tempest-VolumesDeleteCascade-1120848857 tempest-VolumesDeleteCascade-1120848857-project-member] https://10.4.3.49/volume/v3/volumes/03a3c796-e1e6-467e-a3e2-46d49034a454 returned with HTTP 404
Jun 18 08:23:41.739938 np0000003128 devstack@c-api.service[99377]: [pid: 99377|app: 0|req: 82/243] 10.4.3.49 () {66 vars in 1344 bytes} [Thu Jun 18 08:23:41 2026] DELETE /volume/v3/volumes/03a3c796-e1e6-467e-a3e2-46d49034a454 => generated 109 bytes in 11 msecs (HTTP/1.1 404) 7 headers in 292 bytes (1 switches on core 0)
Jun 18 08:23:41.750306 np0000003128 devstack@c-api.service[99379]: DEBUG cinder.api.middleware.request_id [None req-03364c59-f78f-49e7-bb3e-654b2195bbf6 None None] RequestId filter calling following filter/app {{(pid=99379) _context_setter /opt/stack/cinder/cinder/api/middleware/request_id.py:62}}
Jun 18 08:23:41.752945 np0000003128 devstack@c-api.service[99379]: INFO cinder.api.openstack.wsgi [None req-03364c59-f78f-49e7-bb3e-654b2195bbf6 tempest-VolumesDeleteCascade-1120848857 tempest-VolumesDeleteCascade-1120848857-project-member] POST https://10.4.3.49/volume/v3/volumes
Jun 18 08:23:41.753269 np0000003128 devstack@c-api.service[99379]: DEBUG cinder.api.openstack.wsgi [None req-03364c59-f78f-49e7-bb3e-654b2195bbf6 tempest-VolumesDeleteCascade-1120848857 tempest-VolumesDeleteCascade-1120848857-project-member] Action: 'create', calling method: create, body: {"volume": {"size": 1, "name": "tempest-VolumesDeleteCascade-Volume-1243067919"}} {{(pid=99379) _process_stack /opt/stack/cinder/cinder/api/openstack/wsgi.py:876}}
Jun 18 08:23:41.755818 np0000003128 devstack@c-api.service[99379]: DEBUG cinder.api.v3.volumes [None req-03364c59-f78f-49e7-bb3e-654b2195bbf6 tempest-VolumesDeleteCascade-1120848857 tempest-VolumesDeleteCascade-1120848857-project-member] Create volume request body: {'volume': {'size': 1, 'name': 'tempest-VolumesDeleteCascade-Volume-1243067919'}} {{(pid=99379) create /opt/stack/cinder/cinder/api/v3/volumes.py:368}}
Jun 18 08:23:41.755818 np0000003128 devstack@c-api.service[99379]: INFO cinder.api.v3.volumes [None req-03364c59-f78f-49e7-bb3e-654b2195bbf6 tempest-VolumesDeleteCascade-1120848857 tempest-VolumesDeleteCascade-1120848857-project-member] Create volume of 1 GB
Jun 18 08:23:41.761897 np0000003128 devstack@c-api.service[99379]: INFO cinder.volume.api [None req-03364c59-f78f-49e7-bb3e-654b2195bbf6 tempest-VolumesDeleteCascade-1120848857 tempest-VolumesDeleteCascade-1120848857-project-member] Availability Zones retrieved successfully.
Jun 18 08:23:41.767764 np0000003128 devstack@c-api.service[99379]: DEBUG cinder.volume.api [None req-03364c59-f78f-49e7-bb3e-654b2195bbf6 tempest-VolumesDeleteCascade-1120848857 tempest-VolumesDeleteCascade-1120848857-project-member] Flow 'volume_create_api' (a5b43580-3422-4f5a-9073-99ccfe1fbc4c) transitioned into state 'RUNNING' from state 'PENDING' {{(pid=99379) _flow_receiver /opt/stack/data/venv/lib/python3.12/site-packages/taskflow/listeners/logging.py:160}}
Jun 18 08:23:41.769114 np0000003128 devstack@c-api.service[99379]: DEBUG cinder.volume.api [None req-03364c59-f78f-49e7-bb3e-654b2195bbf6 tempest-VolumesDeleteCascade-1120848857 tempest-VolumesDeleteCascade-1120848857-project-member] Task 'cinder.volume.flows.api.create_volume.ExtractVolumeRequestTask;volume:create' (2d1581a6-e1a4-44d4-9101-3801bb269095) transitioned into state 'RUNNING' from state 'PENDING' {{(pid=99379) _task_receiver /opt/stack/data/venv/lib/python3.12/site-packages/taskflow/listeners/logging.py:242}}
Jun 18 08:23:41.770105 np0000003128 devstack@c-api.service[99379]: DEBUG cinder.volume.flows.api.create_volume [None req-03364c59-f78f-49e7-bb3e-654b2195bbf6 tempest-VolumesDeleteCascade-1120848857 tempest-VolumesDeleteCascade-1120848857-project-member] Validating volume size '1' using validate_int {{(pid=99379) _extract_size /opt/stack/cinder/cinder/volume/flows/api/create_volume.py:226}}
Jun 18 08:23:41.811099 np0000003128 devstack@c-api.service[99379]: DEBUG cinder.volume.api [None req-03364c59-f78f-49e7-bb3e-654b2195bbf6 tempest-VolumesDeleteCascade-1120848857 tempest-VolumesDeleteCascade-1120848857-project-member] Task 'cinder.volume.flows.api.create_volume.ExtractVolumeRequestTask;volume:create' (2d1581a6-e1a4-44d4-9101-3801bb269095) transitioned into state 'SUCCESS' from state 'RUNNING' with result '{'size': 1, 'snapshot_id': None, 'source_volid': None, 'volume_type': VolumeType(created_at=2026-06-18T08:20:13Z,deleted=False,deleted_at=None,description=None,extra_specs={volume_backend_name='storpool'},id=71d32ef8-5e43-4493-b02b-11036136eaa8,is_public=True,name='storpool',projects=[],qos_specs=,qos_specs_id=None,updated_at=None), 'volume_type_id': '71d32ef8-5e43-4493-b02b-11036136eaa8', 'encryption_key_id': None, 'qos_specs': None, 'consistencygroup_id': None, 'cgsnapshot_id': None, 'group_id': None, 'replication_status': 'disabled', 'refresh_az': False, 'backup_id': None, 'multiattach': False, 'availability_zones': ['nova']}' {{(pid=99379) _task_receiver /opt/stack/data/venv/lib/python3.12/site-packages/taskflow/listeners/logging.py:218}}
Jun 18 08:23:41.811647 np0000003128 devstack@c-api.service[99379]: DEBUG cinder.volume.api [None req-03364c59-f78f-49e7-bb3e-654b2195bbf6 tempest-VolumesDeleteCascade-1120848857 tempest-VolumesDeleteCascade-1120848857-project-member] Task 'cinder.volume.flows.api.create_volume.QuotaReserveTask;volume:create' (203955d1-9e79-4144-969a-078fb4fddd42) transitioned into state 'RUNNING' from state 'PENDING' {{(pid=99379) _task_receiver /opt/stack/data/venv/lib/python3.12/site-packages/taskflow/listeners/logging.py:242}}
Jun 18 08:23:41.874462 np0000003128 devstack@c-api.service[99379]: DEBUG cinder.quota [None req-03364c59-f78f-49e7-bb3e-654b2195bbf6 tempest-VolumesDeleteCascade-1120848857 tempest-VolumesDeleteCascade-1120848857-project-member] Created reservations ['53f1e633-b81e-4bf2-ae2a-5e2bfba3edf9', '5a5780ef-ec25-455e-a3b5-7912739cb7cc', '9352fc9c-9e51-4820-b5fd-e6e64485d0ac', 'f97568bc-1b78-4570-8421-5d4a77d63070'] {{(pid=99379) reserve /opt/stack/cinder/cinder/quota.py:752}}
Jun 18 08:23:41.877116 np0000003128 devstack@c-api.service[99379]: DEBUG cinder.volume.api [None req-03364c59-f78f-49e7-bb3e-654b2195bbf6 tempest-VolumesDeleteCascade-1120848857 tempest-VolumesDeleteCascade-1120848857-project-member] Task 'cinder.volume.flows.api.create_volume.QuotaReserveTask;volume:create' (203955d1-9e79-4144-969a-078fb4fddd42) transitioned into state 'SUCCESS' from state 'RUNNING' with result '{'reservations': ['53f1e633-b81e-4bf2-ae2a-5e2bfba3edf9', '5a5780ef-ec25-455e-a3b5-7912739cb7cc', '9352fc9c-9e51-4820-b5fd-e6e64485d0ac', 'f97568bc-1b78-4570-8421-5d4a77d63070']}' {{(pid=99379) _task_receiver /opt/stack/data/venv/lib/python3.12/site-packages/taskflow/listeners/logging.py:218}}
Jun 18 08:23:41.877116 np0000003128 devstack@c-api.service[99379]: DEBUG cinder.volume.api [None req-03364c59-f78f-49e7-bb3e-654b2195bbf6 tempest-VolumesDeleteCascade-1120848857 tempest-VolumesDeleteCascade-1120848857-project-member] Task 'cinder.volume.flows.api.create_volume.EntryCreateTask;volume:create' (e0ec4eea-830f-4827-9712-764167ac460a) transitioned into state 'RUNNING' from state 'PENDING' {{(pid=99379) _task_receiver /opt/stack/data/venv/lib/python3.12/site-packages/taskflow/listeners/logging.py:242}}
