Jun 30 22:11:48.004498 np0000004040 devstack@g-api.service[102780]: DEBUG glance.api.middleware.version_negotiation [None req-99e4866b-ffef-4d49-8bb1-840332ade7e9 tempest-VolumesActionsTest-643153495 tempest-VolumesActionsTest-643153495-project-member] new path /v2/images/16e5ffc4-7b64-4d12-a7dc-67169f4ee0ff {{(pid=102780) process_request /opt/stack/glance/glance/api/middleware/version_negotiation.py:70}}
Jun 30 22:11:48.013690 np0000004040 devstack@g-api.service[102780]: [pid: 102780|app: 0|req: 70/269] 127.0.0.1 () {44 vars in 1111 bytes} [Tue Jun 30 22:11:48 2026] GET /v2/images/16e5ffc4-7b64-4d12-a7dc-67169f4ee0ff => generated 1044 bytes in 9 msecs (HTTP/1.1 200) 4 headers in 158 bytes (1 switches on core 0)
Jun 30 22:11:48.045953 np0000004040 devstack@g-api.service[102781]: DEBUG glance.api.middleware.version_negotiation [None req-99e4866b-ffef-4d49-8bb1-840332ade7e9 tempest-VolumesActionsTest-643153495 tempest-VolumesActionsTest-643153495-project-member] Determining version of request: GET /v2/schemas/image Accept: */* {{(pid=102781) process_request /opt/stack/glance/glance/api/middleware/version_negotiation.py:44}}
Jun 30 22:11:48.046163 np0000004040 devstack@g-api.service[102781]: DEBUG glance.api.middleware.version_negotiation [None req-99e4866b-ffef-4d49-8bb1-840332ade7e9 tempest-VolumesActionsTest-643153495 tempest-VolumesActionsTest-643153495-project-member] Using url versioning {{(pid=102781) process_request /opt/stack/glance/glance/api/middleware/version_negotiation.py:57}}
Jun 30 22:11:48.046210 np0000004040 devstack@g-api.service[102781]: DEBUG glance.api.middleware.version_negotiation [None req-99e4866b-ffef-4d49-8bb1-840332ade7e9 tempest-VolumesActionsTest-643153495 tempest-VolumesActionsTest-643153495-project-member] Matched version: v2 {{(pid=102781) process_request /opt/stack/glance/glance/api/middleware/version_negotiation.py:69}}
Jun 30 22:11:48.046340 np0000004040 devstack@g-api.service[102781]: DEBUG glance.api.middleware.version_negotiation [None req-99e4866b-ffef-4d49-8bb1-840332ade7e9 tempest-VolumesActionsTest-643153495 tempest-VolumesActionsTest-643153495-project-member] new path /v2/schemas/image {{(pid=102781) process_request /opt/stack/glance/glance/api/middleware/version_negotiation.py:70}}
Jun 30 22:11:48.048472 np0000004040 devstack@g-api.service[102781]: [pid: 102781|app: 0|req: 67/270] 127.0.0.1 () {44 vars in 1051 bytes} [Tue Jun 30 22:11:48 2026] GET /v2/schemas/image => generated 6083 bytes in 2 msecs (HTTP/1.1 200) 4 headers in 158 bytes (1 switches on core 0)
Jun 30 22:11:48.661959 np0000004040 devstack@g-api.service[102782]: DEBUG glance.api.middleware.version_negotiation [None req-99e4866b-ffef-4d49-8bb1-840332ade7e9 tempest-VolumesActionsTest-643153495 tempest-VolumesActionsTest-643153495-project-member] Determining version of request: GET /v2/images/933dfbd2-4b46-4021-9aef-cef3e43dfdf8 Accept: application/json {{(pid=102782) process_request /opt/stack/glance/glance/api/middleware/version_negotiation.py:44}}
Jun 30 22:11:48.662369 np0000004040 devstack@g-api.service[102782]: DEBUG glance.api.middleware.version_negotiation [None req-99e4866b-ffef-4d49-8bb1-840332ade7e9 tempest-VolumesActionsTest-643153495 tempest-VolumesActionsTest-643153495-project-member] Using url versioning {{(pid=102782) process_request /opt/stack/glance/glance/api/middleware/version_negotiation.py:57}}
Jun 30 22:11:48.662369 np0000004040 devstack@g-api.service[102782]: DEBUG glance.api.middleware.version_negotiation [None req-99e4866b-ffef-4d49-8bb1-840332ade7e9 tempest-VolumesActionsTest-643153495 tempest-VolumesActionsTest-643153495-project-member] Matched version: v2 {{(pid=102782) process_request /opt/stack/glance/glance/api/middleware/version_negotiation.py:69}}
Jun 30 22:11:48.662369 np0000004040 devstack@g-api.service[102782]: DEBUG glance.api.middleware.version_negotiation [None req-99e4866b-ffef-4d49-8bb1-840332ade7e9 tempest-VolumesActionsTest-643153495 tempest-VolumesActionsTest-643153495-project-member] new path /v2/images/933dfbd2-4b46-4021-9aef-cef3e43dfdf8 {{(pid=102782) process_request /opt/stack/glance/glance/api/middleware/version_negotiation.py:70}}
Jun 30 22:11:48.670202 np0000004040 devstack@g-api.service[102782]: [pid: 102782|app: 0|req: 67/271] 127.0.0.1 () {40 vars in 834 bytes} [Tue Jun 30 22:11:48 2026] GET /v2/images/933dfbd2-4b46-4021-9aef-cef3e43dfdf8 => generated 650 bytes in 8 msecs (HTTP/1.1 200) 4 headers in 157 bytes (1 switches on core 0)
Jun 30 22:11:49.679296 np0000004040 devstack@g-api.service[102783]: DEBUG glance.api.middleware.version_negotiation [None req-6ca19e37-4ffa-4c07-8619-4cd0f3322b2c tempest-VolumesActionsTest-643153495 tempest-VolumesActionsTest-643153495-project-member] Determining version of request: GET /v2/images/933dfbd2-4b46-4021-9aef-cef3e43dfdf8 Accept: application/json {{(pid=102783) process_request /opt/stack/glance/glance/api/middleware/version_negotiation.py:44}}
Jun 30 22:11:49.679673 np0000004040 devstack@g-api.service[102783]: DEBUG glance.api.middleware.version_negotiation [None req-6ca19e37-4ffa-4c07-8619-4cd0f3322b2c tempest-VolumesActionsTest-643153495 tempest-VolumesActionsTest-643153495-project-member] Using url versioning {{(pid=102783) process_request /opt/stack/glance/glance/api/middleware/version_negotiation.py:57}}
Jun 30 22:11:49.679673 np0000004040 devstack@g-api.service[102783]: DEBUG glance.api.middleware.version_negotiation [None req-6ca19e37-4ffa-4c07-8619-4cd0f3322b2c tempest-VolumesActionsTest-643153495 tempest-VolumesActionsTest-643153495-project-member] Matched version: v2 {{(pid=102783) process_request /opt/stack/glance/glance/api/middleware/version_negotiation.py:69}}
Jun 30 22:11:49.679673 np0000004040 devstack@g-api.service[102783]: DEBUG glance.api.middleware.version_negotiation [None req-6ca19e37-4ffa-4c07-8619-4cd0f3322b2c tempest-VolumesActionsTest-643153495 tempest-VolumesActionsTest-643153495-project-member] new path /v2/images/933dfbd2-4b46-4021-9aef-cef3e43dfdf8 {{(pid=102783) process_request /opt/stack/glance/glance/api/middleware/version_negotiation.py:70}}
Jun 30 22:11:49.690488 np0000004040 devstack@g-api.service[102783]: [pid: 102783|app: 0|req: 68/272] 127.0.0.1 () {40 vars in 834 bytes} [Tue Jun 30 22:11:49 2026] GET /v2/images/933dfbd2-4b46-4021-9aef-cef3e43dfdf8 => generated 650 bytes in 11 msecs (HTTP/1.1 200) 4 headers in 157 bytes (1 switches on core 0)
Jun 30 22:11:50.698256 np0000004040 devstack@g-api.service[102780]: DEBUG glance.api.middleware.version_negotiation [None req-48e16424-be35-4807-bbc0-1daa223aa802 tempest-ServersNegativeTestJSON-1726993868 tempest-ServersNegativeTestJSON-1726993868-project-member] Determining version of request: GET /v2/images/933dfbd2-4b46-4021-9aef-cef3e43dfdf8 Accept: application/json {{(pid=102780) process_request /opt/stack/glance/glance/api/middleware/version_negotiation.py:44}}
Jun 30 22:11:50.698766 np0000004040 devstack@g-api.service[102780]: DEBUG glance.api.middleware.version_negotiation [None req-48e16424-be35-4807-bbc0-1daa223aa802 tempest-ServersNegativeTestJSON-1726993868 tempest-ServersNegativeTestJSON-1726993868-project-member] Using url versioning {{(pid=102780) process_request /opt/stack/glance/glance/api/middleware/version_negotiation.py:57}}
Jun 30 22:11:50.698766 np0000004040 devstack@g-api.service[102780]: DEBUG glance.api.middleware.version_negotiation [None req-48e16424-be35-4807-bbc0-1daa223aa802 tempest-ServersNegativeTestJSON-1726993868 tempest-ServersNegativeTestJSON-1726993868-project-member] Matched version: v2 {{(pid=102780) process_request /opt/stack/glance/glance/api/middleware/version_negotiation.py:69}}
Jun 30 22:11:50.698766 np0000004040 devstack@g-api.service[102780]: DEBUG glance.api.middleware.version_negotiation [None req-48e16424-be35-4807-bbc0-1daa223aa802 tempest-ServersNegativeTestJSON-1726993868 tempest-ServersNegativeTestJSON-1726993868-project-member] new path /v2/images/933dfbd2-4b46-4021-9aef-cef3e43dfdf8 {{(pid=102780) process_request /opt/stack/glance/glance/api/middleware/version_negotiation.py:70}}
Jun 30 22:11:50.707415 np0000004040 devstack@g-api.service[102780]: [pid: 102780|app: 0|req: 71/273] 127.0.0.1 () {40 vars in 834 bytes} [Tue Jun 30 22:11:50 2026] GET /v2/images/933dfbd2-4b46-4021-9aef-cef3e43dfdf8 => generated 650 bytes in 9 msecs (HTTP/1.1 200) 4 headers in 157 bytes (1 switches on core 0)
Jun 30 22:11:51.184818 np0000004040 devstack@g-api.service[102781]: DEBUG glance.api.middleware.version_negotiation [None req-48e16424-be35-4807-bbc0-1daa223aa802 tempest-ServersNegativeTestJSON-1726993868 tempest-ServersNegativeTestJSON-1726993868-project-member] Determining version of request: PUT /v2/images/933dfbd2-4b46-4021-9aef-cef3e43dfdf8/file Accept: */* {{(pid=102781) process_request /opt/stack/glance/glance/api/middleware/version_negotiation.py:44}}
Jun 30 22:11:51.185119 np0000004040 devstack@g-api.service[102781]: DEBUG glance.api.middleware.version_negotiation [None req-48e16424-be35-4807-bbc0-1daa223aa802 tempest-ServersNegativeTestJSON-1726993868 tempest-ServersNegativeTestJSON-1726993868-project-member] Using url versioning {{(pid=102781) process_request /opt/stack/glance/glance/api/middleware/version_negotiation.py:57}}
Jun 30 22:11:51.185260 np0000004040 devstack@g-api.service[102781]: DEBUG glance.api.middleware.version_negotiation [None req-48e16424-be35-4807-bbc0-1daa223aa802 tempest-ServersNegativeTestJSON-1726993868 tempest-ServersNegativeTestJSON-1726993868-project-member] Matched version: v2 {{(pid=102781) process_request /opt/stack/glance/glance/api/middleware/version_negotiation.py:69}}
Jun 30 22:11:51.185678 np0000004040 devstack@g-api.service[102781]: DEBUG glance.api.middleware.version_negotiation [None req-48e16424-be35-4807-bbc0-1daa223aa802 tempest-ServersNegativeTestJSON-1726993868 tempest-ServersNegativeTestJSON-1726993868-project-member] new path /v2/images/933dfbd2-4b46-4021-9aef-cef3e43dfdf8/file {{(pid=102781) process_request /opt/stack/glance/glance/api/middleware/version_negotiation.py:70}}
Jun 30 22:11:51.618798 np0000004040 devstack@g-api.service[102781]: INFO glance.api.v2.image_data [None req-99e4866b-ffef-4d49-8bb1-840332ade7e9 tempest-VolumesActionsTest-643153495 tempest-VolumesActionsTest-643153495-project-member] Unable to create trust: no such option collect_timing in group [keystone_authtoken] Use the existing user token.
Jun 30 22:11:51.714444 np0000004040 devstack@g-api.service[102782]: DEBUG glance.api.middleware.version_negotiation [None req-69ee1062-a6f8-455b-8afe-53a01994df87 tempest-VolumesActionsTest-643153495 tempest-VolumesActionsTest-643153495-project-member] Determining version of request: GET /v2/images/933dfbd2-4b46-4021-9aef-cef3e43dfdf8 Accept: application/json {{(pid=102782) process_request /opt/stack/glance/glance/api/middleware/version_negotiation.py:44}}
Jun 30 22:11:51.714888 np0000004040 devstack@g-api.service[102782]: DEBUG glance.api.middleware.version_negotiation [None req-69ee1062-a6f8-455b-8afe-53a01994df87 tempest-VolumesActionsTest-643153495 tempest-VolumesActionsTest-643153495-project-member] Using url versioning {{(pid=102782) process_request /opt/stack/glance/glance/api/middleware/version_negotiation.py:57}}
Jun 30 22:11:51.714888 np0000004040 devstack@g-api.service[102782]: DEBUG glance.api.middleware.version_negotiation [None req-69ee1062-a6f8-455b-8afe-53a01994df87 tempest-VolumesActionsTest-643153495 tempest-VolumesActionsTest-643153495-project-member] Matched version: v2 {{(pid=102782) process_request /opt/stack/glance/glance/api/middleware/version_negotiation.py:69}}
Jun 30 22:11:51.714888 np0000004040 devstack@g-api.service[102782]: DEBUG glance.api.middleware.version_negotiation [None req-69ee1062-a6f8-455b-8afe-53a01994df87 tempest-VolumesActionsTest-643153495 tempest-VolumesActionsTest-643153495-project-member] new path /v2/images/933dfbd2-4b46-4021-9aef-cef3e43dfdf8 {{(pid=102782) process_request /opt/stack/glance/glance/api/middleware/version_negotiation.py:70}}
Jun 30 22:11:51.722888 np0000004040 devstack@g-api.service[102782]: [pid: 102782|app: 0|req: 68/274] 127.0.0.1 () {40 vars in 834 bytes} [Tue Jun 30 22:11:51 2026] GET /v2/images/933dfbd2-4b46-4021-9aef-cef3e43dfdf8 => generated 650 bytes in 8 msecs (HTTP/1.1 200) 4 headers in 157 bytes (1 switches on core 0)
Jun 30 22:11:52.019901 np0000004040 devstack@g-api.service[102781]: DEBUG glance.location [None req-99e4866b-ffef-4d49-8bb1-840332ade7e9 tempest-VolumesActionsTest-643153495 tempest-VolumesActionsTest-643153495-project-member] Enabling in-flight format inspection for raw {{(pid=102781) set_data /opt/stack/glance/glance/location.py:616}}
Jun 30 22:11:52.020091 np0000004040 devstack@g-api.service[102781]: DEBUG glance_store.backend [None req-99e4866b-ffef-4d49-8bb1-840332ade7e9 tempest-VolumesActionsTest-643153495 tempest-VolumesActionsTest-643153495-project-member] Attempting to import store swift {{(pid=102781) _load_store /opt/stack/data/venv/lib/python3.12/site-packages/glance_store/backend.py:215}}
Jun 30 22:11:52.021512 np0000004040 devstack@g-api.service[102781]: DEBUG glance_store.capabilities [None req-99e4866b-ffef-4d49-8bb1-840332ade7e9 tempest-VolumesActionsTest-643153495 tempest-VolumesActionsTest-643153495-project-member] Store glance_store._drivers.swift.store.SingleTenantStore doesn't support updating dynamic storage capabilities. Please overwrite 'update_capabilities' method of the store to implement updating logics if needed. {{(pid=102781) update_capabilities /opt/stack/data/venv/lib/python3.12/site-packages/glance_store/capabilities.py:91}}
Jun 30 22:11:52.021646 np0000004040 devstack@g-api.service[102781]: DEBUG glance_store.driver [None req-99e4866b-ffef-4d49-8bb1-840332ade7e9 tempest-VolumesActionsTest-643153495 tempest-VolumesActionsTest-643153495-project-member] Late loading location class glance_store._drivers.swift.store.StoreLocation {{(pid=102781) get_store_location_class /opt/stack/data/venv/lib/python3.12/site-packages/glance_store/driver.py:134}}
Jun 30 22:11:52.021718 np0000004040 devstack@g-api.service[102781]: DEBUG glance_store.location [None req-99e4866b-ffef-4d49-8bb1-840332ade7e9 tempest-VolumesActionsTest-643153495 tempest-VolumesActionsTest-643153495-project-member] Registering scheme swift+https with {'store': , 'location_class': , 'store_entry': 'swift'} {{(pid=102781) register_scheme_map /opt/stack/data/venv/lib/python3.12/site-packages/glance_store/location.py:146}}
Jun 30 22:11:52.021808 np0000004040 devstack@g-api.service[102781]: DEBUG glance_store.location [None req-99e4866b-ffef-4d49-8bb1-840332ade7e9 tempest-VolumesActionsTest-643153495 tempest-VolumesActionsTest-643153495-project-member] Registering scheme swift+https with {'store': , 'location_class': , 'store_entry': 'swift'} {{(pid=102781) register_scheme_map /opt/stack/data/venv/lib/python3.12/site-packages/glance_store/location.py:146}}
Jun 30 22:11:52.021875 np0000004040 devstack@g-api.service[102781]: DEBUG glance_store.location [None req-99e4866b-ffef-4d49-8bb1-840332ade7e9 tempest-VolumesActionsTest-643153495 tempest-VolumesActionsTest-643153495-project-member] Registering scheme swift with {'store': , 'location_class': , 'store_entry': 'swift'} {{(pid=102781) register_scheme_map /opt/stack/data/venv/lib/python3.12/site-packages/glance_store/location.py:146}}
Jun 30 22:11:52.021943 np0000004040 devstack@g-api.service[102781]: DEBUG glance_store.location [None req-99e4866b-ffef-4d49-8bb1-840332ade7e9 tempest-VolumesActionsTest-643153495 tempest-VolumesActionsTest-643153495-project-member] Registering scheme swift+https with {'store': , 'location_class': , 'store_entry': 'swift'} {{(pid=102781) register_scheme_map /opt/stack/data/venv/lib/python3.12/site-packages/glance_store/location.py:146}}
Jun 30 22:11:52.021999 np0000004040 devstack@g-api.service[102781]: DEBUG glance_store.location [None req-99e4866b-ffef-4d49-8bb1-840332ade7e9 tempest-VolumesActionsTest-643153495 tempest-VolumesActionsTest-643153495-project-member] Registering scheme swift with {'store': , 'location_class': , 'store_entry': 'swift'} {{(pid=102781) register_scheme_map /opt/stack/data/venv/lib/python3.12/site-packages/glance_store/location.py:146}}
Jun 30 22:11:52.022050 np0000004040 devstack@g-api.service[102781]: DEBUG glance_store.location [None req-99e4866b-ffef-4d49-8bb1-840332ade7e9 tempest-VolumesActionsTest-643153495 tempest-VolumesActionsTest-643153495-project-member] Registering scheme swift+http with {'store': , 'location_class': , 'store_entry': 'swift'} {{(pid=102781) register_scheme_map /opt/stack/data/venv/lib/python3.12/site-packages/glance_store/location.py:146}}
Jun 30 22:11:52.022112 np0000004040 devstack@g-api.service[102781]: DEBUG glance_store.location [None req-99e4866b-ffef-4d49-8bb1-840332ade7e9 tempest-VolumesActionsTest-643153495 tempest-VolumesActionsTest-643153495-project-member] Registering scheme swift+https with {'store': , 'location_class': , 'store_entry': 'swift'} {{(pid=102781) register_scheme_map /opt/stack/data/venv/lib/python3.12/site-packages/glance_store/location.py:146}}
Jun 30 22:11:52.022165 np0000004040 devstack@g-api.service[102781]: DEBUG glance_store.location [None req-99e4866b-ffef-4d49-8bb1-840332ade7e9 tempest-VolumesActionsTest-643153495 tempest-VolumesActionsTest-643153495-project-member] Registering scheme swift with {'store': , 'location_class': , 'store_entry': 'swift'} {{(pid=102781) register_scheme_map /opt/stack/data/venv/lib/python3.12/site-packages/glance_store/location.py:146}}
Jun 30 22:11:52.022227 np0000004040 devstack@g-api.service[102781]: DEBUG glance_store.location [None req-99e4866b-ffef-4d49-8bb1-840332ade7e9 tempest-VolumesActionsTest-643153495 tempest-VolumesActionsTest-643153495-project-member] Registering scheme swift+http with {'store': , 'location_class': , 'store_entry': 'swift'} {{(pid=102781) register_scheme_map /opt/stack/data/venv/lib/python3.12/site-packages/glance_store/location.py:146}}
Jun 30 22:11:52.022637 np0000004040 devstack@g-api.service[102781]: DEBUG glance_store.location [None req-99e4866b-ffef-4d49-8bb1-840332ade7e9 tempest-VolumesActionsTest-643153495 tempest-VolumesActionsTest-643153495-project-member] Registering scheme swift+config with {'store': , 'location_class': , 'store_entry': 'swift'} {{(pid=102781) register_scheme_map /opt/stack/data/venv/lib/python3.12/site-packages/glance_store/location.py:146}}
Jun 30 22:11:52.223926 np0000004040 devstack@g-api.service[102781]: DEBUG swiftclient [None req-99e4866b-ffef-4d49-8bb1-840332ade7e9 tempest-VolumesActionsTest-643153495 tempest-VolumesActionsTest-643153495-project-member] REQ: curl -i https://10.4.3.72:8080/v1/AUTH_bfa157b834924e488e001330c8eea42a/glance -I -H "X-Auth-Token: gAAAAABqRD8oSc0u..." {{(pid=102781) http_log /opt/stack/data/venv/lib/python3.12/site-packages/swiftclient/client.py:160}}
Jun 30 22:11:52.224333 np0000004040 devstack@g-api.service[102781]: DEBUG swiftclient [None req-99e4866b-ffef-4d49-8bb1-840332ade7e9 tempest-VolumesActionsTest-643153495 tempest-VolumesActionsTest-643153495-project-member] RESP STATUS: 204 No Content {{(pid=102781) http_log /opt/stack/data/venv/lib/python3.12/site-packages/swiftclient/client.py:161}}
Jun 30 22:11:52.224333 np0000004040 devstack@g-api.service[102781]: DEBUG swiftclient [None req-99e4866b-ffef-4d49-8bb1-840332ade7e9 tempest-VolumesActionsTest-643153495 tempest-VolumesActionsTest-643153495-project-member] RESP HEADERS: {'Date': 'Tue, 30 Jun 2026 22:11:52 GMT', 'Server': 'Apache/2.4.58 (Ubuntu)', 'Content-Type': 'text/plain; charset=utf-8', 'X-Container-Object-Count': '3', 'X-Container-Bytes-Used': '64356352', 'X-Timestamp': '1782857105.19063', 'Last-Modified': 'Tue, 30 Jun 2026 22:05:06 GMT', 'Accept-Ranges': 'bytes', 'X-Storage-Policy': 'Policy-0', 'X-Container-Sharding': 'False', 'Vary': 'Accept', 'X-Trans-Id': 'txd815eb7d7bd3464590800-006a443f28', 'X-Openstack-Request-Id': 'txd815eb7d7bd3464590800-006a443f28', 'Connection': 'close'} {{(pid=102781) http_log /opt/stack/data/venv/lib/python3.12/site-packages/swiftclient/client.py:162}}
Jun 30 22:11:52.224571 np0000004040 devstack@g-api.service[102781]: DEBUG glance_store._drivers.swift.store [None req-99e4866b-ffef-4d49-8bb1-840332ade7e9 tempest-VolumesActionsTest-643153495 tempest-VolumesActionsTest-643153495-project-member] Adding image object '933dfbd2-4b46-4021-9aef-cef3e43dfdf8' to Swift {{(pid=102781) add /opt/stack/data/venv/lib/python3.12/site-packages/glance_store/_drivers/swift/store.py:970}}
Jun 30 22:11:52.224571 np0000004040 devstack@g-api.service[102781]: DEBUG glance_store._drivers.swift.store [None req-99e4866b-ffef-4d49-8bb1-840332ade7e9 tempest-VolumesActionsTest-643153495 tempest-VolumesActionsTest-643153495-project-member] Cannot determine image size because it is either not provided in the request or chunked-transfer encoding is used. Adding image as a segmented object to Swift. {{(pid=102781) add /opt/stack/data/venv/lib/python3.12/site-packages/glance_store/_drivers/swift/store.py:994}}
Jun 30 22:11:52.230260 np0000004040 devstack@g-api.service[102781]: DEBUG oslo_utils.imageutils.format_inspector [None req-99e4866b-ffef-4d49-8bb1-840332ade7e9 tempest-VolumesActionsTest-643153495 tempest-VolumesActionsTest-643153495-project-member] Format inspector for vmdk does not match, excluding from consideration (Signature KDMV not found: b'\x00\x00\x00\x00') {{(pid=102781) _process_chunk /opt/stack/data/venv/lib/python3.12/site-packages/oslo_utils/imageutils/format_inspector.py:1758}}
Jun 30 22:11:52.234529 np0000004040 devstack@g-api.service[102781]: DEBUG oslo_utils.imageutils.format_inspector [None req-99e4866b-ffef-4d49-8bb1-840332ade7e9 tempest-VolumesActionsTest-643153495 tempest-VolumesActionsTest-643153495-project-member] Format inspector for vhdx does not match, excluding from consideration (Region signature not found at 30000) {{(pid=102781) _process_chunk /opt/stack/data/venv/lib/python3.12/site-packages/oslo_utils/imageutils/format_inspector.py:1758}}
Jun 30 22:11:52.735847 np0000004040 devstack@g-api.service[102783]: DEBUG glance.api.middleware.version_negotiation [None req-e4021aa2-ab16-4907-adf9-93e5520a42a5 tempest-VolumesActionsTest-643153495 tempest-VolumesActionsTest-643153495-project-member] Determining version of request: GET /v2/images/933dfbd2-4b46-4021-9aef-cef3e43dfdf8 Accept: application/json {{(pid=102783) process_request /opt/stack/glance/glance/api/middleware/version_negotiation.py:44}}
Jun 30 22:11:52.735847 np0000004040 devstack@g-api.service[102783]: DEBUG glance.api.middleware.version_negotiation [None req-e4021aa2-ab16-4907-adf9-93e5520a42a5 tempest-VolumesActionsTest-643153495 tempest-VolumesActionsTest-643153495-project-member] Using url versioning {{(pid=102783) process_request /opt/stack/glance/glance/api/middleware/version_negotiation.py:57}}
Jun 30 22:11:52.736329 np0000004040 devstack@g-api.service[102783]: DEBUG glance.api.middleware.version_negotiation [None req-e4021aa2-ab16-4907-adf9-93e5520a42a5 tempest-VolumesActionsTest-643153495 tempest-VolumesActionsTest-643153495-project-member] Matched version: v2 {{(pid=102783) process_request /opt/stack/glance/glance/api/middleware/version_negotiation.py:69}}
Jun 30 22:11:52.736329 np0000004040 devstack@g-api.service[102783]: DEBUG glance.api.middleware.version_negotiation [None req-e4021aa2-ab16-4907-adf9-93e5520a42a5 tempest-VolumesActionsTest-643153495 tempest-VolumesActionsTest-643153495-project-member] new path /v2/images/933dfbd2-4b46-4021-9aef-cef3e43dfdf8 {{(pid=102783) process_request /opt/stack/glance/glance/api/middleware/version_negotiation.py:70}}
Jun 30 22:11:52.749057 np0000004040 devstack@g-api.service[102783]: [pid: 102783|app: 0|req: 69/275] 127.0.0.1 () {40 vars in 834 bytes} [Tue Jun 30 22:11:52 2026] GET /v2/images/933dfbd2-4b46-4021-9aef-cef3e43dfdf8 => generated 650 bytes in 12 msecs (HTTP/1.1 200) 4 headers in 157 bytes (1 switches on core 0)
Jun 30 22:11:52.936405 np0000004040 devstack@g-api.service[102780]: DEBUG glance.api.middleware.version_negotiation [None req-37fec71c-de6a-4917-8b95-2a5e065e5972 tempest-VolumesActionsTest-643153495 tempest-VolumesActionsTest-643153495-project-member] Determining version of request: GET /v2/images/16e5ffc4-7b64-4d12-a7dc-67169f4ee0ff Accept: */* {{(pid=102780) process_request /opt/stack/glance/glance/api/middleware/version_negotiation.py:44}}
Jun 30 22:11:52.936405 np0000004040 devstack@g-api.service[102780]: DEBUG glance.api.middleware.version_negotiation [None req-37fec71c-de6a-4917-8b95-2a5e065e5972 tempest-VolumesActionsTest-643153495 tempest-VolumesActionsTest-643153495-project-member] Using url versioning {{(pid=102780) process_request /opt/stack/glance/glance/api/middleware/version_negotiation.py:57}}
Jun 30 22:11:52.936897 np0000004040 devstack@g-api.service[102780]: DEBUG glance.api.middleware.version_negotiation [None req-37fec71c-de6a-4917-8b95-2a5e065e5972 tempest-VolumesActionsTest-643153495 tempest-VolumesActionsTest-643153495-project-member] Matched version: v2 {{(pid=102780) process_request /opt/stack/glance/glance/api/middleware/version_negotiation.py:69}}
Jun 30 22:11:52.936897 np0000004040 devstack@g-api.service[102780]: DEBUG glance.api.middleware.version_negotiation [None req-37fec71c-de6a-4917-8b95-2a5e065e5972 tempest-VolumesActionsTest-643153495 tempest-VolumesActionsTest-643153495-project-member] new path /v2/images/16e5ffc4-7b64-4d12-a7dc-67169f4ee0ff {{(pid=102780) process_request /opt/stack/glance/glance/api/middleware/version_negotiation.py:70}}
Jun 30 22:11:53.167911 np0000004040 devstack@g-api.service[102780]: [pid: 102780|app: 0|req: 72/276] 127.0.0.1 () {44 vars in 1111 bytes} [Tue Jun 30 22:11:52 2026] GET /v2/images/16e5ffc4-7b64-4d12-a7dc-67169f4ee0ff => generated 1044 bytes in 231 msecs (HTTP/1.1 200) 4 headers in 158 bytes (1 switches on core 0)
Jun 30 22:11:53.213863 np0000004040 devstack@g-api.service[102782]: DEBUG glance.api.middleware.version_negotiation [None req-624b0f07-ef04-47ed-9109-5193b9e355d6 tempest-VolumesActionsTest-643153495 tempest-VolumesActionsTest-643153495-project-member] Determining version of request: GET /v2/schemas/image Accept: */* {{(pid=102782) process_request /opt/stack/glance/glance/api/middleware/version_negotiation.py:44}}
Jun 30 22:11:53.214254 np0000004040 devstack@g-api.service[102782]: DEBUG glance.api.middleware.version_negotiation [None req-624b0f07-ef04-47ed-9109-5193b9e355d6 tempest-VolumesActionsTest-643153495 tempest-VolumesActionsTest-643153495-project-member] Using url versioning {{(pid=102782) process_request /opt/stack/glance/glance/api/middleware/version_negotiation.py:57}}
Jun 30 22:11:53.214327 np0000004040 devstack@g-api.service[102782]: DEBUG glance.api.middleware.version_negotiation [None req-624b0f07-ef04-47ed-9109-5193b9e355d6 tempest-VolumesActionsTest-643153495 tempest-VolumesActionsTest-643153495-project-member] Matched version: v2 {{(pid=102782) process_request /opt/stack/glance/glance/api/middleware/version_negotiation.py:69}}
Jun 30 22:11:53.214488 np0000004040 devstack@g-api.service[102782]: DEBUG glance.api.middleware.version_negotiation [None req-624b0f07-ef04-47ed-9109-5193b9e355d6 tempest-VolumesActionsTest-643153495 tempest-VolumesActionsTest-643153495-project-member] new path /v2/schemas/image {{(pid=102782) process_request /opt/stack/glance/glance/api/middleware/version_negotiation.py:70}}
Jun 30 22:11:53.217452 np0000004040 devstack@g-api.service[102782]: [pid: 102782|app: 0|req: 69/277] 127.0.0.1 () {44 vars in 1051 bytes} [Tue Jun 30 22:11:53 2026] GET /v2/schemas/image => generated 6083 bytes in 3 msecs (HTTP/1.1 200) 4 headers in 158 bytes (1 switches on core 0)
Jun 30 22:11:53.756395 np0000004040 devstack@g-api.service[102783]: DEBUG glance.api.middleware.version_negotiation [None req-3ed381e5-7e9e-4c7e-8757-ff7ac0b96c74 tempest-VolumesActionsTest-643153495 tempest-VolumesActionsTest-643153495-project-member] Determining version of request: GET /v2/images/933dfbd2-4b46-4021-9aef-cef3e43dfdf8 Accept: application/json {{(pid=102783) process_request /opt/stack/glance/glance/api/middleware/version_negotiation.py:44}}
Jun 30 22:11:53.756395 np0000004040 devstack@g-api.service[102783]: DEBUG glance.api.middleware.version_negotiation [None req-3ed381e5-7e9e-4c7e-8757-ff7ac0b96c74 tempest-VolumesActionsTest-643153495 tempest-VolumesActionsTest-643153495-project-member] Using url versioning {{(pid=102783) process_request /opt/stack/glance/glance/api/middleware/version_negotiation.py:57}}
Jun 30 22:11:53.756395 np0000004040 devstack@g-api.service[102783]: DEBUG glance.api.middleware.version_negotiation [None req-3ed381e5-7e9e-4c7e-8757-ff7ac0b96c74 tempest-VolumesActionsTest-643153495 tempest-VolumesActionsTest-643153495-project-member] Matched version: v2 {{(pid=102783) process_request /opt/stack/glance/glance/api/middleware/version_negotiation.py:69}}
Jun 30 22:11:53.756395 np0000004040 devstack@g-api.service[102783]: DEBUG glance.api.middleware.version_negotiation [None req-3ed381e5-7e9e-4c7e-8757-ff7ac0b96c74 tempest-VolumesActionsTest-643153495 tempest-VolumesActionsTest-643153495-project-member] new path /v2/images/933dfbd2-4b46-4021-9aef-cef3e43dfdf8 {{(pid=102783) process_request /opt/stack/glance/glance/api/middleware/version_negotiation.py:70}}
Jun 30 22:11:53.763713 np0000004040 devstack@g-api.service[102783]: [pid: 102783|app: 0|req: 70/278] 127.0.0.1 () {40 vars in 834 bytes} [Tue Jun 30 22:11:53 2026] GET /v2/images/933dfbd2-4b46-4021-9aef-cef3e43dfdf8 => generated 650 bytes in 9 msecs (HTTP/1.1 200) 4 headers in 157 bytes (1 switches on core 0)
Jun 30 22:11:54.231110 np0000004040 devstack@g-api.service[102781]: DEBUG swiftclient [None req-99e4866b-ffef-4d49-8bb1-840332ade7e9 tempest-VolumesActionsTest-643153495 tempest-VolumesActionsTest-643153495-project-member] REQ: curl -i https://10.4.3.72:8080/v1/AUTH_bfa157b834924e488e001330c8eea42a/glance/933dfbd2-4b46-4021-9aef-cef3e43dfdf8-00001 -X PUT -H "X-Auth-Token: gAAAAABqRD8oSc0u..." {{(pid=102781) http_log /opt/stack/data/venv/lib/python3.12/site-packages/swiftclient/client.py:160}}
Jun 30 22:11:54.231110 np0000004040 devstack@g-api.service[102781]: DEBUG swiftclient [None req-99e4866b-ffef-4d49-8bb1-840332ade7e9 tempest-VolumesActionsTest-643153495 tempest-VolumesActionsTest-643153495-project-member] RESP STATUS: 201 Created {{(pid=102781) http_log /opt/stack/data/venv/lib/python3.12/site-packages/swiftclient/client.py:161}}
Jun 30 22:11:54.231432 np0000004040 devstack@g-api.service[102781]: DEBUG swiftclient [None req-99e4866b-ffef-4d49-8bb1-840332ade7e9 tempest-VolumesActionsTest-643153495 tempest-VolumesActionsTest-643153495-project-member] RESP HEADERS: {'Date': 'Tue, 30 Jun 2026 22:11:54 GMT', 'Server': 'Apache/2.4.58 (Ubuntu)', 'Content-Type': 'text/html; charset=UTF-8', 'Content-Length': '0', 'Etag': 'eda9a9889837ac4bc81d6387d92c1bec', 'Last-Modified': 'Tue, 30 Jun 2026 22:11:53 GMT', 'X-Trans-Id': 'txf730f3c661544a30a8eb9-006a443f28', 'X-Openstack-Request-Id': 'txf730f3c661544a30a8eb9-006a443f28', 'Connection': 'close'} {{(pid=102781) http_log /opt/stack/data/venv/lib/python3.12/site-packages/swiftclient/client.py:162}}
Jun 30 22:11:54.231432 np0000004040 devstack@g-api.service[102781]: DEBUG glance_store._drivers.swift.store [None req-99e4866b-ffef-4d49-8bb1-840332ade7e9 tempest-VolumesActionsTest-643153495 tempest-VolumesActionsTest-643153495-project-member] Wrote chunk 933dfbd2-4b46-4021-9aef-cef3e43dfdf8-00001 (1/?) of length 204800000 to Swift returning MD5 of content: eda9a9889837ac4bc81d6387d92c1bec {{(pid=102781) add /opt/stack/data/venv/lib/python3.12/site-packages/glance_store/_drivers/swift/store.py:1059}}
Jun 30 22:11:54.774213 np0000004040 devstack@g-api.service[102780]: DEBUG glance.api.middleware.version_negotiation [None req-098fd042-a028-4073-a718-9c05c2d57612 tempest-AttachVolumeMultiAttachTest-2000954320 tempest-AttachVolumeMultiAttachTest-2000954320-project-member] Determining version of request: GET /v2/images/933dfbd2-4b46-4021-9aef-cef3e43dfdf8 Accept: application/json {{(pid=102780) process_request /opt/stack/glance/glance/api/middleware/version_negotiation.py:44}}
Jun 30 22:11:54.774653 np0000004040 devstack@g-api.service[102780]: DEBUG glance.api.middleware.version_negotiation [None req-098fd042-a028-4073-a718-9c05c2d57612 tempest-AttachVolumeMultiAttachTest-2000954320 tempest-AttachVolumeMultiAttachTest-2000954320-project-member] Using url versioning {{(pid=102780) process_request /opt/stack/glance/glance/api/middleware/version_negotiation.py:57}}
Jun 30 22:11:54.774653 np0000004040 devstack@g-api.service[102780]: DEBUG glance.api.middleware.version_negotiation [None req-098fd042-a028-4073-a718-9c05c2d57612 tempest-AttachVolumeMultiAttachTest-2000954320 tempest-AttachVolumeMultiAttachTest-2000954320-project-member] Matched version: v2 {{(pid=102780) process_request /opt/stack/glance/glance/api/middleware/version_negotiation.py:69}}
Jun 30 22:11:54.774653 np0000004040 devstack@g-api.service[102780]: DEBUG glance.api.middleware.version_negotiation [None req-098fd042-a028-4073-a718-9c05c2d57612 tempest-AttachVolumeMultiAttachTest-2000954320 tempest-AttachVolumeMultiAttachTest-2000954320-project-member] new path /v2/images/933dfbd2-4b46-4021-9aef-cef3e43dfdf8 {{(pid=102780) process_request /opt/stack/glance/glance/api/middleware/version_negotiation.py:70}}
Jun 30 22:11:54.794225 np0000004040 devstack@g-api.service[102780]: [pid: 102780|app: 0|req: 73/279] 127.0.0.1 () {40 vars in 834 bytes} [Tue Jun 30 22:11:54 2026] GET /v2/images/933dfbd2-4b46-4021-9aef-cef3e43dfdf8 => generated 650 bytes in 19 msecs (HTTP/1.1 200) 4 headers in 157 bytes (1 switches on core 0)
Jun 30 22:11:55.807381 np0000004040 devstack@g-api.service[102782]: DEBUG glance.api.middleware.version_negotiation [None req-098fd042-a028-4073-a718-9c05c2d57612 tempest-AttachVolumeMultiAttachTest-2000954320 tempest-AttachVolumeMultiAttachTest-2000954320-project-member] Determining version of request: GET /v2/images/933dfbd2-4b46-4021-9aef-cef3e43dfdf8 Accept: application/json {{(pid=102782) process_request /opt/stack/glance/glance/api/middleware/version_negotiation.py:44}}
Jun 30 22:11:55.807381 np0000004040 devstack@g-api.service[102782]: DEBUG glance.api.middleware.version_negotiation [None req-098fd042-a028-4073-a718-9c05c2d57612 tempest-AttachVolumeMultiAttachTest-2000954320 tempest-AttachVolumeMultiAttachTest-2000954320-project-member] Using url versioning {{(pid=102782) process_request /opt/stack/glance/glance/api/middleware/version_negotiation.py:57}}
Jun 30 22:11:55.807381 np0000004040 devstack@g-api.service[102782]: DEBUG glance.api.middleware.version_negotiation [None req-098fd042-a028-4073-a718-9c05c2d57612 tempest-AttachVolumeMultiAttachTest-2000954320 tempest-AttachVolumeMultiAttachTest-2000954320-project-member] Matched version: v2 {{(pid=102782) process_request /opt/stack/glance/glance/api/middleware/version_negotiation.py:69}}
Jun 30 22:11:55.807381 np0000004040 devstack@g-api.service[102782]: DEBUG glance.api.middleware.version_negotiation [None req-098fd042-a028-4073-a718-9c05c2d57612 tempest-AttachVolumeMultiAttachTest-2000954320 tempest-AttachVolumeMultiAttachTest-2000954320-project-member] new path /v2/images/933dfbd2-4b46-4021-9aef-cef3e43dfdf8 {{(pid=102782) process_request /opt/stack/glance/glance/api/middleware/version_negotiation.py:70}}
Jun 30 22:11:55.816486 np0000004040 devstack@g-api.service[102782]: [pid: 102782|app: 0|req: 70/280] 127.0.0.1 () {40 vars in 834 bytes} [Tue Jun 30 22:11:55 2026] GET /v2/images/933dfbd2-4b46-4021-9aef-cef3e43dfdf8 => generated 650 bytes in 10 msecs (HTTP/1.1 200) 4 headers in 157 bytes (1 switches on core 0)
Jun 30 22:11:56.384724 np0000004040 devstack@g-api.service[102781]: DEBUG swiftclient [None req-99e4866b-ffef-4d49-8bb1-840332ade7e9 tempest-VolumesActionsTest-643153495 tempest-VolumesActionsTest-643153495-project-member] REQ: curl -i https://10.4.3.72:8080/v1/AUTH_bfa157b834924e488e001330c8eea42a/glance/933dfbd2-4b46-4021-9aef-cef3e43dfdf8-00002 -X PUT -H "X-Auth-Token: gAAAAABqRD8oSc0u..." {{(pid=102781) http_log /opt/stack/data/venv/lib/python3.12/site-packages/swiftclient/client.py:160}}
Jun 30 22:11:56.384998 np0000004040 devstack@g-api.service[102781]: DEBUG swiftclient [None req-99e4866b-ffef-4d49-8bb1-840332ade7e9 tempest-VolumesActionsTest-643153495 tempest-VolumesActionsTest-643153495-project-member] RESP STATUS: 201 Created {{(pid=102781) http_log /opt/stack/data/venv/lib/python3.12/site-packages/swiftclient/client.py:161}}
Jun 30 22:11:56.384998 np0000004040 devstack@g-api.service[102781]: DEBUG swiftclient [None req-99e4866b-ffef-4d49-8bb1-840332ade7e9 tempest-VolumesActionsTest-643153495 tempest-VolumesActionsTest-643153495-project-member] RESP HEADERS: {'Date': 'Tue, 30 Jun 2026 22:11:56 GMT', 'Server': 'Apache/2.4.58 (Ubuntu)', 'Content-Type': 'text/html; charset=UTF-8', 'Content-Length': '0', 'Etag': 'eda9a9889837ac4bc81d6387d92c1bec', 'Last-Modified': 'Tue, 30 Jun 2026 22:11:55 GMT', 'X-Trans-Id': 'tx2aaa892ada224558b72e5-006a443f2a', 'X-Openstack-Request-Id': 'tx2aaa892ada224558b72e5-006a443f2a', 'Connection': 'close'} {{(pid=102781) http_log /opt/stack/data/venv/lib/python3.12/site-packages/swiftclient/client.py:162}}
Jun 30 22:11:56.385137 np0000004040 devstack@g-api.service[102781]: DEBUG glance_store._drivers.swift.store [None req-99e4866b-ffef-4d49-8bb1-840332ade7e9 tempest-VolumesActionsTest-643153495 tempest-VolumesActionsTest-643153495-project-member] Wrote chunk 933dfbd2-4b46-4021-9aef-cef3e43dfdf8-00002 (2/?) of length 204800000 to Swift returning MD5 of content: eda9a9889837ac4bc81d6387d92c1bec {{(pid=102781) add /opt/stack/data/venv/lib/python3.12/site-packages/glance_store/_drivers/swift/store.py:1059}}
Jun 30 22:11:56.828382 np0000004040 devstack@g-api.service[102783]: DEBUG glance.api.middleware.version_negotiation [None req-9fe436a3-6471-4000-8df0-75c0515a641f tempest-VolumesActionsTest-643153495 tempest-VolumesActionsTest-643153495-project-member] Determining version of request: GET /v2/images/933dfbd2-4b46-4021-9aef-cef3e43dfdf8 Accept: application/json {{(pid=102783) process_request /opt/stack/glance/glance/api/middleware/version_negotiation.py:44}}
Jun 30 22:11:56.828382 np0000004040 devstack@g-api.service[102783]: DEBUG glance.api.middleware.version_negotiation [None req-9fe436a3-6471-4000-8df0-75c0515a641f tempest-VolumesActionsTest-643153495 tempest-VolumesActionsTest-643153495-project-member] Using url versioning {{(pid=102783) process_request /opt/stack/glance/glance/api/middleware/version_negotiation.py:57}}
Jun 30 22:11:56.828382 np0000004040 devstack@g-api.service[102783]: DEBUG glance.api.middleware.version_negotiation [None req-9fe436a3-6471-4000-8df0-75c0515a641f tempest-VolumesActionsTest-643153495 tempest-VolumesActionsTest-643153495-project-member] Matched version: v2 {{(pid=102783) process_request /opt/stack/glance/glance/api/middleware/version_negotiation.py:69}}
Jun 30 22:11:56.828382 np0000004040 devstack@g-api.service[102783]: DEBUG glance.api.middleware.version_negotiation [None req-9fe436a3-6471-4000-8df0-75c0515a641f tempest-VolumesActionsTest-643153495 tempest-VolumesActionsTest-643153495-project-member] new path /v2/images/933dfbd2-4b46-4021-9aef-cef3e43dfdf8 {{(pid=102783) process_request /opt/stack/glance/glance/api/middleware/version_negotiation.py:70}}
Jun 30 22:11:56.838474 np0000004040 devstack@g-api.service[102783]: [pid: 102783|app: 0|req: 71/281] 127.0.0.1 () {40 vars in 834 bytes} [Tue Jun 30 22:11:56 2026] GET /v2/images/933dfbd2-4b46-4021-9aef-cef3e43dfdf8 => generated 650 bytes in 12 msecs (HTTP/1.1 200) 4 headers in 157 bytes (1 switches on core 0)
Jun 30 22:11:57.848249 np0000004040 devstack@g-api.service[102780]: DEBUG glance.api.middleware.version_negotiation [None req-586509b4-5707-4bbb-8a6d-d99044a57382 tempest-VolumesActionsTest-643153495 tempest-VolumesActionsTest-643153495-project-member] Determining version of request: GET /v2/images/933dfbd2-4b46-4021-9aef-cef3e43dfdf8 Accept: application/json {{(pid=102780) process_request /opt/stack/glance/glance/api/middleware/version_negotiation.py:44}}
Jun 30 22:11:57.848751 np0000004040 devstack@g-api.service[102780]: DEBUG glance.api.middleware.version_negotiation [None req-586509b4-5707-4bbb-8a6d-d99044a57382 tempest-VolumesActionsTest-643153495 tempest-VolumesActionsTest-643153495-project-member] Using url versioning {{(pid=102780) process_request /opt/stack/glance/glance/api/middleware/version_negotiation.py:57}}
Jun 30 22:11:57.848751 np0000004040 devstack@g-api.service[102780]: DEBUG glance.api.middleware.version_negotiation [None req-586509b4-5707-4bbb-8a6d-d99044a57382 tempest-VolumesActionsTest-643153495 tempest-VolumesActionsTest-643153495-project-member] Matched version: v2 {{(pid=102780) process_request /opt/stack/glance/glance/api/middleware/version_negotiation.py:69}}
Jun 30 22:11:57.848849 np0000004040 devstack@g-api.service[102780]: DEBUG glance.api.middleware.version_negotiation [None req-586509b4-5707-4bbb-8a6d-d99044a57382 tempest-VolumesActionsTest-643153495 tempest-VolumesActionsTest-643153495-project-member] new path /v2/images/933dfbd2-4b46-4021-9aef-cef3e43dfdf8 {{(pid=102780) process_request /opt/stack/glance/glance/api/middleware/version_negotiation.py:70}}
Jun 30 22:11:57.875019 np0000004040 devstack@g-api.service[102780]: [pid: 102780|app: 0|req: 74/282] 127.0.0.1 () {40 vars in 834 bytes} [Tue Jun 30 22:11:57 2026] GET /v2/images/933dfbd2-4b46-4021-9aef-cef3e43dfdf8 => generated 650 bytes in 27 msecs (HTTP/1.1 200) 4 headers in 157 bytes (1 switches on core 0)
Jun 30 22:11:58.355402 np0000004040 devstack@g-api.service[102781]: DEBUG swiftclient [None req-99e4866b-ffef-4d49-8bb1-840332ade7e9 tempest-VolumesActionsTest-643153495 tempest-VolumesActionsTest-643153495-project-member] REQ: curl -i https://10.4.3.72:8080/v1/AUTH_bfa157b834924e488e001330c8eea42a/glance/933dfbd2-4b46-4021-9aef-cef3e43dfdf8-00003 -X PUT -H "X-Auth-Token: gAAAAABqRD8oSc0u..." {{(pid=102781) http_log /opt/stack/data/venv/lib/python3.12/site-packages/swiftclient/client.py:160}}
Jun 30 22:11:58.355690 np0000004040 devstack@g-api.service[102781]: DEBUG swiftclient [None req-99e4866b-ffef-4d49-8bb1-840332ade7e9 tempest-VolumesActionsTest-643153495 tempest-VolumesActionsTest-643153495-project-member] RESP STATUS: 201 Created {{(pid=102781) http_log /opt/stack/data/venv/lib/python3.12/site-packages/swiftclient/client.py:161}}
Jun 30 22:11:58.355750 np0000004040 devstack@g-api.service[102781]: DEBUG swiftclient [None req-99e4866b-ffef-4d49-8bb1-840332ade7e9 tempest-VolumesActionsTest-643153495 tempest-VolumesActionsTest-643153495-project-member] RESP HEADERS: {'Date': 'Tue, 30 Jun 2026 22:11:58 GMT', 'Server': 'Apache/2.4.58 (Ubuntu)', 'Content-Type': 'text/html; charset=UTF-8', 'Content-Length': '0', 'Etag': 'eda9a9889837ac4bc81d6387d92c1bec', 'Last-Modified': 'Tue, 30 Jun 2026 22:11:57 GMT', 'X-Trans-Id': 'txd6eeb5b1f4414dd3a79ff-006a443f2c', 'X-Openstack-Request-Id': 'txd6eeb5b1f4414dd3a79ff-006a443f2c', 'Connection': 'close'} {{(pid=102781) http_log /opt/stack/data/venv/lib/python3.12/site-packages/swiftclient/client.py:162}}
Jun 30 22:11:58.355828 np0000004040 devstack@g-api.service[102781]: DEBUG glance_store._drivers.swift.store [None req-99e4866b-ffef-4d49-8bb1-840332ade7e9 tempest-VolumesActionsTest-643153495 tempest-VolumesActionsTest-643153495-project-member] Wrote chunk 933dfbd2-4b46-4021-9aef-cef3e43dfdf8-00003 (3/?) of length 204800000 to Swift returning MD5 of content: eda9a9889837ac4bc81d6387d92c1bec {{(pid=102781) add /opt/stack/data/venv/lib/python3.12/site-packages/glance_store/_drivers/swift/store.py:1059}}
Jun 30 22:11:58.887205 np0000004040 devstack@g-api.service[102782]: DEBUG glance.api.middleware.version_negotiation [None req-66878b4a-89b2-44bb-98f3-5ea642a49e0d tempest-VolumesActionsTest-643153495 tempest-VolumesActionsTest-643153495-project-member] Determining version of request: GET /v2/images/933dfbd2-4b46-4021-9aef-cef3e43dfdf8 Accept: application/json {{(pid=102782) process_request /opt/stack/glance/glance/api/middleware/version_negotiation.py:44}}
Jun 30 22:11:58.887205 np0000004040 devstack@g-api.service[102782]: DEBUG glance.api.middleware.version_negotiation [None req-66878b4a-89b2-44bb-98f3-5ea642a49e0d tempest-VolumesActionsTest-643153495 tempest-VolumesActionsTest-643153495-project-member] Using url versioning {{(pid=102782) process_request /opt/stack/glance/glance/api/middleware/version_negotiation.py:57}}
Jun 30 22:11:58.887205 np0000004040 devstack@g-api.service[102782]: DEBUG glance.api.middleware.version_negotiation [None req-66878b4a-89b2-44bb-98f3-5ea642a49e0d tempest-VolumesActionsTest-643153495 tempest-VolumesActionsTest-643153495-project-member] Matched version: v2 {{(pid=102782) process_request /opt/stack/glance/glance/api/middleware/version_negotiation.py:69}}
Jun 30 22:11:58.887205 np0000004040 devstack@g-api.service[102782]: DEBUG glance.api.middleware.version_negotiation [None req-66878b4a-89b2-44bb-98f3-5ea642a49e0d tempest-VolumesActionsTest-643153495 tempest-VolumesActionsTest-643153495-project-member] new path /v2/images/933dfbd2-4b46-4021-9aef-cef3e43dfdf8 {{(pid=102782) process_request /opt/stack/glance/glance/api/middleware/version_negotiation.py:70}}
Jun 30 22:11:58.900243 np0000004040 devstack@g-api.service[102782]: [pid: 102782|app: 0|req: 71/283] 127.0.0.1 () {40 vars in 834 bytes} [Tue Jun 30 22:11:58 2026] GET /v2/images/933dfbd2-4b46-4021-9aef-cef3e43dfdf8 => generated 650 bytes in 14 msecs (HTTP/1.1 200) 4 headers in 157 bytes (1 switches on core 0)
Jun 30 22:11:59.911285 np0000004040 devstack@g-api.service[102783]: DEBUG glance.api.middleware.version_negotiation [None req-178d637b-9968-40d3-ad07-dd5d6e2be8b1 tempest-VolumesActionsTest-643153495 tempest-VolumesActionsTest-643153495-project-member] Determining version of request: GET /v2/images/933dfbd2-4b46-4021-9aef-cef3e43dfdf8 Accept: application/json {{(pid=102783) process_request /opt/stack/glance/glance/api/middleware/version_negotiation.py:44}}
Jun 30 22:11:59.911778 np0000004040 devstack@g-api.service[102783]: DEBUG glance.api.middleware.version_negotiation [None req-178d637b-9968-40d3-ad07-dd5d6e2be8b1 tempest-VolumesActionsTest-643153495 tempest-VolumesActionsTest-643153495-project-member] Using url versioning {{(pid=102783) process_request /opt/stack/glance/glance/api/middleware/version_negotiation.py:57}}
Jun 30 22:11:59.911778 np0000004040 devstack@g-api.service[102783]: DEBUG glance.api.middleware.version_negotiation [None req-178d637b-9968-40d3-ad07-dd5d6e2be8b1 tempest-VolumesActionsTest-643153495 tempest-VolumesActionsTest-643153495-project-member] Matched version: v2 {{(pid=102783) process_request /opt/stack/glance/glance/api/middleware/version_negotiation.py:69}}
Jun 30 22:11:59.911964 np0000004040 devstack@g-api.service[102783]: DEBUG glance.api.middleware.version_negotiation [None req-178d637b-9968-40d3-ad07-dd5d6e2be8b1 tempest-VolumesActionsTest-643153495 tempest-VolumesActionsTest-643153495-project-member] new path /v2/images/933dfbd2-4b46-4021-9aef-cef3e43dfdf8 {{(pid=102783) process_request /opt/stack/glance/glance/api/middleware/version_negotiation.py:70}}
Jun 30 22:11:59.926752 np0000004040 devstack@g-api.service[102783]: [pid: 102783|app: 0|req: 72/284] 127.0.0.1 () {40 vars in 834 bytes} [Tue Jun 30 22:11:59 2026] GET /v2/images/933dfbd2-4b46-4021-9aef-cef3e43dfdf8 => generated 650 bytes in 16 msecs (HTTP/1.1 200) 4 headers in 157 bytes (1 switches on core 0)
Jun 30 22:12:00.321589 np0000004040 devstack@g-api.service[102781]: DEBUG swiftclient [None req-99e4866b-ffef-4d49-8bb1-840332ade7e9 tempest-VolumesActionsTest-643153495 tempest-VolumesActionsTest-643153495-project-member] REQ: curl -i https://10.4.3.72:8080/v1/AUTH_bfa157b834924e488e001330c8eea42a/glance/933dfbd2-4b46-4021-9aef-cef3e43dfdf8-00004 -X PUT -H "X-Auth-Token: gAAAAABqRD8oSc0u..." {{(pid=102781) http_log /opt/stack/data/venv/lib/python3.12/site-packages/swiftclient/client.py:160}}
Jun 30 22:12:00.322138 np0000004040 devstack@g-api.service[102781]: DEBUG swiftclient [None req-99e4866b-ffef-4d49-8bb1-840332ade7e9 tempest-VolumesActionsTest-643153495 tempest-VolumesActionsTest-643153495-project-member] RESP STATUS: 201 Created {{(pid=102781) http_log /opt/stack/data/venv/lib/python3.12/site-packages/swiftclient/client.py:161}}
Jun 30 22:12:00.322138 np0000004040 devstack@g-api.service[102781]: DEBUG swiftclient [None req-99e4866b-ffef-4d49-8bb1-840332ade7e9 tempest-VolumesActionsTest-643153495 tempest-VolumesActionsTest-643153495-project-member] RESP HEADERS: {'Date': 'Tue, 30 Jun 2026 22:12:00 GMT', 'Server': 'Apache/2.4.58 (Ubuntu)', 'Content-Type': 'text/html; charset=UTF-8', 'Content-Length': '0', 'Etag': 'eda9a9889837ac4bc81d6387d92c1bec', 'Last-Modified': 'Tue, 30 Jun 2026 22:11:59 GMT', 'X-Trans-Id': 'txc77cb0c659df456ba7ff0-006a443f2e', 'X-Openstack-Request-Id': 'txc77cb0c659df456ba7ff0-006a443f2e', 'Connection': 'close'} {{(pid=102781) http_log /opt/stack/data/venv/lib/python3.12/site-packages/swiftclient/client.py:162}}
Jun 30 22:12:00.322138 np0000004040 devstack@g-api.service[102781]: DEBUG glance_store._drivers.swift.store [None req-99e4866b-ffef-4d49-8bb1-840332ade7e9 tempest-VolumesActionsTest-643153495 tempest-VolumesActionsTest-643153495-project-member] Wrote chunk 933dfbd2-4b46-4021-9aef-cef3e43dfdf8-00004 (4/?) of length 204800000 to Swift returning MD5 of content: eda9a9889837ac4bc81d6387d92c1bec {{(pid=102781) add /opt/stack/data/venv/lib/python3.12/site-packages/glance_store/_drivers/swift/store.py:1059}}
