Jun 30 22:04:33.839005 np0000004040 systemd[1]: Starting devstack@n-api-meta.service - Devstack devstack@n-api-meta.service...
Jun 30 22:04:33.844838 np0000004040 devstack@n-api-meta.service[95812]: [uWSGI] getting INI configuration from /etc/nova/nova-metadata-uwsgi.ini
Jun 30 22:04:33.847232 np0000004040 devstack@n-api-meta.service[95812]: *** Starting uWSGI 2.0.24-debian (64bit) on [Tue Jun 30 22:04:33 2026] ***
Jun 30 22:04:33.847232 np0000004040 devstack@n-api-meta.service[95812]: compiled with version: 13.2.0 on 17 April 2024 16:23:48
Jun 30 22:04:33.847232 np0000004040 devstack@n-api-meta.service[95812]: os: Linux-6.8.0-100-generic #100-Ubuntu SMP PREEMPT_DYNAMIC Tue Jan 13 16:40:06 UTC 2026
Jun 30 22:04:33.847232 np0000004040 devstack@n-api-meta.service[95812]: nodename: np0000004040
Jun 30 22:04:33.847232 np0000004040 devstack@n-api-meta.service[95812]: machine: x86_64
Jun 30 22:04:33.847232 np0000004040 devstack@n-api-meta.service[95812]: clock source: unix
Jun 30 22:04:33.847232 np0000004040 devstack@n-api-meta.service[95812]: pcre jit disabled
Jun 30 22:04:33.847232 np0000004040 devstack@n-api-meta.service[95812]: detected number of CPU cores: 16
Jun 30 22:04:33.847232 np0000004040 devstack@n-api-meta.service[95812]: current working directory: /
Jun 30 22:04:33.847232 np0000004040 devstack@n-api-meta.service[95812]: detected binary path: /usr/bin/uwsgi-core
Jun 30 22:04:33.847232 np0000004040 devstack@n-api-meta.service[95812]: your processes number limit is 257052
Jun 30 22:04:33.847232 np0000004040 devstack@n-api-meta.service[95812]: your memory page size is 4096 bytes
Jun 30 22:04:33.847232 np0000004040 devstack@n-api-meta.service[95812]: detected max file descriptor number: 2048
Jun 30 22:04:33.847536 np0000004040 devstack@n-api-meta.service[95812]: lock engine: pthread robust mutexes
Jun 30 22:04:33.847536 np0000004040 devstack@n-api-meta.service[95812]: thunder lock: enabled
Jun 30 22:04:33.847721 np0000004040 devstack@n-api-meta.service[95812]: uWSGI http bound on 0.0.0.0:8775 fd 5
Jun 30 22:04:33.847777 np0000004040 devstack@n-api-meta.service[95812]: uwsgi socket 0 bound to TCP address 127.0.0.1:35515 (port auto-assigned) fd 4
Jun 30 22:04:33.847777 np0000004040 devstack@n-api-meta.service[95812]: Python version: 3.12.3 (main, Mar 23 2026, 19:04:32) [GCC 13.3.0]
Jun 30 22:04:33.847777 np0000004040 devstack@n-api-meta.service[95812]: PEP 405 virtualenv detected: /opt/stack/data/venv
Jun 30 22:04:33.847777 np0000004040 devstack@n-api-meta.service[95812]: Set PythonHome to /opt/stack/data/venv
Jun 30 22:04:33.880106 np0000004040 devstack@n-api-meta.service[95812]: Python main interpreter initialized at 0x7b9bb40a3668
Jun 30 22:04:33.880106 np0000004040 devstack@n-api-meta.service[95812]: python threads support enabled
Jun 30 22:04:33.880106 np0000004040 devstack@n-api-meta.service[95812]: your server socket listen backlog is limited to 100 connections
Jun 30 22:04:33.880106 np0000004040 devstack@n-api-meta.service[95812]: your mercy for graceful operations on workers is 80 seconds
Jun 30 22:04:33.880702 np0000004040 devstack@n-api-meta.service[95812]: mapped 671795 bytes (656 KB) for 4 cores
Jun 30 22:04:33.880850 np0000004040 devstack@n-api-meta.service[95812]: *** Operational MODE: preforking ***
Jun 30 22:04:33.881035 np0000004040 devstack@n-api-meta.service[95812]: *** uWSGI is running in multiple interpreter mode ***
Jun 30 22:04:33.881035 np0000004040 devstack@n-api-meta.service[95812]: spawned uWSGI master process (pid: 95812)
Jun 30 22:04:33.881197 np0000004040 systemd[1]: Started devstack@n-api-meta.service - Devstack devstack@n-api-meta.service.
Jun 30 22:04:33.881559 np0000004040 devstack@n-api-meta.service[95812]: spawned uWSGI worker 1 (pid: 95815, cores: 1)
Jun 30 22:04:33.882044 np0000004040 devstack@n-api-meta.service[95812]: spawned uWSGI worker 2 (pid: 95816, cores: 1)
Jun 30 22:04:33.882427 np0000004040 devstack@n-api-meta.service[95812]: spawned uWSGI worker 3 (pid: 95817, cores: 1)
Jun 30 22:04:33.882884 np0000004040 devstack@n-api-meta.service[95812]: spawned uWSGI worker 4 (pid: 95818, cores: 1)
Jun 30 22:04:33.883521 np0000004040 devstack@n-api-meta.service[95812]: spawned uWSGI http 1 (pid: 95819)
Jun 30 22:04:33.883521 np0000004040 devstack@n-api-meta.service[95812]: running "unix_signal:15 gracefully_kill_them_all" (master-start)...
Jun 30 22:04:35.510957 np0000004040 devstack@n-api-meta.service[95818]: INFO dbcounter [None req-6c4c642f-1c15-41b2-adfd-ee519abf41b8 None None] Registered counter for database nova_api
Jun 30 22:04:35.521635 np0000004040 devstack@n-api-meta.service[95816]: INFO dbcounter [None req-5b5e40d9-3f36-4f42-8e5d-16ae0b19ede6 None None] Registered counter for database nova_api
Jun 30 22:04:35.544400 np0000004040 devstack@n-api-meta.service[95815]: INFO dbcounter [None req-a24f44b7-5b9f-4913-9cc0-6b8ed18aa91e None None] Registered counter for database nova_api
Jun 30 22:04:35.550513 np0000004040 devstack@n-api-meta.service[95818]: DEBUG oslo_db.sqlalchemy.engines [None req-6c4c642f-1c15-41b2-adfd-ee519abf41b8 None None] MySQL server mode set to STRICT_TRANS_TABLES,STRICT_ALL_TABLES,NO_ZERO_IN_DATE,NO_ZERO_DATE,ERROR_FOR_DIVISION_BY_ZERO,TRADITIONAL,NO_ENGINE_SUBSTITUTION {{(pid=95818) _check_effective_sql_mode /opt/stack/data/venv/lib/python3.12/site-packages/oslo_db/sqlalchemy/engines.py:325}}
Jun 30 22:04:35.565187 np0000004040 devstack@n-api-meta.service[95816]: DEBUG oslo_db.sqlalchemy.engines [None req-5b5e40d9-3f36-4f42-8e5d-16ae0b19ede6 None None] MySQL server mode set to STRICT_TRANS_TABLES,STRICT_ALL_TABLES,NO_ZERO_IN_DATE,NO_ZERO_DATE,ERROR_FOR_DIVISION_BY_ZERO,TRADITIONAL,NO_ENGINE_SUBSTITUTION {{(pid=95816) _check_effective_sql_mode /opt/stack/data/venv/lib/python3.12/site-packages/oslo_db/sqlalchemy/engines.py:325}}
Jun 30 22:04:35.576478 np0000004040 devstack@n-api-meta.service[95818]: DEBUG dbcounter [-] [95818] Writer thread running {{(pid=95818) stat_writer /opt/stack/data/venv/lib/python3.12/site-packages/dbcounter.py:102}}
Jun 30 22:04:35.578590 np0000004040 devstack@n-api-meta.service[95818]: DEBUG nova.context [None req-6c4c642f-1c15-41b2-adfd-ee519abf41b8 None None] Found 2 cells: 00000000-0000-0000-0000-000000000000(cell0),151c17c1-9b82-41fb-b7cf-689dc3623332(cell1) {{(pid=95818) load_cells /opt/stack/nova/nova/context.py:509}}
Jun 30 22:04:35.578854 np0000004040 devstack@n-api-meta.service[95818]: INFO nova.utils [None req-6c4c642f-1c15-41b2-adfd-ee519abf41b8 None None] The cell worker thread pool MainProcess.cell_worker is initialized
Jun 30 22:04:35.580415 np0000004040 devstack@n-api-meta.service[95818]: DEBUG oslo_concurrency.lockutils [None req-6c4c642f-1c15-41b2-adfd-ee519abf41b8 None None] Acquiring lock "00000000-0000-0000-0000-000000000000" by "nova.context.set_target_cell..get_or_set_cached_cell_and_set_connections" {{(pid=95818) inner /opt/stack/data/venv/lib/python3.12/site-packages/oslo_concurrency/lockutils.py:511}}
Jun 30 22:04:35.580571 np0000004040 devstack@n-api-meta.service[95818]: DEBUG oslo_concurrency.lockutils [None req-6c4c642f-1c15-41b2-adfd-ee519abf41b8 None None] Lock "00000000-0000-0000-0000-000000000000" acquired by "nova.context.set_target_cell..get_or_set_cached_cell_and_set_connections" :: waited 0.000s {{(pid=95818) inner /opt/stack/data/venv/lib/python3.12/site-packages/oslo_concurrency/lockutils.py:524}}
Jun 30 22:04:35.580934 np0000004040 devstack@n-api-meta.service[95818]: DEBUG oslo_concurrency.lockutils [None req-6c4c642f-1c15-41b2-adfd-ee519abf41b8 None None] Lock "00000000-0000-0000-0000-000000000000" "released" by "nova.context.set_target_cell..get_or_set_cached_cell_and_set_connections" :: held 0.000s {{(pid=95818) inner /opt/stack/data/venv/lib/python3.12/site-packages/oslo_concurrency/lockutils.py:543}}
Jun 30 22:04:35.581602 np0000004040 devstack@n-api-meta.service[95818]: DEBUG oslo_concurrency.lockutils [None req-6c4c642f-1c15-41b2-adfd-ee519abf41b8 None None] Acquiring lock "151c17c1-9b82-41fb-b7cf-689dc3623332" by "nova.context.set_target_cell..get_or_set_cached_cell_and_set_connections" {{(pid=95818) inner /opt/stack/data/venv/lib/python3.12/site-packages/oslo_concurrency/lockutils.py:511}}
Jun 30 22:04:35.583230 np0000004040 devstack@n-api-meta.service[95818]: DEBUG oslo_concurrency.lockutils [None req-6c4c642f-1c15-41b2-adfd-ee519abf41b8 None None] Lock "151c17c1-9b82-41fb-b7cf-689dc3623332" acquired by "nova.context.set_target_cell..get_or_set_cached_cell_and_set_connections" :: waited 0.002s {{(pid=95818) inner /opt/stack/data/venv/lib/python3.12/site-packages/oslo_concurrency/lockutils.py:524}}
Jun 30 22:04:35.584288 np0000004040 devstack@n-api-meta.service[95818]: INFO dbcounter [None req-6c4c642f-1c15-41b2-adfd-ee519abf41b8 None None] Registered counter for database nova_cell0
Jun 30 22:04:35.585780 np0000004040 devstack@n-api-meta.service[95818]: DEBUG oslo_concurrency.lockutils [None req-6c4c642f-1c15-41b2-adfd-ee519abf41b8 None None] Lock "151c17c1-9b82-41fb-b7cf-689dc3623332" "released" by "nova.context.set_target_cell..get_or_set_cached_cell_and_set_connections" :: held 0.001s {{(pid=95818) inner /opt/stack/data/venv/lib/python3.12/site-packages/oslo_concurrency/lockutils.py:543}}
Jun 30 22:04:35.585857 np0000004040 devstack@n-api-meta.service[95815]: DEBUG oslo_db.sqlalchemy.engines [None req-a24f44b7-5b9f-4913-9cc0-6b8ed18aa91e None None] MySQL server mode set to STRICT_TRANS_TABLES,STRICT_ALL_TABLES,NO_ZERO_IN_DATE,NO_ZERO_DATE,ERROR_FOR_DIVISION_BY_ZERO,TRADITIONAL,NO_ENGINE_SUBSTITUTION {{(pid=95815) _check_effective_sql_mode /opt/stack/data/venv/lib/python3.12/site-packages/oslo_db/sqlalchemy/engines.py:325}}
Jun 30 22:04:35.589838 np0000004040 devstack@n-api-meta.service[95818]: INFO dbcounter [None req-6c4c642f-1c15-41b2-adfd-ee519abf41b8 None None] Registered counter for database nova_cell1
Jun 30 22:04:35.607448 np0000004040 devstack@n-api-meta.service[95816]: DEBUG dbcounter [-] [95816] Writer thread running {{(pid=95816) stat_writer /opt/stack/data/venv/lib/python3.12/site-packages/dbcounter.py:102}}
Jun 30 22:04:35.610704 np0000004040 devstack@n-api-meta.service[95816]: DEBUG nova.context [None req-5b5e40d9-3f36-4f42-8e5d-16ae0b19ede6 None None] Found 2 cells: 00000000-0000-0000-0000-000000000000(cell0),151c17c1-9b82-41fb-b7cf-689dc3623332(cell1) {{(pid=95816) load_cells /opt/stack/nova/nova/context.py:509}}
Jun 30 22:04:35.611069 np0000004040 devstack@n-api-meta.service[95816]: INFO nova.utils [None req-5b5e40d9-3f36-4f42-8e5d-16ae0b19ede6 None None] The cell worker thread pool MainProcess.cell_worker is initialized
Jun 30 22:04:35.613529 np0000004040 devstack@n-api-meta.service[95815]: DEBUG dbcounter [-] [95815] Writer thread running {{(pid=95815) stat_writer /opt/stack/data/venv/lib/python3.12/site-packages/dbcounter.py:102}}
Jun 30 22:04:35.613596 np0000004040 devstack@n-api-meta.service[95816]: DEBUG oslo_concurrency.lockutils [None req-5b5e40d9-3f36-4f42-8e5d-16ae0b19ede6 None None] Acquiring lock "00000000-0000-0000-0000-000000000000" by "nova.context.set_target_cell..get_or_set_cached_cell_and_set_connections" {{(pid=95816) inner /opt/stack/data/venv/lib/python3.12/site-packages/oslo_concurrency/lockutils.py:511}}
Jun 30 22:04:35.613821 np0000004040 devstack@n-api-meta.service[95816]: DEBUG oslo_concurrency.lockutils [None req-5b5e40d9-3f36-4f42-8e5d-16ae0b19ede6 None None] Lock "00000000-0000-0000-0000-000000000000" acquired by "nova.context.set_target_cell..get_or_set_cached_cell_and_set_connections" :: waited 0.000s {{(pid=95816) inner /opt/stack/data/venv/lib/python3.12/site-packages/oslo_concurrency/lockutils.py:524}}
Jun 30 22:04:35.614370 np0000004040 devstack@n-api-meta.service[95816]: DEBUG oslo_concurrency.lockutils [None req-5b5e40d9-3f36-4f42-8e5d-16ae0b19ede6 None None] Lock "00000000-0000-0000-0000-000000000000" "released" by "nova.context.set_target_cell..get_or_set_cached_cell_and_set_connections" :: held 0.001s {{(pid=95816) inner /opt/stack/data/venv/lib/python3.12/site-packages/oslo_concurrency/lockutils.py:543}}
Jun 30 22:04:35.615169 np0000004040 devstack@n-api-meta.service[95816]: DEBUG oslo_concurrency.lockutils [None req-5b5e40d9-3f36-4f42-8e5d-16ae0b19ede6 None None] Acquiring lock "151c17c1-9b82-41fb-b7cf-689dc3623332" by "nova.context.set_target_cell..get_or_set_cached_cell_and_set_connections" {{(pid=95816) inner /opt/stack/data/venv/lib/python3.12/site-packages/oslo_concurrency/lockutils.py:511}}
Jun 30 22:04:35.615775 np0000004040 devstack@n-api-meta.service[95815]: DEBUG nova.context [None req-a24f44b7-5b9f-4913-9cc0-6b8ed18aa91e None None] Found 2 cells: 00000000-0000-0000-0000-000000000000(cell0),151c17c1-9b82-41fb-b7cf-689dc3623332(cell1) {{(pid=95815) load_cells /opt/stack/nova/nova/context.py:509}}
Jun 30 22:04:35.615992 np0000004040 devstack@n-api-meta.service[95815]: INFO nova.utils [None req-a24f44b7-5b9f-4913-9cc0-6b8ed18aa91e None None] The cell worker thread pool MainProcess.cell_worker is initialized
Jun 30 22:04:35.616750 np0000004040 devstack@n-api-meta.service[95816]: INFO dbcounter [None req-5b5e40d9-3f36-4f42-8e5d-16ae0b19ede6 None None] Registered counter for database nova_cell0
Jun 30 22:04:35.617533 np0000004040 devstack@n-api-meta.service[95815]: DEBUG oslo_concurrency.lockutils [None req-a24f44b7-5b9f-4913-9cc0-6b8ed18aa91e None None] Acquiring lock "00000000-0000-0000-0000-000000000000" by "nova.context.set_target_cell..get_or_set_cached_cell_and_set_connections" {{(pid=95815) inner /opt/stack/data/venv/lib/python3.12/site-packages/oslo_concurrency/lockutils.py:511}}
Jun 30 22:04:35.617734 np0000004040 devstack@n-api-meta.service[95815]: DEBUG oslo_concurrency.lockutils [None req-a24f44b7-5b9f-4913-9cc0-6b8ed18aa91e None None] Lock "00000000-0000-0000-0000-000000000000" acquired by "nova.context.set_target_cell..get_or_set_cached_cell_and_set_connections" :: waited 0.000s {{(pid=95815) inner /opt/stack/data/venv/lib/python3.12/site-packages/oslo_concurrency/lockutils.py:524}}
Jun 30 22:04:35.618063 np0000004040 devstack@n-api-meta.service[95816]: DEBUG oslo_concurrency.lockutils [None req-5b5e40d9-3f36-4f42-8e5d-16ae0b19ede6 None None] Lock "151c17c1-9b82-41fb-b7cf-689dc3623332" acquired by "nova.context.set_target_cell..get_or_set_cached_cell_and_set_connections" :: waited 0.001s {{(pid=95816) inner /opt/stack/data/venv/lib/python3.12/site-packages/oslo_concurrency/lockutils.py:524}}
Jun 30 22:04:35.618109 np0000004040 devstack@n-api-meta.service[95815]: DEBUG oslo_concurrency.lockutils [None req-a24f44b7-5b9f-4913-9cc0-6b8ed18aa91e None None] Lock "00000000-0000-0000-0000-000000000000" "released" by "nova.context.set_target_cell..get_or_set_cached_cell_and_set_connections" :: held 0.000s {{(pid=95815) inner /opt/stack/data/venv/lib/python3.12/site-packages/oslo_concurrency/lockutils.py:543}}
Jun 30 22:04:35.618569 np0000004040 devstack@n-api-meta.service[95815]: DEBUG oslo_concurrency.lockutils [None req-a24f44b7-5b9f-4913-9cc0-6b8ed18aa91e None None] Acquiring lock "151c17c1-9b82-41fb-b7cf-689dc3623332" by "nova.context.set_target_cell..get_or_set_cached_cell_and_set_connections" {{(pid=95815) inner /opt/stack/data/venv/lib/python3.12/site-packages/oslo_concurrency/lockutils.py:511}}
Jun 30 22:04:35.619750 np0000004040 devstack@n-api-meta.service[95816]: DEBUG oslo_concurrency.lockutils [None req-5b5e40d9-3f36-4f42-8e5d-16ae0b19ede6 None None] Lock "151c17c1-9b82-41fb-b7cf-689dc3623332" "released" by "nova.context.set_target_cell..get_or_set_cached_cell_and_set_connections" :: held 0.003s {{(pid=95816) inner /opt/stack/data/venv/lib/python3.12/site-packages/oslo_concurrency/lockutils.py:543}}
Jun 30 22:04:35.619806 np0000004040 devstack@n-api-meta.service[95815]: INFO dbcounter [None req-a24f44b7-5b9f-4913-9cc0-6b8ed18aa91e None None] Registered counter for database nova_cell0
Jun 30 22:04:35.620998 np0000004040 devstack@n-api-meta.service[95815]: DEBUG oslo_concurrency.lockutils [None req-a24f44b7-5b9f-4913-9cc0-6b8ed18aa91e None None] Lock "151c17c1-9b82-41fb-b7cf-689dc3623332" acquired by "nova.context.set_target_cell..get_or_set_cached_cell_and_set_connections" :: waited 0.001s {{(pid=95815) inner /opt/stack/data/venv/lib/python3.12/site-packages/oslo_concurrency/lockutils.py:524}}
Jun 30 22:04:35.621777 np0000004040 devstack@n-api-meta.service[95816]: INFO dbcounter [None req-5b5e40d9-3f36-4f42-8e5d-16ae0b19ede6 None None] Registered counter for database nova_cell1
Jun 30 22:04:35.621956 np0000004040 devstack@n-api-meta.service[95815]: DEBUG oslo_concurrency.lockutils [None req-a24f44b7-5b9f-4913-9cc0-6b8ed18aa91e None None] Lock "151c17c1-9b82-41fb-b7cf-689dc3623332" "released" by "nova.context.set_target_cell..get_or_set_cached_cell_and_set_connections" :: held 0.002s {{(pid=95815) inner /opt/stack/data/venv/lib/python3.12/site-packages/oslo_concurrency/lockutils.py:543}}
Jun 30 22:04:35.624049 np0000004040 devstack@n-api-meta.service[95815]: INFO dbcounter [None req-a24f44b7-5b9f-4913-9cc0-6b8ed18aa91e None None] Registered counter for database nova_cell1
Jun 30 22:04:35.639246 np0000004040 devstack@n-api-meta.service[95818]: DEBUG oslo_db.sqlalchemy.engines [None req-6c4c642f-1c15-41b2-adfd-ee519abf41b8 None None] MySQL server mode set to STRICT_TRANS_TABLES,STRICT_ALL_TABLES,NO_ZERO_IN_DATE,NO_ZERO_DATE,ERROR_FOR_DIVISION_BY_ZERO,TRADITIONAL,NO_ENGINE_SUBSTITUTION {{(pid=95818) _check_effective_sql_mode /opt/stack/data/venv/lib/python3.12/site-packages/oslo_db/sqlalchemy/engines.py:325}}
Jun 30 22:04:35.642045 np0000004040 devstack@n-api-meta.service[95818]: DEBUG oslo_db.sqlalchemy.engines [None req-6c4c642f-1c15-41b2-adfd-ee519abf41b8 None None] MySQL server mode set to STRICT_TRANS_TABLES,STRICT_ALL_TABLES,NO_ZERO_IN_DATE,NO_ZERO_DATE,ERROR_FOR_DIVISION_BY_ZERO,TRADITIONAL,NO_ENGINE_SUBSTITUTION {{(pid=95818) _check_effective_sql_mode /opt/stack/data/venv/lib/python3.12/site-packages/oslo_db/sqlalchemy/engines.py:325}}
Jun 30 22:04:35.668875 np0000004040 devstack@n-api-meta.service[95817]: INFO dbcounter [None req-6e2b043d-0424-409f-a5be-3031482fa06e None None] Registered counter for database nova_api
Jun 30 22:04:35.675770 np0000004040 devstack@n-api-meta.service[95816]: DEBUG oslo_db.sqlalchemy.engines [None req-5b5e40d9-3f36-4f42-8e5d-16ae0b19ede6 None None] MySQL server mode set to STRICT_TRANS_TABLES,STRICT_ALL_TABLES,NO_ZERO_IN_DATE,NO_ZERO_DATE,ERROR_FOR_DIVISION_BY_ZERO,TRADITIONAL,NO_ENGINE_SUBSTITUTION {{(pid=95816) _check_effective_sql_mode /opt/stack/data/venv/lib/python3.12/site-packages/oslo_db/sqlalchemy/engines.py:325}}
Jun 30 22:04:35.680598 np0000004040 devstack@n-api-meta.service[95815]: DEBUG oslo_db.sqlalchemy.engines [None req-a24f44b7-5b9f-4913-9cc0-6b8ed18aa91e None None] MySQL server mode set to STRICT_TRANS_TABLES,STRICT_ALL_TABLES,NO_ZERO_IN_DATE,NO_ZERO_DATE,ERROR_FOR_DIVISION_BY_ZERO,TRADITIONAL,NO_ENGINE_SUBSTITUTION {{(pid=95815) _check_effective_sql_mode /opt/stack/data/venv/lib/python3.12/site-packages/oslo_db/sqlalchemy/engines.py:325}}
Jun 30 22:04:35.690035 np0000004040 devstack@n-api-meta.service[95816]: DEBUG oslo_db.sqlalchemy.engines [None req-5b5e40d9-3f36-4f42-8e5d-16ae0b19ede6 None None] MySQL server mode set to STRICT_TRANS_TABLES,STRICT_ALL_TABLES,NO_ZERO_IN_DATE,NO_ZERO_DATE,ERROR_FOR_DIVISION_BY_ZERO,TRADITIONAL,NO_ENGINE_SUBSTITUTION {{(pid=95816) _check_effective_sql_mode /opt/stack/data/venv/lib/python3.12/site-packages/oslo_db/sqlalchemy/engines.py:325}}
Jun 30 22:04:35.699285 np0000004040 devstack@n-api-meta.service[95815]: DEBUG oslo_db.sqlalchemy.engines [None req-a24f44b7-5b9f-4913-9cc0-6b8ed18aa91e None None] MySQL server mode set to STRICT_TRANS_TABLES,STRICT_ALL_TABLES,NO_ZERO_IN_DATE,NO_ZERO_DATE,ERROR_FOR_DIVISION_BY_ZERO,TRADITIONAL,NO_ENGINE_SUBSTITUTION {{(pid=95815) _check_effective_sql_mode /opt/stack/data/venv/lib/python3.12/site-packages/oslo_db/sqlalchemy/engines.py:325}}
Jun 30 22:04:35.713962 np0000004040 devstack@n-api-meta.service[95817]: DEBUG oslo_db.sqlalchemy.engines [None req-6e2b043d-0424-409f-a5be-3031482fa06e None None] MySQL server mode set to STRICT_TRANS_TABLES,STRICT_ALL_TABLES,NO_ZERO_IN_DATE,NO_ZERO_DATE,ERROR_FOR_DIVISION_BY_ZERO,TRADITIONAL,NO_ENGINE_SUBSTITUTION {{(pid=95817) _check_effective_sql_mode /opt/stack/data/venv/lib/python3.12/site-packages/oslo_db/sqlalchemy/engines.py:325}}
Jun 30 22:04:35.739084 np0000004040 devstack@n-api-meta.service[95818]: DEBUG dbcounter [-] [95818] Writer thread running {{(pid=95818) stat_writer /opt/stack/data/venv/lib/python3.12/site-packages/dbcounter.py:102}}
Jun 30 22:04:35.742333 np0000004040 devstack@n-api-meta.service[95818]: DEBUG dbcounter [-] [95818] Writer thread running {{(pid=95818) stat_writer /opt/stack/data/venv/lib/python3.12/site-packages/dbcounter.py:102}}
Jun 30 22:04:35.746402 np0000004040 devstack@n-api-meta.service[95817]: DEBUG dbcounter [-] [95817] Writer thread running {{(pid=95817) stat_writer /opt/stack/data/venv/lib/python3.12/site-packages/dbcounter.py:102}}
Jun 30 22:04:35.748077 np0000004040 devstack@n-api-meta.service[95818]: INFO dbcounter [None req-6c4c642f-1c15-41b2-adfd-ee519abf41b8 None None] Registered counter for database nova_cell0
Jun 30 22:04:35.748696 np0000004040 devstack@n-api-meta.service[95817]: DEBUG nova.context [None req-6e2b043d-0424-409f-a5be-3031482fa06e None None] Found 2 cells: 00000000-0000-0000-0000-000000000000(cell0),151c17c1-9b82-41fb-b7cf-689dc3623332(cell1) {{(pid=95817) load_cells /opt/stack/nova/nova/context.py:509}}
Jun 30 22:04:35.748913 np0000004040 devstack@n-api-meta.service[95817]: INFO nova.utils [None req-6e2b043d-0424-409f-a5be-3031482fa06e None None] The cell worker thread pool MainProcess.cell_worker is initialized
Jun 30 22:04:35.750502 np0000004040 devstack@n-api-meta.service[95817]: DEBUG oslo_concurrency.lockutils [None req-6e2b043d-0424-409f-a5be-3031482fa06e None None] Acquiring lock "00000000-0000-0000-0000-000000000000" by "nova.context.set_target_cell..get_or_set_cached_cell_and_set_connections" {{(pid=95817) inner /opt/stack/data/venv/lib/python3.12/site-packages/oslo_concurrency/lockutils.py:511}}
Jun 30 22:04:35.750675 np0000004040 devstack@n-api-meta.service[95817]: DEBUG oslo_concurrency.lockutils [None req-6e2b043d-0424-409f-a5be-3031482fa06e None None] Lock "00000000-0000-0000-0000-000000000000" acquired by "nova.context.set_target_cell..get_or_set_cached_cell_and_set_connections" :: waited 0.000s {{(pid=95817) inner /opt/stack/data/venv/lib/python3.12/site-packages/oslo_concurrency/lockutils.py:524}}
Jun 30 22:04:35.751024 np0000004040 devstack@n-api-meta.service[95817]: DEBUG oslo_concurrency.lockutils [None req-6e2b043d-0424-409f-a5be-3031482fa06e None None] Lock "00000000-0000-0000-0000-000000000000" "released" by "nova.context.set_target_cell..get_or_set_cached_cell_and_set_connections" :: held 0.000s {{(pid=95817) inner /opt/stack/data/venv/lib/python3.12/site-packages/oslo_concurrency/lockutils.py:543}}
Jun 30 22:04:35.751704 np0000004040 devstack@n-api-meta.service[95817]: DEBUG oslo_concurrency.lockutils [None req-6e2b043d-0424-409f-a5be-3031482fa06e None None] Acquiring lock "151c17c1-9b82-41fb-b7cf-689dc3623332" by "nova.context.set_target_cell..get_or_set_cached_cell_and_set_connections" {{(pid=95817) inner /opt/stack/data/venv/lib/python3.12/site-packages/oslo_concurrency/lockutils.py:511}}
Jun 30 22:04:35.751831 np0000004040 devstack@n-api-meta.service[95817]: DEBUG oslo_concurrency.lockutils [None req-6e2b043d-0424-409f-a5be-3031482fa06e None None] Lock "151c17c1-9b82-41fb-b7cf-689dc3623332" acquired by "nova.context.set_target_cell..get_or_set_cached_cell_and_set_connections" :: waited 0.000s {{(pid=95817) inner /opt/stack/data/venv/lib/python3.12/site-packages/oslo_concurrency/lockutils.py:524}}
Jun 30 22:04:35.752573 np0000004040 devstack@n-api-meta.service[95817]: DEBUG oslo_concurrency.lockutils [None req-6e2b043d-0424-409f-a5be-3031482fa06e None None] Lock "151c17c1-9b82-41fb-b7cf-689dc3623332" "released" by "nova.context.set_target_cell..get_or_set_cached_cell_and_set_connections" :: held 0.001s {{(pid=95817) inner /opt/stack/data/venv/lib/python3.12/site-packages/oslo_concurrency/lockutils.py:543}}
Jun 30 22:04:35.754331 np0000004040 devstack@n-api-meta.service[95817]: INFO dbcounter [None req-6e2b043d-0424-409f-a5be-3031482fa06e None None] Registered counter for database nova_cell0
Jun 30 22:04:35.758361 np0000004040 devstack@n-api-meta.service[95817]: INFO dbcounter [None req-6e2b043d-0424-409f-a5be-3031482fa06e None None] Registered counter for database nova_cell1
Jun 30 22:04:35.766078 np0000004040 devstack@n-api-meta.service[95816]: DEBUG dbcounter [-] [95816] Writer thread running {{(pid=95816) stat_writer /opt/stack/data/venv/lib/python3.12/site-packages/dbcounter.py:102}}
Jun 30 22:04:35.770837 np0000004040 devstack@n-api-meta.service[95816]: DEBUG dbcounter [-] [95816] Writer thread running {{(pid=95816) stat_writer /opt/stack/data/venv/lib/python3.12/site-packages/dbcounter.py:102}}
Jun 30 22:04:35.776639 np0000004040 devstack@n-api-meta.service[95816]: INFO dbcounter [None req-5b5e40d9-3f36-4f42-8e5d-16ae0b19ede6 None None] Registered counter for database nova_cell0
Jun 30 22:04:35.792667 np0000004040 devstack@n-api-meta.service[95818]: DEBUG oslo_db.sqlalchemy.engines [None req-6c4c642f-1c15-41b2-adfd-ee519abf41b8 None None] MySQL server mode set to STRICT_TRANS_TABLES,STRICT_ALL_TABLES,NO_ZERO_IN_DATE,NO_ZERO_DATE,ERROR_FOR_DIVISION_BY_ZERO,TRADITIONAL,NO_ENGINE_SUBSTITUTION {{(pid=95818) _check_effective_sql_mode /opt/stack/data/venv/lib/python3.12/site-packages/oslo_db/sqlalchemy/engines.py:325}}
Jun 30 22:04:35.793391 np0000004040 devstack@n-api-meta.service[95815]: DEBUG dbcounter [-] [95815] Writer thread running {{(pid=95815) stat_writer /opt/stack/data/venv/lib/python3.12/site-packages/dbcounter.py:102}}
Jun 30 22:04:35.797340 np0000004040 devstack@n-api-meta.service[95815]: DEBUG dbcounter [-] [95815] Writer thread running {{(pid=95815) stat_writer /opt/stack/data/venv/lib/python3.12/site-packages/dbcounter.py:102}}
Jun 30 22:04:35.798579 np0000004040 devstack@n-api-meta.service[95818]: DEBUG dbcounter [-] [95818] Writer thread running {{(pid=95818) stat_writer /opt/stack/data/venv/lib/python3.12/site-packages/dbcounter.py:102}}
Jun 30 22:04:35.800850 np0000004040 devstack@n-api-meta.service[95815]: INFO dbcounter [None req-a24f44b7-5b9f-4913-9cc0-6b8ed18aa91e None None] Registered counter for database nova_cell0
Jun 30 22:04:35.814970 np0000004040 devstack@n-api-meta.service[95816]: DEBUG oslo_db.sqlalchemy.engines [None req-5b5e40d9-3f36-4f42-8e5d-16ae0b19ede6 None None] MySQL server mode set to STRICT_TRANS_TABLES,STRICT_ALL_TABLES,NO_ZERO_IN_DATE,NO_ZERO_DATE,ERROR_FOR_DIVISION_BY_ZERO,TRADITIONAL,NO_ENGINE_SUBSTITUTION {{(pid=95816) _check_effective_sql_mode /opt/stack/data/venv/lib/python3.12/site-packages/oslo_db/sqlalchemy/engines.py:325}}
Jun 30 22:04:35.818387 np0000004040 devstack@n-api-meta.service[95817]: DEBUG oslo_db.sqlalchemy.engines [None req-6e2b043d-0424-409f-a5be-3031482fa06e None None] MySQL server mode set to STRICT_TRANS_TABLES,STRICT_ALL_TABLES,NO_ZERO_IN_DATE,NO_ZERO_DATE,ERROR_FOR_DIVISION_BY_ZERO,TRADITIONAL,NO_ENGINE_SUBSTITUTION {{(pid=95817) _check_effective_sql_mode /opt/stack/data/venv/lib/python3.12/site-packages/oslo_db/sqlalchemy/engines.py:325}}
Jun 30 22:04:35.821168 np0000004040 devstack@n-api-meta.service[95817]: DEBUG oslo_db.sqlalchemy.engines [None req-6e2b043d-0424-409f-a5be-3031482fa06e None None] MySQL server mode set to STRICT_TRANS_TABLES,STRICT_ALL_TABLES,NO_ZERO_IN_DATE,NO_ZERO_DATE,ERROR_FOR_DIVISION_BY_ZERO,TRADITIONAL,NO_ENGINE_SUBSTITUTION {{(pid=95817) _check_effective_sql_mode /opt/stack/data/venv/lib/python3.12/site-packages/oslo_db/sqlalchemy/engines.py:325}}
Jun 30 22:04:35.822408 np0000004040 devstack@n-api-meta.service[95816]: DEBUG dbcounter [-] [95816] Writer thread running {{(pid=95816) stat_writer /opt/stack/data/venv/lib/python3.12/site-packages/dbcounter.py:102}}
Jun 30 22:04:35.835985 np0000004040 devstack@n-api-meta.service[95815]: DEBUG oslo_db.sqlalchemy.engines [None req-a24f44b7-5b9f-4913-9cc0-6b8ed18aa91e None None] MySQL server mode set to STRICT_TRANS_TABLES,STRICT_ALL_TABLES,NO_ZERO_IN_DATE,NO_ZERO_DATE,ERROR_FOR_DIVISION_BY_ZERO,TRADITIONAL,NO_ENGINE_SUBSTITUTION {{(pid=95815) _check_effective_sql_mode /opt/stack/data/venv/lib/python3.12/site-packages/oslo_db/sqlalchemy/engines.py:325}}
Jun 30 22:04:35.841850 np0000004040 devstack@n-api-meta.service[95818]: WARNING nova.api.metadata.handler [None req-6c4c642f-1c15-41b2-adfd-ee519abf41b8 None None] metadata_proxy_shared_secret is not configured, the metadata information returned by the proxy cannot be trusted
Jun 30 22:04:35.842312 np0000004040 devstack@n-api-meta.service[95815]: DEBUG dbcounter [-] [95815] Writer thread running {{(pid=95815) stat_writer /opt/stack/data/venv/lib/python3.12/site-packages/dbcounter.py:102}}
Jun 30 22:04:35.843995 np0000004040 devstack@n-api-meta.service[95818]: DEBUG nova.api.openstack.wsgi_app [None req-6c4c642f-1c15-41b2-adfd-ee519abf41b8 None None] ******************************************************************************** {{(pid=95818) log_opt_values /opt/stack/data/venv/lib/python3.12/site-packages/oslo_config/cfg.py:3226}}
Jun 30 22:04:35.844122 np0000004040 devstack@n-api-meta.service[95818]: DEBUG nova.api.openstack.wsgi_app [None req-6c4c642f-1c15-41b2-adfd-ee519abf41b8 None None] Configuration options gathered from: {{(pid=95818) log_opt_values /opt/stack/data/venv/lib/python3.12/site-packages/oslo_config/cfg.py:3227}}
Jun 30 22:04:35.844244 np0000004040 devstack@n-api-meta.service[95818]: DEBUG nova.api.openstack.wsgi_app [None req-6c4c642f-1c15-41b2-adfd-ee519abf41b8 None None] command line args: [] {{(pid=95818) log_opt_values /opt/stack/data/venv/lib/python3.12/site-packages/oslo_config/cfg.py:3228}}
Jun 30 22:04:35.844379 np0000004040 devstack@n-api-meta.service[95818]: DEBUG nova.api.openstack.wsgi_app [None req-6c4c642f-1c15-41b2-adfd-ee519abf41b8 None None] config files: ['/etc/nova/api-paste.ini', '/etc/nova/nova.conf'] {{(pid=95818) log_opt_values /opt/stack/data/venv/lib/python3.12/site-packages/oslo_config/cfg.py:3229}}
Jun 30 22:04:35.844483 np0000004040 devstack@n-api-meta.service[95818]: DEBUG nova.api.openstack.wsgi_app [None req-6c4c642f-1c15-41b2-adfd-ee519abf41b8 None None] ================================================================================ {{(pid=95818) log_opt_values /opt/stack/data/venv/lib/python3.12/site-packages/oslo_config/cfg.py:3234}}
Jun 30 22:04:35.844696 np0000004040 devstack@n-api-meta.service[95818]: DEBUG nova.api.openstack.wsgi_app [None req-6c4c642f-1c15-41b2-adfd-ee519abf41b8 None None] allow_resize_to_same_host = True {{(pid=95818) log_opt_values /opt/stack/data/venv/lib/python3.12/site-packages/oslo_config/cfg.py:3242}}
Jun 30 22:04:35.844830 np0000004040 devstack@n-api-meta.service[95818]: DEBUG nova.api.openstack.wsgi_app [None req-6c4c642f-1c15-41b2-adfd-ee519abf41b8 None None] arq_binding_timeout = 300 {{(pid=95818) log_opt_values /opt/stack/data/venv/lib/python3.12/site-packages/oslo_config/cfg.py:3242}}
Jun 30 22:04:35.844950 np0000004040 devstack@n-api-meta.service[95818]: DEBUG nova.api.openstack.wsgi_app [None req-6c4c642f-1c15-41b2-adfd-ee519abf41b8 None None] block_device_allocate_retries = 60 {{(pid=95818) log_opt_values /opt/stack/data/venv/lib/python3.12/site-packages/oslo_config/cfg.py:3242}}
Jun 30 22:04:35.845066 np0000004040 devstack@n-api-meta.service[95818]: DEBUG nova.api.openstack.wsgi_app [None req-6c4c642f-1c15-41b2-adfd-ee519abf41b8 None None] block_device_allocate_retries_interval = 3 {{(pid=95818) log_opt_values /opt/stack/data/venv/lib/python3.12/site-packages/oslo_config/cfg.py:3242}}
Jun 30 22:04:35.845176 np0000004040 devstack@n-api-meta.service[95818]: DEBUG nova.api.openstack.wsgi_app [None req-6c4c642f-1c15-41b2-adfd-ee519abf41b8 None None] cell_worker_thread_pool_size = 5 {{(pid=95818) log_opt_values /opt/stack/data/venv/lib/python3.12/site-packages/oslo_config/cfg.py:3242}}
Jun 30 22:04:35.845307 np0000004040 devstack@n-api-meta.service[95818]: DEBUG nova.api.openstack.wsgi_app [None req-6c4c642f-1c15-41b2-adfd-ee519abf41b8 None None] cert = self.pem {{(pid=95818) log_opt_values /opt/stack/data/venv/lib/python3.12/site-packages/oslo_config/cfg.py:3242}}
Jun 30 22:04:35.845430 np0000004040 devstack@n-api-meta.service[95818]: DEBUG nova.api.openstack.wsgi_app [None req-6c4c642f-1c15-41b2-adfd-ee519abf41b8 None None] compute_driver = libvirt.LibvirtDriver {{(pid=95818) log_opt_values /opt/stack/data/venv/lib/python3.12/site-packages/oslo_config/cfg.py:3242}}
Jun 30 22:04:35.845552 np0000004040 devstack@n-api-meta.service[95818]: DEBUG nova.api.openstack.wsgi_app [None req-6c4c642f-1c15-41b2-adfd-ee519abf41b8 None None] compute_monitors = [] {{(pid=95818) log_opt_values /opt/stack/data/venv/lib/python3.12/site-packages/oslo_config/cfg.py:3242}}
Jun 30 22:04:35.845751 np0000004040 devstack@n-api-meta.service[95818]: DEBUG nova.api.openstack.wsgi_app [None req-6c4c642f-1c15-41b2-adfd-ee519abf41b8 None None] config_dir = [] {{(pid=95818) log_opt_values /opt/stack/data/venv/lib/python3.12/site-packages/oslo_config/cfg.py:3242}}
Jun 30 22:04:35.845823 np0000004040 devstack@n-api-meta.service[95818]: DEBUG nova.api.openstack.wsgi_app [None req-6c4c642f-1c15-41b2-adfd-ee519abf41b8 None None] config_drive_format = iso9660 {{(pid=95818) log_opt_values /opt/stack/data/venv/lib/python3.12/site-packages/oslo_config/cfg.py:3242}}
Jun 30 22:04:35.845917 np0000004040 devstack@n-api-meta.service[95818]: DEBUG nova.api.openstack.wsgi_app [None req-6c4c642f-1c15-41b2-adfd-ee519abf41b8 None None] config_file = ['/etc/nova/api-paste.ini', '/etc/nova/nova.conf'] {{(pid=95818) log_opt_values /opt/stack/data/venv/lib/python3.12/site-packages/oslo_config/cfg.py:3242}}
Jun 30 22:04:35.846036 np0000004040 devstack@n-api-meta.service[95818]: DEBUG nova.api.openstack.wsgi_app [None req-6c4c642f-1c15-41b2-adfd-ee519abf41b8 None None] config_source = [] {{(pid=95818) log_opt_values /opt/stack/data/venv/lib/python3.12/site-packages/oslo_config/cfg.py:3242}}
Jun 30 22:04:35.846155 np0000004040 devstack@n-api-meta.service[95818]: DEBUG nova.api.openstack.wsgi_app [None req-6c4c642f-1c15-41b2-adfd-ee519abf41b8 None None] console_host = np0000004040 {{(pid=95818) log_opt_values /opt/stack/data/venv/lib/python3.12/site-packages/oslo_config/cfg.py:3242}}
Jun 30 22:04:35.846272 np0000004040 devstack@n-api-meta.service[95818]: DEBUG nova.api.openstack.wsgi_app [None req-6c4c642f-1c15-41b2-adfd-ee519abf41b8 None None] control_exchange = nova {{(pid=95818) log_opt_values /opt/stack/data/venv/lib/python3.12/site-packages/oslo_config/cfg.py:3242}}
Jun 30 22:04:35.846391 np0000004040 devstack@n-api-meta.service[95818]: DEBUG nova.api.openstack.wsgi_app [None req-6c4c642f-1c15-41b2-adfd-ee519abf41b8 None None] cpu_allocation_ratio = None {{(pid=95818) log_opt_values /opt/stack/data/venv/lib/python3.12/site-packages/oslo_config/cfg.py:3242}}
Jun 30 22:04:35.846505 np0000004040 devstack@n-api-meta.service[95818]: DEBUG nova.api.openstack.wsgi_app [None req-6c4c642f-1c15-41b2-adfd-ee519abf41b8 None None] daemon = False {{(pid=95818) log_opt_values /opt/stack/data/venv/lib/python3.12/site-packages/oslo_config/cfg.py:3242}}
Jun 30 22:04:35.846660 np0000004040 devstack@n-api-meta.service[95818]: DEBUG nova.api.openstack.wsgi_app [None req-6c4c642f-1c15-41b2-adfd-ee519abf41b8 None None] debug = True {{(pid=95818) log_opt_values /opt/stack/data/venv/lib/python3.12/site-packages/oslo_config/cfg.py:3242}}
Jun 30 22:04:35.846786 np0000004040 devstack@n-api-meta.service[95818]: DEBUG nova.api.openstack.wsgi_app [None req-6c4c642f-1c15-41b2-adfd-ee519abf41b8 None None] default_access_ip_network_name = None {{(pid=95818) log_opt_values /opt/stack/data/venv/lib/python3.12/site-packages/oslo_config/cfg.py:3242}}
Jun 30 22:04:35.846906 np0000004040 devstack@n-api-meta.service[95818]: DEBUG nova.api.openstack.wsgi_app [None req-6c4c642f-1c15-41b2-adfd-ee519abf41b8 None None] default_availability_zone = nova {{(pid=95818) log_opt_values /opt/stack/data/venv/lib/python3.12/site-packages/oslo_config/cfg.py:3242}}
Jun 30 22:04:35.847023 np0000004040 devstack@n-api-meta.service[95818]: DEBUG nova.api.openstack.wsgi_app [None req-6c4c642f-1c15-41b2-adfd-ee519abf41b8 None None] default_ephemeral_format = ext4 {{(pid=95818) log_opt_values /opt/stack/data/venv/lib/python3.12/site-packages/oslo_config/cfg.py:3242}}
Jun 30 22:04:35.847136 np0000004040 devstack@n-api-meta.service[95818]: DEBUG nova.api.openstack.wsgi_app [None req-6c4c642f-1c15-41b2-adfd-ee519abf41b8 None None] default_green_pool_size = 1000 {{(pid=95818) log_opt_values /opt/stack/data/venv/lib/python3.12/site-packages/oslo_config/cfg.py:3242}}
Jun 30 22:04:35.847312 np0000004040 devstack@n-api-meta.service[95818]: DEBUG nova.api.openstack.wsgi_app [None req-6c4c642f-1c15-41b2-adfd-ee519abf41b8 None None] default_log_levels = ['amqp=WARN', 'boto=WARN', 'sqlalchemy=WARN', 'suds=INFO', 'oslo.messaging=INFO', 'oslo_messaging=INFO', 'iso8601=WARN', 'requests.packages.urllib3.connectionpool=WARN', 'urllib3.connectionpool=WARN', 'websocket=WARN', 'requests.packages.urllib3.util.retry=WARN', 'urllib3.util.retry=WARN', 'keystonemiddleware=WARN', 'routes.middleware=WARN', 'stevedore=WARN', 'taskflow=WARN', 'keystoneauth=WARN', 'oslo.cache=INFO', 'oslo_policy=INFO', 'dogpile.core.dogpile=INFO', 'glanceclient=WARN', 'oslo.privsep.daemon=INFO'] {{(pid=95818) log_opt_values /opt/stack/data/venv/lib/python3.12/site-packages/oslo_config/cfg.py:3242}}
Jun 30 22:04:35.847424 np0000004040 devstack@n-api-meta.service[95818]: DEBUG nova.api.openstack.wsgi_app [None req-6c4c642f-1c15-41b2-adfd-ee519abf41b8 None None] default_schedule_zone = None {{(pid=95818) log_opt_values /opt/stack/data/venv/lib/python3.12/site-packages/oslo_config/cfg.py:3242}}
Jun 30 22:04:35.847549 np0000004040 devstack@n-api-meta.service[95818]: DEBUG nova.api.openstack.wsgi_app [None req-6c4c642f-1c15-41b2-adfd-ee519abf41b8 None None] default_thread_pool_size = 10 {{(pid=95818) log_opt_values /opt/stack/data/venv/lib/python3.12/site-packages/oslo_config/cfg.py:3242}}
Jun 30 22:04:35.847677 np0000004040 devstack@n-api-meta.service[95818]: DEBUG nova.api.openstack.wsgi_app [None req-6c4c642f-1c15-41b2-adfd-ee519abf41b8 None None] disk_allocation_ratio = None {{(pid=95818) log_opt_values /opt/stack/data/venv/lib/python3.12/site-packages/oslo_config/cfg.py:3242}}
Jun 30 22:04:35.847788 np0000004040 devstack@n-api-meta.service[95818]: DEBUG nova.api.openstack.wsgi_app [None req-6c4c642f-1c15-41b2-adfd-ee519abf41b8 None None] enable_new_services = True {{(pid=95818) log_opt_values /opt/stack/data/venv/lib/python3.12/site-packages/oslo_config/cfg.py:3242}}
Jun 30 22:04:35.847898 np0000004040 devstack@n-api-meta.service[95818]: DEBUG nova.api.openstack.wsgi_app [None req-6c4c642f-1c15-41b2-adfd-ee519abf41b8 None None] flat_injected = False {{(pid=95818) log_opt_values /opt/stack/data/venv/lib/python3.12/site-packages/oslo_config/cfg.py:3242}}
Jun 30 22:04:35.848026 np0000004040 devstack@n-api-meta.service[95818]: DEBUG nova.api.openstack.wsgi_app [None req-6c4c642f-1c15-41b2-adfd-ee519abf41b8 None None] force_config_drive = True {{(pid=95818) log_opt_values /opt/stack/data/venv/lib/python3.12/site-packages/oslo_config/cfg.py:3242}}
Jun 30 22:04:35.848138 np0000004040 devstack@n-api-meta.service[95818]: DEBUG nova.api.openstack.wsgi_app [None req-6c4c642f-1c15-41b2-adfd-ee519abf41b8 None None] force_raw_images = True {{(pid=95818) log_opt_values /opt/stack/data/venv/lib/python3.12/site-packages/oslo_config/cfg.py:3242}}
Jun 30 22:04:35.848259 np0000004040 devstack@n-api-meta.service[95818]: DEBUG nova.api.openstack.wsgi_app [None req-6c4c642f-1c15-41b2-adfd-ee519abf41b8 None None] graceful_shutdown_timeout = 5 {{(pid=95818) log_opt_values /opt/stack/data/venv/lib/python3.12/site-packages/oslo_config/cfg.py:3242}}
Jun 30 22:04:35.848370 np0000004040 devstack@n-api-meta.service[95818]: DEBUG nova.api.openstack.wsgi_app [None req-6c4c642f-1c15-41b2-adfd-ee519abf41b8 None None] heal_instance_info_cache_interval = -1 {{(pid=95818) log_opt_values /opt/stack/data/venv/lib/python3.12/site-packages/oslo_config/cfg.py:3242}}
Jun 30 22:04:35.848538 np0000004040 devstack@n-api-meta.service[95818]: DEBUG nova.api.openstack.wsgi_app [None req-6c4c642f-1c15-41b2-adfd-ee519abf41b8 None None] host = np0000004040 {{(pid=95818) log_opt_values /opt/stack/data/venv/lib/python3.12/site-packages/oslo_config/cfg.py:3242}}
Jun 30 22:04:35.848693 np0000004040 devstack@n-api-meta.service[95818]: DEBUG nova.api.openstack.wsgi_app [None req-6c4c642f-1c15-41b2-adfd-ee519abf41b8 None None] initial_cpu_allocation_ratio = 4.0 {{(pid=95818) log_opt_values /opt/stack/data/venv/lib/python3.12/site-packages/oslo_config/cfg.py:3242}}
Jun 30 22:04:35.848811 np0000004040 devstack@n-api-meta.service[95818]: DEBUG nova.api.openstack.wsgi_app [None req-6c4c642f-1c15-41b2-adfd-ee519abf41b8 None None] initial_disk_allocation_ratio = 1.0 {{(pid=95818) log_opt_values /opt/stack/data/venv/lib/python3.12/site-packages/oslo_config/cfg.py:3242}}
Jun 30 22:04:35.848924 np0000004040 devstack@n-api-meta.service[95818]: DEBUG nova.api.openstack.wsgi_app [None req-6c4c642f-1c15-41b2-adfd-ee519abf41b8 None None] initial_ram_allocation_ratio = 1.0 {{(pid=95818) log_opt_values /opt/stack/data/venv/lib/python3.12/site-packages/oslo_config/cfg.py:3242}}
Jun 30 22:04:35.849022 np0000004040 devstack@n-api-meta.service[95816]: WARNING nova.api.metadata.handler [None req-5b5e40d9-3f36-4f42-8e5d-16ae0b19ede6 None None] metadata_proxy_shared_secret is not configured, the metadata information returned by the proxy cannot be trusted
Jun 30 22:04:35.849123 np0000004040 devstack@n-api-meta.service[95818]: DEBUG nova.api.openstack.wsgi_app [None req-6c4c642f-1c15-41b2-adfd-ee519abf41b8 None None] injected_network_template = /opt/stack/nova/nova/virt/interfaces.template {{(pid=95818) log_opt_values /opt/stack/data/venv/lib/python3.12/site-packages/oslo_config/cfg.py:3242}}
Jun 30 22:04:35.849255 np0000004040 devstack@n-api-meta.service[95818]: DEBUG nova.api.openstack.wsgi_app [None req-6c4c642f-1c15-41b2-adfd-ee519abf41b8 None None] instance_build_timeout = 0 {{(pid=95818) log_opt_values /opt/stack/data/venv/lib/python3.12/site-packages/oslo_config/cfg.py:3242}}
Jun 30 22:04:35.849370 np0000004040 devstack@n-api-meta.service[95818]: DEBUG nova.api.openstack.wsgi_app [None req-6c4c642f-1c15-41b2-adfd-ee519abf41b8 None None] instance_delete_interval = 300 {{(pid=95818) log_opt_values /opt/stack/data/venv/lib/python3.12/site-packages/oslo_config/cfg.py:3242}}
Jun 30 22:04:35.849487 np0000004040 devstack@n-api-meta.service[95818]: DEBUG nova.api.openstack.wsgi_app [None req-6c4c642f-1c15-41b2-adfd-ee519abf41b8 None None] instance_format = [instance: %(uuid)s] {{(pid=95818) log_opt_values /opt/stack/data/venv/lib/python3.12/site-packages/oslo_config/cfg.py:3242}}
Jun 30 22:04:35.849629 np0000004040 devstack@n-api-meta.service[95818]: DEBUG nova.api.openstack.wsgi_app [None req-6c4c642f-1c15-41b2-adfd-ee519abf41b8 None None] instance_name_template = instance-%08x {{(pid=95818) log_opt_values /opt/stack/data/venv/lib/python3.12/site-packages/oslo_config/cfg.py:3242}}
Jun 30 22:04:35.849749 np0000004040 devstack@n-api-meta.service[95818]: DEBUG nova.api.openstack.wsgi_app [None req-6c4c642f-1c15-41b2-adfd-ee519abf41b8 None None] instance_usage_audit = False {{(pid=95818) log_opt_values /opt/stack/data/venv/lib/python3.12/site-packages/oslo_config/cfg.py:3242}}
Jun 30 22:04:35.849869 np0000004040 devstack@n-api-meta.service[95818]: DEBUG nova.api.openstack.wsgi_app [None req-6c4c642f-1c15-41b2-adfd-ee519abf41b8 None None] instance_usage_audit_period = month {{(pid=95818) log_opt_values /opt/stack/data/venv/lib/python3.12/site-packages/oslo_config/cfg.py:3242}}
Jun 30 22:04:35.849986 np0000004040 devstack@n-api-meta.service[95818]: DEBUG nova.api.openstack.wsgi_app [None req-6c4c642f-1c15-41b2-adfd-ee519abf41b8 None None] instance_uuid_format = [instance: %(uuid)s] {{(pid=95818) log_opt_values /opt/stack/data/venv/lib/python3.12/site-packages/oslo_config/cfg.py:3242}}
Jun 30 22:04:35.850101 np0000004040 devstack@n-api-meta.service[95818]: DEBUG nova.api.openstack.wsgi_app [None req-6c4c642f-1c15-41b2-adfd-ee519abf41b8 None None] instances_path = /opt/stack/data/nova/instances {{(pid=95818) log_opt_values /opt/stack/data/venv/lib/python3.12/site-packages/oslo_config/cfg.py:3242}}
Jun 30 22:04:35.850216 np0000004040 devstack@n-api-meta.service[95818]: DEBUG nova.api.openstack.wsgi_app [None req-6c4c642f-1c15-41b2-adfd-ee519abf41b8 None None] internal_service_availability_zone = internal {{(pid=95818) log_opt_values /opt/stack/data/venv/lib/python3.12/site-packages/oslo_config/cfg.py:3242}}
Jun 30 22:04:35.850326 np0000004040 devstack@n-api-meta.service[95818]: DEBUG nova.api.openstack.wsgi_app [None req-6c4c642f-1c15-41b2-adfd-ee519abf41b8 None None] key = None {{(pid=95818) log_opt_values /opt/stack/data/venv/lib/python3.12/site-packages/oslo_config/cfg.py:3242}}
Jun 30 22:04:35.850436 np0000004040 devstack@n-api-meta.service[95818]: DEBUG nova.api.openstack.wsgi_app [None req-6c4c642f-1c15-41b2-adfd-ee519abf41b8 None None] live_migration_retry_count = 30 {{(pid=95818) log_opt_values /opt/stack/data/venv/lib/python3.12/site-packages/oslo_config/cfg.py:3242}}
Jun 30 22:04:35.850553 np0000004040 devstack@n-api-meta.service[95818]: DEBUG nova.api.openstack.wsgi_app [None req-6c4c642f-1c15-41b2-adfd-ee519abf41b8 None None] log_color = False {{(pid=95818) log_opt_values /opt/stack/data/venv/lib/python3.12/site-packages/oslo_config/cfg.py:3242}}
Jun 30 22:04:35.850717 np0000004040 devstack@n-api-meta.service[95818]: DEBUG nova.api.openstack.wsgi_app [None req-6c4c642f-1c15-41b2-adfd-ee519abf41b8 None None] log_config_append = None {{(pid=95818) log_opt_values /opt/stack/data/venv/lib/python3.12/site-packages/oslo_config/cfg.py:3242}}
Jun 30 22:04:35.851146 np0000004040 devstack@n-api-meta.service[95818]: DEBUG nova.api.openstack.wsgi_app [None req-6c4c642f-1c15-41b2-adfd-ee519abf41b8 None None] log_date_format = %Y-%m-%d %H:%M:%S {{(pid=95818) log_opt_values /opt/stack/data/venv/lib/python3.12/site-packages/oslo_config/cfg.py:3242}}
Jun 30 22:04:35.851146 np0000004040 devstack@n-api-meta.service[95818]: DEBUG nova.api.openstack.wsgi_app [None req-6c4c642f-1c15-41b2-adfd-ee519abf41b8 None None] log_dir = None {{(pid=95818) log_opt_values /opt/stack/data/venv/lib/python3.12/site-packages/oslo_config/cfg.py:3242}}
Jun 30 22:04:35.851146 np0000004040 devstack@n-api-meta.service[95818]: DEBUG nova.api.openstack.wsgi_app [None req-6c4c642f-1c15-41b2-adfd-ee519abf41b8 None None] log_file = None {{(pid=95818) log_opt_values /opt/stack/data/venv/lib/python3.12/site-packages/oslo_config/cfg.py:3242}}
Jun 30 22:04:35.851146 np0000004040 devstack@n-api-meta.service[95818]: DEBUG nova.api.openstack.wsgi_app [None req-6c4c642f-1c15-41b2-adfd-ee519abf41b8 None None] log_options = True {{(pid=95818) log_opt_values /opt/stack/data/venv/lib/python3.12/site-packages/oslo_config/cfg.py:3242}}
Jun 30 22:04:35.851290 np0000004040 devstack@n-api-meta.service[95816]: DEBUG nova.api.openstack.wsgi_app [None req-5b5e40d9-3f36-4f42-8e5d-16ae0b19ede6 None None] ******************************************************************************** {{(pid=95816) log_opt_values /opt/stack/data/venv/lib/python3.12/site-packages/oslo_config/cfg.py:3226}}
Jun 30 22:04:35.851322 np0000004040 devstack@n-api-meta.service[95818]: DEBUG nova.api.openstack.wsgi_app [None req-6c4c642f-1c15-41b2-adfd-ee519abf41b8 None None] log_rotate_interval = 1 {{(pid=95818) log_opt_values /opt/stack/data/venv/lib/python3.12/site-packages/oslo_config/cfg.py:3242}}
Jun 30 22:04:35.851344 np0000004040 devstack@n-api-meta.service[95818]: DEBUG nova.api.openstack.wsgi_app [None req-6c4c642f-1c15-41b2-adfd-ee519abf41b8 None None] log_rotate_interval_type = days {{(pid=95818) log_opt_values /opt/stack/data/venv/lib/python3.12/site-packages/oslo_config/cfg.py:3242}}
Jun 30 22:04:35.851370 np0000004040 devstack@n-api-meta.service[95816]: DEBUG nova.api.openstack.wsgi_app [None req-5b5e40d9-3f36-4f42-8e5d-16ae0b19ede6 None None] Configuration options gathered from: {{(pid=95816) log_opt_values /opt/stack/data/venv/lib/python3.12/site-packages/oslo_config/cfg.py:3227}}
Jun 30 22:04:35.851501 np0000004040 devstack@n-api-meta.service[95818]: DEBUG nova.api.openstack.wsgi_app [None req-6c4c642f-1c15-41b2-adfd-ee519abf41b8 None None] log_rotation_type = none {{(pid=95818) log_opt_values /opt/stack/data/venv/lib/python3.12/site-packages/oslo_config/cfg.py:3242}}
Jun 30 22:04:35.851565 np0000004040 devstack@n-api-meta.service[95816]: DEBUG nova.api.openstack.wsgi_app [None req-5b5e40d9-3f36-4f42-8e5d-16ae0b19ede6 None None] command line args: [] {{(pid=95816) log_opt_values /opt/stack/data/venv/lib/python3.12/site-packages/oslo_config/cfg.py:3228}}
Jun 30 22:04:35.851665 np0000004040 devstack@n-api-meta.service[95818]: DEBUG nova.api.openstack.wsgi_app [None req-6c4c642f-1c15-41b2-adfd-ee519abf41b8 None None] logging_context_format_string = %(color)s%(levelname)s %(name)s [%(global_request_id)s %(request_id)s %(project_name)s %(user_name)s%(color)s] %(instance)s%(color)s%(message)s {{(pid=95818) log_opt_values /opt/stack/data/venv/lib/python3.12/site-packages/oslo_config/cfg.py:3242}}
Jun 30 22:04:35.851735 np0000004040 devstack@n-api-meta.service[95816]: DEBUG nova.api.openstack.wsgi_app [None req-5b5e40d9-3f36-4f42-8e5d-16ae0b19ede6 None None] config files: ['/etc/nova/api-paste.ini', '/etc/nova/nova.conf'] {{(pid=95816) log_opt_values /opt/stack/data/venv/lib/python3.12/site-packages/oslo_config/cfg.py:3229}}
