Jul 30 13:33:39.044078 np0000006131 devstack@placement-api.service[93137]: DEBUG placement.requestlog [req-7ef46ce8-707e-4730-a75c-f193473e47c3 req-a0443571-3b3f-4969-b004-a7f039152781 None None] Starting request: 10.4.3.243 "GET /placement/resource_providers/12f7ef6d-875f-4709-a0cc-48def81908ce/allocations" {{(pid=93137) __call__ /opt/stack/placement/placement/requestlog.py:55}}
Jul 30 13:33:39.084338 np0000006131 devstack@placement-api.service[93137]: INFO placement.requestlog [req-7ef46ce8-707e-4730-a75c-f193473e47c3 req-a0443571-3b3f-4969-b004-a7f039152781 service nova] 10.4.3.243 "GET /placement/resource_providers/12f7ef6d-875f-4709-a0cc-48def81908ce/allocations" status: 200 len: 1311 microversion: 1.0
Jul 30 13:33:39.084852 np0000006131 devstack@placement-api.service[93137]: [pid: 93137|app: 0|req: 125/504] 10.4.3.243 () {66 vars in 1512 bytes} [Thu Jul 30 13:33:39 2026] GET /placement/resource_providers/12f7ef6d-875f-4709-a0cc-48def81908ce/allocations => generated 1311 bytes in 41 msecs (HTTP/1.1 200) 6 headers in 225 bytes (1 switches on core 0)
Jul 30 13:33:39.144653 np0000006131 devstack@placement-api.service[93138]: DEBUG placement.requestlog [req-7ef46ce8-707e-4730-a75c-f193473e47c3 req-6936705d-dbaa-4ae4-9d75-0588ab9c8c5e None None] Starting request: 10.4.3.243 "GET /placement/allocations/f8cc6e16-904d-456a-92d8-3b5a5d11d849" {{(pid=93138) __call__ /opt/stack/placement/placement/requestlog.py:55}}
Jul 30 13:33:39.165735 np0000006131 devstack@placement-api.service[93138]: INFO placement.requestlog [req-7ef46ce8-707e-4730-a75c-f193473e47c3 req-6936705d-dbaa-4ae4-9d75-0588ab9c8c5e service nova] 10.4.3.243 "GET /placement/allocations/f8cc6e16-904d-456a-92d8-3b5a5d11d849" status: 200 len: 258 microversion: 1.28
Jul 30 13:33:39.166018 np0000006131 devstack@placement-api.service[93138]: [pid: 93138|app: 0|req: 126/505] 10.4.3.243 () {68 vars in 1499 bytes} [Thu Jul 30 13:33:39 2026] GET /placement/allocations/f8cc6e16-904d-456a-92d8-3b5a5d11d849 => generated 258 bytes in 21 msecs (HTTP/1.1 200) 8 headers in 296 bytes (1 switches on core 0)
Jul 30 13:33:39.218760 np0000006131 devstack@placement-api.service[93136]: DEBUG placement.requestlog [req-7ef46ce8-707e-4730-a75c-f193473e47c3 req-5bdb77a5-cf8a-475e-a556-6d6697b2c23b None None] Starting request: 10.4.3.243 "GET /placement/allocations/5e91a506-54ad-4863-99b2-2a1cbc85c5c1" {{(pid=93136) __call__ /opt/stack/placement/placement/requestlog.py:55}}
Jul 30 13:33:39.232647 np0000006131 devstack@placement-api.service[93136]: INFO placement.requestlog [req-7ef46ce8-707e-4730-a75c-f193473e47c3 req-5bdb77a5-cf8a-475e-a556-6d6697b2c23b service nova] 10.4.3.243 "GET /placement/allocations/5e91a506-54ad-4863-99b2-2a1cbc85c5c1" status: 200 len: 258 microversion: 1.28
Jul 30 13:33:39.232647 np0000006131 devstack@placement-api.service[93136]: [pid: 93136|app: 0|req: 127/506] 10.4.3.243 () {68 vars in 1499 bytes} [Thu Jul 30 13:33:39 2026] GET /placement/allocations/5e91a506-54ad-4863-99b2-2a1cbc85c5c1 => generated 258 bytes in 14 msecs (HTTP/1.1 200) 8 headers in 296 bytes (1 switches on core 0)
Jul 30 13:33:39.298615 np0000006131 devstack@placement-api.service[93135]: DEBUG placement.requestlog [req-7ef46ce8-707e-4730-a75c-f193473e47c3 req-e516300a-ce41-46b8-b1ab-4dae3d7651a8 None None] Starting request: 10.4.3.243 "GET /placement/allocations/367bf32f-ca8a-4a79-993c-896ca0e53986" {{(pid=93135) __call__ /opt/stack/placement/placement/requestlog.py:55}}
Jul 30 13:33:39.327248 np0000006131 devstack@placement-api.service[93135]: INFO placement.requestlog [req-7ef46ce8-707e-4730-a75c-f193473e47c3 req-e516300a-ce41-46b8-b1ab-4dae3d7651a8 service nova] 10.4.3.243 "GET /placement/allocations/367bf32f-ca8a-4a79-993c-896ca0e53986" status: 200 len: 258 microversion: 1.28
Jul 30 13:33:39.327248 np0000006131 devstack@placement-api.service[93135]: [pid: 93135|app: 0|req: 129/507] 10.4.3.243 () {68 vars in 1499 bytes} [Thu Jul 30 13:33:39 2026] GET /placement/allocations/367bf32f-ca8a-4a79-993c-896ca0e53986 => generated 258 bytes in 29 msecs (HTTP/1.1 200) 8 headers in 296 bytes (1 switches on core 0)
Jul 30 13:33:39.386890 np0000006131 devstack@placement-api.service[93137]: DEBUG placement.requestlog [req-47c518d2-8b14-4e57-95a3-44d1cd528073 req-aa4f7ac8-58af-44fc-affa-cafcc5bfe04f None None] Starting request: 10.4.3.243 "GET /placement/allocations/90a5a98e-0f96-4afc-9ccd-207e87d2d116" {{(pid=93137) __call__ /opt/stack/placement/placement/requestlog.py:55}}
Jul 30 13:33:39.387767 np0000006131 devstack@placement-api.service[93138]: DEBUG placement.requestlog [req-7ef46ce8-707e-4730-a75c-f193473e47c3 req-6a2eac90-6685-438b-896d-5d4efc051de7 None None] Starting request: 10.4.3.243 "GET /placement/allocations/87917ac1-f7ba-4106-a74f-8a9ddc0b34aa" {{(pid=93138) __call__ /opt/stack/placement/placement/requestlog.py:55}}
Jul 30 13:33:39.404228 np0000006131 devstack@placement-api.service[93138]: INFO placement.requestlog [req-7ef46ce8-707e-4730-a75c-f193473e47c3 req-6a2eac90-6685-438b-896d-5d4efc051de7 service nova] 10.4.3.243 "GET /placement/allocations/87917ac1-f7ba-4106-a74f-8a9ddc0b34aa" status: 200 len: 258 microversion: 1.28
Jul 30 13:33:39.404639 np0000006131 devstack@placement-api.service[93138]: [pid: 93138|app: 0|req: 127/508] 10.4.3.243 () {68 vars in 1499 bytes} [Thu Jul 30 13:33:39 2026] GET /placement/allocations/87917ac1-f7ba-4106-a74f-8a9ddc0b34aa => generated 258 bytes in 17 msecs (HTTP/1.1 200) 8 headers in 296 bytes (1 switches on core 0)
Jul 30 13:33:39.408934 np0000006131 devstack@placement-api.service[93137]: INFO placement.requestlog [req-47c518d2-8b14-4e57-95a3-44d1cd528073 req-aa4f7ac8-58af-44fc-affa-cafcc5bfe04f service nova] 10.4.3.243 "GET /placement/allocations/90a5a98e-0f96-4afc-9ccd-207e87d2d116" status: 200 len: 244 microversion: 1.28
Jul 30 13:33:39.408934 np0000006131 devstack@placement-api.service[93137]: [pid: 93137|app: 0|req: 126/509] 10.4.3.243 () {68 vars in 1499 bytes} [Thu Jul 30 13:33:39 2026] GET /placement/allocations/90a5a98e-0f96-4afc-9ccd-207e87d2d116 => generated 244 bytes in 22 msecs (HTTP/1.1 200) 8 headers in 296 bytes (1 switches on core 0)
Jul 30 13:33:39.466464 np0000006131 devstack@placement-api.service[93136]: DEBUG placement.requestlog [req-7ef46ce8-707e-4730-a75c-f193473e47c3 req-e3836200-553b-4be3-9d43-04857c68aaf7 None None] Starting request: 10.4.3.243 "GET /placement/allocations/07b15e6c-6672-420b-bf63-7c577025ecd0" {{(pid=93136) __call__ /opt/stack/placement/placement/requestlog.py:55}}
Jul 30 13:33:39.477735 np0000006131 devstack@placement-api.service[93136]: INFO placement.requestlog [req-7ef46ce8-707e-4730-a75c-f193473e47c3 req-e3836200-553b-4be3-9d43-04857c68aaf7 service nova] 10.4.3.243 "GET /placement/allocations/07b15e6c-6672-420b-bf63-7c577025ecd0" status: 200 len: 258 microversion: 1.28
Jul 30 13:33:39.477735 np0000006131 devstack@placement-api.service[93136]: [pid: 93136|app: 0|req: 128/510] 10.4.3.243 () {68 vars in 1499 bytes} [Thu Jul 30 13:33:39 2026] GET /placement/allocations/07b15e6c-6672-420b-bf63-7c577025ecd0 => generated 258 bytes in 11 msecs (HTTP/1.1 200) 8 headers in 296 bytes (1 switches on core 0)
Jul 30 13:33:39.528830 np0000006131 devstack@placement-api.service[93135]: DEBUG placement.requestlog [req-7ef46ce8-707e-4730-a75c-f193473e47c3 req-278753b1-f766-4fba-baed-8de10b157b27 None None] Starting request: 10.4.3.243 "GET /placement/allocations/4195e5b9-7311-4d3e-9653-da3d046827d2" {{(pid=93135) __call__ /opt/stack/placement/placement/requestlog.py:55}}
Jul 30 13:33:39.545888 np0000006131 devstack@placement-api.service[93135]: INFO placement.requestlog [req-7ef46ce8-707e-4730-a75c-f193473e47c3 req-278753b1-f766-4fba-baed-8de10b157b27 service nova] 10.4.3.243 "GET /placement/allocations/4195e5b9-7311-4d3e-9653-da3d046827d2" status: 200 len: 258 microversion: 1.28
Jul 30 13:33:39.546152 np0000006131 devstack@placement-api.service[93135]: [pid: 93135|app: 0|req: 130/511] 10.4.3.243 () {68 vars in 1499 bytes} [Thu Jul 30 13:33:39 2026] GET /placement/allocations/4195e5b9-7311-4d3e-9653-da3d046827d2 => generated 258 bytes in 18 msecs (HTTP/1.1 200) 8 headers in 296 bytes (2 switches on core 0)
Jul 30 13:33:39.585717 np0000006131 devstack@placement-api.service[93138]: DEBUG placement.requestlog [req-7ef46ce8-707e-4730-a75c-f193473e47c3 req-bf69e918-f66b-4dda-aeb4-eea3078719f2 None None] Starting request: 10.4.3.243 "GET /placement/allocations/97474945-f546-459e-8560-ebe8d1837df9" {{(pid=93138) __call__ /opt/stack/placement/placement/requestlog.py:55}}
Jul 30 13:33:39.604296 np0000006131 devstack@placement-api.service[93138]: INFO placement.requestlog [req-7ef46ce8-707e-4730-a75c-f193473e47c3 req-bf69e918-f66b-4dda-aeb4-eea3078719f2 service nova] 10.4.3.243 "GET /placement/allocations/97474945-f546-459e-8560-ebe8d1837df9" status: 200 len: 258 microversion: 1.28
Jul 30 13:33:39.604911 np0000006131 devstack@placement-api.service[93138]: [pid: 93138|app: 0|req: 128/512] 10.4.3.243 () {68 vars in 1499 bytes} [Thu Jul 30 13:33:39 2026] GET /placement/allocations/97474945-f546-459e-8560-ebe8d1837df9 => generated 258 bytes in 19 msecs (HTTP/1.1 200) 8 headers in 296 bytes (1 switches on core 0)
Jul 30 13:33:39.653931 np0000006131 devstack@placement-api.service[93137]: DEBUG placement.requestlog [req-7ef46ce8-707e-4730-a75c-f193473e47c3 req-6ec9e834-5f15-4413-8d53-58ebd9761a8c None None] Starting request: 10.4.3.243 "GET /placement/allocations/d78fb43a-7ea9-4d60-a001-00d297306852" {{(pid=93137) __call__ /opt/stack/placement/placement/requestlog.py:55}}
Jul 30 13:33:39.665572 np0000006131 devstack@placement-api.service[93137]: INFO placement.requestlog [req-7ef46ce8-707e-4730-a75c-f193473e47c3 req-6ec9e834-5f15-4413-8d53-58ebd9761a8c service nova] 10.4.3.243 "GET /placement/allocations/d78fb43a-7ea9-4d60-a001-00d297306852" status: 200 len: 258 microversion: 1.28
Jul 30 13:33:39.666069 np0000006131 devstack@placement-api.service[93137]: [pid: 93137|app: 0|req: 127/513] 10.4.3.243 () {68 vars in 1499 bytes} [Thu Jul 30 13:33:39 2026] GET /placement/allocations/d78fb43a-7ea9-4d60-a001-00d297306852 => generated 258 bytes in 12 msecs (HTTP/1.1 200) 8 headers in 296 bytes (1 switches on core 0)
Jul 30 13:33:39.716422 np0000006131 devstack@placement-api.service[93136]: DEBUG placement.requestlog [req-7ef46ce8-707e-4730-a75c-f193473e47c3 req-aadc91e8-e2bc-49e9-a2ef-4b5312a97ce7 None None] Starting request: 10.4.3.243 "GET /placement/allocations/90a5a98e-0f96-4afc-9ccd-207e87d2d116" {{(pid=93136) __call__ /opt/stack/placement/placement/requestlog.py:55}}
Jul 30 13:33:39.737134 np0000006131 devstack@placement-api.service[93136]: INFO placement.requestlog [req-7ef46ce8-707e-4730-a75c-f193473e47c3 req-aadc91e8-e2bc-49e9-a2ef-4b5312a97ce7 service nova] 10.4.3.243 "GET /placement/allocations/90a5a98e-0f96-4afc-9ccd-207e87d2d116" status: 200 len: 244 microversion: 1.28
Jul 30 13:33:39.737134 np0000006131 devstack@placement-api.service[93136]: [pid: 93136|app: 0|req: 129/514] 10.4.3.243 () {68 vars in 1499 bytes} [Thu Jul 30 13:33:39 2026] GET /placement/allocations/90a5a98e-0f96-4afc-9ccd-207e87d2d116 => generated 244 bytes in 21 msecs (HTTP/1.1 200) 8 headers in 296 bytes (1 switches on core 0)
Jul 30 13:33:39.800418 np0000006131 devstack@placement-api.service[93135]: DEBUG placement.requestlog [req-7ef46ce8-707e-4730-a75c-f193473e47c3 req-6766a1bd-1543-4a0e-a91c-15b46b288148 None None] Starting request: 10.4.3.243 "GET /placement/allocations/df8108ce-5084-4ea3-bfbe-3468d0b14aa0" {{(pid=93135) __call__ /opt/stack/placement/placement/requestlog.py:55}}
Jul 30 13:33:39.849652 np0000006131 devstack@placement-api.service[93135]: INFO placement.requestlog [req-7ef46ce8-707e-4730-a75c-f193473e47c3 req-6766a1bd-1543-4a0e-a91c-15b46b288148 service nova] 10.4.3.243 "GET /placement/allocations/df8108ce-5084-4ea3-bfbe-3468d0b14aa0" status: 200 len: 244 microversion: 1.28
Jul 30 13:33:39.850007 np0000006131 devstack@placement-api.service[93135]: [pid: 93135|app: 0|req: 131/515] 10.4.3.243 () {68 vars in 1499 bytes} [Thu Jul 30 13:33:39 2026] GET /placement/allocations/df8108ce-5084-4ea3-bfbe-3468d0b14aa0 => generated 244 bytes in 53 msecs (HTTP/1.1 200) 8 headers in 296 bytes (1 switches on core 0)
Jul 30 13:33:39.950574 np0000006131 devstack@placement-api.service[93138]: DEBUG placement.requestlog [req-7ef46ce8-707e-4730-a75c-f193473e47c3 req-7389a74c-47bf-4713-a9a6-48962d7c8aec None None] Starting request: 10.4.3.243 "GET /placement/allocations/bb971cba-5bb6-4f78-be68-875d6859cb19" {{(pid=93138) __call__ /opt/stack/placement/placement/requestlog.py:55}}
Jul 30 13:33:39.965654 np0000006131 devstack@placement-api.service[93138]: INFO placement.requestlog [req-7ef46ce8-707e-4730-a75c-f193473e47c3 req-7389a74c-47bf-4713-a9a6-48962d7c8aec service nova] 10.4.3.243 "GET /placement/allocations/bb971cba-5bb6-4f78-be68-875d6859cb19" status: 200 len: 258 microversion: 1.28
Jul 30 13:33:39.965654 np0000006131 devstack@placement-api.service[93138]: [pid: 93138|app: 0|req: 129/516] 10.4.3.243 () {68 vars in 1499 bytes} [Thu Jul 30 13:33:39 2026] GET /placement/allocations/bb971cba-5bb6-4f78-be68-875d6859cb19 => generated 258 bytes in 16 msecs (HTTP/1.1 200) 8 headers in 296 bytes (1 switches on core 0)
Jul 30 13:33:40.033059 np0000006131 devstack@placement-api.service[93137]: DEBUG placement.requestlog [req-7ef46ce8-707e-4730-a75c-f193473e47c3 req-6f8eab14-05db-413c-a99f-8d4e4cd76f81 None None] Starting request: 10.4.3.243 "GET /placement/allocations/d8cf593f-a18c-46f9-9513-f57d63d1b8f1" {{(pid=93137) __call__ /opt/stack/placement/placement/requestlog.py:55}}
Jul 30 13:33:40.055573 np0000006131 devstack@placement-api.service[93137]: INFO placement.requestlog [req-7ef46ce8-707e-4730-a75c-f193473e47c3 req-6f8eab14-05db-413c-a99f-8d4e4cd76f81 service nova] 10.4.3.243 "GET /placement/allocations/d8cf593f-a18c-46f9-9513-f57d63d1b8f1" status: 200 len: 258 microversion: 1.28
Jul 30 13:33:40.056105 np0000006131 devstack@placement-api.service[93137]: [pid: 93137|app: 0|req: 128/517] 10.4.3.243 () {68 vars in 1499 bytes} [Thu Jul 30 13:33:40 2026] GET /placement/allocations/d8cf593f-a18c-46f9-9513-f57d63d1b8f1 => generated 258 bytes in 24 msecs (HTTP/1.1 200) 8 headers in 296 bytes (1 switches on core 0)
Jul 30 13:33:40.124038 np0000006131 devstack@placement-api.service[93136]: DEBUG placement.requestlog [req-7ef46ce8-707e-4730-a75c-f193473e47c3 req-3dd7bb98-bb20-46d6-ac96-78e6ed962d13 None None] Starting request: 10.4.3.243 "GET /placement/allocations/d00b265b-c5bf-47c2-b89a-581cd5e1cb85" {{(pid=93136) __call__ /opt/stack/placement/placement/requestlog.py:55}}
Jul 30 13:33:40.141828 np0000006131 devstack@placement-api.service[93136]: INFO placement.requestlog [req-7ef46ce8-707e-4730-a75c-f193473e47c3 req-3dd7bb98-bb20-46d6-ac96-78e6ed962d13 service nova] 10.4.3.243 "GET /placement/allocations/d00b265b-c5bf-47c2-b89a-581cd5e1cb85" status: 200 len: 244 microversion: 1.28
Jul 30 13:33:40.142231 np0000006131 devstack@placement-api.service[93136]: [pid: 93136|app: 0|req: 130/518] 10.4.3.243 () {68 vars in 1499 bytes} [Thu Jul 30 13:33:40 2026] GET /placement/allocations/d00b265b-c5bf-47c2-b89a-581cd5e1cb85 => generated 244 bytes in 20 msecs (HTTP/1.1 200) 8 headers in 296 bytes (1 switches on core 0)
Jul 30 13:33:44.575315 np0000006131 devstack@placement-api.service[93135]: DEBUG placement.requestlog [req-186f0d29-b5ee-4556-bbed-5c88f9791f07 req-620d80ce-18dc-472b-aca0-e038b534f9da None None] Starting request: 10.4.3.243 "GET /placement/allocation_candidates?limit=1000&resources=MEMORY_MB%3A192%2CVCPU%3A1&root_required=%21COMPUTE_STATUS_DISABLED" {{(pid=93135) __call__ /opt/stack/placement/placement/requestlog.py:55}}
Jul 30 13:33:44.583011 np0000006131 devstack@placement-api.service[93138]: DEBUG placement.requestlog [req-34021f50-1b49-4870-b9aa-df9f872824c4 req-9b9ef54a-aaa1-4d63-bb4a-fe6da218f294 None None] Starting request: 10.4.3.243 "GET /placement/allocation_candidates?limit=1000&resources=DISK_GB%3A1%2CMEMORY_MB%3A192%2CVCPU%3A1&root_required=%21COMPUTE_STATUS_DISABLED" {{(pid=93138) __call__ /opt/stack/placement/placement/requestlog.py:55}}
Jul 30 13:33:44.611027 np0000006131 devstack@placement-api.service[93138]: DEBUG placement.objects.research_context [req-34021f50-1b49-4870-b9aa-df9f872824c4 req-9b9ef54a-aaa1-4d63-bb4a-fe6da218f294 service nova] getting providers with 1 DISK_GB {{(pid=93138) __init__ /opt/stack/placement/placement/objects/research_context.py:137}}
Jul 30 13:33:44.614325 np0000006131 devstack@placement-api.service[93135]: DEBUG placement.objects.research_context [req-186f0d29-b5ee-4556-bbed-5c88f9791f07 req-620d80ce-18dc-472b-aca0-e038b534f9da service nova] getting providers with 192 MEMORY_MB {{(pid=93135) __init__ /opt/stack/placement/placement/objects/research_context.py:137}}
Jul 30 13:33:44.617511 np0000006131 devstack@placement-api.service[93138]: DEBUG placement.objects.research_context [req-34021f50-1b49-4870-b9aa-df9f872824c4 req-9b9ef54a-aaa1-4d63-bb4a-fe6da218f294 service nova] getting providers with 192 MEMORY_MB {{(pid=93138) __init__ /opt/stack/placement/placement/objects/research_context.py:137}}
Jul 30 13:33:44.620209 np0000006131 devstack@placement-api.service[93135]: DEBUG placement.objects.research_context [req-186f0d29-b5ee-4556-bbed-5c88f9791f07 req-620d80ce-18dc-472b-aca0-e038b534f9da service nova] getting providers with 1 VCPU {{(pid=93135) __init__ /opt/stack/placement/placement/objects/research_context.py:137}}
Jul 30 13:33:44.620360 np0000006131 devstack@placement-api.service[93138]: DEBUG placement.objects.research_context [req-34021f50-1b49-4870-b9aa-df9f872824c4 req-9b9ef54a-aaa1-4d63-bb4a-fe6da218f294 service nova] getting providers with 1 VCPU {{(pid=93138) __init__ /opt/stack/placement/placement/objects/research_context.py:137}}
Jul 30 13:33:44.624669 np0000006131 devstack@placement-api.service[93138]: DEBUG placement.objects.research_context [req-34021f50-1b49-4870-b9aa-df9f872824c4 req-9b9ef54a-aaa1-4d63-bb4a-fe6da218f294 service nova] found 1 providers with available 1 DISK_GB {{(pid=93138) get_provider_ids_matching /opt/stack/placement/placement/objects/research_context.py:566}}
Jul 30 13:33:44.624814 np0000006131 devstack@placement-api.service[93138]: DEBUG placement.objects.research_context [req-34021f50-1b49-4870-b9aa-df9f872824c4 req-9b9ef54a-aaa1-4d63-bb4a-fe6da218f294 service nova] found 1 providers with available 192 MEMORY_MB {{(pid=93138) get_provider_ids_matching /opt/stack/placement/placement/objects/research_context.py:566}}
Jul 30 13:33:44.624900 np0000006131 devstack@placement-api.service[93138]: DEBUG placement.objects.research_context [req-34021f50-1b49-4870-b9aa-df9f872824c4 req-9b9ef54a-aaa1-4d63-bb4a-fe6da218f294 service nova] found 1 providers after filtering by previous result {{(pid=93138) get_provider_ids_matching /opt/stack/placement/placement/objects/research_context.py:597}}
Jul 30 13:33:44.625031 np0000006131 devstack@placement-api.service[93138]: DEBUG placement.objects.research_context [req-34021f50-1b49-4870-b9aa-df9f872824c4 req-9b9ef54a-aaa1-4d63-bb4a-fe6da218f294 service nova] found 1 providers with available 1 VCPU {{(pid=93138) get_provider_ids_matching /opt/stack/placement/placement/objects/research_context.py:566}}
Jul 30 13:33:44.625118 np0000006131 devstack@placement-api.service[93138]: DEBUG placement.objects.research_context [req-34021f50-1b49-4870-b9aa-df9f872824c4 req-9b9ef54a-aaa1-4d63-bb4a-fe6da218f294 service nova] found 1 providers after filtering by previous result {{(pid=93138) get_provider_ids_matching /opt/stack/placement/placement/objects/research_context.py:597}}
Jul 30 13:33:44.626875 np0000006131 devstack@placement-api.service[93135]: DEBUG placement.objects.research_context [req-186f0d29-b5ee-4556-bbed-5c88f9791f07 req-620d80ce-18dc-472b-aca0-e038b534f9da service nova] found 1 providers with available 192 MEMORY_MB {{(pid=93135) get_provider_ids_matching /opt/stack/placement/placement/objects/research_context.py:566}}
Jul 30 13:33:44.627878 np0000006131 devstack@placement-api.service[93135]: DEBUG placement.objects.research_context [req-186f0d29-b5ee-4556-bbed-5c88f9791f07 req-620d80ce-18dc-472b-aca0-e038b534f9da service nova] found 1 providers with available 1 VCPU {{(pid=93135) get_provider_ids_matching /opt/stack/placement/placement/objects/research_context.py:566}}
Jul 30 13:33:44.627878 np0000006131 devstack@placement-api.service[93135]: DEBUG placement.objects.research_context [req-186f0d29-b5ee-4556-bbed-5c88f9791f07 req-620d80ce-18dc-472b-aca0-e038b534f9da service nova] found 1 providers after filtering by previous result {{(pid=93135) get_provider_ids_matching /opt/stack/placement/placement/objects/research_context.py:597}}
Jul 30 13:33:44.633531 np0000006131 devstack@placement-api.service[93138]: DEBUG placement.objects.allocation_candidate [req-34021f50-1b49-4870-b9aa-df9f872824c4 req-9b9ef54a-aaa1-4d63-bb4a-fe6da218f294 service nova] RequestGroup(use_same_provider=False, resources={DISK_GB:1, MEMORY_MB:192, VCPU:1}, traits=(), aggregates=[]) (suffix '') returned 1 matches {{(pid=93138) _get_by_requests /opt/stack/placement/placement/objects/allocation_candidate.py:158}}
Jul 30 13:33:44.633818 np0000006131 devstack@placement-api.service[93138]: DEBUG placement.objects.allocation_candidate [req-34021f50-1b49-4870-b9aa-df9f872824c4 req-9b9ef54a-aaa1-4d63-bb4a-fe6da218f294 service nova] Merging candidates yields 1 allocation requests and 1 provider summaries {{(pid=93138) _merge_candidates /opt/stack/placement/placement/objects/allocation_candidate.py:973}}
Jul 30 13:33:44.636828 np0000006131 devstack@placement-api.service[93138]: INFO placement.requestlog [req-34021f50-1b49-4870-b9aa-df9f872824c4 req-9b9ef54a-aaa1-4d63-bb4a-fe6da218f294 service nova] 10.4.3.243 "GET /placement/allocation_candidates?limit=1000&resources=DISK_GB%3A1%2CMEMORY_MB%3A192%2CVCPU%3A1&root_required=%21COMPUTE_STATUS_DISABLED" status: 200 len: 2495 microversion: 1.36
Jul 30 13:33:44.636995 np0000006131 devstack@placement-api.service[93138]: [pid: 93138|app: 0|req: 130/519] 10.4.3.243 () {68 vars in 1625 bytes} [Thu Jul 30 13:33:44 2026] GET /placement/allocation_candidates?limit=1000&resources=DISK_GB%3A1%2CMEMORY_MB%3A192%2CVCPU%3A1&root_required=%21COMPUTE_STATUS_DISABLED => generated 2495 bytes in 54 msecs (HTTP/1.1 200) 8 headers in 297 bytes (1 switches on core 0)
Jul 30 13:33:44.642489 np0000006131 devstack@placement-api.service[93135]: DEBUG placement.objects.allocation_candidate [req-186f0d29-b5ee-4556-bbed-5c88f9791f07 req-620d80ce-18dc-472b-aca0-e038b534f9da service nova] RequestGroup(use_same_provider=False, resources={MEMORY_MB:192, VCPU:1}, traits=(), aggregates=[]) (suffix '') returned 1 matches {{(pid=93135) _get_by_requests /opt/stack/placement/placement/objects/allocation_candidate.py:158}}
Jul 30 13:33:44.643102 np0000006131 devstack@placement-api.service[93135]: DEBUG placement.objects.allocation_candidate [req-186f0d29-b5ee-4556-bbed-5c88f9791f07 req-620d80ce-18dc-472b-aca0-e038b534f9da service nova] Merging candidates yields 1 allocation requests and 1 provider summaries {{(pid=93135) _merge_candidates /opt/stack/placement/placement/objects/allocation_candidate.py:973}}
Jul 30 13:33:44.644412 np0000006131 devstack@placement-api.service[93135]: INFO placement.requestlog [req-186f0d29-b5ee-4556-bbed-5c88f9791f07 req-620d80ce-18dc-472b-aca0-e038b534f9da service nova] 10.4.3.243 "GET /placement/allocation_candidates?limit=1000&resources=MEMORY_MB%3A192%2CVCPU%3A1&root_required=%21COMPUTE_STATUS_DISABLED" status: 200 len: 2481 microversion: 1.36
Jul 30 13:33:44.644712 np0000006131 devstack@placement-api.service[93135]: [pid: 93135|app: 0|req: 132/520] 10.4.3.243 () {68 vars in 1597 bytes} [Thu Jul 30 13:33:44 2026] GET /placement/allocation_candidates?limit=1000&resources=MEMORY_MB%3A192%2CVCPU%3A1&root_required=%21COMPUTE_STATUS_DISABLED => generated 2481 bytes in 70 msecs (HTTP/1.1 200) 8 headers in 297 bytes (1 switches on core 0)
Jul 30 13:33:44.715531 np0000006131 devstack@placement-api.service[93137]: DEBUG placement.requestlog [req-186f0d29-b5ee-4556-bbed-5c88f9791f07 req-4456ecf3-73e4-4ac2-b8be-0bf2f3cba167 None None] Starting request: 10.4.3.243 "GET /placement/allocations/8e3d3190-80de-4719-8b9b-44f13ee42cd6" {{(pid=93137) __call__ /opt/stack/placement/placement/requestlog.py:55}}
Jul 30 13:33:44.725308 np0000006131 devstack@placement-api.service[93137]: INFO placement.requestlog [req-186f0d29-b5ee-4556-bbed-5c88f9791f07 req-4456ecf3-73e4-4ac2-b8be-0bf2f3cba167 service nova] 10.4.3.243 "GET /placement/allocations/8e3d3190-80de-4719-8b9b-44f13ee42cd6" status: 200 len: 19 microversion: 1.28
Jul 30 13:33:44.725604 np0000006131 devstack@placement-api.service[93137]: [pid: 93137|app: 0|req: 129/521] 10.4.3.243 () {68 vars in 1501 bytes} [Thu Jul 30 13:33:44 2026] GET /placement/allocations/8e3d3190-80de-4719-8b9b-44f13ee42cd6 => generated 19 bytes in 10 msecs (HTTP/1.1 200) 8 headers in 295 bytes (1 switches on core 0)
Jul 30 13:33:44.736214 np0000006131 devstack@placement-api.service[93136]: DEBUG placement.requestlog [req-34021f50-1b49-4870-b9aa-df9f872824c4 req-d6e4743c-7823-4b33-8491-ed089516e4d9 None None] Starting request: 10.4.3.243 "GET /placement/allocations/61c0dc16-6945-481d-a4dd-050fb523eb0f" {{(pid=93136) __call__ /opt/stack/placement/placement/requestlog.py:55}}
Jul 30 13:33:44.746967 np0000006131 devstack@placement-api.service[93136]: INFO placement.requestlog [req-34021f50-1b49-4870-b9aa-df9f872824c4 req-d6e4743c-7823-4b33-8491-ed089516e4d9 service nova] 10.4.3.243 "GET /placement/allocations/61c0dc16-6945-481d-a4dd-050fb523eb0f" status: 200 len: 19 microversion: 1.28
Jul 30 13:33:44.747222 np0000006131 devstack@placement-api.service[93136]: [pid: 93136|app: 0|req: 131/522] 10.4.3.243 () {68 vars in 1501 bytes} [Thu Jul 30 13:33:44 2026] GET /placement/allocations/61c0dc16-6945-481d-a4dd-050fb523eb0f => generated 19 bytes in 11 msecs (HTTP/1.1 200) 8 headers in 295 bytes (1 switches on core 0)
Jul 30 13:33:44.781145 np0000006131 devstack@placement-api.service[93138]: DEBUG placement.requestlog [req-186f0d29-b5ee-4556-bbed-5c88f9791f07 req-b59ab9c7-390d-4d5d-9c07-bd8cb99c5c4f None None] Starting request: 10.4.3.243 "PUT /placement/allocations/8e3d3190-80de-4719-8b9b-44f13ee42cd6" {{(pid=93138) __call__ /opt/stack/placement/placement/requestlog.py:55}}
Jul 30 13:33:44.791068 np0000006131 devstack@placement-api.service[93135]: DEBUG placement.requestlog [req-34021f50-1b49-4870-b9aa-df9f872824c4 req-d37687de-8ec2-43e7-b377-4ac1ac8d7ef7 None None] Starting request: 10.4.3.243 "PUT /placement/allocations/61c0dc16-6945-481d-a4dd-050fb523eb0f" {{(pid=93135) __call__ /opt/stack/placement/placement/requestlog.py:55}}
Jul 30 13:33:44.854581 np0000006131 devstack@placement-api.service[93138]: DEBUG placement.handlers.allocation [req-186f0d29-b5ee-4556-bbed-5c88f9791f07 req-b59ab9c7-390d-4d5d-9c07-bd8cb99c5c4f service nova] Successfully wrote allocations [, ] {{(pid=93138) _update_consumers_and_create_allocations /opt/stack/placement/placement/handlers/allocation.py:462}}
Jul 30 13:33:44.859414 np0000006131 devstack@placement-api.service[93138]: INFO placement.requestlog [req-186f0d29-b5ee-4556-bbed-5c88f9791f07 req-b59ab9c7-390d-4d5d-9c07-bd8cb99c5c4f service nova] 10.4.3.243 "PUT /placement/allocations/8e3d3190-80de-4719-8b9b-44f13ee42cd6" status: 204 len: 0 microversion: 1.36
Jul 30 13:33:44.859641 np0000006131 devstack@placement-api.service[93138]: [pid: 93138|app: 0|req: 131/523] 10.4.3.243 () {72 vars in 1554 bytes} [Thu Jul 30 13:33:44 2026] PUT /placement/allocations/8e3d3190-80de-4719-8b9b-44f13ee42cd6 => generated 0 bytes in 79 msecs (HTTP/1.1 204) 5 headers in 199 bytes (1 switches on core 0)
Jul 30 13:33:44.878208 np0000006131 devstack@placement-api.service[93135]: DEBUG placement.objects.allocation [req-34021f50-1b49-4870-b9aa-df9f872824c4 req-d37687de-8ec2-43e7-b377-4ac1ac8d7ef7 service nova] Retrying allocations write on resource provider generation conflict {{(pid=93135) replace_all /opt/stack/placement/placement/objects/allocation.py:566}}
Jul 30 13:33:44.947712 np0000006131 devstack@placement-api.service[93135]: DEBUG placement.handlers.allocation [req-34021f50-1b49-4870-b9aa-df9f872824c4 req-d37687de-8ec2-43e7-b377-4ac1ac8d7ef7 service nova] Successfully wrote allocations [, , ] {{(pid=93135) _update_consumers_and_create_allocations /opt/stack/placement/placement/handlers/allocation.py:462}}
Jul 30 13:33:44.957418 np0000006131 devstack@placement-api.service[93135]: INFO placement.requestlog [req-34021f50-1b49-4870-b9aa-df9f872824c4 req-d37687de-8ec2-43e7-b377-4ac1ac8d7ef7 service nova] 10.4.3.243 "PUT /placement/allocations/61c0dc16-6945-481d-a4dd-050fb523eb0f" status: 204 len: 0 microversion: 1.36
Jul 30 13:33:44.957637 np0000006131 devstack@placement-api.service[93135]: [pid: 93135|app: 0|req: 133/524] 10.4.3.243 () {72 vars in 1554 bytes} [Thu Jul 30 13:33:44 2026] PUT /placement/allocations/61c0dc16-6945-481d-a4dd-050fb523eb0f => generated 0 bytes in 167 msecs (HTTP/1.1 204) 5 headers in 199 bytes (1 switches on core 0)
Jul 30 13:33:45.397811 np0000006131 devstack@placement-api.service[93137]: DEBUG placement.requestlog [req-186f0d29-b5ee-4556-bbed-5c88f9791f07 req-a39225d4-a94a-4410-a3f4-4d0747e9f219 None None] Starting request: 10.4.3.243 "GET /placement/allocations/8e3d3190-80de-4719-8b9b-44f13ee42cd6" {{(pid=93137) __call__ /opt/stack/placement/placement/requestlog.py:55}}
Jul 30 13:33:45.409103 np0000006131 devstack@placement-api.service[93136]: DEBUG placement.requestlog [req-34021f50-1b49-4870-b9aa-df9f872824c4 req-c18501c0-a8c7-43ed-8b7f-90e0f22f2f01 None None] Starting request: 10.4.3.243 "GET /placement/allocations/61c0dc16-6945-481d-a4dd-050fb523eb0f" {{(pid=93136) __call__ /opt/stack/placement/placement/requestlog.py:55}}
Jul 30 13:33:45.519158 np0000006131 devstack@placement-api.service[93137]: INFO placement.requestlog [req-186f0d29-b5ee-4556-bbed-5c88f9791f07 req-a39225d4-a94a-4410-a3f4-4d0747e9f219 service nova] 10.4.3.243 "GET /placement/allocations/8e3d3190-80de-4719-8b9b-44f13ee42cd6" status: 200 len: 244 microversion: 1.28
Jul 30 13:33:45.519345 np0000006131 devstack@placement-api.service[93137]: [pid: 93137|app: 0|req: 130/525] 10.4.3.243 () {68 vars in 1499 bytes} [Thu Jul 30 13:33:45 2026] GET /placement/allocations/8e3d3190-80de-4719-8b9b-44f13ee42cd6 => generated 244 bytes in 122 msecs (HTTP/1.1 200) 8 headers in 296 bytes (1 switches on core 0)
Jul 30 13:33:45.674641 np0000006131 devstack@placement-api.service[93138]: DEBUG placement.requestlog [req-186f0d29-b5ee-4556-bbed-5c88f9791f07 req-5841d699-e42d-4a06-812c-ed4a1c6ecb34 None None] Starting request: 10.4.3.243 "GET /placement/resource_providers?in_tree=12f7ef6d-875f-4709-a0cc-48def81908ce" {{(pid=93138) __call__ /opt/stack/placement/placement/requestlog.py:55}}
Jul 30 13:33:45.696722 np0000006131 devstack@placement-api.service[93138]: INFO placement.requestlog [req-186f0d29-b5ee-4556-bbed-5c88f9791f07 req-5841d699-e42d-4a06-812c-ed4a1c6ecb34 service nova] 10.4.3.243 "GET /placement/resource_providers?in_tree=12f7ef6d-875f-4709-a0cc-48def81908ce" status: 200 len: 862 microversion: 1.14
Jul 30 13:33:45.697026 np0000006131 devstack@placement-api.service[93138]: [pid: 93138|app: 0|req: 132/526] 10.4.3.243 () {68 vars in 1498 bytes} [Thu Jul 30 13:33:45 2026] GET /placement/resource_providers?in_tree=12f7ef6d-875f-4709-a0cc-48def81908ce => generated 862 bytes in 22 msecs (HTTP/1.1 200) 6 headers in 225 bytes (1 switches on core 0)
Jul 30 13:33:45.716795 np0000006131 devstack@placement-api.service[93136]: INFO placement.requestlog [req-34021f50-1b49-4870-b9aa-df9f872824c4 req-c18501c0-a8c7-43ed-8b7f-90e0f22f2f01 service nova] 10.4.3.243 "GET /placement/allocations/61c0dc16-6945-481d-a4dd-050fb523eb0f" status: 200 len: 258 microversion: 1.28
Jul 30 13:33:45.717274 np0000006131 devstack@placement-api.service[93136]: [pid: 93136|app: 0|req: 132/527] 10.4.3.243 () {68 vars in 1499 bytes} [Thu Jul 30 13:33:45 2026] GET /placement/allocations/61c0dc16-6945-481d-a4dd-050fb523eb0f => generated 258 bytes in 308 msecs (HTTP/1.1 200) 8 headers in 296 bytes (1 switches on core 0)
Jul 30 13:33:45.754938 np0000006131 devstack@placement-api.service[93135]: DEBUG placement.requestlog [req-186f0d29-b5ee-4556-bbed-5c88f9791f07 req-be0a87f7-8451-4507-b4de-9b075a63c4de None None] Starting request: 10.4.3.243 "GET /placement/resource_providers/12f7ef6d-875f-4709-a0cc-48def81908ce/inventories" {{(pid=93135) __call__ /opt/stack/placement/placement/requestlog.py:55}}
Jul 30 13:33:45.770935 np0000006131 devstack@placement-api.service[93135]: INFO placement.requestlog [req-186f0d29-b5ee-4556-bbed-5c88f9791f07 req-be0a87f7-8451-4507-b4de-9b075a63c4de service nova] 10.4.3.243 "GET /placement/resource_providers/12f7ef6d-875f-4709-a0cc-48def81908ce/inventories" status: 200 len: 399 microversion: 1.0
Jul 30 13:33:45.771260 np0000006131 devstack@placement-api.service[93135]: [pid: 93135|app: 0|req: 134/528] 10.4.3.243 () {66 vars in 1512 bytes} [Thu Jul 30 13:33:45 2026] GET /placement/resource_providers/12f7ef6d-875f-4709-a0cc-48def81908ce/inventories => generated 399 bytes in 16 msecs (HTTP/1.1 200) 6 headers in 224 bytes (1 switches on core 0)
Jul 30 13:33:45.806311 np0000006131 devstack@placement-api.service[93137]: DEBUG placement.requestlog [req-186f0d29-b5ee-4556-bbed-5c88f9791f07 req-b3dc512b-d027-41f9-a67f-85d723a8bf24 None None] Starting request: 10.4.3.243 "GET /placement/resource_providers/12f7ef6d-875f-4709-a0cc-48def81908ce/aggregates" {{(pid=93137) __call__ /opt/stack/placement/placement/requestlog.py:55}}
Jul 30 13:33:45.817073 np0000006131 devstack@placement-api.service[93137]: INFO placement.requestlog [req-186f0d29-b5ee-4556-bbed-5c88f9791f07 req-b3dc512b-d027-41f9-a67f-85d723a8bf24 service nova] 10.4.3.243 "GET /placement/resource_providers/12f7ef6d-875f-4709-a0cc-48def81908ce/aggregates" status: 200 len: 54 microversion: 1.19
Jul 30 13:33:45.817245 np0000006131 devstack@placement-api.service[93137]: [pid: 93137|app: 0|req: 131/529] 10.4.3.243 () {68 vars in 1553 bytes} [Thu Jul 30 13:33:45 2026] GET /placement/resource_providers/12f7ef6d-875f-4709-a0cc-48def81908ce/aggregates => generated 54 bytes in 11 msecs (HTTP/1.1 200) 8 headers in 295 bytes (1 switches on core 0)
Jul 30 13:33:45.860767 np0000006131 devstack@placement-api.service[93138]: DEBUG placement.requestlog [req-186f0d29-b5ee-4556-bbed-5c88f9791f07 req-edf30b0d-39eb-4251-b265-d5b575dd4129 None None] Starting request: 10.4.3.243 "GET /placement/resource_providers/12f7ef6d-875f-4709-a0cc-48def81908ce/traits" {{(pid=93138) __call__ /opt/stack/placement/placement/requestlog.py:55}}
Jul 30 13:33:45.885324 np0000006131 devstack@placement-api.service[93138]: INFO placement.requestlog [req-186f0d29-b5ee-4556-bbed-5c88f9791f07 req-edf30b0d-39eb-4251-b265-d5b575dd4129 service nova] 10.4.3.243 "GET /placement/resource_providers/12f7ef6d-875f-4709-a0cc-48def81908ce/traits" status: 200 len: 2027 microversion: 1.6
Jul 30 13:33:45.885324 np0000006131 devstack@placement-api.service[93138]: [pid: 93138|app: 0|req: 133/530] 10.4.3.243 () {68 vars in 1540 bytes} [Thu Jul 30 13:33:45 2026] GET /placement/resource_providers/12f7ef6d-875f-4709-a0cc-48def81908ce/traits => generated 2027 bytes in 25 msecs (HTTP/1.1 200) 6 headers in 225 bytes (1 switches on core 0)
Jul 30 13:33:45.948943 np0000006131 devstack@placement-api.service[93136]: DEBUG placement.requestlog [req-186f0d29-b5ee-4556-bbed-5c88f9791f07 req-bd5f539d-13cc-4c95-98d4-707ae01be7da None None] Starting request: 10.4.3.243 "GET /placement/resource_providers/12f7ef6d-875f-4709-a0cc-48def81908ce/allocations" {{(pid=93136) __call__ /opt/stack/placement/placement/requestlog.py:55}}
Jul 30 13:33:45.973432 np0000006131 devstack@placement-api.service[93136]: INFO placement.requestlog [req-186f0d29-b5ee-4556-bbed-5c88f9791f07 req-bd5f539d-13cc-4c95-98d4-707ae01be7da service nova] 10.4.3.243 "GET /placement/resource_providers/12f7ef6d-875f-4709-a0cc-48def81908ce/allocations" status: 200 len: 1497 microversion: 1.0
Jul 30 13:33:45.973432 np0000006131 devstack@placement-api.service[93136]: [pid: 93136|app: 0|req: 133/531] 10.4.3.243 () {66 vars in 1512 bytes} [Thu Jul 30 13:33:45 2026] GET /placement/resource_providers/12f7ef6d-875f-4709-a0cc-48def81908ce/allocations => generated 1497 bytes in 27 msecs (HTTP/1.1 200) 6 headers in 225 bytes (1 switches on core 0)
Jul 30 13:33:46.042215 np0000006131 devstack@placement-api.service[93135]: DEBUG placement.requestlog [req-186f0d29-b5ee-4556-bbed-5c88f9791f07 req-5bab9743-ff06-444e-ac14-fbaef2ac5c78 None None] Starting request: 10.4.3.243 "GET /placement/allocations/5e91a506-54ad-4863-99b2-2a1cbc85c5c1" {{(pid=93135) __call__ /opt/stack/placement/placement/requestlog.py:55}}
Jul 30 13:33:46.057241 np0000006131 devstack@placement-api.service[93135]: INFO placement.requestlog [req-186f0d29-b5ee-4556-bbed-5c88f9791f07 req-5bab9743-ff06-444e-ac14-fbaef2ac5c78 service nova] 10.4.3.243 "GET /placement/allocations/5e91a506-54ad-4863-99b2-2a1cbc85c5c1" status: 200 len: 258 microversion: 1.28
Jul 30 13:33:46.057241 np0000006131 devstack@placement-api.service[93135]: [pid: 93135|app: 0|req: 135/532] 10.4.3.243 () {68 vars in 1499 bytes} [Thu Jul 30 13:33:46 2026] GET /placement/allocations/5e91a506-54ad-4863-99b2-2a1cbc85c5c1 => generated 258 bytes in 15 msecs (HTTP/1.1 200) 8 headers in 296 bytes (1 switches on core 0)
Jul 30 13:33:46.115404 np0000006131 devstack@placement-api.service[93137]: DEBUG placement.requestlog [req-186f0d29-b5ee-4556-bbed-5c88f9791f07 req-2727cb2b-28f4-4162-979f-6647119bef18 None None] Starting request: 10.4.3.243 "GET /placement/allocations/f8cc6e16-904d-456a-92d8-3b5a5d11d849" {{(pid=93137) __call__ /opt/stack/placement/placement/requestlog.py:55}}
Jul 30 13:33:46.136905 np0000006131 devstack@placement-api.service[93137]: INFO placement.requestlog [req-186f0d29-b5ee-4556-bbed-5c88f9791f07 req-2727cb2b-28f4-4162-979f-6647119bef18 service nova] 10.4.3.243 "GET /placement/allocations/f8cc6e16-904d-456a-92d8-3b5a5d11d849" status: 200 len: 258 microversion: 1.28
Jul 30 13:33:46.137287 np0000006131 devstack@placement-api.service[93137]: [pid: 93137|app: 0|req: 132/533] 10.4.3.243 () {68 vars in 1499 bytes} [Thu Jul 30 13:33:46 2026] GET /placement/allocations/f8cc6e16-904d-456a-92d8-3b5a5d11d849 => generated 258 bytes in 23 msecs (HTTP/1.1 200) 8 headers in 296 bytes (1 switches on core 0)
Jul 30 13:33:46.182231 np0000006131 devstack@placement-api.service[93138]: DEBUG placement.requestlog [req-186f0d29-b5ee-4556-bbed-5c88f9791f07 req-78abc5f1-18d0-4a67-8fb0-9a18c75ae909 None None] Starting request: 10.4.3.243 "GET /placement/allocations/367bf32f-ca8a-4a79-993c-896ca0e53986" {{(pid=93138) __call__ /opt/stack/placement/placement/requestlog.py:55}}
Jul 30 13:33:46.191698 np0000006131 devstack@placement-api.service[93138]: INFO placement.requestlog [req-186f0d29-b5ee-4556-bbed-5c88f9791f07 req-78abc5f1-18d0-4a67-8fb0-9a18c75ae909 service nova] 10.4.3.243 "GET /placement/allocations/367bf32f-ca8a-4a79-993c-896ca0e53986" status: 200 len: 258 microversion: 1.28
Jul 30 13:33:46.191843 np0000006131 devstack@placement-api.service[93138]: [pid: 93138|app: 0|req: 134/534] 10.4.3.243 () {68 vars in 1499 bytes} [Thu Jul 30 13:33:46 2026] GET /placement/allocations/367bf32f-ca8a-4a79-993c-896ca0e53986 => generated 258 bytes in 10 msecs (HTTP/1.1 200) 8 headers in 296 bytes (1 switches on core 0)
Jul 30 13:33:46.231250 np0000006131 devstack@placement-api.service[93136]: DEBUG placement.requestlog [req-186f0d29-b5ee-4556-bbed-5c88f9791f07 req-8fdc18dd-ba6a-478a-8605-77b150bec803 None None] Starting request: 10.4.3.243 "GET /placement/allocations/87917ac1-f7ba-4106-a74f-8a9ddc0b34aa" {{(pid=93136) __call__ /opt/stack/placement/placement/requestlog.py:55}}
Jul 30 13:33:46.245835 np0000006131 devstack@placement-api.service[93136]: INFO placement.requestlog [req-186f0d29-b5ee-4556-bbed-5c88f9791f07 req-8fdc18dd-ba6a-478a-8605-77b150bec803 service nova] 10.4.3.243 "GET /placement/allocations/87917ac1-f7ba-4106-a74f-8a9ddc0b34aa" status: 200 len: 258 microversion: 1.28
Jul 30 13:33:46.246561 np0000006131 devstack@placement-api.service[93136]: [pid: 93136|app: 0|req: 134/535] 10.4.3.243 () {68 vars in 1499 bytes} [Thu Jul 30 13:33:46 2026] GET /placement/allocations/87917ac1-f7ba-4106-a74f-8a9ddc0b34aa => generated 258 bytes in 15 msecs (HTTP/1.1 200) 8 headers in 296 bytes (1 switches on core 0)
Jul 30 13:33:46.296398 np0000006131 devstack@placement-api.service[93135]: DEBUG placement.requestlog [req-186f0d29-b5ee-4556-bbed-5c88f9791f07 req-31113e6a-70d7-48e7-961d-724d40f549c1 None None] Starting request: 10.4.3.243 "GET /placement/allocations/07b15e6c-6672-420b-bf63-7c577025ecd0" {{(pid=93135) __call__ /opt/stack/placement/placement/requestlog.py:55}}
Jul 30 13:33:46.309415 np0000006131 devstack@placement-api.service[93135]: INFO placement.requestlog [req-186f0d29-b5ee-4556-bbed-5c88f9791f07 req-31113e6a-70d7-48e7-961d-724d40f549c1 service nova] 10.4.3.243 "GET /placement/allocations/07b15e6c-6672-420b-bf63-7c577025ecd0" status: 200 len: 258 microversion: 1.28
Jul 30 13:33:46.309829 np0000006131 devstack@placement-api.service[93135]: [pid: 93135|app: 0|req: 136/536] 10.4.3.243 () {68 vars in 1499 bytes} [Thu Jul 30 13:33:46 2026] GET /placement/allocations/07b15e6c-6672-420b-bf63-7c577025ecd0 => generated 258 bytes in 13 msecs (HTTP/1.1 200) 8 headers in 296 bytes (1 switches on core 0)
Jul 30 13:33:46.352594 np0000006131 devstack@placement-api.service[93137]: DEBUG placement.requestlog [req-186f0d29-b5ee-4556-bbed-5c88f9791f07 req-cdb16bce-e256-4cbf-981a-9d348bd3b314 None None] Starting request: 10.4.3.243 "GET /placement/allocations/4195e5b9-7311-4d3e-9653-da3d046827d2" {{(pid=93137) __call__ /opt/stack/placement/placement/requestlog.py:55}}
Jul 30 13:33:46.376220 np0000006131 devstack@placement-api.service[93137]: INFO placement.requestlog [req-186f0d29-b5ee-4556-bbed-5c88f9791f07 req-cdb16bce-e256-4cbf-981a-9d348bd3b314 service nova] 10.4.3.243 "GET /placement/allocations/4195e5b9-7311-4d3e-9653-da3d046827d2" status: 200 len: 258 microversion: 1.28
Jul 30 13:33:46.378639 np0000006131 devstack@placement-api.service[93137]: [pid: 93137|app: 0|req: 133/537] 10.4.3.243 () {68 vars in 1499 bytes} [Thu Jul 30 13:33:46 2026] GET /placement/allocations/4195e5b9-7311-4d3e-9653-da3d046827d2 => generated 258 bytes in 24 msecs (HTTP/1.1 200) 8 headers in 296 bytes (1 switches on core 0)
Jul 30 13:33:46.425202 np0000006131 devstack@placement-api.service[93138]: DEBUG placement.requestlog [req-186f0d29-b5ee-4556-bbed-5c88f9791f07 req-c4f42fd0-5d27-48a9-840c-52c569b04ce8 None None] Starting request: 10.4.3.243 "GET /placement/allocations/97474945-f546-459e-8560-ebe8d1837df9" {{(pid=93138) __call__ /opt/stack/placement/placement/requestlog.py:55}}
Jul 30 13:33:46.440004 np0000006131 devstack@placement-api.service[93138]: INFO placement.requestlog [req-186f0d29-b5ee-4556-bbed-5c88f9791f07 req-c4f42fd0-5d27-48a9-840c-52c569b04ce8 service nova] 10.4.3.243 "GET /placement/allocations/97474945-f546-459e-8560-ebe8d1837df9" status: 200 len: 258 microversion: 1.28
Jul 30 13:33:46.440288 np0000006131 devstack@placement-api.service[93138]: [pid: 93138|app: 0|req: 135/538] 10.4.3.243 () {68 vars in 1499 bytes} [Thu Jul 30 13:33:46 2026] GET /placement/allocations/97474945-f546-459e-8560-ebe8d1837df9 => generated 258 bytes in 15 msecs (HTTP/1.1 200) 8 headers in 296 bytes (1 switches on core 0)
Jul 30 13:33:46.490461 np0000006131 devstack@placement-api.service[93136]: DEBUG placement.requestlog [req-186f0d29-b5ee-4556-bbed-5c88f9791f07 req-b5f0e523-36ce-4466-afc8-48a72e19d295 None None] Starting request: 10.4.3.243 "GET /placement/allocations/d78fb43a-7ea9-4d60-a001-00d297306852" {{(pid=93136) __call__ /opt/stack/placement/placement/requestlog.py:55}}
Jul 30 13:33:46.501215 np0000006131 devstack@placement-api.service[93136]: INFO placement.requestlog [req-186f0d29-b5ee-4556-bbed-5c88f9791f07 req-b5f0e523-36ce-4466-afc8-48a72e19d295 service nova] 10.4.3.243 "GET /placement/allocations/d78fb43a-7ea9-4d60-a001-00d297306852" status: 200 len: 258 microversion: 1.28
Jul 30 13:33:46.501215 np0000006131 devstack@placement-api.service[93136]: [pid: 93136|app: 0|req: 135/539] 10.4.3.243 () {68 vars in 1499 bytes} [Thu Jul 30 13:33:46 2026] GET /placement/allocations/d78fb43a-7ea9-4d60-a001-00d297306852 => generated 258 bytes in 10 msecs (HTTP/1.1 200) 8 headers in 296 bytes (1 switches on core 0)
Jul 30 13:33:46.546281 np0000006131 devstack@placement-api.service[93135]: DEBUG placement.requestlog [req-186f0d29-b5ee-4556-bbed-5c88f9791f07 req-a64a248b-c087-48f6-851c-3fc71ef882aa None None] Starting request: 10.4.3.243 "GET /placement/allocations/90a5a98e-0f96-4afc-9ccd-207e87d2d116" {{(pid=93135) __call__ /opt/stack/placement/placement/requestlog.py:55}}
Jul 30 13:33:46.561437 np0000006131 devstack@placement-api.service[93135]: INFO placement.requestlog [req-186f0d29-b5ee-4556-bbed-5c88f9791f07 req-a64a248b-c087-48f6-851c-3fc71ef882aa service nova] 10.4.3.243 "GET /placement/allocations/90a5a98e-0f96-4afc-9ccd-207e87d2d116" status: 200 len: 244 microversion: 1.28
Jul 30 13:33:46.561756 np0000006131 devstack@placement-api.service[93135]: [pid: 93135|app: 0|req: 137/540] 10.4.3.243 () {68 vars in 1499 bytes} [Thu Jul 30 13:33:46 2026] GET /placement/allocations/90a5a98e-0f96-4afc-9ccd-207e87d2d116 => generated 244 bytes in 16 msecs (HTTP/1.1 200) 8 headers in 296 bytes (1 switches on core 0)
Jul 30 13:33:46.610042 np0000006131 devstack@placement-api.service[93137]: DEBUG placement.requestlog [req-186f0d29-b5ee-4556-bbed-5c88f9791f07 req-cae95964-4f8b-4962-aa4b-06ede55b513a None None] Starting request: 10.4.3.243 "GET /placement/allocations/df8108ce-5084-4ea3-bfbe-3468d0b14aa0" {{(pid=93137) __call__ /opt/stack/placement/placement/requestlog.py:55}}
Jul 30 13:33:46.620035 np0000006131 devstack@placement-api.service[93137]: INFO placement.requestlog [req-186f0d29-b5ee-4556-bbed-5c88f9791f07 req-cae95964-4f8b-4962-aa4b-06ede55b513a service nova] 10.4.3.243 "GET /placement/allocations/df8108ce-5084-4ea3-bfbe-3468d0b14aa0" status: 200 len: 244 microversion: 1.28
Jul 30 13:33:46.620300 np0000006131 devstack@placement-api.service[93137]: [pid: 93137|app: 0|req: 134/541] 10.4.3.243 () {68 vars in 1499 bytes} [Thu Jul 30 13:33:46 2026] GET /placement/allocations/df8108ce-5084-4ea3-bfbe-3468d0b14aa0 => generated 244 bytes in 10 msecs (HTTP/1.1 200) 8 headers in 296 bytes (1 switches on core 0)
Jul 30 13:33:46.660584 np0000006131 devstack@placement-api.service[93138]: DEBUG placement.requestlog [req-186f0d29-b5ee-4556-bbed-5c88f9791f07 req-2da4d09a-2cc7-4ae7-8e19-ca84c2742e52 None None] Starting request: 10.4.3.243 "GET /placement/allocations/8e3d3190-80de-4719-8b9b-44f13ee42cd6" {{(pid=93138) __call__ /opt/stack/placement/placement/requestlog.py:55}}
Jul 30 13:33:46.669118 np0000006131 devstack@placement-api.service[93138]: INFO placement.requestlog [req-186f0d29-b5ee-4556-bbed-5c88f9791f07 req-2da4d09a-2cc7-4ae7-8e19-ca84c2742e52 service nova] 10.4.3.243 "GET /placement/allocations/8e3d3190-80de-4719-8b9b-44f13ee42cd6" status: 200 len: 244 microversion: 1.28
Jul 30 13:33:46.669540 np0000006131 devstack@placement-api.service[93138]: [pid: 93138|app: 0|req: 136/542] 10.4.3.243 () {68 vars in 1499 bytes} [Thu Jul 30 13:33:46 2026] GET /placement/allocations/8e3d3190-80de-4719-8b9b-44f13ee42cd6 => generated 244 bytes in 9 msecs (HTTP/1.1 200) 8 headers in 296 bytes (1 switches on core 0)
Jul 30 13:33:46.707549 np0000006131 devstack@placement-api.service[93136]: DEBUG placement.requestlog [req-186f0d29-b5ee-4556-bbed-5c88f9791f07 req-22985108-e041-464e-bcd0-aff91f585ee4 None None] Starting request: 10.4.3.243 "GET /placement/allocations/bb971cba-5bb6-4f78-be68-875d6859cb19" {{(pid=93136) __call__ /opt/stack/placement/placement/requestlog.py:55}}
Jul 30 13:33:46.731933 np0000006131 devstack@placement-api.service[93136]: INFO placement.requestlog [req-186f0d29-b5ee-4556-bbed-5c88f9791f07 req-22985108-e041-464e-bcd0-aff91f585ee4 service nova] 10.4.3.243 "GET /placement/allocations/bb971cba-5bb6-4f78-be68-875d6859cb19" status: 200 len: 258 microversion: 1.28
Jul 30 13:33:46.731933 np0000006131 devstack@placement-api.service[93136]: [pid: 93136|app: 0|req: 136/543] 10.4.3.243 () {68 vars in 1499 bytes} [Thu Jul 30 13:33:46 2026] GET /placement/allocations/bb971cba-5bb6-4f78-be68-875d6859cb19 => generated 258 bytes in 15 msecs (HTTP/1.1 200) 8 headers in 296 bytes (1 switches on core 0)
Jul 30 13:33:46.770831 np0000006131 devstack@placement-api.service[93135]: DEBUG placement.requestlog [req-186f0d29-b5ee-4556-bbed-5c88f9791f07 req-464a6645-a452-44a7-ab25-efdab2b527d8 None None] Starting request: 10.4.3.243 "GET /placement/allocations/d8cf593f-a18c-46f9-9513-f57d63d1b8f1" {{(pid=93135) __call__ /opt/stack/placement/placement/requestlog.py:55}}
Jul 30 13:33:46.780657 np0000006131 devstack@placement-api.service[93135]: INFO placement.requestlog [req-186f0d29-b5ee-4556-bbed-5c88f9791f07 req-464a6645-a452-44a7-ab25-efdab2b527d8 service nova] 10.4.3.243 "GET /placement/allocations/d8cf593f-a18c-46f9-9513-f57d63d1b8f1" status: 200 len: 258 microversion: 1.28
Jul 30 13:33:46.781095 np0000006131 devstack@placement-api.service[93135]: [pid: 93135|app: 0|req: 138/544] 10.4.3.243 () {68 vars in 1499 bytes} [Thu Jul 30 13:33:46 2026] GET /placement/allocations/d8cf593f-a18c-46f9-9513-f57d63d1b8f1 => generated 258 bytes in 10 msecs (HTTP/1.1 200) 8 headers in 296 bytes (1 switches on core 0)
Jul 30 13:33:46.824349 np0000006131 devstack@placement-api.service[93137]: DEBUG placement.requestlog [req-186f0d29-b5ee-4556-bbed-5c88f9791f07 req-83c8c0f3-9d26-456a-a58d-3a71a41fbf74 None None] Starting request: 10.4.3.243 "GET /placement/allocations/61c0dc16-6945-481d-a4dd-050fb523eb0f" {{(pid=93137) __call__ /opt/stack/placement/placement/requestlog.py:55}}
