Jul 22 00:02:15.466700 np0000005612 devstack@neutron-api.service[90820]: DEBUG neutron.plugins.ml2.drivers.ovn.mech_driver.ovsdb.ovsdb_monitor [-] Hash Ring: Node 040ba8aea3245e3a8e338648001e75b1 (host: np0000005612) handling event "update" for row 03f4d9a4-7391-4d40-b679-95180a78f512 (table: Connection) {{(pid=90820) notify /opt/stack/neutron/neutron/plugins/ml2/drivers/ovn/mech_driver/ovsdb/ovsdb_monitor.py:1013}}
Jul 22 00:02:15.468529 np0000005612 devstack@neutron-api.service[90818]: DEBUG neutron.common.ovn.hash_ring_manager [-] Allow caching, nodes 4>=4 {{(pid=90818) _wait_startup_before_caching /opt/stack/neutron/neutron/common/ovn/hash_ring_manager.py:71}}
Jul 22 00:02:15.468810 np0000005612 devstack@neutron-api.service[90818]: DEBUG neutron.plugins.ml2.drivers.ovn.mech_driver.ovsdb.ovsdb_monitor [-] Hash Ring: Node cba76589ff0855fc9e7f6e3193d0f3cb (host: np0000005612) handling event "update" for row 03f4d9a4-7391-4d40-b679-95180a78f512 (table: Connection) {{(pid=90818) notify /opt/stack/neutron/neutron/plugins/ml2/drivers/ovn/mech_driver/ovsdb/ovsdb_monitor.py:1013}}
Jul 22 00:02:17.965766 np0000005612 devstack@neutron-api.service[90818]: DEBUG neutron.plugins.ml2.drivers.ovn.mech_driver.ovsdb.ovsdb_monitor [-] Hash Ring: Node cba76589ff0855fc9e7f6e3193d0f3cb (host: np0000005612) handling event "update" for row 03f4d9a4-7391-4d40-b679-95180a78f512 (table: Connection) {{(pid=90818) notify /opt/stack/neutron/neutron/plugins/ml2/drivers/ovn/mech_driver/ovsdb/ovsdb_monitor.py:1013}}
Jul 22 00:02:17.966774 np0000005612 devstack@neutron-api.service[90820]: DEBUG neutron.plugins.ml2.drivers.ovn.mech_driver.ovsdb.ovsdb_monitor [-] Hash Ring: Node 040ba8aea3245e3a8e338648001e75b1 (host: np0000005612) handling event "update" for row 03f4d9a4-7391-4d40-b679-95180a78f512 (table: Connection) {{(pid=90820) notify /opt/stack/neutron/neutron/plugins/ml2/drivers/ovn/mech_driver/ovsdb/ovsdb_monitor.py:1013}}
Jul 22 00:02:18.339667 np0000005612 devstack@neutron-api.service[90818]: DEBUG neutron.api.wsgi [None req-e908fc82-dd69-4176-8481-b94a1698aedc admin admin] Missing Content-Type {{(pid=90818) get_content_type /opt/stack/neutron/neutron/api/wsgi.py:80}}
Jul 22 00:02:18.340110 np0000005612 devstack@neutron-api.service[90818]: DEBUG neutron.api.wsgi [None req-e908fc82-dd69-4176-8481-b94a1698aedc admin admin] https://10.4.3.168/networking/v2.0/extensions returned with HTTP 200 {{(pid=90818) __call__ /opt/stack/neutron/neutron/api/wsgi.py:540}}
Jul 22 00:02:18.340450 np0000005612 devstack@neutron-api.service[90818]: [pid: 90818|app: 0|req: 2/2] 10.4.3.168 () {64 vars in 1292 bytes} [Wed Jul 22 00:02:17 2026] GET /networking/v2.0/extensions => generated 16171 bytes in 575 msecs (HTTP/1.1 200) 4 headers in 159 bytes (1 switches on core 0)
Jul 22 00:02:18.706523 np0000005612 devstack@neutron-api.service[90819]: DEBUG neutron.api.v2.base [None req-ab7a1c52-db14-40a5-8895-28bd2bb318b0 admin admin] Request body: {'subnetpool': {'is_default': True, 'name': 'shared-default-subnetpool-v4', 'default_prefixlen': 26, 'shared': True, 'prefixes': ['10.1.0.0/20']}} {{(pid=90819) prepare_request_body /opt/stack/neutron/neutron/api/v2/base.py:727}}
Jul 22 00:02:18.885546 np0000005612 devstack@neutron-api.service[90819]: DEBUG neutron.policy [None req-ab7a1c52-db14-40a5-8895-28bd2bb318b0 admin admin] Loaded default policies from ['neutron'] under neutron.policies entry points {{(pid=90819) register_rules /opt/stack/neutron/neutron/policy.py:65}}
Jul 22 00:02:19.016240 np0000005612 devstack@neutron-api.service[90819]: DEBUG neutron_lib.callbacks.manager [None req-ab7a1c52-db14-40a5-8895-28bd2bb318b0 admin admin] Publish callbacks ['neutron.objects.securitygroup.RbacNeutronDbObjectMixin.validate_rbac_policy_change-2491207514795', 'neutron.objects.address_group.RbacNeutronDbObjectMixin.validate_rbac_policy_change-2491207488120', 'neutron.objects.network.RbacNeutronDbObjectMixin.validate_rbac_policy_change-2491207148255', 'neutron.objects.qos.policy.RbacNeutronDbObjectMixin.validate_rbac_policy_change-2491207139294', 'neutron.objects.subnetpool.RbacNeutronDbObjectMixin.validate_rbac_policy_change-2491207130938', 'neutron.objects.address_scope.RbacNeutronDbObjectMixin.validate_rbac_policy_change-2491207185222', 'neutron.plugins.ml2.plugin.External_net_db_mixin._process_ext_policy_create-183493', 'neutron.plugins.ml2.plugin.NeutronDbPluginV2.validate_network_rbac_policy_change-190697'] for rbac-policy (None), before_create {{(pid=90819) _notify_loop /opt/stack/data/venv/lib/python3.12/site-packages/neutron_lib/callbacks/manager.py:184}}
Jul 22 00:02:19.059480 np0000005612 devstack@neutron-api.service[90819]: DEBUG neutron_lib.callbacks.manager [None req-ab7a1c52-db14-40a5-8895-28bd2bb318b0 admin admin] Publish callbacks [] for subnetpool (None), before_response {{(pid=90819) _notify_loop /opt/stack/data/venv/lib/python3.12/site-packages/neutron_lib/callbacks/manager.py:184}}
Jul 22 00:02:19.059961 np0000005612 devstack@neutron-api.service[90819]: [pid: 90819|app: 0|req: 1/3] 10.4.3.168 () {68 vars in 1336 bytes} [Wed Jul 22 00:02:18 2026] POST /networking/v2.0/subnetpools => generated 533 bytes in 441 msecs (HTTP/1.1 201) 4 headers in 162 bytes (1 switches on core 0)
Jul 22 00:02:19.370671 np0000005612 devstack@neutron-api.service[90817]: DEBUG neutron.api.v2.base [None req-defc5ee5-9e1a-462c-bbcd-97c9bd694f60 admin admin] Request body: {'subnetpool': {'is_default': True, 'name': 'shared-default-subnetpool-v6', 'default_prefixlen': 64, 'shared': True, 'prefixes': ['fdbb:2393:72b3::/56']}} {{(pid=90817) prepare_request_body /opt/stack/neutron/neutron/api/v2/base.py:727}}
Jul 22 00:02:19.518387 np0000005612 devstack@neutron-api.service[90817]: DEBUG neutron.policy [None req-defc5ee5-9e1a-462c-bbcd-97c9bd694f60 admin admin] Loaded default policies from ['neutron'] under neutron.policies entry points {{(pid=90817) register_rules /opt/stack/neutron/neutron/policy.py:65}}
Jul 22 00:02:19.642384 np0000005612 devstack@neutron-api.service[90817]: DEBUG neutron_lib.callbacks.manager [None req-defc5ee5-9e1a-462c-bbcd-97c9bd694f60 admin admin] Publish callbacks ['neutron.objects.securitygroup.RbacNeutronDbObjectMixin.validate_rbac_policy_change-2491207516543', 'neutron.objects.address_group.RbacNeutronDbObjectMixin.validate_rbac_policy_change-2491207575995', 'neutron.objects.network.RbacNeutronDbObjectMixin.validate_rbac_policy_change-2491207561640', 'neutron.objects.qos.policy.RbacNeutronDbObjectMixin.validate_rbac_policy_change-2491207561047', 'neutron.objects.subnetpool.RbacNeutronDbObjectMixin.validate_rbac_policy_change-2491207192141', 'neutron.objects.address_scope.RbacNeutronDbObjectMixin.validate_rbac_policy_change-2491207203565', 'neutron.plugins.ml2.plugin.External_net_db_mixin._process_ext_policy_create-1212220', 'neutron.plugins.ml2.plugin.NeutronDbPluginV2.validate_network_rbac_policy_change-1153876'] for rbac-policy (None), before_create {{(pid=90817) _notify_loop /opt/stack/data/venv/lib/python3.12/site-packages/neutron_lib/callbacks/manager.py:184}}
Jul 22 00:02:19.681350 np0000005612 devstack@neutron-api.service[90817]: DEBUG neutron_lib.callbacks.manager [None req-defc5ee5-9e1a-462c-bbcd-97c9bd694f60 admin admin] Publish callbacks [] for subnetpool (None), before_response {{(pid=90817) _notify_loop /opt/stack/data/venv/lib/python3.12/site-packages/neutron_lib/callbacks/manager.py:184}}
Jul 22 00:02:19.681882 np0000005612 devstack@neutron-api.service[90817]: [pid: 90817|app: 0|req: 1/4] 10.4.3.168 () {68 vars in 1336 bytes} [Wed Jul 22 00:02:19 2026] POST /networking/v2.0/subnetpools => generated 543 bytes in 395 msecs (HTTP/1.1 201) 4 headers in 162 bytes (1 switches on core 0)
Jul 22 00:02:19.972600 np0000005612 devstack@neutron-api.service[90820]: DEBUG neutron.api.v2.base [None req-99741ee5-75a9-4990-8934-d1e5de66539f admin admin] Request body: {'network': {'name': 'private', 'admin_state_up': True}} {{(pid=90820) prepare_request_body /opt/stack/neutron/neutron/api/v2/base.py:727}}
Jul 22 00:02:20.001309 np0000005612 devstack@neutron-api.service[90820]: DEBUG neutron.pecan_wsgi.hooks.quota_enforcement [None req-99741ee5-75a9-4990-8934-d1e5de66539f admin admin] Made reservation on behalf of d6868200b1ea44e29406fb7e4bd758de for: {'network': 1} {{(pid=90820) before /opt/stack/neutron/neutron/pecan_wsgi/hooks/quota_enforcement.py:66}}
Jul 22 00:02:20.144469 np0000005612 devstack@neutron-api.service[90820]: DEBUG neutron.policy [None req-99741ee5-75a9-4990-8934-d1e5de66539f admin admin] Loaded default policies from ['neutron'] under neutron.policies entry points {{(pid=90820) register_rules /opt/stack/neutron/neutron/policy.py:65}}
Jul 22 00:02:20.229311 np0000005612 devstack@neutron-api.service[90820]: DEBUG neutron_lib.callbacks.manager [None req-99741ee5-75a9-4990-8934-d1e5de66539f admin admin] Publish callbacks ['neutron.plugins.ml2.plugin.SecurityGroupDbMixin._ensure_default_security_group_handler-385341'] for network (None), before_create {{(pid=90820) _notify_loop /opt/stack/data/venv/lib/python3.12/site-packages/neutron_lib/callbacks/manager.py:184}}
Jul 22 00:02:20.251669 np0000005612 devstack@neutron-api.service[90820]: DEBUG neutron_lib.callbacks.manager [None req-99741ee5-75a9-4990-8934-d1e5de66539f admin admin] Publish callbacks [] for security_group (None), before_create {{(pid=90820) _notify_loop /opt/stack/data/venv/lib/python3.12/site-packages/neutron_lib/callbacks/manager.py:184}}
Jul 22 00:02:20.350637 np0000005612 devstack@neutron-api.service[90820]: DEBUG neutron_lib.callbacks.manager [None req-99741ee5-75a9-4990-8934-d1e5de66539f admin admin] Publish callbacks ['neutron.plugins.ml2.drivers.ovn.mech_driver.mech_driver.OVNMechanismDriver._create_security_group_precommit-872721'] for security_group (cf177b49-e53b-46ba-9073-e211eb32156a), precommit_create {{(pid=90820) _notify_loop /opt/stack/data/venv/lib/python3.12/site-packages/neutron_lib/callbacks/manager.py:184}}
Jul 22 00:02:20.350812 np0000005612 devstack@neutron-api.service[90820]: DEBUG neutron.db.ovn_revision_numbers_db [None req-99741ee5-75a9-4990-8934-d1e5de66539f admin admin] create_initial_revision uuid=cf177b49-e53b-46ba-9073-e211eb32156a, type=security_groups, rev=-1 {{(pid=90820) create_initial_revision /opt/stack/neutron/neutron/db/ovn_revision_numbers_db.py:98}}
Jul 22 00:02:20.353251 np0000005612 devstack@neutron-api.service[90820]: DEBUG neutron.db.ovn_revision_numbers_db [None req-99741ee5-75a9-4990-8934-d1e5de66539f admin admin] create_initial_revision uuid=15a371d6-8c3c-4502-8e74-6a1b7d6d5baf, type=security_group_rules, rev=-1 {{(pid=90820) create_initial_revision /opt/stack/neutron/neutron/db/ovn_revision_numbers_db.py:98}}
Jul 22 00:02:20.354314 np0000005612 devstack@neutron-api.service[90820]: DEBUG neutron.db.ovn_revision_numbers_db [None req-99741ee5-75a9-4990-8934-d1e5de66539f admin admin] create_initial_revision uuid=18478780-00e4-4ef7-8e99-e4c117bd1cc9, type=security_group_rules, rev=-1 {{(pid=90820) create_initial_revision /opt/stack/neutron/neutron/db/ovn_revision_numbers_db.py:98}}
Jul 22 00:02:20.355363 np0000005612 devstack@neutron-api.service[90820]: DEBUG neutron.db.ovn_revision_numbers_db [None req-99741ee5-75a9-4990-8934-d1e5de66539f admin admin] create_initial_revision uuid=258fa872-2d32-40ac-8912-1e596d9b846b, type=security_group_rules, rev=-1 {{(pid=90820) create_initial_revision /opt/stack/neutron/neutron/db/ovn_revision_numbers_db.py:98}}
Jul 22 00:02:20.356351 np0000005612 devstack@neutron-api.service[90820]: DEBUG neutron.db.ovn_revision_numbers_db [None req-99741ee5-75a9-4990-8934-d1e5de66539f admin admin] create_initial_revision uuid=fddcd1ff-28bd-4a21-9e31-d4c67abaa8cf, type=security_group_rules, rev=-1 {{(pid=90820) create_initial_revision /opt/stack/neutron/neutron/db/ovn_revision_numbers_db.py:98}}
Jul 22 00:02:20.359559 np0000005612 devstack@neutron-api.service[90820]: DEBUG neutron_lib.callbacks.manager [None req-99741ee5-75a9-4990-8934-d1e5de66539f admin admin] Publish callbacks ['neutron.plugins.ml2.drivers.ovn.mech_driver.mech_driver.OVNMechanismDriver._create_security_group-872735', 'neutron.plugins.ml2.ovo_rpc._ObjectChangeHandler.handle_event-7745057'] for security_group (cf177b49-e53b-46ba-9073-e211eb32156a), after_create {{(pid=90820) _notify_loop /opt/stack/data/venv/lib/python3.12/site-packages/neutron_lib/callbacks/manager.py:184}}
Jul 22 00:02:20.359759 np0000005612 devstack@neutron-api.service[90820]: INFO neutron.plugins.ml2.drivers.ovn.mech_driver.ovsdb.extensions.qos [None req-99741ee5-75a9-4990-8934-d1e5de66539f admin admin] Starting OVNClientQosExtension
Jul 22 00:02:20.359972 np0000005612 devstack@neutron-api.service[90820]: INFO neutron.plugins.ml2.drivers.ovn.mech_driver.ovsdb.extensions.placement [None req-99741ee5-75a9-4990-8934-d1e5de66539f admin admin] Starting OVNClientPlacementExtension
Jul 22 00:02:20.361051 np0000005612 devstack@neutron-api.service[90820]: DEBUG ovsdbapp.backend.ovs_idl.transaction [-] Running txn n=1 command(idx=0): PgAddCommand(_result=None, name=pg_cf177b49_e53b_46ba_9073_e211eb32156a, may_exist=False, columns={'acls': [], 'external_ids': {'neutron:security_group_id': 'cf177b49-e53b-46ba-9073-e211eb32156a'}}) {{(pid=90820) do_commit /opt/stack/data/venv/lib/python3.12/site-packages/ovsdbapp/backend/ovs_idl/transaction.py:89}}
Jul 22 00:02:20.365082 np0000005612 devstack@neutron-api.service[90820]: DEBUG ovsdbapp.backend.ovs_idl.transaction [-] Running txn n=1 command(idx=1): PgAclAddCommand(_result=None, entity=pg_cf177b49_e53b_46ba_9073_e211eb32156a, direction=to-lport, priority=1002, match=outport == @pg_cf177b49_e53b_46ba_9073_e211eb32156a && ip4 && ip4.src == $pg_cf177b49_e53b_46ba_9073_e211eb32156a_ip4, action=allow-related, log=False, may_exist=True, severity=[], name=[], meter=[], external_ids={'neutron:security_group_rule_id': '15a371d6-8c3c-4502-8e74-6a1b7d6d5baf'}) {{(pid=90820) do_commit /opt/stack/data/venv/lib/python3.12/site-packages/ovsdbapp/backend/ovs_idl/transaction.py:89}}
Jul 22 00:02:20.365457 np0000005612 devstack@neutron-api.service[90820]: DEBUG ovsdbapp.backend.ovs_idl.transaction [-] Running txn n=1 command(idx=2): PgAclAddCommand(_result=None, entity=pg_cf177b49_e53b_46ba_9073_e211eb32156a, direction=from-lport, priority=1002, match=inport == @pg_cf177b49_e53b_46ba_9073_e211eb32156a && ip6, action=allow-related, log=False, may_exist=True, severity=[], name=[], meter=[], external_ids={'neutron:security_group_rule_id': '18478780-00e4-4ef7-8e99-e4c117bd1cc9'}) {{(pid=90820) do_commit /opt/stack/data/venv/lib/python3.12/site-packages/ovsdbapp/backend/ovs_idl/transaction.py:89}}
Jul 22 00:02:20.365701 np0000005612 devstack@neutron-api.service[90820]: DEBUG ovsdbapp.backend.ovs_idl.transaction [-] Running txn n=1 command(idx=3): PgAclAddCommand(_result=None, entity=pg_cf177b49_e53b_46ba_9073_e211eb32156a, direction=from-lport, priority=1002, match=inport == @pg_cf177b49_e53b_46ba_9073_e211eb32156a && ip4, action=allow-related, log=False, may_exist=True, severity=[], name=[], meter=[], external_ids={'neutron:security_group_rule_id': '258fa872-2d32-40ac-8912-1e596d9b846b'}) {{(pid=90820) do_commit /opt/stack/data/venv/lib/python3.12/site-packages/ovsdbapp/backend/ovs_idl/transaction.py:89}}
Jul 22 00:02:20.365922 np0000005612 devstack@neutron-api.service[90820]: DEBUG ovsdbapp.backend.ovs_idl.transaction [-] Running txn n=1 command(idx=4): PgAclAddCommand(_result=None, entity=pg_cf177b49_e53b_46ba_9073_e211eb32156a, direction=to-lport, priority=1002, match=outport == @pg_cf177b49_e53b_46ba_9073_e211eb32156a && ip6 && ip6.src == $pg_cf177b49_e53b_46ba_9073_e211eb32156a_ip6, action=allow-related, log=False, may_exist=True, severity=[], name=[], meter=[], external_ids={'neutron:security_group_rule_id': 'fddcd1ff-28bd-4a21-9e31-d4c67abaa8cf'}) {{(pid=90820) do_commit /opt/stack/data/venv/lib/python3.12/site-packages/ovsdbapp/backend/ovs_idl/transaction.py:89}}
Jul 22 00:02:20.383740 np0000005612 devstack@neutron-api.service[90818]: DEBUG neutron.plugins.ml2.drivers.ovn.mech_driver.ovsdb.ovsdb_monitor [-] Hash Ring: Node cba76589ff0855fc9e7f6e3193d0f3cb (host: np0000005612) handling event "create" for row 468e9a23-0693-4d8f-8d2d-03ec9230c3aa (table: ACL) {{(pid=90818) notify /opt/stack/neutron/neutron/plugins/ml2/drivers/ovn/mech_driver/ovsdb/ovsdb_monitor.py:1013}}
Jul 22 00:02:20.384086 np0000005612 devstack@neutron-api.service[90818]: DEBUG neutron.plugins.ml2.drivers.ovn.mech_driver.ovsdb.ovsdb_monitor [-] Hash Ring: Node cba76589ff0855fc9e7f6e3193d0f3cb (host: np0000005612) handling event "create" for row bbd23e23-08b3-438e-9b61-1d892ed1f35e (table: ACL) {{(pid=90818) notify /opt/stack/neutron/neutron/plugins/ml2/drivers/ovn/mech_driver/ovsdb/ovsdb_monitor.py:1013}}
Jul 22 00:02:20.384086 np0000005612 devstack@neutron-api.service[90818]: DEBUG neutron.plugins.ml2.drivers.ovn.mech_driver.ovsdb.ovsdb_monitor [-] Hash Ring: Node cba76589ff0855fc9e7f6e3193d0f3cb (host: np0000005612) handling event "create" for row bbeba795-29dd-4273-b0b8-360d6a38df21 (table: ACL) {{(pid=90818) notify /opt/stack/neutron/neutron/plugins/ml2/drivers/ovn/mech_driver/ovsdb/ovsdb_monitor.py:1013}}
Jul 22 00:02:20.384086 np0000005612 devstack@neutron-api.service[90818]: DEBUG neutron.plugins.ml2.drivers.ovn.mech_driver.ovsdb.ovsdb_monitor [-] Hash Ring: Node cba76589ff0855fc9e7f6e3193d0f3cb (host: np0000005612) handling event "create" for row d1414757-7055-4e98-9387-406cc084023e (table: ACL) {{(pid=90818) notify /opt/stack/neutron/neutron/plugins/ml2/drivers/ovn/mech_driver/ovsdb/ovsdb_monitor.py:1013}}
Jul 22 00:02:20.384293 np0000005612 devstack@neutron-api.service[90818]: DEBUG neutron.plugins.ml2.drivers.ovn.mech_driver.ovsdb.ovsdb_monitor [-] Hash Ring: Node cba76589ff0855fc9e7f6e3193d0f3cb (host: np0000005612) handling event "create" for row e4fa7f37-fb1f-481f-b6d0-998e7ea58754 (table: Port_Group) {{(pid=90818) notify /opt/stack/neutron/neutron/plugins/ml2/drivers/ovn/mech_driver/ovsdb/ovsdb_monitor.py:1013}}
Jul 22 00:02:20.384770 np0000005612 devstack@neutron-api.service[90820]: DEBUG neutron.plugins.ml2.drivers.ovn.mech_driver.ovsdb.ovsdb_monitor [-] Hash Ring: Node 040ba8aea3245e3a8e338648001e75b1 (host: np0000005612) handling event "create" for row bbeba795-29dd-4273-b0b8-360d6a38df21 (table: ACL) {{(pid=90820) notify /opt/stack/neutron/neutron/plugins/ml2/drivers/ovn/mech_driver/ovsdb/ovsdb_monitor.py:1013}}
Jul 22 00:02:20.385097 np0000005612 devstack@neutron-api.service[90820]: DEBUG neutron.plugins.ml2.drivers.ovn.mech_driver.ovsdb.ovsdb_monitor [-] Hash Ring: Node 040ba8aea3245e3a8e338648001e75b1 (host: np0000005612) handling event "create" for row e4fa7f37-fb1f-481f-b6d0-998e7ea58754 (table: Port_Group) {{(pid=90820) notify /opt/stack/neutron/neutron/plugins/ml2/drivers/ovn/mech_driver/ovsdb/ovsdb_monitor.py:1013}}
Jul 22 00:02:20.385839 np0000005612 devstack@neutron-api.service[90819]: DEBUG neutron.plugins.ml2.drivers.ovn.mech_driver.ovsdb.ovsdb_monitor [-] Hash Ring: Node d2f4e44225f85d3685ff985ab7ecb3be (host: np0000005612) handling event "create" for row bbd23e23-08b3-438e-9b61-1d892ed1f35e (table: ACL) {{(pid=90819) notify /opt/stack/neutron/neutron/plugins/ml2/drivers/ovn/mech_driver/ovsdb/ovsdb_monitor.py:1013}}
Jul 22 00:02:20.386130 np0000005612 devstack@neutron-api.service[90817]: DEBUG neutron.plugins.ml2.drivers.ovn.mech_driver.ovsdb.ovsdb_monitor [-] Hash Ring: Node 7221ebea9d475e75a490cdd3a4540f3a (host: np0000005612) handling event "create" for row d1414757-7055-4e98-9387-406cc084023e (table: ACL) {{(pid=90817) notify /opt/stack/neutron/neutron/plugins/ml2/drivers/ovn/mech_driver/ovsdb/ovsdb_monitor.py:1013}}
Jul 22 00:02:20.406419 np0000005612 devstack@neutron-api.service[90820]: INFO neutron.db.ovn_revision_numbers_db [None req-99741ee5-75a9-4990-8934-d1e5de66539f admin admin] Successfully bumped revision number for resource cf177b49-e53b-46ba-9073-e211eb32156a (type: security_groups) to 1
Jul 22 00:02:20.417298 np0000005612 devstack@neutron-api.service[90820]: INFO neutron.db.ovn_revision_numbers_db [None req-99741ee5-75a9-4990-8934-d1e5de66539f admin admin] Successfully bumped revision number for resource 15a371d6-8c3c-4502-8e74-6a1b7d6d5baf (type: security_group_rules) to 0
Jul 22 00:02:20.426464 np0000005612 devstack@neutron-api.service[90820]: INFO neutron.db.ovn_revision_numbers_db [None req-99741ee5-75a9-4990-8934-d1e5de66539f admin admin] Successfully bumped revision number for resource 18478780-00e4-4ef7-8e99-e4c117bd1cc9 (type: security_group_rules) to 0
Jul 22 00:02:20.435539 np0000005612 devstack@neutron-api.service[90820]: INFO neutron.db.ovn_revision_numbers_db [None req-99741ee5-75a9-4990-8934-d1e5de66539f admin admin] Successfully bumped revision number for resource 258fa872-2d32-40ac-8912-1e596d9b846b (type: security_group_rules) to 0
Jul 22 00:02:20.443553 np0000005612 devstack@neutron-api.service[90820]: INFO neutron.db.ovn_revision_numbers_db [None req-99741ee5-75a9-4990-8934-d1e5de66539f admin admin] Successfully bumped revision number for resource fddcd1ff-28bd-4a21-9e31-d4c67abaa8cf (type: security_group_rules) to 0
Jul 22 00:02:20.463043 np0000005612 devstack@neutron-api.service[90820]: DEBUG neutron.api.rpc.handlers.resources_rpc [None req-99741ee5-75a9-4990-8934-d1e5de66539f admin admin] Pushing event updated for resources: {'SecurityGroup': ['ID=cf177b49-e53b-46ba-9073-e211eb32156a,revision_number=1']} {{(pid=90820) push /opt/stack/neutron/neutron/api/rpc/handlers/resources_rpc.py:237}}
Jul 22 00:02:20.468701 np0000005612 devstack@neutron-api.service[90820]: DEBUG ovsdbapp.backend.ovs_idl.transaction [-] Running txn n=1 command(idx=0): CheckLivenessCommand(_result=None) {{(pid=90820) do_commit /opt/stack/data/venv/lib/python3.12/site-packages/ovsdbapp/backend/ovs_idl/transaction.py:89}}
Jul 22 00:02:20.471015 np0000005612 devstack@neutron-api.service[90818]: DEBUG neutron.plugins.ml2.drivers.ovn.mech_driver.ovsdb.ovsdb_monitor [-] Hash Ring: Node cba76589ff0855fc9e7f6e3193d0f3cb (host: np0000005612) handling event "update" for row 4802ea39-222a-420b-906e-561359007478 (table: NB_Global) {{(pid=90818) notify /opt/stack/neutron/neutron/plugins/ml2/drivers/ovn/mech_driver/ovsdb/ovsdb_monitor.py:1013}}
Jul 22 00:02:20.471838 np0000005612 devstack@neutron-api.service[90818]: DEBUG neutron.plugins.ml2.drivers.ovn.mech_driver.ovsdb.ovsdb_monitor [-] Hash Ring: Node cba76589ff0855fc9e7f6e3193d0f3cb (host: np0000005612) handling event "update" for row 4802ea39-222a-420b-906e-561359007478 (table: NB_Global) {{(pid=90818) notify /opt/stack/neutron/neutron/plugins/ml2/drivers/ovn/mech_driver/ovsdb/ovsdb_monitor.py:1013}}
Jul 22 00:02:20.473324 np0000005612 devstack@neutron-api.service[90817]: DEBUG neutron.plugins.ml2.drivers.ovn.mech_driver.ovsdb.ovsdb_monitor [-] Hash Ring: Node 7221ebea9d475e75a490cdd3a4540f3a (host: np0000005612) handling event "update" for row 4802ea39-222a-420b-906e-561359007478 (table: NB_Global) {{(pid=90817) notify /opt/stack/neutron/neutron/plugins/ml2/drivers/ovn/mech_driver/ovsdb/ovsdb_monitor.py:1013}}
Jul 22 00:02:20.474078 np0000005612 devstack@neutron-api.service[90820]: DEBUG neutron.api.rpc.callbacks.version_manager [None req-99741ee5-75a9-4990-8934-d1e5de66539f admin admin] Tracked resource versions report:
Jul 22 00:02:20.474078 np0000005612 devstack@neutron-api.service[90820]: pushed versions:
Jul 22 00:02:20.474078 np0000005612 devstack@neutron-api.service[90820]: { 'AddressGroup': {'1.2'},
Jul 22 00:02:20.474078 np0000005612 devstack@neutron-api.service[90820]: 'Agent': {'1.1'},
Jul 22 00:02:20.474078 np0000005612 devstack@neutron-api.service[90820]: 'ConntrackHelper': {'1.0'},
Jul 22 00:02:20.474078 np0000005612 devstack@neutron-api.service[90820]: 'LocalIPAssociation': {'1.0'},
Jul 22 00:02:20.474078 np0000005612 devstack@neutron-api.service[90820]: 'Log': {'1.0'},
Jul 22 00:02:20.474078 np0000005612 devstack@neutron-api.service[90820]: 'NDPProxy': {'1.0'},
Jul 22 00:02:20.474078 np0000005612 devstack@neutron-api.service[90820]: 'Network': {'1.3'},
Jul 22 00:02:20.474078 np0000005612 devstack@neutron-api.service[90820]: 'Port': {'1.11'},
Jul 22 00:02:20.474078 np0000005612 devstack@neutron-api.service[90820]: 'PortForwarding': {'1.3'},
Jul 22 00:02:20.474078 np0000005612 devstack@neutron-api.service[90820]: 'QosPolicy': {'1.10'},
Jul 22 00:02:20.474078 np0000005612 devstack@neutron-api.service[90820]: 'SecurityGroup': {'1.6'},
Jul 22 00:02:20.474078 np0000005612 devstack@neutron-api.service[90820]: 'SecurityGroupRule': {'1.3'},
Jul 22 00:02:20.474078 np0000005612 devstack@neutron-api.service[90820]: 'SubPort': {'1.0'},
Jul 22 00:02:20.474078 np0000005612 devstack@neutron-api.service[90820]: 'Subnet': {'1.2'},
Jul 22 00:02:20.474078 np0000005612 devstack@neutron-api.service[90820]: 'Trunk': {'1.1'}}
Jul 22 00:02:20.474078 np0000005612 devstack@neutron-api.service[90820]: consumer versions:
Jul 22 00:02:20.474078 np0000005612 devstack@neutron-api.service[90820]: {}
Jul 22 00:02:20.474078 np0000005612 devstack@neutron-api.service[90820]: {{(pid=90820) report /opt/stack/neutron/neutron/api/rpc/callbacks/version_manager.py:183}}
Jul 22 00:02:20.474583 np0000005612 devstack@neutron-api.service[90818]: DEBUG ovsdbapp.backend.ovs_idl.event [-] Matched UPDATE: ChassisAgentWriteEvent(events=('create', 'update'), table='Chassis_Private', conditions=None, old_conditions=None), priority=20 to row=Chassis_Private(uuid=60939fc1-83e7-4d7b-8a9c-8fc02bde1f7c, chassis=5018b2f5-a7a9-4f9e-beb0-d90c17a8eeba, external_ids={'neutron:ovn-bridge': 'br-int', 'neutron:ovn-neutron-agent-id': 'b9783a4f-1881-5f4c-8281-92c4e793a063', 'neutron:ovn-neutron-agent-sb-cfg': '0'}, name='8b5e41ce-1926-45b2-9a43-cbb43e0f054c', nb_cfg=1, nb_cfg_timestamp=1784678540470) old=Chassis_Private(uuid=60939fc1-83e7-4d7b-8a9c-8fc02bde1f7c, nb_cfg=0, nb_cfg_timestamp=0) {{(pid=90818) matches /opt/stack/data/venv/lib/python3.12/site-packages/ovsdbapp/backend/ovs_idl/event.py:55}}
Jul 22 00:02:20.474961 np0000005612 devstack@neutron-api.service[90819]: DEBUG ovsdbapp.backend.ovs_idl.event [-] Matched UPDATE: ChassisAgentWriteEvent(events=('create', 'update'), table='Chassis_Private', conditions=None, old_conditions=None), priority=20 to row=Chassis_Private(uuid=60939fc1-83e7-4d7b-8a9c-8fc02bde1f7c, chassis=5018b2f5-a7a9-4f9e-beb0-d90c17a8eeba, external_ids={'neutron:ovn-bridge': 'br-int', 'neutron:ovn-neutron-agent-id': 'b9783a4f-1881-5f4c-8281-92c4e793a063', 'neutron:ovn-neutron-agent-sb-cfg': '0'}, name='8b5e41ce-1926-45b2-9a43-cbb43e0f054c', nb_cfg=1, nb_cfg_timestamp=1784678540470) old=Chassis_Private(uuid=60939fc1-83e7-4d7b-8a9c-8fc02bde1f7c, nb_cfg=0, nb_cfg_timestamp=0) {{(pid=90819) matches /opt/stack/data/venv/lib/python3.12/site-packages/ovsdbapp/backend/ovs_idl/event.py:55}}
Jul 22 00:02:20.475258 np0000005612 devstack@neutron-api.service[90817]: DEBUG ovsdbapp.backend.ovs_idl.event [-] Matched UPDATE: ChassisAgentWriteEvent(events=('create', 'update'), table='Chassis_Private', conditions=None, old_conditions=None), priority=20 to row=Chassis_Private(uuid=60939fc1-83e7-4d7b-8a9c-8fc02bde1f7c, chassis=5018b2f5-a7a9-4f9e-beb0-d90c17a8eeba, external_ids={'neutron:ovn-bridge': 'br-int', 'neutron:ovn-neutron-agent-id': 'b9783a4f-1881-5f4c-8281-92c4e793a063', 'neutron:ovn-neutron-agent-sb-cfg': '0'}, name='8b5e41ce-1926-45b2-9a43-cbb43e0f054c', nb_cfg=1, nb_cfg_timestamp=1784678540470) old=Chassis_Private(uuid=60939fc1-83e7-4d7b-8a9c-8fc02bde1f7c, nb_cfg=0, nb_cfg_timestamp=0) {{(pid=90817) matches /opt/stack/data/venv/lib/python3.12/site-packages/ovsdbapp/backend/ovs_idl/event.py:55}}
Jul 22 00:02:20.475381 np0000005612 devstack@neutron-api.service[90819]: DEBUG neutron.plugins.ml2.drivers.ovn.mech_driver.ovsdb.ovsdb_monitor [-] Hash Ring: Node d2f4e44225f85d3685ff985ab7ecb3be (host: np0000005612) handling event "update" for row 60939fc1-83e7-4d7b-8a9c-8fc02bde1f7c (table: Chassis_Private) {{(pid=90819) notify /opt/stack/neutron/neutron/plugins/ml2/drivers/ovn/mech_driver/ovsdb/ovsdb_monitor.py:1013}}
Jul 22 00:02:20.477517 np0000005612 devstack@neutron-api.service[90817]: DEBUG neutron.plugins.ml2.drivers.ovn.mech_driver.ovsdb.ovsdb_monitor [-] Hash Ring: Node 7221ebea9d475e75a490cdd3a4540f3a (host: np0000005612) handling event "update" for row 4802ea39-222a-420b-906e-561359007478 (table: NB_Global) {{(pid=90817) notify /opt/stack/neutron/neutron/plugins/ml2/drivers/ovn/mech_driver/ovsdb/ovsdb_monitor.py:1013}}
Jul 22 00:02:20.477848 np0000005612 devstack@neutron-api.service[90818]: DEBUG neutron.plugins.ml2.drivers.ovn.mech_driver.ovsdb.ovsdb_monitor [-] Hash Ring: Node cba76589ff0855fc9e7f6e3193d0f3cb (host: np0000005612) handling event "update" for row 4802ea39-222a-420b-906e-561359007478 (table: NB_Global) {{(pid=90818) notify /opt/stack/neutron/neutron/plugins/ml2/drivers/ovn/mech_driver/ovsdb/ovsdb_monitor.py:1013}}
Jul 22 00:02:20.478444 np0000005612 devstack@neutron-api.service[90818]: DEBUG neutron.plugins.ml2.drivers.ovn.mech_driver.ovsdb.ovsdb_monitor [-] Hash Ring: Node cba76589ff0855fc9e7f6e3193d0f3cb (host: np0000005612) handling event "update" for row 4802ea39-222a-420b-906e-561359007478 (table: NB_Global) {{(pid=90818) notify /opt/stack/neutron/neutron/plugins/ml2/drivers/ovn/mech_driver/ovsdb/ovsdb_monitor.py:1013}}
Jul 22 00:02:20.478961 np0000005612 devstack@neutron-api.service[90817]: DEBUG ovsdbapp.backend.ovs_idl.event [-] Matched UPDATE: ChassisOVNAgentWriteEvent(events=('create', 'update'), table='Chassis_Private', conditions=None, old_conditions=None), priority=20 to row=Chassis_Private(uuid=60939fc1-83e7-4d7b-8a9c-8fc02bde1f7c, chassis=5018b2f5-a7a9-4f9e-beb0-d90c17a8eeba, external_ids={'neutron:ovn-bridge': 'br-int', 'neutron:ovn-neutron-agent-id': 'b9783a4f-1881-5f4c-8281-92c4e793a063', 'neutron:ovn-neutron-agent-sb-cfg': '1'}, name='8b5e41ce-1926-45b2-9a43-cbb43e0f054c', nb_cfg=1, nb_cfg_timestamp=1784678540470) old=Chassis_Private(uuid=60939fc1-83e7-4d7b-8a9c-8fc02bde1f7c, external_ids={'neutron:ovn-bridge': 'br-int', 'neutron:ovn-neutron-agent-id': 'b9783a4f-1881-5f4c-8281-92c4e793a063', 'neutron:ovn-neutron-agent-sb-cfg': '0'}) {{(pid=90817) matches /opt/stack/data/venv/lib/python3.12/site-packages/ovsdbapp/backend/ovs_idl/event.py:55}}
Jul 22 00:02:20.479428 np0000005612 devstack@neutron-api.service[90819]: DEBUG ovsdbapp.backend.ovs_idl.event [-] Matched UPDATE: ChassisOVNAgentWriteEvent(events=('create', 'update'), table='Chassis_Private', conditions=None, old_conditions=None), priority=20 to row=Chassis_Private(uuid=60939fc1-83e7-4d7b-8a9c-8fc02bde1f7c, chassis=5018b2f5-a7a9-4f9e-beb0-d90c17a8eeba, external_ids={'neutron:ovn-bridge': 'br-int', 'neutron:ovn-neutron-agent-id': 'b9783a4f-1881-5f4c-8281-92c4e793a063', 'neutron:ovn-neutron-agent-sb-cfg': '1'}, name='8b5e41ce-1926-45b2-9a43-cbb43e0f054c', nb_cfg=1, nb_cfg_timestamp=1784678540470) old=Chassis_Private(uuid=60939fc1-83e7-4d7b-8a9c-8fc02bde1f7c, external_ids={'neutron:ovn-bridge': 'br-int', 'neutron:ovn-neutron-agent-id': 'b9783a4f-1881-5f4c-8281-92c4e793a063', 'neutron:ovn-neutron-agent-sb-cfg': '0'}) {{(pid=90819) matches /opt/stack/data/venv/lib/python3.12/site-packages/ovsdbapp/backend/ovs_idl/event.py:55}}
Jul 22 00:02:20.479764 np0000005612 devstack@neutron-api.service[90819]: DEBUG neutron.plugins.ml2.drivers.ovn.mech_driver.ovsdb.ovsdb_monitor [-] Hash Ring: Node d2f4e44225f85d3685ff985ab7ecb3be (host: np0000005612) handling event "update" for row 60939fc1-83e7-4d7b-8a9c-8fc02bde1f7c (table: Chassis_Private) {{(pid=90819) notify /opt/stack/neutron/neutron/plugins/ml2/drivers/ovn/mech_driver/ovsdb/ovsdb_monitor.py:1013}}
Jul 22 00:02:20.479888 np0000005612 devstack@neutron-api.service[90817]: DEBUG neutron.plugins.ml2.drivers.ovn.mech_driver.ovsdb.ovsdb_monitor [-] Hash Ring: Node 7221ebea9d475e75a490cdd3a4540f3a (host: np0000005612) handling event "update" for row 4802ea39-222a-420b-906e-561359007478 (table: NB_Global) {{(pid=90817) notify /opt/stack/neutron/neutron/plugins/ml2/drivers/ovn/mech_driver/ovsdb/ovsdb_monitor.py:1013}}
Jul 22 00:02:20.480404 np0000005612 devstack@neutron-api.service[90818]: DEBUG neutron.common.ovn.hash_ring_manager [-] Allow caching, nodes 4>=4 {{(pid=90818) _wait_startup_before_caching /opt/stack/neutron/neutron/common/ovn/hash_ring_manager.py:71}}
Jul 22 00:02:20.480500 np0000005612 devstack@neutron-api.service[90817]: DEBUG neutron.plugins.ml2.drivers.ovn.mech_driver.ovsdb.ovsdb_monitor [-] Hash Ring: Node 7221ebea9d475e75a490cdd3a4540f3a (host: np0000005612) handling event "update" for row 4802ea39-222a-420b-906e-561359007478 (table: NB_Global) {{(pid=90817) notify /opt/stack/neutron/neutron/plugins/ml2/drivers/ovn/mech_driver/ovsdb/ovsdb_monitor.py:1013}}
Jul 22 00:02:20.480563 np0000005612 devstack@neutron-api.service[90818]: DEBUG neutron.plugins.ml2.drivers.ovn.mech_driver.ovsdb.ovsdb_monitor [-] Hash Ring: Node cba76589ff0855fc9e7f6e3193d0f3cb (host: np0000005612) handling event "update" for row 60939fc1-83e7-4d7b-8a9c-8fc02bde1f7c (table: Chassis_Private) {{(pid=90818) notify /opt/stack/neutron/neutron/plugins/ml2/drivers/ovn/mech_driver/ovsdb/ovsdb_monitor.py:1013}}
Jul 22 00:02:20.481594 np0000005612 devstack@neutron-api.service[90818]: DEBUG ovsdbapp.backend.ovs_idl.event [-] Matched UPDATE: ChassisOVNAgentWriteEvent(events=('create', 'update'), table='Chassis_Private', conditions=None, old_conditions=None), priority=20 to row=Chassis_Private(uuid=60939fc1-83e7-4d7b-8a9c-8fc02bde1f7c, chassis=5018b2f5-a7a9-4f9e-beb0-d90c17a8eeba, external_ids={'neutron:ovn-bridge': 'br-int', 'neutron:ovn-neutron-agent-id': 'b9783a4f-1881-5f4c-8281-92c4e793a063', 'neutron:ovn-neutron-agent-sb-cfg': '1'}, name='8b5e41ce-1926-45b2-9a43-cbb43e0f054c', nb_cfg=1, nb_cfg_timestamp=1784678540470) old=Chassis_Private(uuid=60939fc1-83e7-4d7b-8a9c-8fc02bde1f7c, external_ids={'neutron:ovn-bridge': 'br-int', 'neutron:ovn-neutron-agent-id': 'b9783a4f-1881-5f4c-8281-92c4e793a063', 'neutron:ovn-neutron-agent-sb-cfg': '0'}) {{(pid=90818) matches /opt/stack/data/venv/lib/python3.12/site-packages/ovsdbapp/backend/ovs_idl/event.py:55}}
Jul 22 00:02:20.481837 np0000005612 devstack@neutron-api.service[90818]: DEBUG neutron.plugins.ml2.drivers.ovn.mech_driver.ovsdb.ovsdb_monitor [-] Hash Ring: Node cba76589ff0855fc9e7f6e3193d0f3cb (host: np0000005612) handling event "update" for row 60939fc1-83e7-4d7b-8a9c-8fc02bde1f7c (table: Chassis_Private) {{(pid=90818) notify /opt/stack/neutron/neutron/plugins/ml2/drivers/ovn/mech_driver/ovsdb/ovsdb_monitor.py:1013}}
Jul 22 00:02:20.481959 np0000005612 devstack@neutron-api.service[90820]: DEBUG ovsdbapp.backend.ovs_idl.event [-] Matched UPDATE: ChassisAgentWriteEvent(events=('create', 'update'), table='Chassis_Private', conditions=None, old_conditions=None), priority=20 to row=Chassis_Private(uuid=60939fc1-83e7-4d7b-8a9c-8fc02bde1f7c, chassis=5018b2f5-a7a9-4f9e-beb0-d90c17a8eeba, external_ids={'neutron:ovn-bridge': 'br-int', 'neutron:ovn-neutron-agent-id': 'b9783a4f-1881-5f4c-8281-92c4e793a063', 'neutron:ovn-neutron-agent-sb-cfg': '0'}, name='8b5e41ce-1926-45b2-9a43-cbb43e0f054c', nb_cfg=1, nb_cfg_timestamp=1784678540470) old=Chassis_Private(uuid=60939fc1-83e7-4d7b-8a9c-8fc02bde1f7c, nb_cfg=0, nb_cfg_timestamp=0) {{(pid=90820) matches /opt/stack/data/venv/lib/python3.12/site-packages/ovsdbapp/backend/ovs_idl/event.py:55}}
Jul 22 00:02:20.483833 np0000005612 devstack@neutron-api.service[90820]: DEBUG ovsdbapp.backend.ovs_idl.event [-] Matched UPDATE: ChassisOVNAgentWriteEvent(events=('create', 'update'), table='Chassis_Private', conditions=None, old_conditions=None), priority=20 to row=Chassis_Private(uuid=60939fc1-83e7-4d7b-8a9c-8fc02bde1f7c, chassis=5018b2f5-a7a9-4f9e-beb0-d90c17a8eeba, external_ids={'neutron:ovn-bridge': 'br-int', 'neutron:ovn-neutron-agent-id': 'b9783a4f-1881-5f4c-8281-92c4e793a063', 'neutron:ovn-neutron-agent-sb-cfg': '1'}, name='8b5e41ce-1926-45b2-9a43-cbb43e0f054c', nb_cfg=1, nb_cfg_timestamp=1784678540470) old=Chassis_Private(uuid=60939fc1-83e7-4d7b-8a9c-8fc02bde1f7c, external_ids={'neutron:ovn-bridge': 'br-int', 'neutron:ovn-neutron-agent-id': 'b9783a4f-1881-5f4c-8281-92c4e793a063', 'neutron:ovn-neutron-agent-sb-cfg': '0'}) {{(pid=90820) matches /opt/stack/data/venv/lib/python3.12/site-packages/ovsdbapp/backend/ovs_idl/event.py:55}}
Jul 22 00:02:20.521647 np0000005612 devstack@neutron-api.service[90820]: DEBUG neutron.plugins.ml2.drivers.helpers [None req-99741ee5-75a9-4990-8934-d1e5de66539f admin admin] geneve segment allocate from pool success with {'geneve_vni': 12893} {{(pid=90820) allocate_partially_specified_segment /opt/stack/neutron/neutron/plugins/ml2/drivers/helpers.py:142}}
Jul 22 00:02:20.531438 np0000005612 devstack@neutron-api.service[90820]: DEBUG neutron_lib.callbacks.manager [None req-99741ee5-75a9-4990-8934-d1e5de66539f admin admin] Publish callbacks ['neutron.services.segments.db._add_segment_host_mapping_for_segment-8411128104370', 'neutron.plugins.ml2.plugin.Ml2Plugin._handle_segment_change-129283'] for segment (8f3c0645-c1e5-4a0b-9e5d-aa08e5bb00e8), precommit_create {{(pid=90820) _notify_loop /opt/stack/data/venv/lib/python3.12/site-packages/neutron_lib/callbacks/manager.py:184}}
Jul 22 00:02:20.531626 np0000005612 devstack@neutron-api.service[90820]: INFO neutron.db.segments_db [None req-99741ee5-75a9-4990-8934-d1e5de66539f admin admin] Added segment 8f3c0645-c1e5-4a0b-9e5d-aa08e5bb00e8 of type geneve for network 80920bca-55f1-4957-b344-41907fba1bfc
Jul 22 00:02:20.580944 np0000005612 devstack@neutron-api.service[90820]: DEBUG neutron_lib.callbacks.manager [None req-99741ee5-75a9-4990-8934-d1e5de66539f admin admin] Publish callbacks ['neutron.services.auto_allocate.db._ensure_external_network_default_value_callback-8411125466166'] for network (80920bca-55f1-4957-b344-41907fba1bfc), precommit_create {{(pid=90820) _notify_loop /opt/stack/data/venv/lib/python3.12/site-packages/neutron_lib/callbacks/manager.py:184}}
Jul 22 00:02:20.598822 np0000005612 devstack@neutron-api.service[90820]: DEBUG neutron.plugins.ml2.drivers.ovn.mech_driver.mech_driver [None req-99741ee5-75a9-4990-8934-d1e5de66539f admin admin] Validating network segment with type geneve, segmentation ID 12893, physical network None {{(pid=90820) _validate_network_segments /opt/stack/neutron/neutron/plugins/ml2/drivers/ovn/mech_driver/mech_driver.py:646}}
Jul 22 00:02:20.599039 np0000005612 devstack@neutron-api.service[90820]: DEBUG neutron.db.ovn_revision_numbers_db [None req-99741ee5-75a9-4990-8934-d1e5de66539f admin admin] create_initial_revision uuid=80920bca-55f1-4957-b344-41907fba1bfc, type=networks, rev=-1 {{(pid=90820) create_initial_revision /opt/stack/neutron/neutron/db/ovn_revision_numbers_db.py:98}}
Jul 22 00:02:20.615196 np0000005612 devstack@neutron-api.service[90820]: DEBUG neutron_lib.callbacks.manager [None req-99741ee5-75a9-4990-8934-d1e5de66539f admin admin] Publish callbacks ['neutron.plugins.ml2.ovo_rpc._ObjectChangeHandler.handle_event-7745070'] for network (80920bca-55f1-4957-b344-41907fba1bfc), after_create {{(pid=90820) _notify_loop /opt/stack/data/venv/lib/python3.12/site-packages/neutron_lib/callbacks/manager.py:184}}
Jul 22 00:02:20.661584 np0000005612 devstack@neutron-api.service[90820]: DEBUG neutron.api.rpc.handlers.resources_rpc [None req-99741ee5-75a9-4990-8934-d1e5de66539f admin admin] Pushing event updated for resources: {'Network': ['ID=80920bca-55f1-4957-b344-41907fba1bfc,revision_number=1']} {{(pid=90820) push /opt/stack/neutron/neutron/api/rpc/handlers/resources_rpc.py:237}}
Jul 22 00:02:20.670657 np0000005612 devstack@neutron-api.service[90820]: DEBUG ovsdbapp.backend.ovs_idl.transaction [-] Running txn n=1 command(idx=0): AddNetworkCommand(_result=None, network_uuid=80920bca-55f1-4957-b344-41907fba1bfc, may_exist=True, columns={'external_ids': {'neutron:network_name': 'private', 'neutron:mtu': '1372', 'neutron:revision_number': '1', 'neutron:availability_zone_hints': '', 'neutron:provnet-network-type': 'geneve'}, 'other_config': {'mcast_snoop': 'false', 'mcast_flood_unregistered': 'false', 'vlan-passthru': 'false'}}) {{(pid=90820) do_commit /opt/stack/data/venv/lib/python3.12/site-packages/ovsdbapp/backend/ovs_idl/transaction.py:89}}
Jul 22 00:02:20.671169 np0000005612 devstack@neutron-api.service[90820]: DEBUG neutron.common.ovn.utils [-] OVS persist_uuid supported=True {{(pid=90820) ovs_persist_uuid_supported /opt/stack/neutron/neutron/common/ovn/utils.py:1565}}
Jul 22 00:02:20.674126 np0000005612 devstack@neutron-api.service[90818]: DEBUG neutron.plugins.ml2.drivers.ovn.mech_driver.ovsdb.ovsdb_monitor [-] Hash Ring: Node cba76589ff0855fc9e7f6e3193d0f3cb (host: np0000005612) handling event "create" for row 80920bca-55f1-4957-b344-41907fba1bfc (table: Logical_Switch) {{(pid=90818) notify /opt/stack/neutron/neutron/plugins/ml2/drivers/ovn/mech_driver/ovsdb/ovsdb_monitor.py:1013}}
Jul 22 00:02:20.678082 np0000005612 devstack@neutron-api.service[90818]: DEBUG neutron.plugins.ml2.drivers.ovn.mech_driver.ovsdb.ovsdb_monitor [-] Hash Ring: Node cba76589ff0855fc9e7f6e3193d0f3cb (host: np0000005612) handling event "create" for row 61574939-02b4-4a44-af72-e97a1ca0e660 (table: Datapath_Binding) {{(pid=90818) notify /opt/stack/neutron/neutron/plugins/ml2/drivers/ovn/mech_driver/ovsdb/ovsdb_monitor.py:1013}}
Jul 22 00:02:20.678921 np0000005612 devstack@neutron-api.service[90819]: DEBUG neutron.plugins.ml2.drivers.ovn.mech_driver.ovsdb.ovsdb_monitor [-] Hash Ring: Node d2f4e44225f85d3685ff985ab7ecb3be (host: np0000005612) handling event "create" for row 61574939-02b4-4a44-af72-e97a1ca0e660 (table: Datapath_Binding) {{(pid=90819) notify /opt/stack/neutron/neutron/plugins/ml2/drivers/ovn/mech_driver/ovsdb/ovsdb_monitor.py:1013}}
Jul 22 00:02:20.710653 np0000005612 devstack@neutron-api.service[90820]: INFO neutron.db.ovn_revision_numbers_db [None req-99741ee5-75a9-4990-8934-d1e5de66539f admin admin] Successfully bumped revision number for resource 80920bca-55f1-4957-b344-41907fba1bfc (type: networks) to 1
Jul 22 00:02:20.779932 np0000005612 devstack@neutron-api.service[90820]: DEBUG neutron_lib.callbacks.manager [None req-99741ee5-75a9-4990-8934-d1e5de66539f admin admin] Publish callbacks ['neutron.plugins.ml2.plugin.SecurityGroupDbMixin._ensure_default_security_group_handler-385341'] for port (None), before_create {{(pid=90820) _notify_loop /opt/stack/data/venv/lib/python3.12/site-packages/neutron_lib/callbacks/manager.py:184}}
Jul 22 00:02:21.048381 np0000005612 devstack@neutron-api.service[90820]: DEBUG neutron_lib.callbacks.manager [None req-99741ee5-75a9-4990-8934-d1e5de66539f admin admin] Publish callbacks ['neutron.plugins.ml2.drivers.ovn.mech_driver.mech_driver.OVNMechanismDriver._validate_allowed_address_pairs-870061'] for allowed_address_pair (72391665-6586-4d1a-9376-c3a0b49ac662), before_create {{(pid=90820) _notify_loop /opt/stack/data/venv/lib/python3.12/site-packages/neutron_lib/callbacks/manager.py:184}}
Jul 22 00:02:21.048823 np0000005612 devstack@neutron-api.service[90820]: DEBUG neutron_lib.callbacks.manager [None req-99741ee5-75a9-4990-8934-d1e5de66539f admin admin] Publish callbacks [] for port (72391665-6586-4d1a-9376-c3a0b49ac662), precommit_create {{(pid=90820) _notify_loop /opt/stack/data/venv/lib/python3.12/site-packages/neutron_lib/callbacks/manager.py:184}}
Jul 22 00:02:21.049198 np0000005612 devstack@neutron-api.service[90820]: DEBUG neutron.plugins.ml2.drivers.ovn.mech_driver.mech_driver [None req-99741ee5-75a9-4990-8934-d1e5de66539f admin admin] No provisioning block for port 72391665-6586-4d1a-9376-c3a0b49ac662 since it does not have a host {{(pid=90820) _is_port_provisioning_required /opt/stack/neutron/neutron/plugins/ml2/drivers/ovn/mech_driver/mech_driver.py:899}}
Jul 22 00:02:21.049269 np0000005612 devstack@neutron-api.service[90820]: DEBUG neutron.db.ovn_revision_numbers_db [None req-99741ee5-75a9-4990-8934-d1e5de66539f admin admin] create_initial_revision uuid=72391665-6586-4d1a-9376-c3a0b49ac662, type=ports, rev=-1 {{(pid=90820) create_initial_revision /opt/stack/neutron/neutron/db/ovn_revision_numbers_db.py:98}}
Jul 22 00:02:21.095910 np0000005612 devstack@neutron-api.service[90820]: DEBUG neutron_lib.callbacks.manager [None req-99741ee5-75a9-4990-8934-d1e5de66539f admin admin] Publish callbacks ['neutron.plugins.ml2.ovo_rpc._ObjectChangeHandler.handle_event-7745053'] for port (72391665-6586-4d1a-9376-c3a0b49ac662), after_create {{(pid=90820) _notify_loop /opt/stack/data/venv/lib/python3.12/site-packages/neutron_lib/callbacks/manager.py:184}}
Jul 22 00:02:21.143636 np0000005612 devstack@neutron-api.service[90820]: DEBUG neutron.api.rpc.handlers.resources_rpc [None req-99741ee5-75a9-4990-8934-d1e5de66539f admin admin] Pushing event updated for resources: {'Port': ['ID=72391665-6586-4d1a-9376-c3a0b49ac662,revision_number=1']} {{(pid=90820) push /opt/stack/neutron/neutron/api/rpc/handlers/resources_rpc.py:237}}
Jul 22 00:02:21.172734 np0000005612 devstack@neutron-api.service[90820]: DEBUG neutron.plugins.ml2.drivers.ovn.mech_driver.ovsdb.commands [None req-99741ee5-75a9-4990-8934-d1e5de66539f admin admin] Converting tag [] to a tag_request {{(pid=90820) _tag_column_to_tag_request /opt/stack/neutron/neutron/plugins/ml2/drivers/ovn/mech_driver/ovsdb/commands.py:205}}
Jul 22 00:02:21.173507 np0000005612 devstack@neutron-api.service[90820]: DEBUG ovsdbapp.backend.ovs_idl.transaction [-] Running txn n=1 command(idx=0): AddLSwitchPortCommand(_result=None, lport=72391665-6586-4d1a-9376-c3a0b49ac662, lswitch=neutron-80920bca-55f1-4957-b344-41907fba1bfc, may_exist=True, network_uuid=80920bca-55f1-4957-b344-41907fba1bfc, columns={'addresses': ['fa:16:3e:3a:4e:e1'], 'external_ids': {'neutron:port_name': '', 'neutron:device_id': 'ovnmeta-80920bca-55f1-4957-b344-41907fba1bfc', 'neutron:project_id': 'd6868200b1ea44e29406fb7e4bd758de', 'neutron:cidrs': '', 'neutron:device_owner': 'network:distributed', 'neutron:subnet_pool_addr_scope4': '', 'neutron:subnet_pool_addr_scope6': '', 'neutron:network_name': 'neutron-80920bca-55f1-4957-b344-41907fba1bfc', 'neutron:security_group_ids': '', 'neutron:revision_number': '1', 'neutron:vnic_type': 'normal', 'neutron:port_capabilities': '', 'neutron:mtu': '1372'}, 'parent_name': [], 'enabled': True, 'options': {}, 'type': 'localport', 'port_security': [], 'dhcpv4_options': [], 'dhcpv6_options': [], 'tag_request': []}) {{(pid=90820) do_commit /opt/stack/data/venv/lib/python3.12/site-packages/ovsdbapp/backend/ovs_idl/transaction.py:89}}
Jul 22 00:02:21.174000 np0000005612 devstack@neutron-api.service[90820]: DEBUG ovsdbapp.backend.ovs_idl.transaction [-] Running txn n=1 command(idx=1): QoSDelCommand(_result=None, switch=neutron-80920bca-55f1-4957-b344-41907fba1bfc, conditions=[('direction', '=', 'to-lport'), ('priority', '=', 2002), ('match', '=', 'outport == "72391665-6586-4d1a-9376-c3a0b49ac662"')], if_exists=True) {{(pid=90820) do_commit /opt/stack/data/venv/lib/python3.12/site-packages/ovsdbapp/backend/ovs_idl/transaction.py:89}}
Jul 22 00:02:21.174175 np0000005612 devstack@neutron-api.service[90820]: DEBUG ovsdbapp.backend.ovs_idl.transaction [-] Running txn n=1 command(idx=2): QoSDelCommand(_result=None, switch=neutron-80920bca-55f1-4957-b344-41907fba1bfc, conditions=[('direction', '=', 'from-lport'), ('priority', '=', 2002), ('match', '=', 'inport == "72391665-6586-4d1a-9376-c3a0b49ac662"')], if_exists=True) {{(pid=90820) do_commit /opt/stack/data/venv/lib/python3.12/site-packages/ovsdbapp/backend/ovs_idl/transaction.py:89}}
Jul 22 00:02:21.177209 np0000005612 devstack@neutron-api.service[90818]: DEBUG neutron.plugins.ml2.drivers.ovn.mech_driver.ovsdb.ovsdb_monitor [-] Hash Ring: Node cba76589ff0855fc9e7f6e3193d0f3cb (host: np0000005612) handling event "update" for row 80920bca-55f1-4957-b344-41907fba1bfc (table: Logical_Switch) {{(pid=90818) notify /opt/stack/neutron/neutron/plugins/ml2/drivers/ovn/mech_driver/ovsdb/ovsdb_monitor.py:1013}}
Jul 22 00:02:21.177456 np0000005612 devstack@neutron-api.service[90818]: DEBUG neutron.plugins.ml2.drivers.ovn.mech_driver.ovsdb.ovsdb_monitor [-] Hash Ring: Node cba76589ff0855fc9e7f6e3193d0f3cb (host: np0000005612) handling event "create" for row 08a475bb-3c50-4d38-a357-0012b3fa6c39 (table: Logical_Switch_Port) {{(pid=90818) notify /opt/stack/neutron/neutron/plugins/ml2/drivers/ovn/mech_driver/ovsdb/ovsdb_monitor.py:1013}}
Jul 22 00:02:21.178459 np0000005612 devstack@neutron-api.service[90817]: DEBUG neutron.plugins.ml2.drivers.ovn.mech_driver.ovsdb.ovsdb_monitor [-] Hash Ring: Node 7221ebea9d475e75a490cdd3a4540f3a (host: np0000005612) handling event "create" for row 08a475bb-3c50-4d38-a357-0012b3fa6c39 (table: Logical_Switch_Port) {{(pid=90817) notify /opt/stack/neutron/neutron/plugins/ml2/drivers/ovn/mech_driver/ovsdb/ovsdb_monitor.py:1013}}
