Jul 28 13:29:11.833646 np0000006005 nova-conductor[95858]: DEBUG cotyledon.oslo_config_glue [-] oslo_messaging_rabbit.rabbit_qos_prefetch_count = 0 {{(pid=95858) log_opt_values /opt/stack/data/venv/lib/python3.12/site-packages/oslo_config/cfg.py:3253}}
Jul 28 13:29:11.833646 np0000006005 nova-conductor[95858]: DEBUG cotyledon.oslo_config_glue [-] oslo_messaging_rabbit.rabbit_quorum_delivery_limit = 0 {{(pid=95858) log_opt_values /opt/stack/data/venv/lib/python3.12/site-packages/oslo_config/cfg.py:3253}}
Jul 28 13:29:11.833646 np0000006005 nova-conductor[95858]: DEBUG cotyledon.oslo_config_glue [-] oslo_messaging_rabbit.rabbit_quorum_max_memory_bytes = 0 {{(pid=95858) log_opt_values /opt/stack/data/venv/lib/python3.12/site-packages/oslo_config/cfg.py:3253}}
Jul 28 13:29:11.833646 np0000006005 nova-conductor[95858]: DEBUG cotyledon.oslo_config_glue [-] oslo_messaging_rabbit.rabbit_quorum_max_memory_length = 0 {{(pid=95858) log_opt_values /opt/stack/data/venv/lib/python3.12/site-packages/oslo_config/cfg.py:3253}}
Jul 28 13:29:11.833646 np0000006005 nova-conductor[95858]: DEBUG cotyledon.oslo_config_glue [-] oslo_messaging_rabbit.rabbit_quorum_queue = False {{(pid=95858) log_opt_values /opt/stack/data/venv/lib/python3.12/site-packages/oslo_config/cfg.py:3253}}
Jul 28 13:29:11.833646 np0000006005 nova-conductor[95858]: DEBUG cotyledon.oslo_config_glue [-] oslo_messaging_rabbit.rabbit_retry_backoff = 2 {{(pid=95858) log_opt_values /opt/stack/data/venv/lib/python3.12/site-packages/oslo_config/cfg.py:3253}}
Jul 28 13:29:11.833646 np0000006005 nova-conductor[95858]: DEBUG cotyledon.oslo_config_glue [-] oslo_messaging_rabbit.rabbit_retry_interval = 1 {{(pid=95858) log_opt_values /opt/stack/data/venv/lib/python3.12/site-packages/oslo_config/cfg.py:3253}}
Jul 28 13:29:11.833646 np0000006005 nova-conductor[95858]: DEBUG cotyledon.oslo_config_glue [-] oslo_messaging_rabbit.rabbit_stream_fanout = False {{(pid=95858) log_opt_values /opt/stack/data/venv/lib/python3.12/site-packages/oslo_config/cfg.py:3253}}
Jul 28 13:29:11.833924 np0000006005 nova-conductor[95858]: DEBUG cotyledon.oslo_config_glue [-] oslo_messaging_rabbit.rabbit_transient_queues_ttl = 1800 {{(pid=95858) log_opt_values /opt/stack/data/venv/lib/python3.12/site-packages/oslo_config/cfg.py:3253}}
Jul 28 13:29:11.833924 np0000006005 nova-conductor[95858]: DEBUG cotyledon.oslo_config_glue [-] oslo_messaging_rabbit.rabbit_transient_quorum_queue = False {{(pid=95858) log_opt_values /opt/stack/data/venv/lib/python3.12/site-packages/oslo_config/cfg.py:3253}}
Jul 28 13:29:11.833924 np0000006005 nova-conductor[95858]: DEBUG cotyledon.oslo_config_glue [-] oslo_messaging_rabbit.rpc_conn_pool_size = 30 {{(pid=95858) log_opt_values /opt/stack/data/venv/lib/python3.12/site-packages/oslo_config/cfg.py:3253}}
Jul 28 13:29:11.833924 np0000006005 nova-conductor[95858]: DEBUG cotyledon.oslo_config_glue [-] oslo_messaging_rabbit.ssl = False {{(pid=95858) log_opt_values /opt/stack/data/venv/lib/python3.12/site-packages/oslo_config/cfg.py:3253}}
Jul 28 13:29:11.833924 np0000006005 nova-conductor[95858]: DEBUG cotyledon.oslo_config_glue [-] oslo_messaging_rabbit.ssl_ca_file = {{(pid=95858) log_opt_values /opt/stack/data/venv/lib/python3.12/site-packages/oslo_config/cfg.py:3253}}
Jul 28 13:29:11.833924 np0000006005 nova-conductor[95858]: DEBUG cotyledon.oslo_config_glue [-] oslo_messaging_rabbit.ssl_cert_file = {{(pid=95858) log_opt_values /opt/stack/data/venv/lib/python3.12/site-packages/oslo_config/cfg.py:3253}}
Jul 28 13:29:11.833924 np0000006005 nova-conductor[95858]: DEBUG cotyledon.oslo_config_glue [-] oslo_messaging_rabbit.ssl_enforce_fips_mode = False {{(pid=95858) log_opt_values /opt/stack/data/venv/lib/python3.12/site-packages/oslo_config/cfg.py:3253}}
Jul 28 13:29:11.833924 np0000006005 nova-conductor[95858]: DEBUG cotyledon.oslo_config_glue [-] oslo_messaging_rabbit.ssl_enforce_hostname_verification = True {{(pid=95858) log_opt_values /opt/stack/data/venv/lib/python3.12/site-packages/oslo_config/cfg.py:3253}}
Jul 28 13:29:11.833924 np0000006005 nova-conductor[95858]: DEBUG cotyledon.oslo_config_glue [-] oslo_messaging_rabbit.ssl_key_file = {{(pid=95858) log_opt_values /opt/stack/data/venv/lib/python3.12/site-packages/oslo_config/cfg.py:3253}}
Jul 28 13:29:11.834172 np0000006005 nova-conductor[95858]: DEBUG cotyledon.oslo_config_glue [-] oslo_messaging_rabbit.ssl_version = {{(pid=95858) log_opt_values /opt/stack/data/venv/lib/python3.12/site-packages/oslo_config/cfg.py:3253}}
Jul 28 13:29:11.834172 np0000006005 nova-conductor[95858]: DEBUG cotyledon.oslo_config_glue [-] oslo_messaging_rabbit.use_queue_manager = False {{(pid=95858) log_opt_values /opt/stack/data/venv/lib/python3.12/site-packages/oslo_config/cfg.py:3253}}
Jul 28 13:29:11.834172 np0000006005 nova-conductor[95858]: DEBUG cotyledon.oslo_config_glue [-] oslo_messaging_notifications.driver = ['messagingv2'] {{(pid=95858) log_opt_values /opt/stack/data/venv/lib/python3.12/site-packages/oslo_config/cfg.py:3253}}
Jul 28 13:29:11.834172 np0000006005 nova-conductor[95858]: DEBUG cotyledon.oslo_config_glue [-] oslo_messaging_notifications.retry = -1 {{(pid=95858) log_opt_values /opt/stack/data/venv/lib/python3.12/site-packages/oslo_config/cfg.py:3253}}
Jul 28 13:29:11.834172 np0000006005 nova-conductor[95858]: DEBUG cotyledon.oslo_config_glue [-] oslo_messaging_notifications.topics = ['notifications'] {{(pid=95858) log_opt_values /opt/stack/data/venv/lib/python3.12/site-packages/oslo_config/cfg.py:3253}}
Jul 28 13:29:11.834172 np0000006005 nova-conductor[95858]: DEBUG cotyledon.oslo_config_glue [-] oslo_messaging_notifications.transport_url = **** {{(pid=95858) log_opt_values /opt/stack/data/venv/lib/python3.12/site-packages/oslo_config/cfg.py:3253}}
Jul 28 13:29:11.834172 np0000006005 nova-conductor[95858]: DEBUG cotyledon.oslo_config_glue [-] oslo_limit.auth_section = None {{(pid=95858) log_opt_values /opt/stack/data/venv/lib/python3.12/site-packages/oslo_config/cfg.py:3253}}
Jul 28 13:29:11.834172 np0000006005 nova-conductor[95858]: DEBUG cotyledon.oslo_config_glue [-] oslo_limit.auth_type = None {{(pid=95858) log_opt_values /opt/stack/data/venv/lib/python3.12/site-packages/oslo_config/cfg.py:3253}}
Jul 28 13:29:11.834172 np0000006005 nova-conductor[95858]: DEBUG cotyledon.oslo_config_glue [-] oslo_limit.cafile = None {{(pid=95858) log_opt_values /opt/stack/data/venv/lib/python3.12/site-packages/oslo_config/cfg.py:3253}}
Jul 28 13:29:11.834449 np0000006005 nova-conductor[95858]: DEBUG cotyledon.oslo_config_glue [-] oslo_limit.certfile = None {{(pid=95858) log_opt_values /opt/stack/data/venv/lib/python3.12/site-packages/oslo_config/cfg.py:3253}}
Jul 28 13:29:11.834449 np0000006005 nova-conductor[95858]: DEBUG cotyledon.oslo_config_glue [-] oslo_limit.collect_timing = False {{(pid=95858) log_opt_values /opt/stack/data/venv/lib/python3.12/site-packages/oslo_config/cfg.py:3253}}
Jul 28 13:29:11.834449 np0000006005 nova-conductor[95858]: DEBUG cotyledon.oslo_config_glue [-] oslo_limit.connect_retries = None {{(pid=95858) log_opt_values /opt/stack/data/venv/lib/python3.12/site-packages/oslo_config/cfg.py:3253}}
Jul 28 13:29:11.834537 np0000006005 nova-conductor[95848]: INFO dbcounter [None req-ffb8a723-f1b9-4475-9efb-b27945619f89 None None] Registered counter for database nova_cell0
Jul 28 13:29:11.834576 np0000006005 nova-conductor[95858]: DEBUG cotyledon.oslo_config_glue [-] oslo_limit.connect_retry_delay = None {{(pid=95858) log_opt_values /opt/stack/data/venv/lib/python3.12/site-packages/oslo_config/cfg.py:3253}}
Jul 28 13:29:11.834576 np0000006005 nova-conductor[95858]: DEBUG cotyledon.oslo_config_glue [-] oslo_limit.endpoint_id = None {{(pid=95858) log_opt_values /opt/stack/data/venv/lib/python3.12/site-packages/oslo_config/cfg.py:3253}}
Jul 28 13:29:11.834576 np0000006005 nova-conductor[95858]: DEBUG cotyledon.oslo_config_glue [-] oslo_limit.endpoint_interface = public {{(pid=95858) log_opt_values /opt/stack/data/venv/lib/python3.12/site-packages/oslo_config/cfg.py:3253}}
Jul 28 13:29:11.834576 np0000006005 nova-conductor[95858]: DEBUG cotyledon.oslo_config_glue [-] oslo_limit.endpoint_override = None {{(pid=95858) log_opt_values /opt/stack/data/venv/lib/python3.12/site-packages/oslo_config/cfg.py:3253}}
Jul 28 13:29:11.834576 np0000006005 nova-conductor[95858]: DEBUG cotyledon.oslo_config_glue [-] oslo_limit.endpoint_region_name = None {{(pid=95858) log_opt_values /opt/stack/data/venv/lib/python3.12/site-packages/oslo_config/cfg.py:3253}}
Jul 28 13:29:11.834576 np0000006005 nova-conductor[95858]: DEBUG cotyledon.oslo_config_glue [-] oslo_limit.endpoint_service_name = None {{(pid=95858) log_opt_values /opt/stack/data/venv/lib/python3.12/site-packages/oslo_config/cfg.py:3253}}
Jul 28 13:29:11.834576 np0000006005 nova-conductor[95858]: DEBUG cotyledon.oslo_config_glue [-] oslo_limit.endpoint_service_type = None {{(pid=95858) log_opt_values /opt/stack/data/venv/lib/python3.12/site-packages/oslo_config/cfg.py:3253}}
Jul 28 13:29:11.834576 np0000006005 nova-conductor[95858]: DEBUG cotyledon.oslo_config_glue [-] oslo_limit.insecure = False {{(pid=95858) log_opt_values /opt/stack/data/venv/lib/python3.12/site-packages/oslo_config/cfg.py:3253}}
Jul 28 13:29:11.834576 np0000006005 nova-conductor[95858]: DEBUG cotyledon.oslo_config_glue [-] oslo_limit.keyfile = None {{(pid=95858) log_opt_values /opt/stack/data/venv/lib/python3.12/site-packages/oslo_config/cfg.py:3253}}
Jul 28 13:29:11.834778 np0000006005 nova-conductor[95858]: DEBUG cotyledon.oslo_config_glue [-] oslo_limit.max_version = None {{(pid=95858) log_opt_values /opt/stack/data/venv/lib/python3.12/site-packages/oslo_config/cfg.py:3253}}
Jul 28 13:29:11.834778 np0000006005 nova-conductor[95858]: DEBUG cotyledon.oslo_config_glue [-] oslo_limit.min_version = None {{(pid=95858) log_opt_values /opt/stack/data/venv/lib/python3.12/site-packages/oslo_config/cfg.py:3253}}
Jul 28 13:29:11.834778 np0000006005 nova-conductor[95858]: DEBUG cotyledon.oslo_config_glue [-] oslo_limit.region_name = None {{(pid=95858) log_opt_values /opt/stack/data/venv/lib/python3.12/site-packages/oslo_config/cfg.py:3253}}
Jul 28 13:29:11.834778 np0000006005 nova-conductor[95858]: DEBUG cotyledon.oslo_config_glue [-] oslo_limit.retriable_status_codes = None {{(pid=95858) log_opt_values /opt/stack/data/venv/lib/python3.12/site-packages/oslo_config/cfg.py:3253}}
Jul 28 13:29:11.834778 np0000006005 nova-conductor[95858]: DEBUG cotyledon.oslo_config_glue [-] oslo_limit.service_name = None {{(pid=95858) log_opt_values /opt/stack/data/venv/lib/python3.12/site-packages/oslo_config/cfg.py:3253}}
Jul 28 13:29:11.834778 np0000006005 nova-conductor[95858]: DEBUG cotyledon.oslo_config_glue [-] oslo_limit.service_type = None {{(pid=95858) log_opt_values /opt/stack/data/venv/lib/python3.12/site-packages/oslo_config/cfg.py:3253}}
Jul 28 13:29:11.834778 np0000006005 nova-conductor[95858]: DEBUG cotyledon.oslo_config_glue [-] oslo_limit.split_loggers = False {{(pid=95858) log_opt_values /opt/stack/data/venv/lib/python3.12/site-packages/oslo_config/cfg.py:3253}}
Jul 28 13:29:11.834778 np0000006005 nova-conductor[95858]: DEBUG cotyledon.oslo_config_glue [-] oslo_limit.status_code_retries = None {{(pid=95858) log_opt_values /opt/stack/data/venv/lib/python3.12/site-packages/oslo_config/cfg.py:3253}}
Jul 28 13:29:11.834778 np0000006005 nova-conductor[95858]: DEBUG cotyledon.oslo_config_glue [-] oslo_limit.status_code_retry_delay = None {{(pid=95858) log_opt_values /opt/stack/data/venv/lib/python3.12/site-packages/oslo_config/cfg.py:3253}}
Jul 28 13:29:11.834984 np0000006005 nova-conductor[95858]: DEBUG cotyledon.oslo_config_glue [-] oslo_limit.timeout = None {{(pid=95858) log_opt_values /opt/stack/data/venv/lib/python3.12/site-packages/oslo_config/cfg.py:3253}}
Jul 28 13:29:11.834984 np0000006005 nova-conductor[95858]: DEBUG cotyledon.oslo_config_glue [-] oslo_limit.valid_interfaces = None {{(pid=95858) log_opt_values /opt/stack/data/venv/lib/python3.12/site-packages/oslo_config/cfg.py:3253}}
Jul 28 13:29:11.834984 np0000006005 nova-conductor[95858]: DEBUG cotyledon.oslo_config_glue [-] oslo_limit.version = None {{(pid=95858) log_opt_values /opt/stack/data/venv/lib/python3.12/site-packages/oslo_config/cfg.py:3253}}
Jul 28 13:29:11.834984 np0000006005 nova-conductor[95858]: DEBUG cotyledon.oslo_config_glue [-] oslo_reports.file_event_handler = None {{(pid=95858) log_opt_values /opt/stack/data/venv/lib/python3.12/site-packages/oslo_config/cfg.py:3253}}
Jul 28 13:29:11.834984 np0000006005 nova-conductor[95858]: DEBUG cotyledon.oslo_config_glue [-] oslo_reports.file_event_handler_interval = 1 {{(pid=95858) log_opt_values /opt/stack/data/venv/lib/python3.12/site-packages/oslo_config/cfg.py:3253}}
Jul 28 13:29:11.834984 np0000006005 nova-conductor[95858]: DEBUG cotyledon.oslo_config_glue [-] oslo_reports.log_dir = None {{(pid=95858) log_opt_values /opt/stack/data/venv/lib/python3.12/site-packages/oslo_config/cfg.py:3253}}
Jul 28 13:29:11.834984 np0000006005 nova-conductor[95858]: DEBUG cotyledon.oslo_config_glue [-] ******************************************************************************** {{(pid=95858) log_opt_values /opt/stack/data/venv/lib/python3.12/site-packages/oslo_config/cfg.py:3260}}
Jul 28 13:29:11.834984 np0000006005 nova-conductor[95858]: DEBUG cotyledon._service_worker [-] Run service ServiceWrapper(2) [95858] {{(pid=95858) wait_forever /opt/stack/data/venv/lib/python3.12/site-packages/cotyledon/_service_worker.py:218}}
Jul 28 13:29:11.835277 np0000006005 nova-conductor[95858]: INFO nova.service [-] Starting conductor node (version 33.1.0)
Jul 28 13:29:11.836523 np0000006005 nova-conductor[95844]: DEBUG oslo_db.sqlalchemy.engines [None req-5d1dcf4e-47bf-47fa-a925-f5617f4b8a43 None None] MySQL server mode set to STRICT_TRANS_TABLES,STRICT_ALL_TABLES,NO_ZERO_IN_DATE,NO_ZERO_DATE,ERROR_FOR_DIVISION_BY_ZERO,TRADITIONAL,NO_ENGINE_SUBSTITUTION {{(pid=95844) _check_effective_sql_mode /opt/stack/data/venv/lib/python3.12/site-packages/oslo_db/sqlalchemy/engines.py:325}}
Jul 28 13:29:11.839889 np0000006005 nova-conductor[95858]: INFO dbcounter [None req-e6a1f4b3-c227-45ea-bb12-d84c3d1336af None None] Registered counter for database nova_cell0
Jul 28 13:29:11.847281 np0000006005 nova-conductor[95844]: DEBUG dbcounter [-] [95844] Writer thread running {{(pid=95844) stat_writer /opt/stack/data/venv/lib/python3.12/site-packages/dbcounter.py:102}}
Jul 28 13:29:11.866777 np0000006005 nova-conductor[95844]: DEBUG nova.service [None req-5d1dcf4e-47bf-47fa-a925-f5617f4b8a43 None None] Creating RPC server for service: nova-conductor on topic: conductor {{(pid=95844) start /opt/stack/nova/nova/service.py:196}}
Jul 28 13:29:11.868737 np0000006005 nova-conductor[95848]: DEBUG oslo_db.sqlalchemy.engines [None req-ffb8a723-f1b9-4475-9efb-b27945619f89 None None] MySQL server mode set to STRICT_TRANS_TABLES,STRICT_ALL_TABLES,NO_ZERO_IN_DATE,NO_ZERO_DATE,ERROR_FOR_DIVISION_BY_ZERO,TRADITIONAL,NO_ENGINE_SUBSTITUTION {{(pid=95848) _check_effective_sql_mode /opt/stack/data/venv/lib/python3.12/site-packages/oslo_db/sqlalchemy/engines.py:325}}
Jul 28 13:29:11.878469 np0000006005 nova-conductor[95848]: DEBUG dbcounter [-] [95848] Writer thread running {{(pid=95848) stat_writer /opt/stack/data/venv/lib/python3.12/site-packages/dbcounter.py:102}}
Jul 28 13:29:11.881265 np0000006005 nova-conductor[95848]: DEBUG nova.service [None req-ffb8a723-f1b9-4475-9efb-b27945619f89 None None] Creating RPC server for service: nova-conductor on topic: conductor {{(pid=95848) start /opt/stack/nova/nova/service.py:196}}
Jul 28 13:29:11.886919 np0000006005 nova-conductor[95858]: DEBUG oslo_db.sqlalchemy.engines [None req-e6a1f4b3-c227-45ea-bb12-d84c3d1336af None None] MySQL server mode set to STRICT_TRANS_TABLES,STRICT_ALL_TABLES,NO_ZERO_IN_DATE,NO_ZERO_DATE,ERROR_FOR_DIVISION_BY_ZERO,TRADITIONAL,NO_ENGINE_SUBSTITUTION {{(pid=95858) _check_effective_sql_mode /opt/stack/data/venv/lib/python3.12/site-packages/oslo_db/sqlalchemy/engines.py:325}}
Jul 28 13:29:11.893048 np0000006005 nova-conductor[95844]: DEBUG nova.service [None req-5d1dcf4e-47bf-47fa-a925-f5617f4b8a43 None None] Join ServiceGroup membership for this service conductor {{(pid=95844) start /opt/stack/nova/nova/service.py:222}}
Jul 28 13:29:11.893277 np0000006005 nova-conductor[95844]: DEBUG nova.servicegroup.drivers.db [None req-5d1dcf4e-47bf-47fa-a925-f5617f4b8a43 None None] DB_Driver: join new ServiceGroup member np0000006005 to the conductor group, service = {{(pid=95844) join /opt/stack/nova/nova/servicegroup/drivers/db.py:44}}
Jul 28 13:29:11.897283 np0000006005 nova-conductor[95858]: DEBUG dbcounter [-] [95858] Writer thread running {{(pid=95858) stat_writer /opt/stack/data/venv/lib/python3.12/site-packages/dbcounter.py:102}}
Jul 28 13:29:11.898080 np0000006005 nova-conductor[95848]: DEBUG nova.service [None req-ffb8a723-f1b9-4475-9efb-b27945619f89 None None] Join ServiceGroup membership for this service conductor {{(pid=95848) start /opt/stack/nova/nova/service.py:222}}
Jul 28 13:29:11.898348 np0000006005 nova-conductor[95848]: DEBUG nova.servicegroup.drivers.db [None req-ffb8a723-f1b9-4475-9efb-b27945619f89 None None] DB_Driver: join new ServiceGroup member np0000006005 to the conductor group, service = {{(pid=95848) join /opt/stack/nova/nova/servicegroup/drivers/db.py:44}}
Jul 28 13:29:11.900769 np0000006005 nova-conductor[95858]: DEBUG nova.service [None req-e6a1f4b3-c227-45ea-bb12-d84c3d1336af None None] Creating RPC server for service: nova-conductor on topic: conductor {{(pid=95858) start /opt/stack/nova/nova/service.py:196}}
Jul 28 13:29:11.921555 np0000006005 nova-conductor[95858]: DEBUG nova.service [None req-e6a1f4b3-c227-45ea-bb12-d84c3d1336af None None] Join ServiceGroup membership for this service conductor {{(pid=95858) start /opt/stack/nova/nova/service.py:222}}
Jul 28 13:29:11.921780 np0000006005 nova-conductor[95858]: DEBUG nova.servicegroup.drivers.db [None req-e6a1f4b3-c227-45ea-bb12-d84c3d1336af None None] DB_Driver: join new ServiceGroup member np0000006005 to the conductor group, service = {{(pid=95858) join /opt/stack/nova/nova/servicegroup/drivers/db.py:44}}
Jul 28 13:29:13.923895 np0000006005 nova-conductor[95858]: DEBUG oslo.service.backend._threading.loopingcall [None req-8ff245fb-7e8a-4ebc-8e04-966ac3db33b6 None None] Dynamic interval looping call 'nova.service.Service.periodic_tasks' sleeping for 60.00 seconds {{(pid=95858) _run_loop /opt/stack/data/venv/lib/python3.12/site-packages/oslo_service/backend/_threading/loopingcall.py:125}}
Jul 28 13:29:16.915575 np0000006005 nova-conductor[95844]: DEBUG oslo.service.backend._threading.loopingcall [-] Fixed interval looping call 'nova.servicegroup.drivers.db.DbDriver._report_state' sleeping for 119.98 seconds {{(pid=95844) _run_loop /opt/stack/data/venv/lib/python3.12/site-packages/oslo_service/backend/_threading/loopingcall.py:125}}
Jul 28 13:29:16.919885 np0000006005 nova-conductor[95848]: DEBUG oslo.service.backend._threading.loopingcall [-] Fixed interval looping call 'nova.servicegroup.drivers.db.DbDriver._report_state' sleeping for 119.98 seconds {{(pid=95848) _run_loop /opt/stack/data/venv/lib/python3.12/site-packages/oslo_service/backend/_threading/loopingcall.py:125}}
Jul 28 13:29:16.938312 np0000006005 nova-conductor[95858]: DEBUG oslo.service.backend._threading.loopingcall [-] Fixed interval looping call 'nova.servicegroup.drivers.db.DbDriver._report_state' sleeping for 119.99 seconds {{(pid=95858) _run_loop /opt/stack/data/venv/lib/python3.12/site-packages/oslo_service/backend/_threading/loopingcall.py:125}}
Jul 28 13:29:20.456899 np0000006005 nova-conductor[94401]: DEBUG dbcounter [-] [94401] Writing DB stats nova_api:SELECT=1 {{(pid=94401) stat_writer /opt/stack/data/venv/lib/python3.12/site-packages/dbcounter.py:115}}
Jul 28 13:29:20.590246 np0000006005 nova-conductor[94401]: DEBUG dbcounter [-] [94401] Writing DB stats nova_cell1:SELECT=1 {{(pid=94401) stat_writer /opt/stack/data/venv/lib/python3.12/site-packages/dbcounter.py:115}}
Jul 28 13:29:20.597050 np0000006005 nova-conductor[94401]: DEBUG dbcounter [-] [94401] Writing DB stats nova_cell0:SELECT=1 {{(pid=94401) stat_writer /opt/stack/data/venv/lib/python3.12/site-packages/dbcounter.py:115}}
Jul 28 13:29:26.909284 np0000006005 nova-conductor[95844]: DEBUG dbcounter [-] [95844] Writing DB stats nova_cell0:SELECT=4,nova_cell0:INSERT=1,nova_cell0:UPDATE=1 {{(pid=95844) stat_writer /opt/stack/data/venv/lib/python3.12/site-packages/dbcounter.py:115}}
Jul 28 13:29:26.917585 np0000006005 nova-conductor[95848]: DEBUG dbcounter [-] [95848] Writing DB stats nova_cell0:SELECT=3,nova_cell0:UPDATE=1 {{(pid=95848) stat_writer /opt/stack/data/venv/lib/python3.12/site-packages/dbcounter.py:115}}
Jul 28 13:29:26.932634 np0000006005 nova-conductor[95858]: DEBUG dbcounter [-] [95858] Writing DB stats nova_cell0:SELECT=3 {{(pid=95858) stat_writer /opt/stack/data/venv/lib/python3.12/site-packages/dbcounter.py:115}}
Jul 28 13:29:55.901457 np0000006005 nova-conductor[95848]: DEBUG oslo.service.backend._threading.loopingcall [None req-a96931c8-2e4e-44b6-ab3b-f469fab19e4d None None] Dynamic interval looping call 'nova.service.Service.periodic_tasks' sleeping for 60.00 seconds {{(pid=95848) _run_loop /opt/stack/data/venv/lib/python3.12/site-packages/oslo_service/backend/_threading/loopingcall.py:125}}
Jul 28 13:30:07.895899 np0000006005 nova-conductor[95844]: DEBUG oslo.service.backend._threading.loopingcall [None req-fb94b9f4-66e8-4473-ae46-5a8fe78d902f None None] Dynamic interval looping call 'nova.service.Service.periodic_tasks' sleeping for 60.00 seconds {{(pid=95844) _run_loop /opt/stack/data/venv/lib/python3.12/site-packages/oslo_service/backend/_threading/loopingcall.py:125}}
Jul 28 13:30:13.924461 np0000006005 nova-conductor[95858]: DEBUG oslo.service.backend._threading.loopingcall [None req-8ff245fb-7e8a-4ebc-8e04-966ac3db33b6 None None] Dynamic interval looping call 'nova.service.Service.periodic_tasks' sleeping for 60.00 seconds {{(pid=95858) _run_loop /opt/stack/data/venv/lib/python3.12/site-packages/oslo_service/backend/_threading/loopingcall.py:125}}
Jul 28 13:30:55.901915 np0000006005 nova-conductor[95848]: DEBUG oslo.service.backend._threading.loopingcall [None req-a96931c8-2e4e-44b6-ab3b-f469fab19e4d None None] Dynamic interval looping call 'nova.service.Service.periodic_tasks' sleeping for 60.00 seconds {{(pid=95848) _run_loop /opt/stack/data/venv/lib/python3.12/site-packages/oslo_service/backend/_threading/loopingcall.py:125}}
Jul 28 13:31:07.896175 np0000006005 nova-conductor[95844]: DEBUG oslo.service.backend._threading.loopingcall [None req-fb94b9f4-66e8-4473-ae46-5a8fe78d902f None None] Dynamic interval looping call 'nova.service.Service.periodic_tasks' sleeping for 60.00 seconds {{(pid=95844) _run_loop /opt/stack/data/venv/lib/python3.12/site-packages/oslo_service/backend/_threading/loopingcall.py:125}}
Jul 28 13:31:13.924953 np0000006005 nova-conductor[95858]: DEBUG oslo.service.backend._threading.loopingcall [None req-8ff245fb-7e8a-4ebc-8e04-966ac3db33b6 None None] Dynamic interval looping call 'nova.service.Service.periodic_tasks' sleeping for 60.00 seconds {{(pid=95858) _run_loop /opt/stack/data/venv/lib/python3.12/site-packages/oslo_service/backend/_threading/loopingcall.py:125}}
Jul 28 13:31:16.903012 np0000006005 nova-conductor[95844]: DEBUG oslo.service.backend._threading.loopingcall [-] Fixed interval looping call 'nova.servicegroup.drivers.db.DbDriver._report_state' sleeping for 119.99 seconds {{(pid=95844) _run_loop /opt/stack/data/venv/lib/python3.12/site-packages/oslo_service/backend/_threading/loopingcall.py:125}}
Jul 28 13:31:16.904014 np0000006005 nova-conductor[95848]: DEBUG oslo.service.backend._threading.loopingcall [-] Fixed interval looping call 'nova.servicegroup.drivers.db.DbDriver._report_state' sleeping for 120.00 seconds {{(pid=95848) _run_loop /opt/stack/data/venv/lib/python3.12/site-packages/oslo_service/backend/_threading/loopingcall.py:125}}
Jul 28 13:31:16.933287 np0000006005 nova-conductor[95858]: DEBUG oslo.service.backend._threading.loopingcall [-] Fixed interval looping call 'nova.servicegroup.drivers.db.DbDriver._report_state' sleeping for 120.00 seconds {{(pid=95858) _run_loop /opt/stack/data/venv/lib/python3.12/site-packages/oslo_service/backend/_threading/loopingcall.py:125}}
Jul 28 13:31:26.899155 np0000006005 nova-conductor[95844]: DEBUG dbcounter [-] [95844] Writing DB stats nova_cell0:SELECT=1,nova_cell0:UPDATE=1 {{(pid=95844) stat_writer /opt/stack/data/venv/lib/python3.12/site-packages/dbcounter.py:115}}
Jul 28 13:31:26.901806 np0000006005 nova-conductor[95848]: DEBUG dbcounter [-] [95848] Writing DB stats nova_cell0:SELECT=1 {{(pid=95848) stat_writer /opt/stack/data/venv/lib/python3.12/site-packages/dbcounter.py:115}}
Jul 28 13:31:26.931715 np0000006005 nova-conductor[95858]: DEBUG dbcounter [-] [95858] Writing DB stats nova_cell0:SELECT=1 {{(pid=95858) stat_writer /opt/stack/data/venv/lib/python3.12/site-packages/dbcounter.py:115}}
Jul 28 13:31:55.902417 np0000006005 nova-conductor[95848]: DEBUG oslo.service.backend._threading.loopingcall [None req-a96931c8-2e4e-44b6-ab3b-f469fab19e4d None None] Dynamic interval looping call 'nova.service.Service.periodic_tasks' sleeping for 60.00 seconds {{(pid=95848) _run_loop /opt/stack/data/venv/lib/python3.12/site-packages/oslo_service/backend/_threading/loopingcall.py:125}}
Jul 28 13:31:57.485476 np0000006005 nova-conductor[95844]: DEBUG oslo_db.sqlalchemy.engines [None req-c0c8486b-0b8f-4703-8d52-ed87d1e353b1 tempest-ServerActionsV293TestJSON-1015606899 tempest-ServerActionsV293TestJSON-1015606899-project-member] Parent process 94401 forked (95844) with an open database connection, which is being discarded and recreated. {{(pid=95844) checkout /opt/stack/data/venv/lib/python3.12/site-packages/oslo_db/sqlalchemy/engines.py:402}}
Jul 28 13:31:57.533749 np0000006005 nova-conductor[95844]: DEBUG dbcounter [-] [95844] Writer thread running {{(pid=95844) stat_writer /opt/stack/data/venv/lib/python3.12/site-packages/dbcounter.py:102}}
Jul 28 13:31:58.656466 np0000006005 nova-conductor[95844]: DEBUG nova.conductor.manager [None req-c0c8486b-0b8f-4703-8d52-ed87d1e353b1 tempest-ServerActionsV293TestJSON-1015606899 tempest-ServerActionsV293TestJSON-1015606899-project-member] Took 1.12 seconds to select destinations for 1 instance(s). {{(pid=95844) _schedule_instances /opt/stack/nova/nova/conductor/manager.py:968}}
Jul 28 13:31:58.682278 np0000006005 nova-conductor[95844]: DEBUG oslo_concurrency.lockutils [None req-c0c8486b-0b8f-4703-8d52-ed87d1e353b1 tempest-ServerActionsV293TestJSON-1015606899 tempest-ServerActionsV293TestJSON-1015606899-project-member] Acquiring lock "f85694b7-7b07-4b60-932a-a654c22f4825" by "nova.context.set_target_cell..get_or_set_cached_cell_and_set_connections" {{(pid=95844) inner /opt/stack/data/venv/lib/python3.12/site-packages/oslo_concurrency/lockutils.py:512}}
Jul 28 13:31:58.682543 np0000006005 nova-conductor[95844]: DEBUG oslo_concurrency.lockutils [None req-c0c8486b-0b8f-4703-8d52-ed87d1e353b1 tempest-ServerActionsV293TestJSON-1015606899 tempest-ServerActionsV293TestJSON-1015606899-project-member] Lock "f85694b7-7b07-4b60-932a-a654c22f4825" acquired by "nova.context.set_target_cell..get_or_set_cached_cell_and_set_connections" :: waited 0.000s {{(pid=95844) inner /opt/stack/data/venv/lib/python3.12/site-packages/oslo_concurrency/lockutils.py:525}}
Jul 28 13:31:58.684357 np0000006005 nova-conductor[95844]: DEBUG oslo_concurrency.lockutils [None req-c0c8486b-0b8f-4703-8d52-ed87d1e353b1 tempest-ServerActionsV293TestJSON-1015606899 tempest-ServerActionsV293TestJSON-1015606899-project-member] Lock "f85694b7-7b07-4b60-932a-a654c22f4825" "released" by "nova.context.set_target_cell..get_or_set_cached_cell_and_set_connections" :: held 0.002s {{(pid=95844) inner /opt/stack/data/venv/lib/python3.12/site-packages/oslo_concurrency/lockutils.py:544}}
Jul 28 13:31:58.686839 np0000006005 nova-conductor[95844]: INFO dbcounter [None req-c0c8486b-0b8f-4703-8d52-ed87d1e353b1 tempest-ServerActionsV293TestJSON-1015606899 tempest-ServerActionsV293TestJSON-1015606899-project-member] Registered counter for database nova_cell1
Jul 28 13:31:58.732137 np0000006005 nova-conductor[95844]: DEBUG oslo_db.sqlalchemy.engines [None req-c0c8486b-0b8f-4703-8d52-ed87d1e353b1 tempest-ServerActionsV293TestJSON-1015606899 tempest-ServerActionsV293TestJSON-1015606899-project-member] MySQL server mode set to STRICT_TRANS_TABLES,STRICT_ALL_TABLES,NO_ZERO_IN_DATE,NO_ZERO_DATE,ERROR_FOR_DIVISION_BY_ZERO,TRADITIONAL,NO_ENGINE_SUBSTITUTION {{(pid=95844) _check_effective_sql_mode /opt/stack/data/venv/lib/python3.12/site-packages/oslo_db/sqlalchemy/engines.py:325}}
Jul 28 13:31:58.740651 np0000006005 nova-conductor[95844]: DEBUG dbcounter [-] [95844] Writer thread running {{(pid=95844) stat_writer /opt/stack/data/venv/lib/python3.12/site-packages/dbcounter.py:102}}
Jul 28 13:31:58.809050 np0000006005 nova-conductor[95844]: INFO nova.utils [None req-c0c8486b-0b8f-4703-8d52-ed87d1e353b1 tempest-ServerActionsV293TestJSON-1015606899 tempest-ServerActionsV293TestJSON-1015606899-project-member] The cell worker thread pool ForkProcess-1.cell_worker is initialized
Jul 28 13:31:58.809366 np0000006005 nova-conductor[95844]: DEBUG oslo_concurrency.lockutils [None req-c0c8486b-0b8f-4703-8d52-ed87d1e353b1 tempest-ServerActionsV293TestJSON-1015606899 tempest-ServerActionsV293TestJSON-1015606899-project-member] Acquiring lock "00000000-0000-0000-0000-000000000000" by "nova.context.set_target_cell..get_or_set_cached_cell_and_set_connections" {{(pid=95844) inner /opt/stack/data/venv/lib/python3.12/site-packages/oslo_concurrency/lockutils.py:512}}
Jul 28 13:31:58.809502 np0000006005 nova-conductor[95844]: DEBUG oslo_concurrency.lockutils [None req-c0c8486b-0b8f-4703-8d52-ed87d1e353b1 tempest-ServerActionsV293TestJSON-1015606899 tempest-ServerActionsV293TestJSON-1015606899-project-member] Lock "00000000-0000-0000-0000-000000000000" acquired by "nova.context.set_target_cell..get_or_set_cached_cell_and_set_connections" :: waited 0.000s {{(pid=95844) inner /opt/stack/data/venv/lib/python3.12/site-packages/oslo_concurrency/lockutils.py:525}}
Jul 28 13:31:58.810330 np0000006005 nova-conductor[95844]: DEBUG oslo_concurrency.lockutils [None req-c0c8486b-0b8f-4703-8d52-ed87d1e353b1 tempest-ServerActionsV293TestJSON-1015606899 tempest-ServerActionsV293TestJSON-1015606899-project-member] Lock "00000000-0000-0000-0000-000000000000" "released" by "nova.context.set_target_cell..get_or_set_cached_cell_and_set_connections" :: held 0.000s {{(pid=95844) inner /opt/stack/data/venv/lib/python3.12/site-packages/oslo_concurrency/lockutils.py:544}}
Jul 28 13:31:58.810916 np0000006005 nova-conductor[95844]: DEBUG oslo_concurrency.lockutils [None req-c0c8486b-0b8f-4703-8d52-ed87d1e353b1 tempest-ServerActionsV293TestJSON-1015606899 tempest-ServerActionsV293TestJSON-1015606899-project-member] Acquiring lock "f85694b7-7b07-4b60-932a-a654c22f4825" by "nova.context.set_target_cell..get_or_set_cached_cell_and_set_connections" {{(pid=95844) inner /opt/stack/data/venv/lib/python3.12/site-packages/oslo_concurrency/lockutils.py:512}}
Jul 28 13:31:58.811131 np0000006005 nova-conductor[95844]: DEBUG oslo_concurrency.lockutils [None req-c0c8486b-0b8f-4703-8d52-ed87d1e353b1 tempest-ServerActionsV293TestJSON-1015606899 tempest-ServerActionsV293TestJSON-1015606899-project-member] Lock "f85694b7-7b07-4b60-932a-a654c22f4825" acquired by "nova.context.set_target_cell..get_or_set_cached_cell_and_set_connections" :: waited 0.000s {{(pid=95844) inner /opt/stack/data/venv/lib/python3.12/site-packages/oslo_concurrency/lockutils.py:525}}
Jul 28 13:31:58.813261 np0000006005 nova-conductor[95844]: INFO dbcounter [None req-c0c8486b-0b8f-4703-8d52-ed87d1e353b1 tempest-ServerActionsV293TestJSON-1015606899 tempest-ServerActionsV293TestJSON-1015606899-project-member] Registered counter for database nova_cell0
Jul 28 13:31:58.814728 np0000006005 nova-conductor[95844]: DEBUG oslo_concurrency.lockutils [None req-c0c8486b-0b8f-4703-8d52-ed87d1e353b1 tempest-ServerActionsV293TestJSON-1015606899 tempest-ServerActionsV293TestJSON-1015606899-project-member] Lock "f85694b7-7b07-4b60-932a-a654c22f4825" "released" by "nova.context.set_target_cell..get_or_set_cached_cell_and_set_connections" :: held 0.002s {{(pid=95844) inner /opt/stack/data/venv/lib/python3.12/site-packages/oslo_concurrency/lockutils.py:544}}
Jul 28 13:31:58.858079 np0000006005 nova-conductor[95844]: DEBUG oslo_db.sqlalchemy.engines [None req-c0c8486b-0b8f-4703-8d52-ed87d1e353b1 tempest-ServerActionsV293TestJSON-1015606899 tempest-ServerActionsV293TestJSON-1015606899-project-member] MySQL server mode set to STRICT_TRANS_TABLES,STRICT_ALL_TABLES,NO_ZERO_IN_DATE,NO_ZERO_DATE,ERROR_FOR_DIVISION_BY_ZERO,TRADITIONAL,NO_ENGINE_SUBSTITUTION {{(pid=95844) _check_effective_sql_mode /opt/stack/data/venv/lib/python3.12/site-packages/oslo_db/sqlalchemy/engines.py:325}}
Jul 28 13:31:58.865104 np0000006005 nova-conductor[95844]: DEBUG dbcounter [-] [95844] Writer thread running {{(pid=95844) stat_writer /opt/stack/data/venv/lib/python3.12/site-packages/dbcounter.py:102}}
Jul 28 13:31:58.883362 np0000006005 nova-conductor[95844]: DEBUG nova.quota [None req-c0c8486b-0b8f-4703-8d52-ed87d1e353b1 tempest-ServerActionsV293TestJSON-1015606899 tempest-ServerActionsV293TestJSON-1015606899-project-member] Getting quotas for project 97da77f3eccb49c8b1d247b7cf33a3ac. Resources: {'ram', 'instances', 'cores'} {{(pid=95844) _get_quotas /opt/stack/nova/nova/quota.py:389}}
Jul 28 13:31:58.895505 np0000006005 nova-conductor[95844]: DEBUG nova.quota [None req-c0c8486b-0b8f-4703-8d52-ed87d1e353b1 tempest-ServerActionsV293TestJSON-1015606899 tempest-ServerActionsV293TestJSON-1015606899-project-member] Getting quotas for user 0b11d5266efe4cda946d5820668ad94c and project 97da77f3eccb49c8b1d247b7cf33a3ac. Resources: {'ram', 'instances', 'cores'} {{(pid=95844) _get_quotas /opt/stack/nova/nova/quota.py:379}}
Jul 28 13:31:58.909212 np0000006005 nova-conductor[95844]: DEBUG nova.conductor.manager [None req-c0c8486b-0b8f-4703-8d52-ed87d1e353b1 tempest-ServerActionsV293TestJSON-1015606899 tempest-ServerActionsV293TestJSON-1015606899-project-member] [instance: 3c86b53b-1e8c-4426-84e3-fa26e87eb52f] Selected host: np0000006005; Selected node: np0000006005; Alternates: [] {{(pid=95844) schedule_and_build_instances /opt/stack/nova/nova/conductor/manager.py:1784}}
Jul 28 13:31:58.910084 np0000006005 nova-conductor[95844]: DEBUG oslo_concurrency.lockutils [None req-c0c8486b-0b8f-4703-8d52-ed87d1e353b1 tempest-ServerActionsV293TestJSON-1015606899 tempest-ServerActionsV293TestJSON-1015606899-project-member] Acquiring lock "f85694b7-7b07-4b60-932a-a654c22f4825" by "nova.context.set_target_cell..get_or_set_cached_cell_and_set_connections" {{(pid=95844) inner /opt/stack/data/venv/lib/python3.12/site-packages/oslo_concurrency/lockutils.py:512}}
Jul 28 13:31:58.910569 np0000006005 nova-conductor[95844]: DEBUG oslo_concurrency.lockutils [None req-c0c8486b-0b8f-4703-8d52-ed87d1e353b1 tempest-ServerActionsV293TestJSON-1015606899 tempest-ServerActionsV293TestJSON-1015606899-project-member] Lock "f85694b7-7b07-4b60-932a-a654c22f4825" acquired by "nova.context.set_target_cell..get_or_set_cached_cell_and_set_connections" :: waited 0.001s {{(pid=95844) inner /opt/stack/data/venv/lib/python3.12/site-packages/oslo_concurrency/lockutils.py:525}}
Jul 28 13:31:58.910770 np0000006005 nova-conductor[95844]: DEBUG oslo_concurrency.lockutils [None req-c0c8486b-0b8f-4703-8d52-ed87d1e353b1 tempest-ServerActionsV293TestJSON-1015606899 tempest-ServerActionsV293TestJSON-1015606899-project-member] Lock "f85694b7-7b07-4b60-932a-a654c22f4825" "released" by "nova.context.set_target_cell..get_or_set_cached_cell_and_set_connections" :: held 0.000s {{(pid=95844) inner /opt/stack/data/venv/lib/python3.12/site-packages/oslo_concurrency/lockutils.py:544}}
Jul 28 13:31:58.924896 np0000006005 nova-conductor[95844]: DEBUG nova.conductor.manager [None req-c0c8486b-0b8f-4703-8d52-ed87d1e353b1 tempest-ServerActionsV293TestJSON-1015606899 tempest-ServerActionsV293TestJSON-1015606899-project-member] [instance: 3c86b53b-1e8c-4426-84e3-fa26e87eb52f] block_device_mapping [BlockDeviceMapping(attachment_id=e73069ef-b068-4fdd-97b7-509b8657d68c,boot_index=0,connection_info=None,created_at=,delete_on_termination=True,deleted=,deleted_at=,destination_type='volume',device_name=None,device_type=None,disk_bus=None,encrypted=False,encryption_format=None,encryption_options=None,encryption_secret_uuid=None,guest_format=None,id=,image_id=None,instance=,instance_uuid=,no_device=False,snapshot_id=None,source_type='volume',tag=None,updated_at=,uuid=,volume_id='6b4a1aab-e488-48d2-9158-5c0a55796cf4',volume_size=1,volume_type=None)] {{(pid=95844) _create_block_device_mapping /opt/stack/nova/nova/conductor/manager.py:1529}}
Jul 28 13:31:58.927399 np0000006005 nova-conductor[95844]: DEBUG oslo_concurrency.lockutils [None req-c0c8486b-0b8f-4703-8d52-ed87d1e353b1 tempest-ServerActionsV293TestJSON-1015606899 tempest-ServerActionsV293TestJSON-1015606899-project-member] Acquiring lock "f85694b7-7b07-4b60-932a-a654c22f4825" by "nova.context.set_target_cell..get_or_set_cached_cell_and_set_connections" {{(pid=95844) inner /opt/stack/data/venv/lib/python3.12/site-packages/oslo_concurrency/lockutils.py:512}}
Jul 28 13:31:58.927598 np0000006005 nova-conductor[95844]: DEBUG oslo_concurrency.lockutils [None req-c0c8486b-0b8f-4703-8d52-ed87d1e353b1 tempest-ServerActionsV293TestJSON-1015606899 tempest-ServerActionsV293TestJSON-1015606899-project-member] Lock "f85694b7-7b07-4b60-932a-a654c22f4825" acquired by "nova.context.set_target_cell..get_or_set_cached_cell_and_set_connections" :: waited 0.000s {{(pid=95844) inner /opt/stack/data/venv/lib/python3.12/site-packages/oslo_concurrency/lockutils.py:525}}
Jul 28 13:31:58.927775 np0000006005 nova-conductor[95844]: DEBUG oslo_concurrency.lockutils [None req-c0c8486b-0b8f-4703-8d52-ed87d1e353b1 tempest-ServerActionsV293TestJSON-1015606899 tempest-ServerActionsV293TestJSON-1015606899-project-member] Lock "f85694b7-7b07-4b60-932a-a654c22f4825" "released" by "nova.context.set_target_cell..get_or_set_cached_cell_and_set_connections" :: held 0.000s {{(pid=95844) inner /opt/stack/data/venv/lib/python3.12/site-packages/oslo_concurrency/lockutils.py:544}}
Jul 28 13:31:58.975097 np0000006005 nova-conductor[95844]: DEBUG oslo_concurrency.lockutils [None req-c0c8486b-0b8f-4703-8d52-ed87d1e353b1 tempest-ServerActionsV293TestJSON-1015606899 tempest-ServerActionsV293TestJSON-1015606899-project-member] Acquiring lock "f85694b7-7b07-4b60-932a-a654c22f4825" by "nova.context.set_target_cell..get_or_set_cached_cell_and_set_connections" {{(pid=95844) inner /opt/stack/data/venv/lib/python3.12/site-packages/oslo_concurrency/lockutils.py:512}}
Jul 28 13:31:58.975339 np0000006005 nova-conductor[95844]: DEBUG oslo_concurrency.lockutils [None req-c0c8486b-0b8f-4703-8d52-ed87d1e353b1 tempest-ServerActionsV293TestJSON-1015606899 tempest-ServerActionsV293TestJSON-1015606899-project-member] Lock "f85694b7-7b07-4b60-932a-a654c22f4825" acquired by "nova.context.set_target_cell..get_or_set_cached_cell_and_set_connections" :: waited 0.000s {{(pid=95844) inner /opt/stack/data/venv/lib/python3.12/site-packages/oslo_concurrency/lockutils.py:525}}
Jul 28 13:31:58.975475 np0000006005 nova-conductor[95844]: DEBUG oslo_concurrency.lockutils [None req-c0c8486b-0b8f-4703-8d52-ed87d1e353b1 tempest-ServerActionsV293TestJSON-1015606899 tempest-ServerActionsV293TestJSON-1015606899-project-member] Lock "f85694b7-7b07-4b60-932a-a654c22f4825" "released" by "nova.context.set_target_cell..get_or_set_cached_cell_and_set_connections" :: held 0.000s {{(pid=95844) inner /opt/stack/data/venv/lib/python3.12/site-packages/oslo_concurrency/lockutils.py:544}}
Jul 28 13:31:58.975696 np0000006005 nova-conductor[95844]: DEBUG oslo_concurrency.lockutils [None req-c0c8486b-0b8f-4703-8d52-ed87d1e353b1 tempest-ServerActionsV293TestJSON-1015606899 tempest-ServerActionsV293TestJSON-1015606899-project-member] Acquiring lock "compute-rpcapi-router" {{(pid=95844) lock /opt/stack/data/venv/lib/python3.12/site-packages/oslo_concurrency/lockutils.py:396}}
Jul 28 13:31:58.975770 np0000006005 nova-conductor[95844]: DEBUG oslo_concurrency.lockutils [None req-c0c8486b-0b8f-4703-8d52-ed87d1e353b1 tempest-ServerActionsV293TestJSON-1015606899 tempest-ServerActionsV293TestJSON-1015606899-project-member] Acquired lock "compute-rpcapi-router" {{(pid=95844) lock /opt/stack/data/venv/lib/python3.12/site-packages/oslo_concurrency/lockutils.py:399}}
Jul 28 13:31:58.976244 np0000006005 nova-conductor[95844]: DEBUG oslo_concurrency.lockutils [None req-6a5a3499-f144-4f6b-8020-a1233512c3f1 None None] Acquiring lock "00000000-0000-0000-0000-000000000000" by "nova.context.set_target_cell..get_or_set_cached_cell_and_set_connections" {{(pid=95844) inner /opt/stack/data/venv/lib/python3.12/site-packages/oslo_concurrency/lockutils.py:512}}
Jul 28 13:31:58.976368 np0000006005 nova-conductor[95844]: DEBUG oslo_concurrency.lockutils [None req-6a5a3499-f144-4f6b-8020-a1233512c3f1 None None] Lock "00000000-0000-0000-0000-000000000000" acquired by "nova.context.set_target_cell..get_or_set_cached_cell_and_set_connections" :: waited 0.000s {{(pid=95844) inner /opt/stack/data/venv/lib/python3.12/site-packages/oslo_concurrency/lockutils.py:525}}
Jul 28 13:31:58.976483 np0000006005 nova-conductor[95844]: DEBUG oslo_concurrency.lockutils [None req-6a5a3499-f144-4f6b-8020-a1233512c3f1 None None] Lock "00000000-0000-0000-0000-000000000000" "released" by "nova.context.set_target_cell..get_or_set_cached_cell_and_set_connections" :: held 0.000s {{(pid=95844) inner /opt/stack/data/venv/lib/python3.12/site-packages/oslo_concurrency/lockutils.py:544}}
Jul 28 13:31:58.977263 np0000006005 nova-conductor[95844]: DEBUG oslo_concurrency.lockutils [None req-6a5a3499-f144-4f6b-8020-a1233512c3f1 None None] Acquiring lock "f85694b7-7b07-4b60-932a-a654c22f4825" by "nova.context.set_target_cell..get_or_set_cached_cell_and_set_connections" {{(pid=95844) inner /opt/stack/data/venv/lib/python3.12/site-packages/oslo_concurrency/lockutils.py:512}}
Jul 28 13:31:58.977402 np0000006005 nova-conductor[95844]: DEBUG oslo_concurrency.lockutils [None req-6a5a3499-f144-4f6b-8020-a1233512c3f1 None None] Lock "f85694b7-7b07-4b60-932a-a654c22f4825" acquired by "nova.context.set_target_cell..get_or_set_cached_cell_and_set_connections" :: waited 0.000s {{(pid=95844) inner /opt/stack/data/venv/lib/python3.12/site-packages/oslo_concurrency/lockutils.py:525}}
Jul 28 13:31:58.977510 np0000006005 nova-conductor[95844]: DEBUG oslo_concurrency.lockutils [None req-6a5a3499-f144-4f6b-8020-a1233512c3f1 None None] Lock "f85694b7-7b07-4b60-932a-a654c22f4825" "released" by "nova.context.set_target_cell..get_or_set_cached_cell_and_set_connections" :: held 0.000s {{(pid=95844) inner /opt/stack/data/venv/lib/python3.12/site-packages/oslo_concurrency/lockutils.py:544}}
Jul 28 13:31:58.988266 np0000006005 nova-conductor[95844]: INFO nova.compute.rpcapi [None req-6a5a3499-f144-4f6b-8020-a1233512c3f1 None None] Automatically selected compute RPC version 6.5 from minimum service version 72
Jul 28 13:31:58.988754 np0000006005 nova-conductor[95844]: DEBUG oslo_concurrency.lockutils [None req-6a5a3499-f144-4f6b-8020-a1233512c3f1 None None] Releasing lock "compute-rpcapi-router" {{(pid=95844) lock /opt/stack/data/venv/lib/python3.12/site-packages/oslo_concurrency/lockutils.py:419}}
Jul 28 13:32:04.584933 np0000006005 nova-conductor[95848]: DEBUG dbcounter [-] [95848] Writer thread running {{(pid=95848) stat_writer /opt/stack/data/venv/lib/python3.12/site-packages/dbcounter.py:102}}
Jul 28 13:32:05.143176 np0000006005 nova-conductor[95848]: DEBUG nova.conductor.manager [None req-c0997b90-7aac-4a37-bc65-94562edcfcea tempest-AttachSCSIVolumeTestJSON-31359255 tempest-AttachSCSIVolumeTestJSON-31359255-project-member] Took 0.55 seconds to select destinations for 1 instance(s). {{(pid=95848) _schedule_instances /opt/stack/nova/nova/conductor/manager.py:968}}
Jul 28 13:32:05.180848 np0000006005 nova-conductor[95848]: DEBUG oslo_concurrency.lockutils [None req-c0997b90-7aac-4a37-bc65-94562edcfcea tempest-AttachSCSIVolumeTestJSON-31359255 tempest-AttachSCSIVolumeTestJSON-31359255-project-member] Acquiring lock "f85694b7-7b07-4b60-932a-a654c22f4825" by "nova.context.set_target_cell..get_or_set_cached_cell_and_set_connections" {{(pid=95848) inner /opt/stack/data/venv/lib/python3.12/site-packages/oslo_concurrency/lockutils.py:512}}
Jul 28 13:32:05.181167 np0000006005 nova-conductor[95848]: DEBUG oslo_concurrency.lockutils [None req-c0997b90-7aac-4a37-bc65-94562edcfcea tempest-AttachSCSIVolumeTestJSON-31359255 tempest-AttachSCSIVolumeTestJSON-31359255-project-member] Lock "f85694b7-7b07-4b60-932a-a654c22f4825" acquired by "nova.context.set_target_cell..get_or_set_cached_cell_and_set_connections" :: waited 0.000s {{(pid=95848) inner /opt/stack/data/venv/lib/python3.12/site-packages/oslo_concurrency/lockutils.py:525}}
Jul 28 13:32:05.183266 np0000006005 nova-conductor[95848]: DEBUG oslo_concurrency.lockutils [None req-c0997b90-7aac-4a37-bc65-94562edcfcea tempest-AttachSCSIVolumeTestJSON-31359255 tempest-AttachSCSIVolumeTestJSON-31359255-project-member] Lock "f85694b7-7b07-4b60-932a-a654c22f4825" "released" by "nova.context.set_target_cell..get_or_set_cached_cell_and_set_connections" :: held 0.002s {{(pid=95848) inner /opt/stack/data/venv/lib/python3.12/site-packages/oslo_concurrency/lockutils.py:544}}
Jul 28 13:32:05.186224 np0000006005 nova-conductor[95848]: INFO dbcounter [None req-c0997b90-7aac-4a37-bc65-94562edcfcea tempest-AttachSCSIVolumeTestJSON-31359255 tempest-AttachSCSIVolumeTestJSON-31359255-project-member] Registered counter for database nova_cell1
Jul 28 13:32:05.238418 np0000006005 nova-conductor[95848]: DEBUG oslo_db.sqlalchemy.engines [None req-c0997b90-7aac-4a37-bc65-94562edcfcea tempest-AttachSCSIVolumeTestJSON-31359255 tempest-AttachSCSIVolumeTestJSON-31359255-project-member] MySQL server mode set to STRICT_TRANS_TABLES,STRICT_ALL_TABLES,NO_ZERO_IN_DATE,NO_ZERO_DATE,ERROR_FOR_DIVISION_BY_ZERO,TRADITIONAL,NO_ENGINE_SUBSTITUTION {{(pid=95848) _check_effective_sql_mode /opt/stack/data/venv/lib/python3.12/site-packages/oslo_db/sqlalchemy/engines.py:325}}
Jul 28 13:32:05.246955 np0000006005 nova-conductor[95848]: DEBUG dbcounter [-] [95848] Writer thread running {{(pid=95848) stat_writer /opt/stack/data/venv/lib/python3.12/site-packages/dbcounter.py:102}}
Jul 28 13:32:05.357792 np0000006005 nova-conductor[95848]: INFO nova.utils [None req-c0997b90-7aac-4a37-bc65-94562edcfcea tempest-AttachSCSIVolumeTestJSON-31359255 tempest-AttachSCSIVolumeTestJSON-31359255-project-member] The cell worker thread pool ForkProcess-2.cell_worker is initialized
Jul 28 13:32:05.358507 np0000006005 nova-conductor[95848]: DEBUG oslo_concurrency.lockutils [None req-c0997b90-7aac-4a37-bc65-94562edcfcea tempest-AttachSCSIVolumeTestJSON-31359255 tempest-AttachSCSIVolumeTestJSON-31359255-project-member] Acquiring lock "00000000-0000-0000-0000-000000000000" by "nova.context.set_target_cell..get_or_set_cached_cell_and_set_connections" {{(pid=95848) inner /opt/stack/data/venv/lib/python3.12/site-packages/oslo_concurrency/lockutils.py:512}}
Jul 28 13:32:05.358656 np0000006005 nova-conductor[95848]: DEBUG oslo_concurrency.lockutils [None req-c0997b90-7aac-4a37-bc65-94562edcfcea tempest-AttachSCSIVolumeTestJSON-31359255 tempest-AttachSCSIVolumeTestJSON-31359255-project-member] Lock "00000000-0000-0000-0000-000000000000" acquired by "nova.context.set_target_cell..get_or_set_cached_cell_and_set_connections" :: waited 0.000s {{(pid=95848) inner /opt/stack/data/venv/lib/python3.12/site-packages/oslo_concurrency/lockutils.py:525}}
Jul 28 13:32:05.360127 np0000006005 nova-conductor[95848]: DEBUG oslo_concurrency.lockutils [None req-c0997b90-7aac-4a37-bc65-94562edcfcea tempest-AttachSCSIVolumeTestJSON-31359255 tempest-AttachSCSIVolumeTestJSON-31359255-project-member] Lock "00000000-0000-0000-0000-000000000000" "released" by "nova.context.set_target_cell..get_or_set_cached_cell_and_set_connections" :: held 0.001s {{(pid=95848) inner /opt/stack/data/venv/lib/python3.12/site-packages/oslo_concurrency/lockutils.py:544}}
Jul 28 13:32:05.361274 np0000006005 nova-conductor[95848]: DEBUG oslo_concurrency.lockutils [None req-c0997b90-7aac-4a37-bc65-94562edcfcea tempest-AttachSCSIVolumeTestJSON-31359255 tempest-AttachSCSIVolumeTestJSON-31359255-project-member] Acquiring lock "f85694b7-7b07-4b60-932a-a654c22f4825" by "nova.context.set_target_cell..get_or_set_cached_cell_and_set_connections" {{(pid=95848) inner /opt/stack/data/venv/lib/python3.12/site-packages/oslo_concurrency/lockutils.py:512}}
Jul 28 13:32:05.363306 np0000006005 nova-conductor[95848]: INFO dbcounter [None req-c0997b90-7aac-4a37-bc65-94562edcfcea tempest-AttachSCSIVolumeTestJSON-31359255 tempest-AttachSCSIVolumeTestJSON-31359255-project-member] Registered counter for database nova_cell0
Jul 28 13:32:05.365444 np0000006005 nova-conductor[95848]: DEBUG oslo_concurrency.lockutils [None req-c0997b90-7aac-4a37-bc65-94562edcfcea tempest-AttachSCSIVolumeTestJSON-31359255 tempest-AttachSCSIVolumeTestJSON-31359255-project-member] Lock "f85694b7-7b07-4b60-932a-a654c22f4825" acquired by "nova.context.set_target_cell..get_or_set_cached_cell_and_set_connections" :: waited 0.002s {{(pid=95848) inner /opt/stack/data/venv/lib/python3.12/site-packages/oslo_concurrency/lockutils.py:525}}
