May 20 14:24:01.410168 np0000001073 nova-scheduler[95832]: DEBUG cotyledon.oslo_config_glue [-] oslo_limit.auth_section = None {{(pid=95832) log_opt_values /opt/stack/data/venv/lib/python3.12/site-packages/oslo_config/cfg.py:3256}}
May 20 14:24:01.410168 np0000001073 nova-scheduler[95832]: DEBUG cotyledon.oslo_config_glue [-] oslo_limit.auth_type = None {{(pid=95832) log_opt_values /opt/stack/data/venv/lib/python3.12/site-packages/oslo_config/cfg.py:3256}}
May 20 14:24:01.410411 np0000001073 nova-scheduler[95832]: DEBUG cotyledon.oslo_config_glue [-] oslo_limit.cafile = None {{(pid=95832) log_opt_values /opt/stack/data/venv/lib/python3.12/site-packages/oslo_config/cfg.py:3256}}
May 20 14:24:01.410411 np0000001073 nova-scheduler[95832]: DEBUG cotyledon.oslo_config_glue [-] oslo_limit.certfile = None {{(pid=95832) log_opt_values /opt/stack/data/venv/lib/python3.12/site-packages/oslo_config/cfg.py:3256}}
May 20 14:24:01.410411 np0000001073 nova-scheduler[95832]: DEBUG cotyledon.oslo_config_glue [-] oslo_limit.collect_timing = False {{(pid=95832) log_opt_values /opt/stack/data/venv/lib/python3.12/site-packages/oslo_config/cfg.py:3256}}
May 20 14:24:01.410411 np0000001073 nova-scheduler[95832]: DEBUG cotyledon.oslo_config_glue [-] oslo_limit.connect_retries = None {{(pid=95832) log_opt_values /opt/stack/data/venv/lib/python3.12/site-packages/oslo_config/cfg.py:3256}}
May 20 14:24:01.410411 np0000001073 nova-scheduler[95832]: DEBUG cotyledon.oslo_config_glue [-] oslo_limit.connect_retry_delay = None {{(pid=95832) log_opt_values /opt/stack/data/venv/lib/python3.12/site-packages/oslo_config/cfg.py:3256}}
May 20 14:24:01.410411 np0000001073 nova-scheduler[95832]: DEBUG cotyledon.oslo_config_glue [-] oslo_limit.endpoint_id = None {{(pid=95832) log_opt_values /opt/stack/data/venv/lib/python3.12/site-packages/oslo_config/cfg.py:3256}}
May 20 14:24:01.410411 np0000001073 nova-scheduler[95832]: DEBUG cotyledon.oslo_config_glue [-] oslo_limit.endpoint_interface = public {{(pid=95832) log_opt_values /opt/stack/data/venv/lib/python3.12/site-packages/oslo_config/cfg.py:3256}}
May 20 14:24:01.410411 np0000001073 nova-scheduler[95832]: DEBUG cotyledon.oslo_config_glue [-] oslo_limit.endpoint_override = None {{(pid=95832) log_opt_values /opt/stack/data/venv/lib/python3.12/site-packages/oslo_config/cfg.py:3256}}
May 20 14:24:01.410411 np0000001073 nova-scheduler[95832]: DEBUG cotyledon.oslo_config_glue [-] oslo_limit.endpoint_region_name = None {{(pid=95832) log_opt_values /opt/stack/data/venv/lib/python3.12/site-packages/oslo_config/cfg.py:3256}}
May 20 14:24:01.410599 np0000001073 nova-scheduler[95832]: DEBUG cotyledon.oslo_config_glue [-] oslo_limit.endpoint_service_name = None {{(pid=95832) log_opt_values /opt/stack/data/venv/lib/python3.12/site-packages/oslo_config/cfg.py:3256}}
May 20 14:24:01.410599 np0000001073 nova-scheduler[95832]: DEBUG cotyledon.oslo_config_glue [-] oslo_limit.endpoint_service_type = None {{(pid=95832) log_opt_values /opt/stack/data/venv/lib/python3.12/site-packages/oslo_config/cfg.py:3256}}
May 20 14:24:01.410599 np0000001073 nova-scheduler[95832]: DEBUG cotyledon.oslo_config_glue [-] oslo_limit.insecure = False {{(pid=95832) log_opt_values /opt/stack/data/venv/lib/python3.12/site-packages/oslo_config/cfg.py:3256}}
May 20 14:24:01.410599 np0000001073 nova-scheduler[95832]: DEBUG cotyledon.oslo_config_glue [-] oslo_limit.keyfile = None {{(pid=95832) log_opt_values /opt/stack/data/venv/lib/python3.12/site-packages/oslo_config/cfg.py:3256}}
May 20 14:24:01.410599 np0000001073 nova-scheduler[95832]: DEBUG cotyledon.oslo_config_glue [-] oslo_limit.max_version = None {{(pid=95832) log_opt_values /opt/stack/data/venv/lib/python3.12/site-packages/oslo_config/cfg.py:3256}}
May 20 14:24:01.410599 np0000001073 nova-scheduler[95832]: DEBUG cotyledon.oslo_config_glue [-] oslo_limit.min_version = None {{(pid=95832) log_opt_values /opt/stack/data/venv/lib/python3.12/site-packages/oslo_config/cfg.py:3256}}
May 20 14:24:01.410599 np0000001073 nova-scheduler[95832]: DEBUG cotyledon.oslo_config_glue [-] oslo_limit.region_name = None {{(pid=95832) log_opt_values /opt/stack/data/venv/lib/python3.12/site-packages/oslo_config/cfg.py:3256}}
May 20 14:24:01.410599 np0000001073 nova-scheduler[95832]: DEBUG cotyledon.oslo_config_glue [-] oslo_limit.retriable_status_codes = None {{(pid=95832) log_opt_values /opt/stack/data/venv/lib/python3.12/site-packages/oslo_config/cfg.py:3256}}
May 20 14:24:01.410599 np0000001073 nova-scheduler[95832]: DEBUG cotyledon.oslo_config_glue [-] oslo_limit.service_name = None {{(pid=95832) log_opt_values /opt/stack/data/venv/lib/python3.12/site-packages/oslo_config/cfg.py:3256}}
May 20 14:24:01.410767 np0000001073 nova-scheduler[95832]: DEBUG cotyledon.oslo_config_glue [-] oslo_limit.service_type = None {{(pid=95832) log_opt_values /opt/stack/data/venv/lib/python3.12/site-packages/oslo_config/cfg.py:3256}}
May 20 14:24:01.410767 np0000001073 nova-scheduler[95832]: DEBUG cotyledon.oslo_config_glue [-] oslo_limit.split_loggers = False {{(pid=95832) log_opt_values /opt/stack/data/venv/lib/python3.12/site-packages/oslo_config/cfg.py:3256}}
May 20 14:24:01.410767 np0000001073 nova-scheduler[95832]: DEBUG cotyledon.oslo_config_glue [-] oslo_limit.status_code_retries = None {{(pid=95832) log_opt_values /opt/stack/data/venv/lib/python3.12/site-packages/oslo_config/cfg.py:3256}}
May 20 14:24:01.410767 np0000001073 nova-scheduler[95832]: DEBUG cotyledon.oslo_config_glue [-] oslo_limit.status_code_retry_delay = None {{(pid=95832) log_opt_values /opt/stack/data/venv/lib/python3.12/site-packages/oslo_config/cfg.py:3256}}
May 20 14:24:01.410767 np0000001073 nova-scheduler[95832]: DEBUG cotyledon.oslo_config_glue [-] oslo_limit.timeout = None {{(pid=95832) log_opt_values /opt/stack/data/venv/lib/python3.12/site-packages/oslo_config/cfg.py:3256}}
May 20 14:24:01.410767 np0000001073 nova-scheduler[95832]: DEBUG cotyledon.oslo_config_glue [-] oslo_limit.valid_interfaces = None {{(pid=95832) log_opt_values /opt/stack/data/venv/lib/python3.12/site-packages/oslo_config/cfg.py:3256}}
May 20 14:24:01.410767 np0000001073 nova-scheduler[95832]: DEBUG cotyledon.oslo_config_glue [-] oslo_limit.version = None {{(pid=95832) log_opt_values /opt/stack/data/venv/lib/python3.12/site-packages/oslo_config/cfg.py:3256}}
May 20 14:24:01.410767 np0000001073 nova-scheduler[95832]: DEBUG cotyledon.oslo_config_glue [-] oslo_reports.file_event_handler = None {{(pid=95832) log_opt_values /opt/stack/data/venv/lib/python3.12/site-packages/oslo_config/cfg.py:3256}}
May 20 14:24:01.410767 np0000001073 nova-scheduler[95832]: DEBUG cotyledon.oslo_config_glue [-] oslo_reports.file_event_handler_interval = 1 {{(pid=95832) log_opt_values /opt/stack/data/venv/lib/python3.12/site-packages/oslo_config/cfg.py:3256}}
May 20 14:24:01.410930 np0000001073 nova-scheduler[95832]: DEBUG cotyledon.oslo_config_glue [-] oslo_reports.log_dir = None {{(pid=95832) log_opt_values /opt/stack/data/venv/lib/python3.12/site-packages/oslo_config/cfg.py:3256}}
May 20 14:24:01.410930 np0000001073 nova-scheduler[95832]: DEBUG cotyledon.oslo_config_glue [-] ******************************************************************************** {{(pid=95832) log_opt_values /opt/stack/data/venv/lib/python3.12/site-packages/oslo_config/cfg.py:3263}}
May 20 14:24:01.410930 np0000001073 nova-scheduler[95832]: DEBUG cotyledon._service_worker [-] Run service ServiceWrapper(2) [95832] {{(pid=95832) wait_forever /opt/stack/data/venv/lib/python3.12/site-packages/cotyledon/_service_worker.py:218}}
May 20 14:24:01.410930 np0000001073 nova-scheduler[95832]: INFO nova.service [-] Starting scheduler node (version 33.1.0)
May 20 14:24:01.411006 np0000001073 nova-scheduler[95800]: INFO dbcounter [None req-6028d247-08ba-4513-b6bc-7b1b62fbd9f7 None None] Registered counter for database nova_cell0
May 20 14:24:01.413212 np0000001073 nova-scheduler[95832]: INFO dbcounter [None req-fd474147-aec4-40bd-a3a6-1fb108927e9d None None] Registered counter for database nova_cell0
May 20 14:24:01.417965 np0000001073 nova-scheduler[95792]: DEBUG nova.service [None req-c1f86087-34fb-4ead-98ba-3abc864eeed3 None None] Creating RPC server for service: nova-scheduler on topic: scheduler {{(pid=95792) start /opt/stack/nova/nova/service.py:195}}
May 20 14:24:01.421880 np0000001073 nova-scheduler[95800]: DEBUG oslo_db.sqlalchemy.engines [None req-6028d247-08ba-4513-b6bc-7b1b62fbd9f7 None None] MySQL server mode set to STRICT_TRANS_TABLES,STRICT_ALL_TABLES,NO_ZERO_IN_DATE,NO_ZERO_DATE,ERROR_FOR_DIVISION_BY_ZERO,TRADITIONAL,NO_ENGINE_SUBSTITUTION {{(pid=95800) _check_effective_sql_mode /opt/stack/data/venv/lib/python3.12/site-packages/oslo_db/sqlalchemy/engines.py:325}}
May 20 14:24:01.424856 np0000001073 nova-scheduler[95832]: DEBUG oslo_db.sqlalchemy.engines [None req-fd474147-aec4-40bd-a3a6-1fb108927e9d None None] MySQL server mode set to STRICT_TRANS_TABLES,STRICT_ALL_TABLES,NO_ZERO_IN_DATE,NO_ZERO_DATE,ERROR_FOR_DIVISION_BY_ZERO,TRADITIONAL,NO_ENGINE_SUBSTITUTION {{(pid=95832) _check_effective_sql_mode /opt/stack/data/venv/lib/python3.12/site-packages/oslo_db/sqlalchemy/engines.py:325}}
May 20 14:24:01.433581 np0000001073 nova-scheduler[95800]: DEBUG dbcounter [-] [95800] Writer thread running {{(pid=95800) stat_writer /opt/stack/data/venv/lib/python3.12/site-packages/dbcounter.py:102}}
May 20 14:24:01.435126 np0000001073 nova-scheduler[95832]: DEBUG dbcounter [-] [95832] Writer thread running {{(pid=95832) stat_writer /opt/stack/data/venv/lib/python3.12/site-packages/dbcounter.py:102}}
May 20 14:24:01.437663 np0000001073 nova-scheduler[95800]: DEBUG nova.service [None req-6028d247-08ba-4513-b6bc-7b1b62fbd9f7 None None] Creating RPC server for service: nova-scheduler on topic: scheduler {{(pid=95800) start /opt/stack/nova/nova/service.py:195}}
May 20 14:24:01.438850 np0000001073 nova-scheduler[95832]: DEBUG nova.service [None req-fd474147-aec4-40bd-a3a6-1fb108927e9d None None] Creating RPC server for service: nova-scheduler on topic: scheduler {{(pid=95832) start /opt/stack/nova/nova/service.py:195}}
May 20 14:24:01.460254 np0000001073 nova-scheduler[95792]: DEBUG nova.service [None req-c1f86087-34fb-4ead-98ba-3abc864eeed3 None None] Join ServiceGroup membership for this service scheduler {{(pid=95792) start /opt/stack/nova/nova/service.py:221}}
May 20 14:24:01.460601 np0000001073 nova-scheduler[95792]: DEBUG nova.servicegroup.drivers.db [None req-c1f86087-34fb-4ead-98ba-3abc864eeed3 None None] DB_Driver: join new ServiceGroup member np0000001073 to the scheduler group, service = {{(pid=95792) join /opt/stack/nova/nova/servicegroup/drivers/db.py:44}}
May 20 14:24:01.462547 np0000001073 nova-scheduler[95800]: DEBUG nova.service [None req-6028d247-08ba-4513-b6bc-7b1b62fbd9f7 None None] Join ServiceGroup membership for this service scheduler {{(pid=95800) start /opt/stack/nova/nova/service.py:221}}
May 20 14:24:01.462731 np0000001073 nova-scheduler[95800]: DEBUG nova.servicegroup.drivers.db [None req-6028d247-08ba-4513-b6bc-7b1b62fbd9f7 None None] DB_Driver: join new ServiceGroup member np0000001073 to the scheduler group, service = {{(pid=95800) join /opt/stack/nova/nova/servicegroup/drivers/db.py:44}}
May 20 14:24:01.464180 np0000001073 nova-scheduler[95832]: DEBUG nova.service [None req-fd474147-aec4-40bd-a3a6-1fb108927e9d None None] Join ServiceGroup membership for this service scheduler {{(pid=95832) start /opt/stack/nova/nova/service.py:221}}
May 20 14:24:01.464418 np0000001073 nova-scheduler[95832]: DEBUG nova.servicegroup.drivers.db [None req-fd474147-aec4-40bd-a3a6-1fb108927e9d None None] DB_Driver: join new ServiceGroup member np0000001073 to the scheduler group, service = {{(pid=95832) join /opt/stack/nova/nova/servicegroup/drivers/db.py:44}}
May 20 14:24:06.474912 np0000001073 nova-scheduler[95792]: DEBUG oslo.service.backend._threading.loopingcall [-] Fixed interval looping call 'nova.servicegroup.drivers.db.DbDriver._report_state' sleeping for 119.99 seconds {{(pid=95792) _run_loop /opt/stack/data/venv/lib/python3.12/site-packages/oslo_service/backend/_threading/loopingcall.py:125}}
May 20 14:24:06.476477 np0000001073 nova-scheduler[95800]: DEBUG oslo.service.backend._threading.loopingcall [-] Fixed interval looping call 'nova.servicegroup.drivers.db.DbDriver._report_state' sleeping for 119.99 seconds {{(pid=95800) _run_loop /opt/stack/data/venv/lib/python3.12/site-packages/oslo_service/backend/_threading/loopingcall.py:125}}
May 20 14:24:06.480979 np0000001073 nova-scheduler[95832]: DEBUG oslo.service.backend._threading.loopingcall [-] Fixed interval looping call 'nova.servicegroup.drivers.db.DbDriver._report_state' sleeping for 119.99 seconds {{(pid=95832) _run_loop /opt/stack/data/venv/lib/python3.12/site-packages/oslo_service/backend/_threading/loopingcall.py:125}}
May 20 14:24:10.086194 np0000001073 nova-scheduler[94586]: DEBUG dbcounter [-] [94586] Writing DB stats nova_api:SELECT=3 {{(pid=94586) stat_writer /opt/stack/data/venv/lib/python3.12/site-packages/dbcounter.py:115}}
May 20 14:24:10.177707 np0000001073 nova-scheduler[94586]: DEBUG dbcounter [-] [94586] Writing DB stats nova_cell0:SELECT=1 {{(pid=94586) stat_writer /opt/stack/data/venv/lib/python3.12/site-packages/dbcounter.py:115}}
May 20 14:24:10.181058 np0000001073 nova-scheduler[94586]: DEBUG dbcounter [-] [94586] Writing DB stats nova_cell1:SELECT=1 {{(pid=94586) stat_writer /opt/stack/data/venv/lib/python3.12/site-packages/dbcounter.py:115}}
May 20 14:24:16.470272 np0000001073 nova-scheduler[95792]: DEBUG dbcounter [-] [95792] Writing DB stats nova_cell0:SELECT=4,nova_cell0:INSERT=1,nova_cell0:UPDATE=1 {{(pid=95792) stat_writer /opt/stack/data/venv/lib/python3.12/site-packages/dbcounter.py:115}}
May 20 14:24:16.475054 np0000001073 nova-scheduler[95800]: DEBUG dbcounter [-] [95800] Writing DB stats nova_cell0:SELECT=3,nova_cell0:UPDATE=1 {{(pid=95800) stat_writer /opt/stack/data/venv/lib/python3.12/site-packages/dbcounter.py:115}}
May 20 14:24:16.477227 np0000001073 nova-scheduler[95832]: DEBUG dbcounter [-] [95832] Writing DB stats nova_cell0:SELECT=3 {{(pid=95832) stat_writer /opt/stack/data/venv/lib/python3.12/site-packages/dbcounter.py:115}}
May 20 14:24:30.463897 np0000001073 nova-scheduler[95792]: DEBUG oslo.service.backend._threading.loopingcall [None req-755c3036-2138-4753-8168-9e7c8c5ba8f0 None None] Dynamic interval looping call 'nova.service.Service.periodic_tasks' sleeping for 60.00 seconds {{(pid=95792) _run_loop /opt/stack/data/venv/lib/python3.12/site-packages/oslo_service/backend/_threading/loopingcall.py:125}}
May 20 14:24:33.465330 np0000001073 nova-scheduler[95800]: DEBUG oslo.service.backend._threading.loopingcall [None req-21abb825-a0bd-40c1-ae52-8f96687f1b98 None None] Dynamic interval looping call 'nova.service.Service.periodic_tasks' sleeping for 60.00 seconds {{(pid=95800) _run_loop /opt/stack/data/venv/lib/python3.12/site-packages/oslo_service/backend/_threading/loopingcall.py:125}}
May 20 14:24:36.467110 np0000001073 nova-scheduler[95832]: DEBUG oslo.service.backend._threading.loopingcall [None req-e4adf76a-1461-46dc-9d97-eb5eaf948d53 None None] Dynamic interval looping call 'nova.service.Service.periodic_tasks' sleeping for 60.00 seconds {{(pid=95832) _run_loop /opt/stack/data/venv/lib/python3.12/site-packages/oslo_service/backend/_threading/loopingcall.py:125}}
May 20 14:25:30.464471 np0000001073 nova-scheduler[95792]: DEBUG oslo.service.backend._threading.loopingcall [None req-755c3036-2138-4753-8168-9e7c8c5ba8f0 None None] Dynamic interval looping call 'nova.service.Service.periodic_tasks' sleeping for 60.00 seconds {{(pid=95792) _run_loop /opt/stack/data/venv/lib/python3.12/site-packages/oslo_service/backend/_threading/loopingcall.py:125}}
May 20 14:25:33.465921 np0000001073 nova-scheduler[95800]: DEBUG oslo.service.backend._threading.loopingcall [None req-21abb825-a0bd-40c1-ae52-8f96687f1b98 None None] Dynamic interval looping call 'nova.service.Service.periodic_tasks' sleeping for 60.00 seconds {{(pid=95800) _run_loop /opt/stack/data/venv/lib/python3.12/site-packages/oslo_service/backend/_threading/loopingcall.py:125}}
May 20 14:25:36.467762 np0000001073 nova-scheduler[95832]: DEBUG oslo.service.backend._threading.loopingcall [None req-e4adf76a-1461-46dc-9d97-eb5eaf948d53 None None] Dynamic interval looping call 'nova.service.Service.periodic_tasks' sleeping for 60.00 seconds {{(pid=95832) _run_loop /opt/stack/data/venv/lib/python3.12/site-packages/oslo_service/backend/_threading/loopingcall.py:125}}
May 20 14:26:06.473834 np0000001073 nova-scheduler[95792]: DEBUG oslo.service.backend._threading.loopingcall [-] Fixed interval looping call 'nova.servicegroup.drivers.db.DbDriver._report_state' sleeping for 119.99 seconds {{(pid=95792) _run_loop /opt/stack/data/venv/lib/python3.12/site-packages/oslo_service/backend/_threading/loopingcall.py:125}}
May 20 14:26:06.474289 np0000001073 nova-scheduler[95800]: DEBUG oslo.service.backend._threading.loopingcall [-] Fixed interval looping call 'nova.servicegroup.drivers.db.DbDriver._report_state' sleeping for 119.99 seconds {{(pid=95800) _run_loop /opt/stack/data/venv/lib/python3.12/site-packages/oslo_service/backend/_threading/loopingcall.py:125}}
May 20 14:26:06.476360 np0000001073 nova-scheduler[95832]: DEBUG oslo.service.backend._threading.loopingcall [-] Fixed interval looping call 'nova.servicegroup.drivers.db.DbDriver._report_state' sleeping for 119.99 seconds {{(pid=95832) _run_loop /opt/stack/data/venv/lib/python3.12/site-packages/oslo_service/backend/_threading/loopingcall.py:125}}
May 20 14:26:16.468189 np0000001073 nova-scheduler[95792]: DEBUG dbcounter [-] [95792] Writing DB stats nova_cell0:SELECT=1,nova_cell0:UPDATE=1 {{(pid=95792) stat_writer /opt/stack/data/venv/lib/python3.12/site-packages/dbcounter.py:115}}
May 20 14:26:16.471969 np0000001073 nova-scheduler[95800]: DEBUG dbcounter [-] [95800] Writing DB stats nova_cell0:SELECT=1,nova_cell0:UPDATE=1 {{(pid=95800) stat_writer /opt/stack/data/venv/lib/python3.12/site-packages/dbcounter.py:115}}
May 20 14:26:16.475427 np0000001073 nova-scheduler[95832]: DEBUG dbcounter [-] [95832] Writing DB stats nova_cell0:SELECT=1,nova_cell0:UPDATE=1 {{(pid=95832) stat_writer /opt/stack/data/venv/lib/python3.12/site-packages/dbcounter.py:115}}
May 20 14:26:30.465150 np0000001073 nova-scheduler[95792]: DEBUG oslo.service.backend._threading.loopingcall [None req-755c3036-2138-4753-8168-9e7c8c5ba8f0 None None] Dynamic interval looping call 'nova.service.Service.periodic_tasks' sleeping for 60.00 seconds {{(pid=95792) _run_loop /opt/stack/data/venv/lib/python3.12/site-packages/oslo_service/backend/_threading/loopingcall.py:125}}
May 20 14:26:33.467116 np0000001073 nova-scheduler[95800]: DEBUG oslo.service.backend._threading.loopingcall [None req-21abb825-a0bd-40c1-ae52-8f96687f1b98 None None] Dynamic interval looping call 'nova.service.Service.periodic_tasks' sleeping for 60.00 seconds {{(pid=95800) _run_loop /opt/stack/data/venv/lib/python3.12/site-packages/oslo_service/backend/_threading/loopingcall.py:125}}
May 20 14:26:36.468399 np0000001073 nova-scheduler[95832]: DEBUG oslo.service.backend._threading.loopingcall [None req-e4adf76a-1461-46dc-9d97-eb5eaf948d53 None None] Dynamic interval looping call 'nova.service.Service.periodic_tasks' sleeping for 60.00 seconds {{(pid=95832) _run_loop /opt/stack/data/venv/lib/python3.12/site-packages/oslo_service/backend/_threading/loopingcall.py:125}}
May 20 14:26:36.826353 np0000001073 nova-scheduler[95792]: DEBUG nova.scheduler.manager [None req-c075cf20-9344-4a4e-913c-470c24cbc0c7 tempest-ServersNegativeTestJSON-659126454 tempest-ServersNegativeTestJSON-659126454-project-member] Starting to schedule for instances: ['33871934-bec5-4481-95eb-b4c93f0bd969'] {{(pid=95792) select_destinations /opt/stack/nova/nova/scheduler/manager.py:210}}
May 20 14:26:36.826814 np0000001073 nova-scheduler[95792]: DEBUG nova.scheduler.request_filter [None req-c075cf20-9344-4a4e-913c-470c24cbc0c7 tempest-ServersNegativeTestJSON-659126454 tempest-ServersNegativeTestJSON-659126454-project-member] compute_status_filter request filter added forbidden trait COMPUTE_STATUS_DISABLED {{(pid=95792) compute_status_filter /opt/stack/nova/nova/scheduler/request_filter.py:253}}
May 20 14:26:36.826937 np0000001073 nova-scheduler[95792]: DEBUG nova.scheduler.request_filter [None req-c075cf20-9344-4a4e-913c-470c24cbc0c7 tempest-ServersNegativeTestJSON-659126454 tempest-ServersNegativeTestJSON-659126454-project-member] Request filter 'compute_status_filter' took 0.0 seconds {{(pid=95792) wrapper /opt/stack/nova/nova/scheduler/request_filter.py:46}}
May 20 14:26:36.827144 np0000001073 nova-scheduler[95792]: DEBUG nova.scheduler.request_filter [None req-c075cf20-9344-4a4e-913c-470c24cbc0c7 tempest-ServersNegativeTestJSON-659126454 tempest-ServersNegativeTestJSON-659126454-project-member] Request filter 'accelerators_filter' took 0.0 seconds {{(pid=95792) wrapper /opt/stack/nova/nova/scheduler/request_filter.py:46}}
May 20 14:26:36.827331 np0000001073 nova-scheduler[95792]: DEBUG nova.scheduler.request_filter [None req-c075cf20-9344-4a4e-913c-470c24cbc0c7 tempest-ServersNegativeTestJSON-659126454 tempest-ServersNegativeTestJSON-659126454-project-member] Request filter 'packed_virtqueue_filter' took 0.0 seconds {{(pid=95792) wrapper /opt/stack/nova/nova/scheduler/request_filter.py:46}}
May 20 14:26:36.828246 np0000001073 nova-scheduler[95792]: DEBUG nova.scheduler.request_filter [None req-c075cf20-9344-4a4e-913c-470c24cbc0c7 tempest-ServersNegativeTestJSON-659126454 tempest-ServersNegativeTestJSON-659126454-project-member] Request filter 'remote_managed_ports_filter' took 0.0 seconds {{(pid=95792) wrapper /opt/stack/nova/nova/scheduler/request_filter.py:46}}
May 20 14:26:36.828433 np0000001073 nova-scheduler[95792]: DEBUG nova.scheduler.request_filter [None req-c075cf20-9344-4a4e-913c-470c24cbc0c7 tempest-ServersNegativeTestJSON-659126454 tempest-ServersNegativeTestJSON-659126454-project-member] ephemeral_encryption_filter skipped {{(pid=95792) ephemeral_encryption_filter /opt/stack/nova/nova/scheduler/request_filter.py:426}}
May 20 14:26:36.829720 np0000001073 nova-scheduler[95792]: DEBUG nova.scheduler.request_filter [None req-c075cf20-9344-4a4e-913c-470c24cbc0c7 tempest-ServersNegativeTestJSON-659126454 tempest-ServersNegativeTestJSON-659126454-project-member] virtio_sound_filter skipped {{(pid=95792) virtio_sound_filter /opt/stack/nova/nova/scheduler/request_filter.py:460}}
May 20 14:26:36.829720 np0000001073 nova-scheduler[95792]: DEBUG nova.scheduler.request_filter [None req-c075cf20-9344-4a4e-913c-470c24cbc0c7 tempest-ServersNegativeTestJSON-659126454 tempest-ServersNegativeTestJSON-659126454-project-member] tpm_secret_security_filter skipped {{(pid=95792) tpm_secret_security_filter /opt/stack/nova/nova/scheduler/request_filter.py:477}}
May 20 14:26:36.857208 np0000001073 nova-scheduler[95800]: DEBUG nova.scheduler.manager [None req-fdd595d3-2334-4f1e-ae2b-80d30bbaedff tempest-DeleteServersTestJSON-1198836049 tempest-DeleteServersTestJSON-1198836049-project-member] Starting to schedule for instances: ['043c4deb-af24-4cc4-bf9b-91c08f0e0a77'] {{(pid=95800) select_destinations /opt/stack/nova/nova/scheduler/manager.py:210}}
May 20 14:26:36.857700 np0000001073 nova-scheduler[95800]: DEBUG nova.scheduler.request_filter [None req-fdd595d3-2334-4f1e-ae2b-80d30bbaedff tempest-DeleteServersTestJSON-1198836049 tempest-DeleteServersTestJSON-1198836049-project-member] compute_status_filter request filter added forbidden trait COMPUTE_STATUS_DISABLED {{(pid=95800) compute_status_filter /opt/stack/nova/nova/scheduler/request_filter.py:253}}
May 20 14:26:36.857879 np0000001073 nova-scheduler[95800]: DEBUG nova.scheduler.request_filter [None req-fdd595d3-2334-4f1e-ae2b-80d30bbaedff tempest-DeleteServersTestJSON-1198836049 tempest-DeleteServersTestJSON-1198836049-project-member] Request filter 'compute_status_filter' took 0.0 seconds {{(pid=95800) wrapper /opt/stack/nova/nova/scheduler/request_filter.py:46}}
May 20 14:26:36.858301 np0000001073 nova-scheduler[95800]: DEBUG nova.scheduler.request_filter [None req-fdd595d3-2334-4f1e-ae2b-80d30bbaedff tempest-DeleteServersTestJSON-1198836049 tempest-DeleteServersTestJSON-1198836049-project-member] Request filter 'accelerators_filter' took 0.0 seconds {{(pid=95800) wrapper /opt/stack/nova/nova/scheduler/request_filter.py:46}}
May 20 14:26:36.858594 np0000001073 nova-scheduler[95800]: DEBUG nova.scheduler.request_filter [None req-fdd595d3-2334-4f1e-ae2b-80d30bbaedff tempest-DeleteServersTestJSON-1198836049 tempest-DeleteServersTestJSON-1198836049-project-member] Request filter 'packed_virtqueue_filter' took 0.0 seconds {{(pid=95800) wrapper /opt/stack/nova/nova/scheduler/request_filter.py:46}}
May 20 14:26:36.859200 np0000001073 nova-scheduler[95800]: DEBUG nova.scheduler.request_filter [None req-fdd595d3-2334-4f1e-ae2b-80d30bbaedff tempest-DeleteServersTestJSON-1198836049 tempest-DeleteServersTestJSON-1198836049-project-member] Request filter 'remote_managed_ports_filter' took 0.0 seconds {{(pid=95800) wrapper /opt/stack/nova/nova/scheduler/request_filter.py:46}}
May 20 14:26:36.859426 np0000001073 nova-scheduler[95800]: DEBUG nova.scheduler.request_filter [None req-fdd595d3-2334-4f1e-ae2b-80d30bbaedff tempest-DeleteServersTestJSON-1198836049 tempest-DeleteServersTestJSON-1198836049-project-member] ephemeral_encryption_filter skipped {{(pid=95800) ephemeral_encryption_filter /opt/stack/nova/nova/scheduler/request_filter.py:426}}
May 20 14:26:36.859830 np0000001073 nova-scheduler[95800]: DEBUG nova.scheduler.request_filter [None req-fdd595d3-2334-4f1e-ae2b-80d30bbaedff tempest-DeleteServersTestJSON-1198836049 tempest-DeleteServersTestJSON-1198836049-project-member] virtio_sound_filter skipped {{(pid=95800) virtio_sound_filter /opt/stack/nova/nova/scheduler/request_filter.py:460}}
May 20 14:26:36.859830 np0000001073 nova-scheduler[95800]: DEBUG nova.scheduler.request_filter [None req-fdd595d3-2334-4f1e-ae2b-80d30bbaedff tempest-DeleteServersTestJSON-1198836049 tempest-DeleteServersTestJSON-1198836049-project-member] tpm_secret_security_filter skipped {{(pid=95800) tpm_secret_security_filter /opt/stack/nova/nova/scheduler/request_filter.py:477}}
May 20 14:26:37.373004 np0000001073 nova-scheduler[95800]: INFO nova.utils [None req-fdd595d3-2334-4f1e-ae2b-80d30bbaedff tempest-DeleteServersTestJSON-1198836049 tempest-DeleteServersTestJSON-1198836049-project-member] The cell worker thread pool ForkProcess-2.cell_worker is initialized
May 20 14:26:37.373217 np0000001073 nova-scheduler[95800]: DEBUG oslo_concurrency.lockutils [None req-fdd595d3-2334-4f1e-ae2b-80d30bbaedff tempest-DeleteServersTestJSON-1198836049 tempest-DeleteServersTestJSON-1198836049-project-member] Acquiring lock "be512c7f-aced-4e30-9b54-ae705a3a7aad" by "nova.context.set_target_cell..get_or_set_cached_cell_and_set_connections" {{(pid=95800) inner /opt/stack/data/venv/lib/python3.12/site-packages/oslo_concurrency/lockutils.py:511}}
May 20 14:26:37.373584 np0000001073 nova-scheduler[95800]: DEBUG oslo_concurrency.lockutils [None req-fdd595d3-2334-4f1e-ae2b-80d30bbaedff tempest-DeleteServersTestJSON-1198836049 tempest-DeleteServersTestJSON-1198836049-project-member] Lock "be512c7f-aced-4e30-9b54-ae705a3a7aad" acquired by "nova.context.set_target_cell..get_or_set_cached_cell_and_set_connections" :: waited 0.000s {{(pid=95800) inner /opt/stack/data/venv/lib/python3.12/site-packages/oslo_concurrency/lockutils.py:524}}
May 20 14:26:37.375805 np0000001073 nova-scheduler[95800]: DEBUG oslo_concurrency.lockutils [None req-fdd595d3-2334-4f1e-ae2b-80d30bbaedff tempest-DeleteServersTestJSON-1198836049 tempest-DeleteServersTestJSON-1198836049-project-member] Lock "be512c7f-aced-4e30-9b54-ae705a3a7aad" "released" by "nova.context.set_target_cell..get_or_set_cached_cell_and_set_connections" :: held 0.002s {{(pid=95800) inner /opt/stack/data/venv/lib/python3.12/site-packages/oslo_concurrency/lockutils.py:543}}
May 20 14:26:37.381477 np0000001073 nova-scheduler[95800]: INFO dbcounter [None req-fdd595d3-2334-4f1e-ae2b-80d30bbaedff tempest-DeleteServersTestJSON-1198836049 tempest-DeleteServersTestJSON-1198836049-project-member] Registered counter for database nova_cell1
May 20 14:26:37.391943 np0000001073 nova-scheduler[95800]: DEBUG oslo_db.sqlalchemy.engines [None req-fdd595d3-2334-4f1e-ae2b-80d30bbaedff tempest-DeleteServersTestJSON-1198836049 tempest-DeleteServersTestJSON-1198836049-project-member] MySQL server mode set to STRICT_TRANS_TABLES,STRICT_ALL_TABLES,NO_ZERO_IN_DATE,NO_ZERO_DATE,ERROR_FOR_DIVISION_BY_ZERO,TRADITIONAL,NO_ENGINE_SUBSTITUTION {{(pid=95800) _check_effective_sql_mode /opt/stack/data/venv/lib/python3.12/site-packages/oslo_db/sqlalchemy/engines.py:325}}
May 20 14:26:37.398465 np0000001073 nova-scheduler[95800]: DEBUG dbcounter [-] [95800] Writer thread running {{(pid=95800) stat_writer /opt/stack/data/venv/lib/python3.12/site-packages/dbcounter.py:102}}
May 20 14:26:37.414824 np0000001073 nova-scheduler[95800]: DEBUG oslo_db.sqlalchemy.engines [None req-fdd595d3-2334-4f1e-ae2b-80d30bbaedff tempest-DeleteServersTestJSON-1198836049 tempest-DeleteServersTestJSON-1198836049-project-member] Parent process 94586 forked (95800) with an open database connection, which is being discarded and recreated. {{(pid=95800) checkout /opt/stack/data/venv/lib/python3.12/site-packages/oslo_db/sqlalchemy/engines.py:402}}
May 20 14:26:37.422015 np0000001073 nova-scheduler[95800]: DEBUG dbcounter [-] [95800] Writer thread running {{(pid=95800) stat_writer /opt/stack/data/venv/lib/python3.12/site-packages/dbcounter.py:102}}
May 20 14:26:37.426375 np0000001073 nova-scheduler[95800]: DEBUG oslo_concurrency.lockutils [None req-fdd595d3-2334-4f1e-ae2b-80d30bbaedff tempest-DeleteServersTestJSON-1198836049 tempest-DeleteServersTestJSON-1198836049-project-member] Acquiring lock "be512c7f-aced-4e30-9b54-ae705a3a7aad" by "nova.context.set_target_cell..get_or_set_cached_cell_and_set_connections" {{(pid=95800) inner /opt/stack/data/venv/lib/python3.12/site-packages/oslo_concurrency/lockutils.py:511}}
May 20 14:26:37.426375 np0000001073 nova-scheduler[95800]: DEBUG oslo_concurrency.lockutils [None req-fdd595d3-2334-4f1e-ae2b-80d30bbaedff tempest-DeleteServersTestJSON-1198836049 tempest-DeleteServersTestJSON-1198836049-project-member] Lock "be512c7f-aced-4e30-9b54-ae705a3a7aad" acquired by "nova.context.set_target_cell..get_or_set_cached_cell_and_set_connections" :: waited 0.000s {{(pid=95800) inner /opt/stack/data/venv/lib/python3.12/site-packages/oslo_concurrency/lockutils.py:524}}
May 20 14:26:37.426592 np0000001073 nova-scheduler[95800]: DEBUG oslo_concurrency.lockutils [None req-fdd595d3-2334-4f1e-ae2b-80d30bbaedff tempest-DeleteServersTestJSON-1198836049 tempest-DeleteServersTestJSON-1198836049-project-member] Lock "be512c7f-aced-4e30-9b54-ae705a3a7aad" "released" by "nova.context.set_target_cell..get_or_set_cached_cell_and_set_connections" :: held 0.000s {{(pid=95800) inner /opt/stack/data/venv/lib/python3.12/site-packages/oslo_concurrency/lockutils.py:543}}
May 20 14:26:37.431978 np0000001073 nova-scheduler[95800]: DEBUG oslo_concurrency.lockutils [None req-fdd595d3-2334-4f1e-ae2b-80d30bbaedff tempest-DeleteServersTestJSON-1198836049 tempest-DeleteServersTestJSON-1198836049-project-member] Acquiring lock "('np0000001073', 'np0000001073')" by "nova.scheduler.host_manager.HostState.update.._locked_update" {{(pid=95800) inner /opt/stack/data/venv/lib/python3.12/site-packages/oslo_concurrency/lockutils.py:511}}
May 20 14:26:37.432152 np0000001073 nova-scheduler[95800]: DEBUG oslo_concurrency.lockutils [None req-fdd595d3-2334-4f1e-ae2b-80d30bbaedff tempest-DeleteServersTestJSON-1198836049 tempest-DeleteServersTestJSON-1198836049-project-member] Lock "('np0000001073', 'np0000001073')" acquired by "nova.scheduler.host_manager.HostState.update.._locked_update" :: waited 0.000s {{(pid=95800) inner /opt/stack/data/venv/lib/python3.12/site-packages/oslo_concurrency/lockutils.py:524}}
May 20 14:26:37.433838 np0000001073 nova-scheduler[95800]: DEBUG nova.scheduler.host_manager [None req-fdd595d3-2334-4f1e-ae2b-80d30bbaedff tempest-DeleteServersTestJSON-1198836049 tempest-DeleteServersTestJSON-1198836049-project-member] Update host state from compute node: ComputeNode(cpu_allocation_ratio=4.0,cpu_info='{"arch": "x86_64", "model": "EPYC-Milan", "vendor": "AMD", "topology": {"cells": 1, "sockets": 12, "cores": 1, "threads": 1}, "maxphysaddr": {"mode": "emulate", "bits": 40}, "features": ["osvw", "pdpe1gb", "bmi1", "adx", "f16c", "avx", "pause-filter", "aes", "nrip-save", "ssse3", "abm", "pge", "sse2", "amd-stibp", "cx16", "movbe", "clwb", "flushbyasid", "svme-addr-chk", "pse36", "pschange-mc-no", "vgif", "rdtscp", "fxsr_opt", "npt", "x2apic", "lfence-always-serializing", "nx", "mmx", "spec-ctrl", "mtrr", "lahf_lm", "sse4.2", "rdseed", "msr", "hypervisor", "lm", "topoext", "mmxext", "smep", "no-nested-data-bp", "mce", "stibp", "3dnowprefetch", "arat", "arch-capabilities", "wbnoinvd", "rdrand", "vaes", "lbrv", "fxsr", "fsgsbase", "clzero", "sep", "avx2", "stibp-always-on", "clflush", "misalignsse", "fpu", "apic", "invpcid", "vpclmulqdq", "popcnt", "smap", "cr8legacy", "ssbd", "clflushopt", "pclmuldq", "cx8", "tsc-scale", "cmp_legacy", "ibrs", "sse4.1", "erms", "sse", "pae", "xgetbv1", "skip-l1dfl-vmentry", "null-sel-clr-base", "syscall", "de", "vme", "pku", "cmov", "mca", "amd-psfd", "sse4a", "rdpid", "amd-ssbd", "bmi2", "fma", "pse", "fsrm", "xsavec", "pni", "xsaveerptr", "perfctr_core", "ibpb", "tsc-deadline", "xsaveopt", "pfthreshold", "tsc", "xsaves", "umip", "gds-no", "vmcb-clean", "svm", "sha-ni", "virt-ssbd", "rdctl-no", "v-vmsave-vmload", "xsave", "mds-no", "tsc_adjust", "pcid", "pat"]}',created_at=2026-05-20T14:24:27Z,current_workload=0,deleted=False,deleted_at=None,disk_allocation_ratio=1.0,disk_available_least=74,free_disk_gb=95,free_ram_mb=23518,host='np0000001073',host_ip=10.4.3.80,hypervisor_hostname='np0000001073',hypervisor_type='QEMU',hypervisor_version=8002002,id=1,local_gb=95,local_gb_used=0,mapped=1,memory_mb=24030,memory_mb_used=512,metrics='[]',numa_topology='{"nova_object.name": "NUMATopology", "nova_object.namespace": "nova", "nova_object.version": "1.2", "nova_object.data": {"cells": [{"nova_object.name": "NUMACell", "nova_object.namespace": "nova", "nova_object.version": "1.5", "nova_object.data": {"id": 0, "cpuset": [0, 1, 2, 3, 4, 5, 6, 7, 8, 9, 10, 11], "pcpuset": [0, 1, 2, 3, 4, 5, 6, 7, 8, 9, 10, 11], "memory": 24030, "cpu_usage": 0, "memory_usage": 0, "pinned_cpus": [], "siblings": [[6], [2], [5], [11], [8], [4], [1], [7], [10], [0], [3], [9]], "mempages": [{"nova_object.name": "NUMAPagesTopology", "nova_object.namespace": "nova", "nova_object.version": "1.1", "nova_object.data": {"size_kb": 4, "total": 6151798, "used": 0, "reserved": 0}, "nova_object.changes": ["used", "size_kb", "reserved", "total"]}, {"nova_object.name": "NUMAPagesTopology", "nova_object.namespace": "nova", "nova_object.version": "1.1", "nova_object.data": {"size_kb": 2048, "total": 0, "used": 0, "reserved": 0}, "nova_object.changes": ["used", "size_kb", "reserved", "total"]}, {"nova_object.name": "NUMAPagesTopology", "nova_object.namespace": "nova", "nova_object.version": "1.1", "nova_object.data": {"size_kb": 1048576, "total": 0, "used": 0, "reserved": 0}, "nova_object.changes": ["used", "size_kb", "reserved", "total"]}], "network_metadata": {"nova_object.name": "NetworkMetadata", "nova_object.namespace": "nova", "nova_object.version": "1.0", "nova_object.data": {"physnets": [], "tunneled": false}, "nova_object.changes": ["physnets", "tunneled"]}, "socket": null}, "nova_object.changes": ["socket", "siblings", "mempages", "memory_usage", "pinned_cpus", "cpuset", "id", "cpu_usage", "network_metadata", "memory", "pcpuset"]}]}, "nova_object.changes": ["cells"]}',pci_device_pools=PciDevicePoolList,ram_allocation_ratio=1.0,running_vms=0,service_id=3,stats={failed_builds='0',uptime=' 14:26:13 up 29 min, 2 users, load average: 1.32, 1.46, 0.89
May 20 14:26:37.433838 np0000001073 nova-scheduler[95800]: '},supported_hv_specs=[HVSpec,HVSpec,HVSpec,HVSpec,HVSpec,HVSpec,HVSpec,HVSpec,HVSpec,HVSpec,HVSpec,HVSpec,HVSpec,HVSpec,HVSpec,HVSpec,HVSpec,HVSpec,HVSpec,HVSpec,HVSpec,HVSpec,HVSpec,HVSpec,HVSpec],updated_at=2026-05-20T14:26:15Z,uuid=85aa600f-3894-4e24-8761-1109b35abf64,vcpus=12,vcpus_used=0) {{(pid=95800) _locked_update /opt/stack/nova/nova/scheduler/host_manager.py:168}}
May 20 14:26:37.435299 np0000001073 nova-scheduler[95800]: DEBUG nova.scheduler.host_manager [None req-fdd595d3-2334-4f1e-ae2b-80d30bbaedff tempest-DeleteServersTestJSON-1198836049 tempest-DeleteServersTestJSON-1198836049-project-member] Update host state with aggregates: [] {{(pid=95800) _locked_update /opt/stack/nova/nova/scheduler/host_manager.py:171}}
May 20 14:26:37.435378 np0000001073 nova-scheduler[95800]: DEBUG nova.scheduler.host_manager [None req-fdd595d3-2334-4f1e-ae2b-80d30bbaedff tempest-DeleteServersTestJSON-1198836049 tempest-DeleteServersTestJSON-1198836049-project-member] Update host state with service dict: {'id': 3, 'uuid': 'fc7da45f-5129-4598-82e5-c431a05b70c6', 'host': 'np0000001073', 'binary': 'nova-compute', 'topic': 'compute', 'report_count': 2, 'disabled': False, 'disabled_reason': None, 'last_seen_up': datetime.datetime(2026, 5, 20, 14, 26, 35, tzinfo=datetime.timezone.utc), 'forced_down': False, 'version': 72, 'created_at': datetime.datetime(2026, 5, 20, 14, 24, 25, tzinfo=datetime.timezone.utc), 'updated_at': datetime.datetime(2026, 5, 20, 14, 26, 35, tzinfo=datetime.timezone.utc), 'deleted_at': None, 'deleted': False} {{(pid=95800) _locked_update /opt/stack/nova/nova/scheduler/host_manager.py:174}}
May 20 14:26:37.435508 np0000001073 nova-scheduler[95800]: DEBUG nova.scheduler.host_manager [None req-fdd595d3-2334-4f1e-ae2b-80d30bbaedff tempest-DeleteServersTestJSON-1198836049 tempest-DeleteServersTestJSON-1198836049-project-member] Update host state with instances: [] {{(pid=95800) _locked_update /opt/stack/nova/nova/scheduler/host_manager.py:177}}
May 20 14:26:37.436014 np0000001073 nova-scheduler[95800]: DEBUG oslo_concurrency.lockutils [None req-fdd595d3-2334-4f1e-ae2b-80d30bbaedff tempest-DeleteServersTestJSON-1198836049 tempest-DeleteServersTestJSON-1198836049-project-member] Lock "('np0000001073', 'np0000001073')" "released" by "nova.scheduler.host_manager.HostState.update.._locked_update" :: held 0.004s {{(pid=95800) inner /opt/stack/data/venv/lib/python3.12/site-packages/oslo_concurrency/lockutils.py:543}}
May 20 14:26:37.436294 np0000001073 nova-scheduler[95800]: DEBUG nova.filters [None req-fdd595d3-2334-4f1e-ae2b-80d30bbaedff tempest-DeleteServersTestJSON-1198836049 tempest-DeleteServersTestJSON-1198836049-project-member] Starting with 1 host(s) {{(pid=95800) get_filtered_objects /opt/stack/nova/nova/filters.py:70}}
May 20 14:26:37.436502 np0000001073 nova-scheduler[95800]: DEBUG nova.filters [None req-fdd595d3-2334-4f1e-ae2b-80d30bbaedff tempest-DeleteServersTestJSON-1198836049 tempest-DeleteServersTestJSON-1198836049-project-member] Filter ComputeFilter returned 1 host(s) {{(pid=95800) get_filtered_objects /opt/stack/nova/nova/filters.py:102}}
May 20 14:26:37.436665 np0000001073 nova-scheduler[95800]: DEBUG nova.filters [None req-fdd595d3-2334-4f1e-ae2b-80d30bbaedff tempest-DeleteServersTestJSON-1198836049 tempest-DeleteServersTestJSON-1198836049-project-member] Filter ComputeCapabilitiesFilter returned 1 host(s) {{(pid=95800) get_filtered_objects /opt/stack/nova/nova/filters.py:102}}
May 20 14:26:37.436826 np0000001073 nova-scheduler[95800]: DEBUG nova.filters [None req-fdd595d3-2334-4f1e-ae2b-80d30bbaedff tempest-DeleteServersTestJSON-1198836049 tempest-DeleteServersTestJSON-1198836049-project-member] Filter ImagePropertiesFilter returned 1 host(s) {{(pid=95800) get_filtered_objects /opt/stack/nova/nova/filters.py:102}}
May 20 14:26:37.436947 np0000001073 nova-scheduler[95800]: DEBUG nova.filters [None req-fdd595d3-2334-4f1e-ae2b-80d30bbaedff tempest-DeleteServersTestJSON-1198836049 tempest-DeleteServersTestJSON-1198836049-project-member] Filter ServerGroupAntiAffinityFilter returned 1 host(s) {{(pid=95800) get_filtered_objects /opt/stack/nova/nova/filters.py:102}}
May 20 14:26:37.437078 np0000001073 nova-scheduler[95800]: DEBUG nova.filters [None req-fdd595d3-2334-4f1e-ae2b-80d30bbaedff tempest-DeleteServersTestJSON-1198836049 tempest-DeleteServersTestJSON-1198836049-project-member] Filter ServerGroupAffinityFilter returned 1 host(s) {{(pid=95800) get_filtered_objects /opt/stack/nova/nova/filters.py:102}}
May 20 14:26:37.437165 np0000001073 nova-scheduler[95800]: DEBUG nova.filters [None req-fdd595d3-2334-4f1e-ae2b-80d30bbaedff tempest-DeleteServersTestJSON-1198836049 tempest-DeleteServersTestJSON-1198836049-project-member] Filter SameHostFilter returned 1 host(s) {{(pid=95800) get_filtered_objects /opt/stack/nova/nova/filters.py:102}}
May 20 14:26:37.437262 np0000001073 nova-scheduler[95800]: DEBUG nova.filters [None req-fdd595d3-2334-4f1e-ae2b-80d30bbaedff tempest-DeleteServersTestJSON-1198836049 tempest-DeleteServersTestJSON-1198836049-project-member] Filter DifferentHostFilter returned 1 host(s) {{(pid=95800) get_filtered_objects /opt/stack/nova/nova/filters.py:102}}
May 20 14:26:37.437406 np0000001073 nova-scheduler[95800]: DEBUG nova.scheduler.manager [None req-fdd595d3-2334-4f1e-ae2b-80d30bbaedff tempest-DeleteServersTestJSON-1198836049 tempest-DeleteServersTestJSON-1198836049-project-member] Filtered [(np0000001073, np0000001073) ram: 23518MB disk: 75776MB io_ops: 0 instances: 0, allocation_candidates: 1] {{(pid=95800) _get_sorted_hosts /opt/stack/nova/nova/scheduler/manager.py:743}}
May 20 14:26:37.437624 np0000001073 nova-scheduler[95800]: DEBUG nova.scheduler.manager [None req-fdd595d3-2334-4f1e-ae2b-80d30bbaedff tempest-DeleteServersTestJSON-1198836049 tempest-DeleteServersTestJSON-1198836049-project-member] Weighed [WeighedHost [host: (np0000001073, np0000001073) ram: 23518MB disk: 75776MB io_ops: 0 instances: 0, allocation_candidates: 1, weight: 0.0]] {{(pid=95800) _get_sorted_hosts /opt/stack/nova/nova/scheduler/manager.py:765}}
May 20 14:26:37.437836 np0000001073 nova-scheduler[95800]: DEBUG nova.scheduler.utils [None req-fdd595d3-2334-4f1e-ae2b-80d30bbaedff tempest-DeleteServersTestJSON-1198836049 tempest-DeleteServersTestJSON-1198836049-project-member] Attempting to claim resources in the placement API for instance 043c4deb-af24-4cc4-bf9b-91c08f0e0a77 {{(pid=95800) claim_resources /opt/stack/nova/nova/scheduler/utils.py:1304}}
May 20 14:26:37.613987 np0000001073 nova-scheduler[95800]: DEBUG nova.scheduler.manager [None req-fdd595d3-2334-4f1e-ae2b-80d30bbaedff tempest-DeleteServersTestJSON-1198836049 tempest-DeleteServersTestJSON-1198836049-project-member] [instance: 043c4deb-af24-4cc4-bf9b-91c08f0e0a77] Selected host: (np0000001073, np0000001073) ram: 23518MB disk: 75776MB io_ops: 0 instances: 0, allocation_candidates: 1 {{(pid=95800) _consume_selected_host /opt/stack/nova/nova/scheduler/manager.py:625}}
May 20 14:26:37.614406 np0000001073 nova-scheduler[95800]: DEBUG oslo_concurrency.lockutils [None req-fdd595d3-2334-4f1e-ae2b-80d30bbaedff tempest-DeleteServersTestJSON-1198836049 tempest-DeleteServersTestJSON-1198836049-project-member] Acquiring lock "('np0000001073', 'np0000001073')" by "nova.scheduler.host_manager.HostState.consume_from_request.._locked" {{(pid=95800) inner /opt/stack/data/venv/lib/python3.12/site-packages/oslo_concurrency/lockutils.py:511}}
May 20 14:26:37.614406 np0000001073 nova-scheduler[95800]: DEBUG oslo_concurrency.lockutils [None req-fdd595d3-2334-4f1e-ae2b-80d30bbaedff tempest-DeleteServersTestJSON-1198836049 tempest-DeleteServersTestJSON-1198836049-project-member] Lock "('np0000001073', 'np0000001073')" acquired by "nova.scheduler.host_manager.HostState.consume_from_request.._locked" :: waited 0.000s {{(pid=95800) inner /opt/stack/data/venv/lib/python3.12/site-packages/oslo_concurrency/lockutils.py:524}}
May 20 14:26:37.614485 np0000001073 nova-scheduler[95800]: DEBUG oslo_concurrency.lockutils [None req-fdd595d3-2334-4f1e-ae2b-80d30bbaedff tempest-DeleteServersTestJSON-1198836049 tempest-DeleteServersTestJSON-1198836049-project-member] Lock "('np0000001073', 'np0000001073')" "released" by "nova.scheduler.host_manager.HostState.consume_from_request.._locked" :: held 0.000s {{(pid=95800) inner /opt/stack/data/venv/lib/python3.12/site-packages/oslo_concurrency/lockutils.py:543}}
May 20 14:26:37.624810 np0000001073 nova-scheduler[95792]: INFO nova.utils [None req-c075cf20-9344-4a4e-913c-470c24cbc0c7 tempest-ServersNegativeTestJSON-659126454 tempest-ServersNegativeTestJSON-659126454-project-member] The cell worker thread pool ForkProcess-1.cell_worker is initialized
May 20 14:26:37.625131 np0000001073 nova-scheduler[95792]: DEBUG oslo_concurrency.lockutils [None req-c075cf20-9344-4a4e-913c-470c24cbc0c7 tempest-ServersNegativeTestJSON-659126454 tempest-ServersNegativeTestJSON-659126454-project-member] Acquiring lock "be512c7f-aced-4e30-9b54-ae705a3a7aad" by "nova.context.set_target_cell..get_or_set_cached_cell_and_set_connections" {{(pid=95792) inner /opt/stack/data/venv/lib/python3.12/site-packages/oslo_concurrency/lockutils.py:511}}
May 20 14:26:37.625339 np0000001073 nova-scheduler[95792]: DEBUG oslo_concurrency.lockutils [None req-c075cf20-9344-4a4e-913c-470c24cbc0c7 tempest-ServersNegativeTestJSON-659126454 tempest-ServersNegativeTestJSON-659126454-project-member] Lock "be512c7f-aced-4e30-9b54-ae705a3a7aad" acquired by "nova.context.set_target_cell..get_or_set_cached_cell_and_set_connections" :: waited 0.000s {{(pid=95792) inner /opt/stack/data/venv/lib/python3.12/site-packages/oslo_concurrency/lockutils.py:524}}
May 20 14:26:37.626700 np0000001073 nova-scheduler[95792]: DEBUG oslo_concurrency.lockutils [None req-c075cf20-9344-4a4e-913c-470c24cbc0c7 tempest-ServersNegativeTestJSON-659126454 tempest-ServersNegativeTestJSON-659126454-project-member] Lock "be512c7f-aced-4e30-9b54-ae705a3a7aad" "released" by "nova.context.set_target_cell..get_or_set_cached_cell_and_set_connections" :: held 0.001s {{(pid=95792) inner /opt/stack/data/venv/lib/python3.12/site-packages/oslo_concurrency/lockutils.py:543}}
May 20 14:26:37.630297 np0000001073 nova-scheduler[95792]: INFO dbcounter [None req-c075cf20-9344-4a4e-913c-470c24cbc0c7 tempest-ServersNegativeTestJSON-659126454 tempest-ServersNegativeTestJSON-659126454-project-member] Registered counter for database nova_cell1
May 20 14:26:37.637270 np0000001073 nova-scheduler[95792]: DEBUG oslo_db.sqlalchemy.engines [None req-c075cf20-9344-4a4e-913c-470c24cbc0c7 tempest-ServersNegativeTestJSON-659126454 tempest-ServersNegativeTestJSON-659126454-project-member] MySQL server mode set to STRICT_TRANS_TABLES,STRICT_ALL_TABLES,NO_ZERO_IN_DATE,NO_ZERO_DATE,ERROR_FOR_DIVISION_BY_ZERO,TRADITIONAL,NO_ENGINE_SUBSTITUTION {{(pid=95792) _check_effective_sql_mode /opt/stack/data/venv/lib/python3.12/site-packages/oslo_db/sqlalchemy/engines.py:325}}
May 20 14:26:37.648995 np0000001073 nova-scheduler[95792]: DEBUG dbcounter [-] [95792] Writer thread running {{(pid=95792) stat_writer /opt/stack/data/venv/lib/python3.12/site-packages/dbcounter.py:102}}
May 20 14:26:37.671030 np0000001073 nova-scheduler[95792]: DEBUG dbcounter [-] [95792] Writer thread running {{(pid=95792) stat_writer /opt/stack/data/venv/lib/python3.12/site-packages/dbcounter.py:102}}
May 20 14:26:37.674343 np0000001073 nova-scheduler[95792]: DEBUG oslo_concurrency.lockutils [None req-c075cf20-9344-4a4e-913c-470c24cbc0c7 tempest-ServersNegativeTestJSON-659126454 tempest-ServersNegativeTestJSON-659126454-project-member] Acquiring lock "be512c7f-aced-4e30-9b54-ae705a3a7aad" by "nova.context.set_target_cell..get_or_set_cached_cell_and_set_connections" {{(pid=95792) inner /opt/stack/data/venv/lib/python3.12/site-packages/oslo_concurrency/lockutils.py:511}}
May 20 14:26:37.674740 np0000001073 nova-scheduler[95792]: DEBUG oslo_concurrency.lockutils [None req-c075cf20-9344-4a4e-913c-470c24cbc0c7 tempest-ServersNegativeTestJSON-659126454 tempest-ServersNegativeTestJSON-659126454-project-member] Lock "be512c7f-aced-4e30-9b54-ae705a3a7aad" acquired by "nova.context.set_target_cell..get_or_set_cached_cell_and_set_connections" :: waited 0.000s {{(pid=95792) inner /opt/stack/data/venv/lib/python3.12/site-packages/oslo_concurrency/lockutils.py:524}}
May 20 14:26:37.674862 np0000001073 nova-scheduler[95792]: DEBUG oslo_concurrency.lockutils [None req-c075cf20-9344-4a4e-913c-470c24cbc0c7 tempest-ServersNegativeTestJSON-659126454 tempest-ServersNegativeTestJSON-659126454-project-member] Lock "be512c7f-aced-4e30-9b54-ae705a3a7aad" "released" by "nova.context.set_target_cell..get_or_set_cached_cell_and_set_connections" :: held 0.000s {{(pid=95792) inner /opt/stack/data/venv/lib/python3.12/site-packages/oslo_concurrency/lockutils.py:543}}
May 20 14:26:37.678083 np0000001073 nova-scheduler[95792]: DEBUG oslo_concurrency.lockutils [None req-c075cf20-9344-4a4e-913c-470c24cbc0c7 tempest-ServersNegativeTestJSON-659126454 tempest-ServersNegativeTestJSON-659126454-project-member] Acquiring lock "('np0000001073', 'np0000001073')" by "nova.scheduler.host_manager.HostState.update.._locked_update" {{(pid=95792) inner /opt/stack/data/venv/lib/python3.12/site-packages/oslo_concurrency/lockutils.py:511}}
May 20 14:26:37.678251 np0000001073 nova-scheduler[95792]: DEBUG oslo_concurrency.lockutils [None req-c075cf20-9344-4a4e-913c-470c24cbc0c7 tempest-ServersNegativeTestJSON-659126454 tempest-ServersNegativeTestJSON-659126454-project-member] Lock "('np0000001073', 'np0000001073')" acquired by "nova.scheduler.host_manager.HostState.update.._locked_update" :: waited 0.000s {{(pid=95792) inner /opt/stack/data/venv/lib/python3.12/site-packages/oslo_concurrency/lockutils.py:524}}
