May 20 14:23:36.307873 np0000001073 neutron-periodic-workers[92091]: DEBUG cotyledon.oslo_config_glue [-] ovn.dns_records_ovn_owned = False {{(pid=92091) log_opt_values /opt/stack/data/venv/lib/python3.12/site-packages/oslo_config/cfg.py:3256}}
May 20 14:23:36.307963 np0000001073 neutron-periodic-workers[92091]: DEBUG cotyledon.oslo_config_glue [-] ovn.dns_servers = [] {{(pid=92091) log_opt_values /opt/stack/data/venv/lib/python3.12/site-packages/oslo_config/cfg.py:3256}}
May 20 14:23:36.308036 np0000001073 neutron-periodic-workers[92091]: DEBUG cotyledon.oslo_config_glue [-] ovn.enable_distributed_floating_ip = False {{(pid=92091) log_opt_values /opt/stack/data/venv/lib/python3.12/site-packages/oslo_config/cfg.py:3256}}
May 20 14:23:36.308075 np0000001073 neutron-periodic-workers[92091]: DEBUG cotyledon.oslo_config_glue [-] ovn.fdb_age_threshold = 300 {{(pid=92091) log_opt_values /opt/stack/data/venv/lib/python3.12/site-packages/oslo_config/cfg.py:3256}}
May 20 14:23:36.308172 np0000001073 neutron-periodic-workers[92091]: DEBUG cotyledon.oslo_config_glue [-] ovn.ha_failover_strategy = normal {{(pid=92091) log_opt_values /opt/stack/data/venv/lib/python3.12/site-packages/oslo_config/cfg.py:3256}}
May 20 14:23:36.308212 np0000001073 neutron-periodic-workers[92091]: DEBUG cotyledon.oslo_config_glue [-] ovn.live_migration_activation_strategy = rarp {{(pid=92091) log_opt_values /opt/stack/data/venv/lib/python3.12/site-packages/oslo_config/cfg.py:3256}}
May 20 14:23:36.308288 np0000001073 neutron-periodic-workers[92091]: DEBUG cotyledon.oslo_config_glue [-] ovn.localnet_learn_fdb = False {{(pid=92091) log_opt_values /opt/stack/data/venv/lib/python3.12/site-packages/oslo_config/cfg.py:3256}}
May 20 14:23:36.308359 np0000001073 neutron-periodic-workers[92091]: DEBUG cotyledon.oslo_config_glue [-] ovn.mac_binding_age_threshold = 300 {{(pid=92091) log_opt_values /opt/stack/data/venv/lib/python3.12/site-packages/oslo_config/cfg.py:3256}}
May 20 14:23:36.308476 np0000001073 neutron-periodic-workers[92091]: DEBUG cotyledon.oslo_config_glue [-] ovn.neutron_sync_mode = log {{(pid=92091) log_opt_values /opt/stack/data/venv/lib/python3.12/site-packages/oslo_config/cfg.py:3256}}
May 20 14:23:36.308578 np0000001073 neutron-periodic-workers[92091]: DEBUG cotyledon.oslo_config_glue [-] ovn.ovn_dhcp4_global_options = {} {{(pid=92091) log_opt_values /opt/stack/data/venv/lib/python3.12/site-packages/oslo_config/cfg.py:3256}}
May 20 14:23:36.308630 np0000001073 neutron-periodic-workers[92091]: DEBUG cotyledon.oslo_config_glue [-] ovn.ovn_dhcp6_global_options = {} {{(pid=92091) log_opt_values /opt/stack/data/venv/lib/python3.12/site-packages/oslo_config/cfg.py:3256}}
May 20 14:23:36.308764 np0000001073 neutron-periodic-workers[92091]: DEBUG cotyledon.oslo_config_glue [-] ovn.ovn_l3_scheduler = leastloaded {{(pid=92091) log_opt_values /opt/stack/data/venv/lib/python3.12/site-packages/oslo_config/cfg.py:3256}}
May 20 14:23:36.308882 np0000001073 neutron-periodic-workers[92091]: DEBUG cotyledon.oslo_config_glue [-] ovn.ovn_metadata_enabled = True {{(pid=92091) log_opt_values /opt/stack/data/venv/lib/python3.12/site-packages/oslo_config/cfg.py:3256}}
May 20 14:23:36.308882 np0000001073 neutron-periodic-workers[92091]: DEBUG cotyledon.oslo_config_glue [-] ovn.ovn_nb_ca_cert = /opt/stack/data/CA/int-ca/ca-chain.pem {{(pid=92091) log_opt_values /opt/stack/data/venv/lib/python3.12/site-packages/oslo_config/cfg.py:3256}}
May 20 14:23:36.309056 np0000001073 neutron-periodic-workers[92091]: DEBUG cotyledon.oslo_config_glue [-] ovn.ovn_nb_certificate = /opt/stack/data/CA/int-ca/devstack-cert.crt {{(pid=92091) log_opt_values /opt/stack/data/venv/lib/python3.12/site-packages/oslo_config/cfg.py:3256}}
May 20 14:23:36.309056 np0000001073 neutron-periodic-workers[92091]: DEBUG cotyledon.oslo_config_glue [-] ovn.ovn_nb_connection = ['ssl:10.4.3.80:6641'] {{(pid=92091) log_opt_values /opt/stack/data/venv/lib/python3.12/site-packages/oslo_config/cfg.py:3256}}
May 20 14:23:36.309261 np0000001073 neutron-periodic-workers[92091]: DEBUG cotyledon.oslo_config_glue [-] ovn.ovn_nb_private_key = /opt/stack/data/CA/int-ca/private/devstack-cert.key {{(pid=92091) log_opt_values /opt/stack/data/venv/lib/python3.12/site-packages/oslo_config/cfg.py:3256}}
May 20 14:23:36.309374 np0000001073 neutron-periodic-workers[92091]: DEBUG cotyledon.oslo_config_glue [-] ovn.ovn_router_indirect_snat = False {{(pid=92091) log_opt_values /opt/stack/data/venv/lib/python3.12/site-packages/oslo_config/cfg.py:3256}}
May 20 14:23:36.309374 np0000001073 neutron-periodic-workers[92091]: DEBUG cotyledon.oslo_config_glue [-] ovn.ovn_sb_ca_cert = /opt/stack/data/CA/int-ca/ca-chain.pem {{(pid=92091) log_opt_values /opt/stack/data/venv/lib/python3.12/site-packages/oslo_config/cfg.py:3256}}
May 20 14:23:36.309555 np0000001073 neutron-periodic-workers[92091]: DEBUG cotyledon.oslo_config_glue [-] ovn.ovn_sb_certificate = /opt/stack/data/CA/int-ca/devstack-cert.crt {{(pid=92091) log_opt_values /opt/stack/data/venv/lib/python3.12/site-packages/oslo_config/cfg.py:3256}}
May 20 14:23:36.309583 np0000001073 neutron-periodic-workers[92091]: DEBUG cotyledon.oslo_config_glue [-] ovn.ovn_sb_connection = ['ssl:10.4.3.80:6642'] {{(pid=92091) log_opt_values /opt/stack/data/venv/lib/python3.12/site-packages/oslo_config/cfg.py:3256}}
May 20 14:23:36.309645 np0000001073 neutron-periodic-workers[92091]: DEBUG cotyledon.oslo_config_glue [-] ovn.ovn_sb_private_key = /opt/stack/data/CA/int-ca/private/devstack-cert.key {{(pid=92091) log_opt_values /opt/stack/data/venv/lib/python3.12/site-packages/oslo_config/cfg.py:3256}}
May 20 14:23:36.309709 np0000001073 neutron-periodic-workers[92091]: DEBUG cotyledon.oslo_config_glue [-] ovn.ovs_create_tap = False {{(pid=92091) log_opt_values /opt/stack/data/venv/lib/python3.12/site-packages/oslo_config/cfg.py:3256}}
May 20 14:23:36.309830 np0000001073 neutron-periodic-workers[92091]: DEBUG cotyledon.oslo_config_glue [-] ovn.ovsdb_connection_timeout = 180 {{(pid=92091) log_opt_values /opt/stack/data/venv/lib/python3.12/site-packages/oslo_config/cfg.py:3256}}
May 20 14:23:36.309888 np0000001073 neutron-periodic-workers[92091]: DEBUG cotyledon.oslo_config_glue [-] ovn.ovsdb_log_level = INFO {{(pid=92091) log_opt_values /opt/stack/data/venv/lib/python3.12/site-packages/oslo_config/cfg.py:3256}}
May 20 14:23:36.310013 np0000001073 neutron-periodic-workers[92091]: DEBUG cotyledon.oslo_config_glue [-] ovn.ovsdb_probe_interval = 60000 {{(pid=92091) log_opt_values /opt/stack/data/venv/lib/python3.12/site-packages/oslo_config/cfg.py:3256}}
May 20 14:23:36.310094 np0000001073 neutron-periodic-workers[92091]: DEBUG cotyledon.oslo_config_glue [-] ovn.ovsdb_retry_max_interval = 180 {{(pid=92091) log_opt_values /opt/stack/data/venv/lib/python3.12/site-packages/oslo_config/cfg.py:3256}}
May 20 14:23:36.310168 np0000001073 neutron-periodic-workers[92091]: DEBUG cotyledon.oslo_config_glue [-] ovn.stateless_nat_enabled = False {{(pid=92091) log_opt_values /opt/stack/data/venv/lib/python3.12/site-packages/oslo_config/cfg.py:3256}}
May 20 14:23:36.310286 np0000001073 neutron-periodic-workers[92091]: DEBUG cotyledon.oslo_config_glue [-] ovn.vhost_sock_dir = /var/run/openvswitch {{(pid=92091) log_opt_values /opt/stack/data/venv/lib/python3.12/site-packages/oslo_config/cfg.py:3256}}
May 20 14:23:36.310321 np0000001073 neutron-periodic-workers[92091]: DEBUG cotyledon.oslo_config_glue [-] OVS.bridge_mac_table_size = 50000 {{(pid=92091) log_opt_values /opt/stack/data/venv/lib/python3.12/site-packages/oslo_config/cfg.py:3256}}
May 20 14:23:36.310408 np0000001073 neutron-periodic-workers[92091]: DEBUG cotyledon.oslo_config_glue [-] OVS.igmp_flood = False {{(pid=92091) log_opt_values /opt/stack/data/venv/lib/python3.12/site-packages/oslo_config/cfg.py:3256}}
May 20 14:23:36.310627 np0000001073 neutron-periodic-workers[92091]: DEBUG cotyledon.oslo_config_glue [-] OVS.igmp_flood_reports = True {{(pid=92091) log_opt_values /opt/stack/data/venv/lib/python3.12/site-packages/oslo_config/cfg.py:3256}}
May 20 14:23:36.310627 np0000001073 neutron-periodic-workers[92091]: DEBUG cotyledon.oslo_config_glue [-] OVS.igmp_flood_unregistered = False {{(pid=92091) log_opt_values /opt/stack/data/venv/lib/python3.12/site-packages/oslo_config/cfg.py:3256}}
May 20 14:23:36.310685 np0000001073 neutron-periodic-workers[92091]: DEBUG cotyledon.oslo_config_glue [-] OVS.igmp_snooping_enable = False {{(pid=92091) log_opt_values /opt/stack/data/venv/lib/python3.12/site-packages/oslo_config/cfg.py:3256}}
May 20 14:23:36.310767 np0000001073 neutron-periodic-workers[92091]: DEBUG cotyledon.oslo_config_glue [-] OVS.ovsdb_timeout = 10 {{(pid=92091) log_opt_values /opt/stack/data/venv/lib/python3.12/site-packages/oslo_config/cfg.py:3256}}
May 20 14:23:36.310856 np0000001073 neutron-periodic-workers[92091]: DEBUG cotyledon.oslo_config_glue [-] ovn_nb_global.fdb_removal_limit = 0 {{(pid=92091) log_opt_values /opt/stack/data/venv/lib/python3.12/site-packages/oslo_config/cfg.py:3256}}
May 20 14:23:36.310994 np0000001073 neutron-periodic-workers[92091]: DEBUG cotyledon.oslo_config_glue [-] ovn_nb_global.ignore_lsp_down = False {{(pid=92091) log_opt_values /opt/stack/data/venv/lib/python3.12/site-packages/oslo_config/cfg.py:3256}}
May 20 14:23:36.311073 np0000001073 neutron-periodic-workers[92091]: DEBUG cotyledon.oslo_config_glue [-] ovn_nb_global.mac_binding_removal_limit = 0 {{(pid=92091) log_opt_values /opt/stack/data/venv/lib/python3.12/site-packages/oslo_config/cfg.py:3256}}
May 20 14:23:36.311153 np0000001073 neutron-periodic-workers[92091]: DEBUG cotyledon.oslo_config_glue [-] ******************************************************************************** {{(pid=92091) log_opt_values /opt/stack/data/venv/lib/python3.12/site-packages/oslo_config/cfg.py:3263}}
May 20 14:23:36.311339 np0000001073 neutron-periodic-workers[92091]: DEBUG cotyledon._service_worker [-] Run service ServiceWrapper(0) [92091] {{(pid=92091) wait_forever /opt/stack/data/venv/lib/python3.12/site-packages/cotyledon/_service_worker.py:218}}
May 20 14:23:45.933975 np0000001073 neutron-periodic-workers[91149]: DEBUG dbcounter [-] [91149] Writing DB stats neutron:SELECT=4 {{(pid=91149) stat_writer /opt/stack/data/venv/lib/python3.12/site-packages/dbcounter.py:115}}
May 20 14:24:13.272081 np0000001073 neutron-periodic-workers[92075]: DEBUG oslo_db.sqlalchemy.engines [None req-6940a1d1-ac47-4c60-a28a-c0bff2b1fb25 None None] Parent process 91149 forked (92075) with an open database connection, which is being discarded and recreated. {{(pid=92075) checkout /opt/stack/data/venv/lib/python3.12/site-packages/oslo_db/sqlalchemy/engines.py:402}}
May 20 14:24:13.278360 np0000001073 neutron-periodic-workers[92075]: DEBUG dbcounter [-] [92075] Writer thread running {{(pid=92075) stat_writer /opt/stack/data/venv/lib/python3.12/site-packages/dbcounter.py:102}}
May 20 14:24:13.281147 np0000001073 neutron-periodic-workers[92075]: DEBUG neutron.db.agents_db [None req-6940a1d1-ac47-4c60-a28a-c0bff2b1fb25 None None] Agent healthcheck: found 0 active agents {{(pid=92075) agent_health_check /opt/stack/neutron/neutron/db/agents_db.py:322}}
May 20 14:24:13.281324 np0000001073 neutron-periodic-workers[92075]: DEBUG oslo.service.backend._threading.loopingcall [None req-6940a1d1-ac47-4c60-a28a-c0bff2b1fb25 None None] Fixed interval looping call 'neutron.plugins.ml2.plugin.AgentDbMixin.agent_health_check' sleeping for 36.99 seconds {{(pid=92075) _run_loop /opt/stack/data/venv/lib/python3.12/site-packages/oslo_service/backend/_threading/loopingcall.py:125}}
May 20 14:24:23.278837 np0000001073 neutron-periodic-workers[92075]: DEBUG dbcounter [-] [92075] Writing DB stats neutron:SELECT=1 {{(pid=92075) stat_writer /opt/stack/data/venv/lib/python3.12/site-packages/dbcounter.py:115}}
May 20 14:24:44.252780 np0000001073 neutron-periodic-workers[92069]: DEBUG dbcounter [-] [92069] Writer thread running {{(pid=92069) stat_writer /opt/stack/data/venv/lib/python3.12/site-packages/dbcounter.py:102}}
May 20 14:24:44.262862 np0000001073 neutron-periodic-workers[92069]: DEBUG oslo.service.backend._threading.loopingcall [None req-055ead70-fea0-4579-968c-2040b943e7da None None] Fixed interval looping call 'neutron.plugins.ml2.plugin.DhcpAgentSchedulerDbMixin.remove_networks_from_down_agents' sleeping for 36.98 seconds {{(pid=92069) _run_loop /opt/stack/data/venv/lib/python3.12/site-packages/oslo_service/backend/_threading/loopingcall.py:125}}
May 20 14:24:50.274840 np0000001073 neutron-periodic-workers[92075]: DEBUG neutron.db.agents_db [None req-6940a1d1-ac47-4c60-a28a-c0bff2b1fb25 None None] Agent healthcheck: found 0 active agents {{(pid=92075) agent_health_check /opt/stack/neutron/neutron/db/agents_db.py:322}}
May 20 14:24:50.275523 np0000001073 neutron-periodic-workers[92075]: DEBUG oslo.service.backend._threading.loopingcall [None req-6940a1d1-ac47-4c60-a28a-c0bff2b1fb25 None None] Fixed interval looping call 'neutron.plugins.ml2.plugin.AgentDbMixin.agent_health_check' sleeping for 37.00 seconds {{(pid=92075) _run_loop /opt/stack/data/venv/lib/python3.12/site-packages/oslo_service/backend/_threading/loopingcall.py:125}}
May 20 14:24:54.261905 np0000001073 neutron-periodic-workers[92069]: DEBUG dbcounter [-] [92069] Writing DB stats neutron:SELECT=3 {{(pid=92069) stat_writer /opt/stack/data/venv/lib/python3.12/site-packages/dbcounter.py:115}}
May 20 14:25:00.273745 np0000001073 neutron-periodic-workers[92075]: DEBUG dbcounter [-] [92075] Writing DB stats neutron:SELECT=1 {{(pid=92075) stat_writer /opt/stack/data/venv/lib/python3.12/site-packages/dbcounter.py:115}}
May 20 14:25:21.249008 np0000001073 neutron-periodic-workers[92069]: DEBUG oslo.service.backend._threading.loopingcall [None req-055ead70-fea0-4579-968c-2040b943e7da None None] Fixed interval looping call 'neutron.plugins.ml2.plugin.DhcpAgentSchedulerDbMixin.remove_networks_from_down_agents' sleeping for 36.99 seconds {{(pid=92069) _run_loop /opt/stack/data/venv/lib/python3.12/site-packages/oslo_service/backend/_threading/loopingcall.py:125}}
May 20 14:25:27.279203 np0000001073 neutron-periodic-workers[92075]: DEBUG neutron.db.agents_db [None req-6940a1d1-ac47-4c60-a28a-c0bff2b1fb25 None None] Agent healthcheck: found 0 active agents {{(pid=92075) agent_health_check /opt/stack/neutron/neutron/db/agents_db.py:322}}
May 20 14:25:27.279736 np0000001073 neutron-periodic-workers[92075]: DEBUG oslo.service.backend._threading.loopingcall [None req-6940a1d1-ac47-4c60-a28a-c0bff2b1fb25 None None] Fixed interval looping call 'neutron.plugins.ml2.plugin.AgentDbMixin.agent_health_check' sleeping for 37.00 seconds {{(pid=92075) _run_loop /opt/stack/data/venv/lib/python3.12/site-packages/oslo_service/backend/_threading/loopingcall.py:125}}
May 20 14:25:31.248190 np0000001073 neutron-periodic-workers[92069]: DEBUG dbcounter [-] [92069] Writing DB stats neutron:SELECT=3 {{(pid=92069) stat_writer /opt/stack/data/venv/lib/python3.12/site-packages/dbcounter.py:115}}
May 20 14:25:36.293360 np0000001073 neutron-periodic-workers[92083]: DEBUG dbcounter [-] [92083] Writer thread running {{(pid=92083) stat_writer /opt/stack/data/venv/lib/python3.12/site-packages/dbcounter.py:102}}
May 20 14:25:36.295791 np0000001073 neutron-periodic-workers[92083]: DEBUG oslo.service.backend._threading.loopingcall [None req-d6ad9d16-1922-4808-8a5d-662f574f6b02 None None] Fixed interval looping call 'neutron.db.quota.driver_nolock.DbQuotaNoLockDriver._remove_expired_reservations' sleeping for 119.99 seconds {{(pid=92083) _run_loop /opt/stack/data/venv/lib/python3.12/site-packages/oslo_service/backend/_threading/loopingcall.py:125}}
May 20 14:25:37.278488 np0000001073 neutron-periodic-workers[92075]: DEBUG dbcounter [-] [92075] Writing DB stats neutron:SELECT=1 {{(pid=92075) stat_writer /opt/stack/data/venv/lib/python3.12/site-packages/dbcounter.py:115}}
May 20 14:25:46.293886 np0000001073 neutron-periodic-workers[92083]: DEBUG dbcounter [-] [92083] Writing DB stats neutron:DELETE=1 {{(pid=92083) stat_writer /opt/stack/data/venv/lib/python3.12/site-packages/dbcounter.py:115}}
May 20 14:25:58.244228 np0000001073 neutron-periodic-workers[92069]: DEBUG oslo.service.backend._threading.loopingcall [None req-055ead70-fea0-4579-968c-2040b943e7da None None] Fixed interval looping call 'neutron.plugins.ml2.plugin.DhcpAgentSchedulerDbMixin.remove_networks_from_down_agents' sleeping for 37.00 seconds {{(pid=92069) _run_loop /opt/stack/data/venv/lib/python3.12/site-packages/oslo_service/backend/_threading/loopingcall.py:125}}
May 20 14:26:04.282673 np0000001073 neutron-periodic-workers[92075]: DEBUG neutron.db.agents_db [None req-6940a1d1-ac47-4c60-a28a-c0bff2b1fb25 None None] Agent healthcheck: found 0 active agents {{(pid=92075) agent_health_check /opt/stack/neutron/neutron/db/agents_db.py:322}}
May 20 14:26:04.282673 np0000001073 neutron-periodic-workers[92075]: DEBUG oslo.service.backend._threading.loopingcall [None req-6940a1d1-ac47-4c60-a28a-c0bff2b1fb25 None None] Fixed interval looping call 'neutron.plugins.ml2.plugin.AgentDbMixin.agent_health_check' sleeping for 37.00 seconds {{(pid=92075) _run_loop /opt/stack/data/venv/lib/python3.12/site-packages/oslo_service/backend/_threading/loopingcall.py:125}}
May 20 14:26:08.243365 np0000001073 neutron-periodic-workers[92069]: DEBUG dbcounter [-] [92069] Writing DB stats neutron:SELECT=3 {{(pid=92069) stat_writer /opt/stack/data/venv/lib/python3.12/site-packages/dbcounter.py:115}}
May 20 14:26:14.281506 np0000001073 neutron-periodic-workers[92075]: DEBUG dbcounter [-] [92075] Writing DB stats neutron:SELECT=1 {{(pid=92075) stat_writer /opt/stack/data/venv/lib/python3.12/site-packages/dbcounter.py:115}}
May 20 14:26:35.250619 np0000001073 neutron-periodic-workers[92069]: DEBUG oslo.service.backend._threading.loopingcall [None req-055ead70-fea0-4579-968c-2040b943e7da None None] Fixed interval looping call 'neutron.plugins.ml2.plugin.DhcpAgentSchedulerDbMixin.remove_networks_from_down_agents' sleeping for 36.99 seconds {{(pid=92069) _run_loop /opt/stack/data/venv/lib/python3.12/site-packages/oslo_service/backend/_threading/loopingcall.py:125}}
May 20 14:26:41.289293 np0000001073 neutron-periodic-workers[92075]: DEBUG neutron.db.agents_db [None req-6940a1d1-ac47-4c60-a28a-c0bff2b1fb25 None None] Agent healthcheck: found 0 active agents {{(pid=92075) agent_health_check /opt/stack/neutron/neutron/db/agents_db.py:322}}
May 20 14:26:41.289937 np0000001073 neutron-periodic-workers[92075]: DEBUG oslo.service.backend._threading.loopingcall [None req-6940a1d1-ac47-4c60-a28a-c0bff2b1fb25 None None] Fixed interval looping call 'neutron.plugins.ml2.plugin.AgentDbMixin.agent_health_check' sleeping for 36.99 seconds {{(pid=92075) _run_loop /opt/stack/data/venv/lib/python3.12/site-packages/oslo_service/backend/_threading/loopingcall.py:125}}
May 20 14:26:41.346276 np0000001073 neutron-periodic-workers[92091]: DEBUG dbcounter [-] [92091] Writer thread running {{(pid=92091) stat_writer /opt/stack/data/venv/lib/python3.12/site-packages/dbcounter.py:102}}
May 20 14:26:41.360360 np0000001073 neutron-periodic-workers[92091]: DEBUG oslo.service.backend._threading.loopingcall [None req-204e7b48-acef-4372-8c65-6b82cfd19974 None None] Fixed interval looping call 'neutron.services.ovn_l3.plugin.L3_NAT_dbonly_mixin._clean_garbage' sleeping for 299.95 seconds {{(pid=92091) _run_loop /opt/stack/data/venv/lib/python3.12/site-packages/oslo_service/backend/_threading/loopingcall.py:125}}
May 20 14:26:45.250015 np0000001073 neutron-periodic-workers[92069]: DEBUG dbcounter [-] [92069] Writing DB stats neutron:SELECT=3 {{(pid=92069) stat_writer /opt/stack/data/venv/lib/python3.12/site-packages/dbcounter.py:115}}
May 20 14:26:51.288238 np0000001073 neutron-periodic-workers[92075]: DEBUG dbcounter [-] [92075] Writing DB stats neutron:SELECT=1 {{(pid=92075) stat_writer /opt/stack/data/venv/lib/python3.12/site-packages/dbcounter.py:115}}
May 20 14:26:51.347014 np0000001073 neutron-periodic-workers[92091]: DEBUG dbcounter [-] [92091] Writing DB stats neutron:SELECT=1 {{(pid=92091) stat_writer /opt/stack/data/venv/lib/python3.12/site-packages/dbcounter.py:115}}
May 20 14:27:12.246998 np0000001073 neutron-periodic-workers[92069]: DEBUG oslo.service.backend._threading.loopingcall [None req-055ead70-fea0-4579-968c-2040b943e7da None None] Fixed interval looping call 'neutron.plugins.ml2.plugin.DhcpAgentSchedulerDbMixin.remove_networks_from_down_agents' sleeping for 36.99 seconds {{(pid=92069) _run_loop /opt/stack/data/venv/lib/python3.12/site-packages/oslo_service/backend/_threading/loopingcall.py:125}}
May 20 14:27:18.285333 np0000001073 neutron-periodic-workers[92075]: DEBUG neutron.db.agents_db [None req-6940a1d1-ac47-4c60-a28a-c0bff2b1fb25 None None] Agent healthcheck: found 0 active agents {{(pid=92075) agent_health_check /opt/stack/neutron/neutron/db/agents_db.py:322}}
May 20 14:27:18.285763 np0000001073 neutron-periodic-workers[92075]: DEBUG oslo.service.backend._threading.loopingcall [None req-6940a1d1-ac47-4c60-a28a-c0bff2b1fb25 None None] Fixed interval looping call 'neutron.plugins.ml2.plugin.AgentDbMixin.agent_health_check' sleeping for 36.99 seconds {{(pid=92075) _run_loop /opt/stack/data/venv/lib/python3.12/site-packages/oslo_service/backend/_threading/loopingcall.py:125}}
May 20 14:27:22.246242 np0000001073 neutron-periodic-workers[92069]: DEBUG dbcounter [-] [92069] Writing DB stats neutron:SELECT=3 {{(pid=92069) stat_writer /opt/stack/data/venv/lib/python3.12/site-packages/dbcounter.py:115}}
May 20 14:27:28.285029 np0000001073 neutron-periodic-workers[92075]: DEBUG dbcounter [-] [92075] Writing DB stats neutron:SELECT=1 {{(pid=92075) stat_writer /opt/stack/data/venv/lib/python3.12/site-packages/dbcounter.py:115}}
May 20 14:27:36.292771 np0000001073 neutron-periodic-workers[92083]: DEBUG oslo.service.backend._threading.loopingcall [None req-d6ad9d16-1922-4808-8a5d-662f574f6b02 None None] Fixed interval looping call 'neutron.db.quota.driver_nolock.DbQuotaNoLockDriver._remove_expired_reservations' sleeping for 119.99 seconds {{(pid=92083) _run_loop /opt/stack/data/venv/lib/python3.12/site-packages/oslo_service/backend/_threading/loopingcall.py:125}}
May 20 14:27:46.290219 np0000001073 neutron-periodic-workers[92083]: DEBUG dbcounter [-] [92083] Writing DB stats neutron:DELETE=1 {{(pid=92083) stat_writer /opt/stack/data/venv/lib/python3.12/site-packages/dbcounter.py:115}}
May 20 14:27:49.242289 np0000001073 neutron-periodic-workers[92069]: DEBUG oslo.service.backend._threading.loopingcall [None req-055ead70-fea0-4579-968c-2040b943e7da None None] Fixed interval looping call 'neutron.plugins.ml2.plugin.DhcpAgentSchedulerDbMixin.remove_networks_from_down_agents' sleeping for 37.00 seconds {{(pid=92069) _run_loop /opt/stack/data/venv/lib/python3.12/site-packages/oslo_service/backend/_threading/loopingcall.py:125}}
May 20 14:27:55.282264 np0000001073 neutron-periodic-workers[92075]: DEBUG neutron.db.agents_db [None req-6940a1d1-ac47-4c60-a28a-c0bff2b1fb25 None None] Agent healthcheck: found 0 active agents {{(pid=92075) agent_health_check /opt/stack/neutron/neutron/db/agents_db.py:322}}
May 20 14:27:55.282699 np0000001073 neutron-periodic-workers[92075]: DEBUG oslo.service.backend._threading.loopingcall [None req-6940a1d1-ac47-4c60-a28a-c0bff2b1fb25 None None] Fixed interval looping call 'neutron.plugins.ml2.plugin.AgentDbMixin.agent_health_check' sleeping for 36.99 seconds {{(pid=92075) _run_loop /opt/stack/data/venv/lib/python3.12/site-packages/oslo_service/backend/_threading/loopingcall.py:125}}
May 20 14:27:59.241982 np0000001073 neutron-periodic-workers[92069]: DEBUG dbcounter [-] [92069] Writing DB stats neutron:SELECT=3 {{(pid=92069) stat_writer /opt/stack/data/venv/lib/python3.12/site-packages/dbcounter.py:115}}
May 20 14:28:05.279595 np0000001073 neutron-periodic-workers[92075]: DEBUG dbcounter [-] [92075] Writing DB stats neutron:SELECT=1 {{(pid=92075) stat_writer /opt/stack/data/venv/lib/python3.12/site-packages/dbcounter.py:115}}
May 20 14:28:26.257432 np0000001073 neutron-periodic-workers[92069]: DEBUG oslo.service.backend._threading.loopingcall [None req-055ead70-fea0-4579-968c-2040b943e7da None None] Fixed interval looping call 'neutron.plugins.ml2.plugin.DhcpAgentSchedulerDbMixin.remove_networks_from_down_agents' sleeping for 36.99 seconds {{(pid=92069) _run_loop /opt/stack/data/venv/lib/python3.12/site-packages/oslo_service/backend/_threading/loopingcall.py:125}}
May 20 14:28:32.277416 np0000001073 neutron-periodic-workers[92075]: DEBUG neutron.db.agents_db [None req-6940a1d1-ac47-4c60-a28a-c0bff2b1fb25 None None] Agent healthcheck: found 0 active agents {{(pid=92075) agent_health_check /opt/stack/neutron/neutron/db/agents_db.py:322}}
May 20 14:28:32.277816 np0000001073 neutron-periodic-workers[92075]: DEBUG oslo.service.backend._threading.loopingcall [None req-6940a1d1-ac47-4c60-a28a-c0bff2b1fb25 None None] Fixed interval looping call 'neutron.plugins.ml2.plugin.AgentDbMixin.agent_health_check' sleeping for 37.00 seconds {{(pid=92075) _run_loop /opt/stack/data/venv/lib/python3.12/site-packages/oslo_service/backend/_threading/loopingcall.py:125}}
May 20 14:28:36.255068 np0000001073 neutron-periodic-workers[92069]: DEBUG dbcounter [-] [92069] Writing DB stats neutron:SELECT=3 {{(pid=92069) stat_writer /opt/stack/data/venv/lib/python3.12/site-packages/dbcounter.py:115}}
May 20 14:28:42.275628 np0000001073 neutron-periodic-workers[92075]: DEBUG dbcounter [-] [92075] Writing DB stats neutron:SELECT=1 {{(pid=92075) stat_writer /opt/stack/data/venv/lib/python3.12/site-packages/dbcounter.py:115}}
May 20 14:29:03.255967 np0000001073 neutron-periodic-workers[92069]: DEBUG oslo.service.backend._threading.loopingcall [None req-055ead70-fea0-4579-968c-2040b943e7da None None] Fixed interval looping call 'neutron.plugins.ml2.plugin.DhcpAgentSchedulerDbMixin.remove_networks_from_down_agents' sleeping for 36.99 seconds {{(pid=92069) _run_loop /opt/stack/data/venv/lib/python3.12/site-packages/oslo_service/backend/_threading/loopingcall.py:125}}
May 20 14:29:09.285727 np0000001073 neutron-periodic-workers[92075]: DEBUG neutron.db.agents_db [None req-6940a1d1-ac47-4c60-a28a-c0bff2b1fb25 None None] Agent healthcheck: found 0 active agents {{(pid=92075) agent_health_check /opt/stack/neutron/neutron/db/agents_db.py:322}}
May 20 14:29:09.285727 np0000001073 neutron-periodic-workers[92075]: DEBUG oslo.service.backend._threading.loopingcall [None req-6940a1d1-ac47-4c60-a28a-c0bff2b1fb25 None None] Fixed interval looping call 'neutron.plugins.ml2.plugin.AgentDbMixin.agent_health_check' sleeping for 36.99 seconds {{(pid=92075) _run_loop /opt/stack/data/venv/lib/python3.12/site-packages/oslo_service/backend/_threading/loopingcall.py:125}}
May 20 14:29:13.255872 np0000001073 neutron-periodic-workers[92069]: DEBUG dbcounter [-] [92069] Writing DB stats neutron:SELECT=3 {{(pid=92069) stat_writer /opt/stack/data/venv/lib/python3.12/site-packages/dbcounter.py:115}}
May 20 14:29:19.285293 np0000001073 neutron-periodic-workers[92075]: DEBUG dbcounter [-] [92075] Writing DB stats neutron:SELECT=1 {{(pid=92075) stat_writer /opt/stack/data/venv/lib/python3.12/site-packages/dbcounter.py:115}}
May 20 14:29:36.287423 np0000001073 neutron-periodic-workers[92083]: DEBUG oslo.service.backend._threading.loopingcall [None req-d6ad9d16-1922-4808-8a5d-662f574f6b02 None None] Fixed interval looping call 'neutron.db.quota.driver_nolock.DbQuotaNoLockDriver._remove_expired_reservations' sleeping for 120.00 seconds {{(pid=92083) _run_loop /opt/stack/data/venv/lib/python3.12/site-packages/oslo_service/backend/_threading/loopingcall.py:125}}
May 20 14:29:40.265933 np0000001073 neutron-periodic-workers[92069]: DEBUG oslo.service.backend._threading.loopingcall [None req-055ead70-fea0-4579-968c-2040b943e7da None None] Fixed interval looping call 'neutron.plugins.ml2.plugin.DhcpAgentSchedulerDbMixin.remove_networks_from_down_agents' sleeping for 36.98 seconds {{(pid=92069) _run_loop /opt/stack/data/venv/lib/python3.12/site-packages/oslo_service/backend/_threading/loopingcall.py:125}}
May 20 14:29:46.282771 np0000001073 neutron-periodic-workers[92075]: DEBUG neutron.db.agents_db [None req-6940a1d1-ac47-4c60-a28a-c0bff2b1fb25 None None] Agent healthcheck: found 0 active agents {{(pid=92075) agent_health_check /opt/stack/neutron/neutron/db/agents_db.py:322}}
May 20 14:29:46.283140 np0000001073 neutron-periodic-workers[92075]: DEBUG oslo.service.backend._threading.loopingcall [None req-6940a1d1-ac47-4c60-a28a-c0bff2b1fb25 None None] Fixed interval looping call 'neutron.plugins.ml2.plugin.AgentDbMixin.agent_health_check' sleeping for 36.99 seconds {{(pid=92075) _run_loop /opt/stack/data/venv/lib/python3.12/site-packages/oslo_service/backend/_threading/loopingcall.py:125}}
May 20 14:29:46.286812 np0000001073 neutron-periodic-workers[92083]: DEBUG dbcounter [-] [92083] Writing DB stats neutron:DELETE=1 {{(pid=92083) stat_writer /opt/stack/data/venv/lib/python3.12/site-packages/dbcounter.py:115}}
May 20 14:29:50.257879 np0000001073 neutron-periodic-workers[92069]: DEBUG dbcounter [-] [92069] Writing DB stats neutron:SELECT=3 {{(pid=92069) stat_writer /opt/stack/data/venv/lib/python3.12/site-packages/dbcounter.py:115}}
May 20 14:29:56.280560 np0000001073 neutron-periodic-workers[92075]: DEBUG dbcounter [-] [92075] Writing DB stats neutron:SELECT=1 {{(pid=92075) stat_writer /opt/stack/data/venv/lib/python3.12/site-packages/dbcounter.py:115}}
May 20 14:30:17.252147 np0000001073 neutron-periodic-workers[92069]: DEBUG oslo.service.backend._threading.loopingcall [None req-055ead70-fea0-4579-968c-2040b943e7da None None] Fixed interval looping call 'neutron.plugins.ml2.plugin.DhcpAgentSchedulerDbMixin.remove_networks_from_down_agents' sleeping for 36.99 seconds {{(pid=92069) _run_loop /opt/stack/data/venv/lib/python3.12/site-packages/oslo_service/backend/_threading/loopingcall.py:125}}
May 20 14:30:23.279593 np0000001073 neutron-periodic-workers[92075]: DEBUG neutron.db.agents_db [None req-6940a1d1-ac47-4c60-a28a-c0bff2b1fb25 None None] Agent healthcheck: found 0 active agents {{(pid=92075) agent_health_check /opt/stack/neutron/neutron/db/agents_db.py:322}}
May 20 14:30:23.279593 np0000001073 neutron-periodic-workers[92075]: DEBUG oslo.service.backend._threading.loopingcall [None req-6940a1d1-ac47-4c60-a28a-c0bff2b1fb25 None None] Fixed interval looping call 'neutron.plugins.ml2.plugin.AgentDbMixin.agent_health_check' sleeping for 36.99 seconds {{(pid=92075) _run_loop /opt/stack/data/venv/lib/python3.12/site-packages/oslo_service/backend/_threading/loopingcall.py:125}}
May 20 14:30:27.251250 np0000001073 neutron-periodic-workers[92069]: DEBUG dbcounter [-] [92069] Writing DB stats neutron:SELECT=3 {{(pid=92069) stat_writer /opt/stack/data/venv/lib/python3.12/site-packages/dbcounter.py:115}}
May 20 14:30:33.277823 np0000001073 neutron-periodic-workers[92075]: DEBUG dbcounter [-] [92075] Writing DB stats neutron:SELECT=1 {{(pid=92075) stat_writer /opt/stack/data/venv/lib/python3.12/site-packages/dbcounter.py:115}}
May 20 14:30:54.250472 np0000001073 neutron-periodic-workers[92069]: DEBUG oslo.service.backend._threading.loopingcall [None req-055ead70-fea0-4579-968c-2040b943e7da None None] Fixed interval looping call 'neutron.plugins.ml2.plugin.DhcpAgentSchedulerDbMixin.remove_networks_from_down_agents' sleeping for 36.99 seconds {{(pid=92069) _run_loop /opt/stack/data/venv/lib/python3.12/site-packages/oslo_service/backend/_threading/loopingcall.py:125}}
May 20 14:31:00.273679 np0000001073 neutron-periodic-workers[92075]: DEBUG neutron.db.agents_db [None req-6940a1d1-ac47-4c60-a28a-c0bff2b1fb25 None None] Agent healthcheck: found 0 active agents {{(pid=92075) agent_health_check /opt/stack/neutron/neutron/db/agents_db.py:322}}
May 20 14:31:00.274061 np0000001073 neutron-periodic-workers[92075]: DEBUG oslo.service.backend._threading.loopingcall [None req-6940a1d1-ac47-4c60-a28a-c0bff2b1fb25 None None] Fixed interval looping call 'neutron.plugins.ml2.plugin.AgentDbMixin.agent_health_check' sleeping for 37.00 seconds {{(pid=92075) _run_loop /opt/stack/data/venv/lib/python3.12/site-packages/oslo_service/backend/_threading/loopingcall.py:125}}
May 20 14:31:04.248856 np0000001073 neutron-periodic-workers[92069]: DEBUG dbcounter [-] [92069] Writing DB stats neutron:SELECT=3 {{(pid=92069) stat_writer /opt/stack/data/venv/lib/python3.12/site-packages/dbcounter.py:115}}
May 20 14:31:10.273447 np0000001073 neutron-periodic-workers[92075]: DEBUG dbcounter [-] [92075] Writing DB stats neutron:SELECT=1 {{(pid=92075) stat_writer /opt/stack/data/venv/lib/python3.12/site-packages/dbcounter.py:115}}
May 20 14:31:31.246285 np0000001073 neutron-periodic-workers[92069]: DEBUG oslo.service.backend._threading.loopingcall [None req-055ead70-fea0-4579-968c-2040b943e7da None None] Fixed interval looping call 'neutron.plugins.ml2.plugin.DhcpAgentSchedulerDbMixin.remove_networks_from_down_agents' sleeping for 36.99 seconds {{(pid=92069) _run_loop /opt/stack/data/venv/lib/python3.12/site-packages/oslo_service/backend/_threading/loopingcall.py:125}}
May 20 14:31:36.292676 np0000001073 neutron-periodic-workers[92083]: DEBUG oslo.service.backend._threading.loopingcall [None req-d6ad9d16-1922-4808-8a5d-662f574f6b02 None None] Fixed interval looping call 'neutron.db.quota.driver_nolock.DbQuotaNoLockDriver._remove_expired_reservations' sleeping for 120.00 seconds {{(pid=92083) _run_loop /opt/stack/data/venv/lib/python3.12/site-packages/oslo_service/backend/_threading/loopingcall.py:125}}
May 20 14:31:37.279937 np0000001073 neutron-periodic-workers[92075]: DEBUG neutron.db.agents_db [None req-6940a1d1-ac47-4c60-a28a-c0bff2b1fb25 None None] Agent healthcheck: found 0 active agents {{(pid=92075) agent_health_check /opt/stack/neutron/neutron/db/agents_db.py:322}}
May 20 14:31:37.279937 np0000001073 neutron-periodic-workers[92075]: DEBUG oslo.service.backend._threading.loopingcall [None req-6940a1d1-ac47-4c60-a28a-c0bff2b1fb25 None None] Fixed interval looping call 'neutron.plugins.ml2.plugin.AgentDbMixin.agent_health_check' sleeping for 36.99 seconds {{(pid=92075) _run_loop /opt/stack/data/venv/lib/python3.12/site-packages/oslo_service/backend/_threading/loopingcall.py:125}}
May 20 14:31:41.245168 np0000001073 neutron-periodic-workers[92069]: DEBUG dbcounter [-] [92069] Writing DB stats neutron:SELECT=3 {{(pid=92069) stat_writer /opt/stack/data/venv/lib/python3.12/site-packages/dbcounter.py:115}}
May 20 14:31:41.320866 np0000001073 neutron-periodic-workers[92091]: DEBUG oslo.service.backend._threading.loopingcall [None req-204e7b48-acef-4372-8c65-6b82cfd19974 None None] Fixed interval looping call 'neutron.services.ovn_l3.plugin.L3_NAT_dbonly_mixin._clean_garbage' sleeping for 299.99 seconds {{(pid=92091) _run_loop /opt/stack/data/venv/lib/python3.12/site-packages/oslo_service/backend/_threading/loopingcall.py:125}}
May 20 14:31:46.292051 np0000001073 neutron-periodic-workers[92083]: DEBUG dbcounter [-] [92083] Writing DB stats neutron:DELETE=1 {{(pid=92083) stat_writer /opt/stack/data/venv/lib/python3.12/site-packages/dbcounter.py:115}}
May 20 14:31:47.280001 np0000001073 neutron-periodic-workers[92075]: DEBUG dbcounter [-] [92075] Writing DB stats neutron:SELECT=1 {{(pid=92075) stat_writer /opt/stack/data/venv/lib/python3.12/site-packages/dbcounter.py:115}}
May 20 14:31:51.312985 np0000001073 neutron-periodic-workers[92091]: DEBUG dbcounter [-] [92091] Writing DB stats neutron:SELECT=1 {{(pid=92091) stat_writer /opt/stack/data/venv/lib/python3.12/site-packages/dbcounter.py:115}}
May 20 14:32:08.245490 np0000001073 neutron-periodic-workers[92069]: DEBUG oslo.service.backend._threading.loopingcall [None req-055ead70-fea0-4579-968c-2040b943e7da None None] Fixed interval looping call 'neutron.plugins.ml2.plugin.DhcpAgentSchedulerDbMixin.remove_networks_from_down_agents' sleeping for 36.99 seconds {{(pid=92069) _run_loop /opt/stack/data/venv/lib/python3.12/site-packages/oslo_service/backend/_threading/loopingcall.py:125}}
May 20 14:32:14.272833 np0000001073 neutron-periodic-workers[92075]: DEBUG neutron.db.agents_db [None req-6940a1d1-ac47-4c60-a28a-c0bff2b1fb25 None None] Agent healthcheck: found 0 active agents {{(pid=92075) agent_health_check /opt/stack/neutron/neutron/db/agents_db.py:322}}
May 20 14:32:14.273156 np0000001073 neutron-periodic-workers[92075]: DEBUG oslo.service.backend._threading.loopingcall [None req-6940a1d1-ac47-4c60-a28a-c0bff2b1fb25 None None] Fixed interval looping call 'neutron.plugins.ml2.plugin.AgentDbMixin.agent_health_check' sleeping for 37.00 seconds {{(pid=92075) _run_loop /opt/stack/data/venv/lib/python3.12/site-packages/oslo_service/backend/_threading/loopingcall.py:125}}
May 20 14:32:18.243687 np0000001073 neutron-periodic-workers[92069]: DEBUG dbcounter [-] [92069] Writing DB stats neutron:SELECT=3 {{(pid=92069) stat_writer /opt/stack/data/venv/lib/python3.12/site-packages/dbcounter.py:115}}
May 20 14:32:24.272395 np0000001073 neutron-periodic-workers[92075]: DEBUG dbcounter [-] [92075] Writing DB stats neutron:SELECT=1 {{(pid=92075) stat_writer /opt/stack/data/venv/lib/python3.12/site-packages/dbcounter.py:115}}
May 20 14:32:45.243832 np0000001073 neutron-periodic-workers[92069]: DEBUG oslo.service.backend._threading.loopingcall [None req-055ead70-fea0-4579-968c-2040b943e7da None None] Fixed interval looping call 'neutron.plugins.ml2.plugin.DhcpAgentSchedulerDbMixin.remove_networks_from_down_agents' sleeping for 36.99 seconds {{(pid=92069) _run_loop /opt/stack/data/venv/lib/python3.12/site-packages/oslo_service/backend/_threading/loopingcall.py:125}}
May 20 14:32:51.277243 np0000001073 neutron-periodic-workers[92075]: DEBUG neutron.db.agents_db [None req-6940a1d1-ac47-4c60-a28a-c0bff2b1fb25 None None] Agent healthcheck: found 0 active agents {{(pid=92075) agent_health_check /opt/stack/neutron/neutron/db/agents_db.py:322}}
May 20 14:32:51.277243 np0000001073 neutron-periodic-workers[92075]: DEBUG oslo.service.backend._threading.loopingcall [None req-6940a1d1-ac47-4c60-a28a-c0bff2b1fb25 None None] Fixed interval looping call 'neutron.plugins.ml2.plugin.AgentDbMixin.agent_health_check' sleeping for 37.00 seconds {{(pid=92075) _run_loop /opt/stack/data/venv/lib/python3.12/site-packages/oslo_service/backend/_threading/loopingcall.py:125}}
May 20 14:32:55.242727 np0000001073 neutron-periodic-workers[92069]: DEBUG dbcounter [-] [92069] Writing DB stats neutron:SELECT=3 {{(pid=92069) stat_writer /opt/stack/data/venv/lib/python3.12/site-packages/dbcounter.py:115}}
May 20 14:33:01.275795 np0000001073 neutron-periodic-workers[92075]: DEBUG dbcounter [-] [92075] Writing DB stats neutron:SELECT=1 {{(pid=92075) stat_writer /opt/stack/data/venv/lib/python3.12/site-packages/dbcounter.py:115}}
May 20 14:33:22.249276 np0000001073 neutron-periodic-workers[92069]: DEBUG oslo.service.backend._threading.loopingcall [None req-055ead70-fea0-4579-968c-2040b943e7da None None] Fixed interval looping call 'neutron.plugins.ml2.plugin.DhcpAgentSchedulerDbMixin.remove_networks_from_down_agents' sleeping for 36.99 seconds {{(pid=92069) _run_loop /opt/stack/data/venv/lib/python3.12/site-packages/oslo_service/backend/_threading/loopingcall.py:125}}
May 20 14:33:28.281909 np0000001073 neutron-periodic-workers[92075]: DEBUG neutron.db.agents_db [None req-6940a1d1-ac47-4c60-a28a-c0bff2b1fb25 None None] Agent healthcheck: found 0 active agents {{(pid=92075) agent_health_check /opt/stack/neutron/neutron/db/agents_db.py:322}}
May 20 14:33:28.281909 np0000001073 neutron-periodic-workers[92075]: DEBUG oslo.service.backend._threading.loopingcall [None req-6940a1d1-ac47-4c60-a28a-c0bff2b1fb25 None None] Fixed interval looping call 'neutron.plugins.ml2.plugin.AgentDbMixin.agent_health_check' sleeping for 37.00 seconds {{(pid=92075) _run_loop /opt/stack/data/venv/lib/python3.12/site-packages/oslo_service/backend/_threading/loopingcall.py:125}}
May 20 14:33:32.246042 np0000001073 neutron-periodic-workers[92069]: DEBUG dbcounter [-] [92069] Writing DB stats neutron:SELECT=3 {{(pid=92069) stat_writer /opt/stack/data/venv/lib/python3.12/site-packages/dbcounter.py:115}}
May 20 14:33:36.295656 np0000001073 neutron-periodic-workers[92083]: DEBUG oslo.service.backend._threading.loopingcall [None req-d6ad9d16-1922-4808-8a5d-662f574f6b02 None None] Fixed interval looping call 'neutron.db.quota.driver_nolock.DbQuotaNoLockDriver._remove_expired_reservations' sleeping for 120.00 seconds {{(pid=92083) _run_loop /opt/stack/data/venv/lib/python3.12/site-packages/oslo_service/backend/_threading/loopingcall.py:125}}
May 20 14:33:38.279532 np0000001073 neutron-periodic-workers[92075]: DEBUG dbcounter [-] [92075] Writing DB stats neutron:SELECT=1 {{(pid=92075) stat_writer /opt/stack/data/venv/lib/python3.12/site-packages/dbcounter.py:115}}
May 20 14:33:46.294868 np0000001073 neutron-periodic-workers[92083]: DEBUG dbcounter [-] [92083] Writing DB stats neutron:DELETE=1 {{(pid=92083) stat_writer /opt/stack/data/venv/lib/python3.12/site-packages/dbcounter.py:115}}
May 20 14:33:59.244880 np0000001073 neutron-periodic-workers[92069]: DEBUG oslo.service.backend._threading.loopingcall [None req-055ead70-fea0-4579-968c-2040b943e7da None None] Fixed interval looping call 'neutron.plugins.ml2.plugin.DhcpAgentSchedulerDbMixin.remove_networks_from_down_agents' sleeping for 36.99 seconds {{(pid=92069) _run_loop /opt/stack/data/venv/lib/python3.12/site-packages/oslo_service/backend/_threading/loopingcall.py:125}}
May 20 14:34:05.283412 np0000001073 neutron-periodic-workers[92075]: DEBUG neutron.db.agents_db [None req-6940a1d1-ac47-4c60-a28a-c0bff2b1fb25 None None] Agent healthcheck: found 0 active agents {{(pid=92075) agent_health_check /opt/stack/neutron/neutron/db/agents_db.py:322}}
May 20 14:34:05.283812 np0000001073 neutron-periodic-workers[92075]: DEBUG oslo.service.backend._threading.loopingcall [None req-6940a1d1-ac47-4c60-a28a-c0bff2b1fb25 None None] Fixed interval looping call 'neutron.plugins.ml2.plugin.AgentDbMixin.agent_health_check' sleeping for 37.00 seconds {{(pid=92075) _run_loop /opt/stack/data/venv/lib/python3.12/site-packages/oslo_service/backend/_threading/loopingcall.py:125}}
May 20 14:34:09.244591 np0000001073 neutron-periodic-workers[92069]: DEBUG dbcounter [-] [92069] Writing DB stats neutron:SELECT=3 {{(pid=92069) stat_writer /opt/stack/data/venv/lib/python3.12/site-packages/dbcounter.py:115}}
May 20 14:34:15.283796 np0000001073 neutron-periodic-workers[92075]: DEBUG dbcounter [-] [92075] Writing DB stats neutron:SELECT=1 {{(pid=92075) stat_writer /opt/stack/data/venv/lib/python3.12/site-packages/dbcounter.py:115}}
May 20 14:34:36.241074 np0000001073 neutron-periodic-workers[92069]: DEBUG oslo.service.backend._threading.loopingcall [None req-055ead70-fea0-4579-968c-2040b943e7da None None] Fixed interval looping call 'neutron.plugins.ml2.plugin.DhcpAgentSchedulerDbMixin.remove_networks_from_down_agents' sleeping for 36.99 seconds {{(pid=92069) _run_loop /opt/stack/data/venv/lib/python3.12/site-packages/oslo_service/backend/_threading/loopingcall.py:125}}
May 20 14:34:42.292853 np0000001073 neutron-periodic-workers[92075]: DEBUG neutron.db.agents_db [None req-6940a1d1-ac47-4c60-a28a-c0bff2b1fb25 None None] Agent healthcheck: found 0 active agents {{(pid=92075) agent_health_check /opt/stack/neutron/neutron/db/agents_db.py:322}}
May 20 14:34:42.292853 np0000001073 neutron-periodic-workers[92075]: DEBUG oslo.service.backend._threading.loopingcall [None req-6940a1d1-ac47-4c60-a28a-c0bff2b1fb25 None None] Fixed interval looping call 'neutron.plugins.ml2.plugin.AgentDbMixin.agent_health_check' sleeping for 36.99 seconds {{(pid=92075) _run_loop /opt/stack/data/venv/lib/python3.12/site-packages/oslo_service/backend/_threading/loopingcall.py:125}}
May 20 14:34:46.240018 np0000001073 neutron-periodic-workers[92069]: DEBUG dbcounter [-] [92069] Writing DB stats neutron:SELECT=3 {{(pid=92069) stat_writer /opt/stack/data/venv/lib/python3.12/site-packages/dbcounter.py:115}}
May 20 14:34:52.287422 np0000001073 neutron-periodic-workers[92075]: DEBUG dbcounter [-] [92075] Writing DB stats neutron:SELECT=1 {{(pid=92075) stat_writer /opt/stack/data/venv/lib/python3.12/site-packages/dbcounter.py:115}}
May 20 14:35:13.238314 np0000001073 neutron-periodic-workers[92069]: DEBUG oslo.service.backend._threading.loopingcall [None req-055ead70-fea0-4579-968c-2040b943e7da None None] Fixed interval looping call 'neutron.plugins.ml2.plugin.DhcpAgentSchedulerDbMixin.remove_networks_from_down_agents' sleeping for 36.99 seconds {{(pid=92069) _run_loop /opt/stack/data/venv/lib/python3.12/site-packages/oslo_service/backend/_threading/loopingcall.py:125}}
May 20 14:35:19.291595 np0000001073 neutron-periodic-workers[92075]: DEBUG neutron.db.agents_db [None req-6940a1d1-ac47-4c60-a28a-c0bff2b1fb25 None None] Agent healthcheck: found 0 active agents {{(pid=92075) agent_health_check /opt/stack/neutron/neutron/db/agents_db.py:322}}
May 20 14:35:19.291595 np0000001073 neutron-periodic-workers[92075]: DEBUG oslo.service.backend._threading.loopingcall [None req-6940a1d1-ac47-4c60-a28a-c0bff2b1fb25 None None] Fixed interval looping call 'neutron.plugins.ml2.plugin.AgentDbMixin.agent_health_check' sleeping for 36.99 seconds {{(pid=92075) _run_loop /opt/stack/data/venv/lib/python3.12/site-packages/oslo_service/backend/_threading/loopingcall.py:125}}
May 20 14:35:23.239683 np0000001073 neutron-periodic-workers[92069]: DEBUG dbcounter [-] [92069] Writing DB stats neutron:SELECT=3 {{(pid=92069) stat_writer /opt/stack/data/venv/lib/python3.12/site-packages/dbcounter.py:115}}
May 20 14:35:29.287759 np0000001073 neutron-periodic-workers[92075]: DEBUG dbcounter [-] [92075] Writing DB stats neutron:SELECT=1 {{(pid=92075) stat_writer /opt/stack/data/venv/lib/python3.12/site-packages/dbcounter.py:115}}
May 20 14:35:36.298349 np0000001073 neutron-periodic-workers[92083]: DEBUG oslo.service.backend._threading.loopingcall [None req-d6ad9d16-1922-4808-8a5d-662f574f6b02 None None] Fixed interval looping call 'neutron.db.quota.driver_nolock.DbQuotaNoLockDriver._remove_expired_reservations' sleeping for 120.00 seconds {{(pid=92083) _run_loop /opt/stack/data/venv/lib/python3.12/site-packages/oslo_service/backend/_threading/loopingcall.py:125}}
May 20 14:35:46.298597 np0000001073 neutron-periodic-workers[92083]: DEBUG dbcounter [-] [92083] Writing DB stats neutron:DELETE=1 {{(pid=92083) stat_writer /opt/stack/data/venv/lib/python3.12/site-packages/dbcounter.py:115}}
May 20 14:35:50.234694 np0000001073 neutron-periodic-workers[92069]: DEBUG oslo.service.backend._threading.loopingcall [None req-055ead70-fea0-4579-968c-2040b943e7da None None] Fixed interval looping call 'neutron.plugins.ml2.plugin.DhcpAgentSchedulerDbMixin.remove_networks_from_down_agents' sleeping for 36.99 seconds {{(pid=92069) _run_loop /opt/stack/data/venv/lib/python3.12/site-packages/oslo_service/backend/_threading/loopingcall.py:125}}
May 20 14:35:56.284533 np0000001073 neutron-periodic-workers[92075]: DEBUG neutron.db.agents_db [None req-6940a1d1-ac47-4c60-a28a-c0bff2b1fb25 None None] Agent healthcheck: found 0 active agents {{(pid=92075) agent_health_check /opt/stack/neutron/neutron/db/agents_db.py:322}}
May 20 14:35:56.284860 np0000001073 neutron-periodic-workers[92075]: DEBUG oslo.service.backend._threading.loopingcall [None req-6940a1d1-ac47-4c60-a28a-c0bff2b1fb25 None None] Fixed interval looping call 'neutron.plugins.ml2.plugin.AgentDbMixin.agent_health_check' sleeping for 37.00 seconds {{(pid=92075) _run_loop /opt/stack/data/venv/lib/python3.12/site-packages/oslo_service/backend/_threading/loopingcall.py:125}}
May 20 14:36:00.233844 np0000001073 neutron-periodic-workers[92069]: DEBUG dbcounter [-] [92069] Writing DB stats neutron:SELECT=3 {{(pid=92069) stat_writer /opt/stack/data/venv/lib/python3.12/site-packages/dbcounter.py:115}}
May 20 14:36:06.283232 np0000001073 neutron-periodic-workers[92075]: DEBUG dbcounter [-] [92075] Writing DB stats neutron:SELECT=1 {{(pid=92075) stat_writer /opt/stack/data/venv/lib/python3.12/site-packages/dbcounter.py:115}}
May 20 14:36:27.231324 np0000001073 neutron-periodic-workers[92069]: DEBUG oslo.service.backend._threading.loopingcall [None req-055ead70-fea0-4579-968c-2040b943e7da None None] Fixed interval looping call 'neutron.plugins.ml2.plugin.DhcpAgentSchedulerDbMixin.remove_networks_from_down_agents' sleeping for 36.99 seconds {{(pid=92069) _run_loop /opt/stack/data/venv/lib/python3.12/site-packages/oslo_service/backend/_threading/loopingcall.py:125}}
May 20 14:36:33.287982 np0000001073 neutron-periodic-workers[92075]: DEBUG neutron.db.agents_db [None req-6940a1d1-ac47-4c60-a28a-c0bff2b1fb25 None None] Agent healthcheck: found 0 active agents {{(pid=92075) agent_health_check /opt/stack/neutron/neutron/db/agents_db.py:322}}
May 20 14:36:33.288264 np0000001073 neutron-periodic-workers[92075]: DEBUG oslo.service.backend._threading.loopingcall [None req-6940a1d1-ac47-4c60-a28a-c0bff2b1fb25 None None] Fixed interval looping call 'neutron.plugins.ml2.plugin.AgentDbMixin.agent_health_check' sleeping for 37.00 seconds {{(pid=92075) _run_loop /opt/stack/data/venv/lib/python3.12/site-packages/oslo_service/backend/_threading/loopingcall.py:125}}
May 20 14:36:37.230651 np0000001073 neutron-periodic-workers[92069]: DEBUG dbcounter [-] [92069] Writing DB stats neutron:SELECT=3 {{(pid=92069) stat_writer /opt/stack/data/venv/lib/python3.12/site-packages/dbcounter.py:115}}
May 20 14:36:41.316665 np0000001073 neutron-periodic-workers[92091]: DEBUG oslo.service.backend._threading.loopingcall [None req-204e7b48-acef-4372-8c65-6b82cfd19974 None None] Fixed interval looping call 'neutron.services.ovn_l3.plugin.L3_NAT_dbonly_mixin._clean_garbage' sleeping for 299.99 seconds {{(pid=92091) _run_loop /opt/stack/data/venv/lib/python3.12/site-packages/oslo_service/backend/_threading/loopingcall.py:125}}
