Jun 28 11:52:41.618735 np0000003875 nova-scheduler[93217]: DEBUG cotyledon.oslo_config_glue [-] oslo_limit.auth_section = None {{(pid=93217) log_opt_values /opt/stack/data/venv/lib/python3.12/site-packages/oslo_config/cfg.py:3253}}
Jun 28 11:52:41.618735 np0000003875 nova-scheduler[93217]: DEBUG cotyledon.oslo_config_glue [-] oslo_limit.auth_type = None {{(pid=93217) log_opt_values /opt/stack/data/venv/lib/python3.12/site-packages/oslo_config/cfg.py:3253}}
Jun 28 11:52:41.619045 np0000003875 nova-scheduler[93217]: DEBUG cotyledon.oslo_config_glue [-] oslo_limit.cafile = None {{(pid=93217) log_opt_values /opt/stack/data/venv/lib/python3.12/site-packages/oslo_config/cfg.py:3253}}
Jun 28 11:52:41.619045 np0000003875 nova-scheduler[93217]: DEBUG cotyledon.oslo_config_glue [-] oslo_limit.certfile = None {{(pid=93217) log_opt_values /opt/stack/data/venv/lib/python3.12/site-packages/oslo_config/cfg.py:3253}}
Jun 28 11:52:41.619045 np0000003875 nova-scheduler[93217]: DEBUG cotyledon.oslo_config_glue [-] oslo_limit.collect_timing = False {{(pid=93217) log_opt_values /opt/stack/data/venv/lib/python3.12/site-packages/oslo_config/cfg.py:3253}}
Jun 28 11:52:41.619045 np0000003875 nova-scheduler[93217]: DEBUG cotyledon.oslo_config_glue [-] oslo_limit.connect_retries = None {{(pid=93217) log_opt_values /opt/stack/data/venv/lib/python3.12/site-packages/oslo_config/cfg.py:3253}}
Jun 28 11:52:41.619045 np0000003875 nova-scheduler[93217]: DEBUG cotyledon.oslo_config_glue [-] oslo_limit.connect_retry_delay = None {{(pid=93217) log_opt_values /opt/stack/data/venv/lib/python3.12/site-packages/oslo_config/cfg.py:3253}}
Jun 28 11:52:41.619045 np0000003875 nova-scheduler[93217]: DEBUG cotyledon.oslo_config_glue [-] oslo_limit.endpoint_id = None {{(pid=93217) log_opt_values /opt/stack/data/venv/lib/python3.12/site-packages/oslo_config/cfg.py:3253}}
Jun 28 11:52:41.619045 np0000003875 nova-scheduler[93217]: DEBUG cotyledon.oslo_config_glue [-] oslo_limit.endpoint_interface = public {{(pid=93217) log_opt_values /opt/stack/data/venv/lib/python3.12/site-packages/oslo_config/cfg.py:3253}}
Jun 28 11:52:41.619045 np0000003875 nova-scheduler[93217]: DEBUG cotyledon.oslo_config_glue [-] oslo_limit.endpoint_override = None {{(pid=93217) log_opt_values /opt/stack/data/venv/lib/python3.12/site-packages/oslo_config/cfg.py:3253}}
Jun 28 11:52:41.619045 np0000003875 nova-scheduler[93217]: DEBUG cotyledon.oslo_config_glue [-] oslo_limit.endpoint_region_name = None {{(pid=93217) log_opt_values /opt/stack/data/venv/lib/python3.12/site-packages/oslo_config/cfg.py:3253}}
Jun 28 11:52:41.619373 np0000003875 nova-scheduler[93217]: DEBUG cotyledon.oslo_config_glue [-] oslo_limit.endpoint_service_name = None {{(pid=93217) log_opt_values /opt/stack/data/venv/lib/python3.12/site-packages/oslo_config/cfg.py:3253}}
Jun 28 11:52:41.619373 np0000003875 nova-scheduler[93217]: DEBUG cotyledon.oslo_config_glue [-] oslo_limit.endpoint_service_type = None {{(pid=93217) log_opt_values /opt/stack/data/venv/lib/python3.12/site-packages/oslo_config/cfg.py:3253}}
Jun 28 11:52:41.619373 np0000003875 nova-scheduler[93217]: DEBUG cotyledon.oslo_config_glue [-] oslo_limit.insecure = False {{(pid=93217) log_opt_values /opt/stack/data/venv/lib/python3.12/site-packages/oslo_config/cfg.py:3253}}
Jun 28 11:52:41.619373 np0000003875 nova-scheduler[93217]: DEBUG cotyledon.oslo_config_glue [-] oslo_limit.keyfile = None {{(pid=93217) log_opt_values /opt/stack/data/venv/lib/python3.12/site-packages/oslo_config/cfg.py:3253}}
Jun 28 11:52:41.619373 np0000003875 nova-scheduler[93217]: DEBUG cotyledon.oslo_config_glue [-] oslo_limit.max_version = None {{(pid=93217) log_opt_values /opt/stack/data/venv/lib/python3.12/site-packages/oslo_config/cfg.py:3253}}
Jun 28 11:52:41.619373 np0000003875 nova-scheduler[93217]: DEBUG cotyledon.oslo_config_glue [-] oslo_limit.min_version = None {{(pid=93217) log_opt_values /opt/stack/data/venv/lib/python3.12/site-packages/oslo_config/cfg.py:3253}}
Jun 28 11:52:41.619373 np0000003875 nova-scheduler[93217]: DEBUG cotyledon.oslo_config_glue [-] oslo_limit.region_name = None {{(pid=93217) log_opt_values /opt/stack/data/venv/lib/python3.12/site-packages/oslo_config/cfg.py:3253}}
Jun 28 11:52:41.619373 np0000003875 nova-scheduler[93217]: DEBUG cotyledon.oslo_config_glue [-] oslo_limit.retriable_status_codes = None {{(pid=93217) log_opt_values /opt/stack/data/venv/lib/python3.12/site-packages/oslo_config/cfg.py:3253}}
Jun 28 11:52:41.619373 np0000003875 nova-scheduler[93217]: DEBUG cotyledon.oslo_config_glue [-] oslo_limit.service_name = None {{(pid=93217) log_opt_values /opt/stack/data/venv/lib/python3.12/site-packages/oslo_config/cfg.py:3253}}
Jun 28 11:52:41.619675 np0000003875 nova-scheduler[93217]: DEBUG cotyledon.oslo_config_glue [-] oslo_limit.service_type = None {{(pid=93217) log_opt_values /opt/stack/data/venv/lib/python3.12/site-packages/oslo_config/cfg.py:3253}}
Jun 28 11:52:41.619675 np0000003875 nova-scheduler[93217]: DEBUG cotyledon.oslo_config_glue [-] oslo_limit.split_loggers = False {{(pid=93217) log_opt_values /opt/stack/data/venv/lib/python3.12/site-packages/oslo_config/cfg.py:3253}}
Jun 28 11:52:41.619675 np0000003875 nova-scheduler[93217]: DEBUG cotyledon.oslo_config_glue [-] oslo_limit.status_code_retries = None {{(pid=93217) log_opt_values /opt/stack/data/venv/lib/python3.12/site-packages/oslo_config/cfg.py:3253}}
Jun 28 11:52:41.619675 np0000003875 nova-scheduler[93217]: DEBUG cotyledon.oslo_config_glue [-] oslo_limit.status_code_retry_delay = None {{(pid=93217) log_opt_values /opt/stack/data/venv/lib/python3.12/site-packages/oslo_config/cfg.py:3253}}
Jun 28 11:52:41.619675 np0000003875 nova-scheduler[93217]: DEBUG cotyledon.oslo_config_glue [-] oslo_limit.timeout = None {{(pid=93217) log_opt_values /opt/stack/data/venv/lib/python3.12/site-packages/oslo_config/cfg.py:3253}}
Jun 28 11:52:41.619675 np0000003875 nova-scheduler[93217]: DEBUG cotyledon.oslo_config_glue [-] oslo_limit.valid_interfaces = None {{(pid=93217) log_opt_values /opt/stack/data/venv/lib/python3.12/site-packages/oslo_config/cfg.py:3253}}
Jun 28 11:52:41.619675 np0000003875 nova-scheduler[93217]: DEBUG cotyledon.oslo_config_glue [-] oslo_limit.version = None {{(pid=93217) log_opt_values /opt/stack/data/venv/lib/python3.12/site-packages/oslo_config/cfg.py:3253}}
Jun 28 11:52:41.619675 np0000003875 nova-scheduler[93217]: DEBUG cotyledon.oslo_config_glue [-] oslo_reports.file_event_handler = None {{(pid=93217) log_opt_values /opt/stack/data/venv/lib/python3.12/site-packages/oslo_config/cfg.py:3253}}
Jun 28 11:52:41.619675 np0000003875 nova-scheduler[93217]: DEBUG cotyledon.oslo_config_glue [-] oslo_reports.file_event_handler_interval = 1 {{(pid=93217) log_opt_values /opt/stack/data/venv/lib/python3.12/site-packages/oslo_config/cfg.py:3253}}
Jun 28 11:52:41.619999 np0000003875 nova-scheduler[93217]: DEBUG cotyledon.oslo_config_glue [-] oslo_reports.log_dir = None {{(pid=93217) log_opt_values /opt/stack/data/venv/lib/python3.12/site-packages/oslo_config/cfg.py:3253}}
Jun 28 11:52:41.619999 np0000003875 nova-scheduler[93217]: DEBUG cotyledon.oslo_config_glue [-] ******************************************************************************** {{(pid=93217) log_opt_values /opt/stack/data/venv/lib/python3.12/site-packages/oslo_config/cfg.py:3260}}
Jun 28 11:52:41.619999 np0000003875 nova-scheduler[93217]: DEBUG cotyledon._service_worker [-] Run service ServiceWrapper(2) [93217] {{(pid=93217) wait_forever /opt/stack/data/venv/lib/python3.12/site-packages/cotyledon/_service_worker.py:218}}
Jun 28 11:52:41.619999 np0000003875 nova-scheduler[93217]: INFO nova.service [-] Starting scheduler node (version 33.1.0)
Jun 28 11:52:41.619999 np0000003875 nova-scheduler[93217]: INFO dbcounter [None req-a266ef23-c8cf-4b89-86d5-e7c3ba3d0c90 None None] Registered counter for database nova_cell0
Jun 28 11:52:41.620251 np0000003875 nova-scheduler[93213]: DEBUG oslo_db.sqlalchemy.engines [None req-93149b47-d04e-4c84-a8de-b52d1288bc65 None None] MySQL server mode set to STRICT_TRANS_TABLES,STRICT_ALL_TABLES,NO_ZERO_IN_DATE,NO_ZERO_DATE,ERROR_FOR_DIVISION_BY_ZERO,TRADITIONAL,NO_ENGINE_SUBSTITUTION {{(pid=93213) _check_effective_sql_mode /opt/stack/data/venv/lib/python3.12/site-packages/oslo_db/sqlalchemy/engines.py:325}}
Jun 28 11:52:41.620318 np0000003875 nova-scheduler[93215]: DEBUG oslo_db.sqlalchemy.engines [None req-080f408e-10ee-4b13-8e94-a4cfa2095abd None None] MySQL server mode set to STRICT_TRANS_TABLES,STRICT_ALL_TABLES,NO_ZERO_IN_DATE,NO_ZERO_DATE,ERROR_FOR_DIVISION_BY_ZERO,TRADITIONAL,NO_ENGINE_SUBSTITUTION {{(pid=93215) _check_effective_sql_mode /opt/stack/data/venv/lib/python3.12/site-packages/oslo_db/sqlalchemy/engines.py:325}}
Jun 28 11:52:41.620367 np0000003875 nova-scheduler[93213]: DEBUG dbcounter [-] [93213] Writer thread running {{(pid=93213) stat_writer /opt/stack/data/venv/lib/python3.12/site-packages/dbcounter.py:102}}
Jun 28 11:52:41.647171 np0000003875 nova-scheduler[93213]: DEBUG nova.service [None req-93149b47-d04e-4c84-a8de-b52d1288bc65 None None] Creating RPC server for service: nova-scheduler on topic: scheduler {{(pid=93213) start /opt/stack/nova/nova/service.py:196}}
Jun 28 11:52:41.648333 np0000003875 nova-scheduler[93217]: DEBUG oslo_db.sqlalchemy.engines [None req-a266ef23-c8cf-4b89-86d5-e7c3ba3d0c90 None None] MySQL server mode set to STRICT_TRANS_TABLES,STRICT_ALL_TABLES,NO_ZERO_IN_DATE,NO_ZERO_DATE,ERROR_FOR_DIVISION_BY_ZERO,TRADITIONAL,NO_ENGINE_SUBSTITUTION {{(pid=93217) _check_effective_sql_mode /opt/stack/data/venv/lib/python3.12/site-packages/oslo_db/sqlalchemy/engines.py:325}}
Jun 28 11:52:41.656662 np0000003875 nova-scheduler[93215]: DEBUG dbcounter [-] [93215] Writer thread running {{(pid=93215) stat_writer /opt/stack/data/venv/lib/python3.12/site-packages/dbcounter.py:102}}
Jun 28 11:52:41.665130 np0000003875 nova-scheduler[93215]: DEBUG nova.service [None req-080f408e-10ee-4b13-8e94-a4cfa2095abd None None] Creating RPC server for service: nova-scheduler on topic: scheduler {{(pid=93215) start /opt/stack/nova/nova/service.py:196}}
Jun 28 11:52:41.665264 np0000003875 nova-scheduler[93217]: DEBUG dbcounter [-] [93217] Writer thread running {{(pid=93217) stat_writer /opt/stack/data/venv/lib/python3.12/site-packages/dbcounter.py:102}}
Jun 28 11:52:41.677312 np0000003875 nova-scheduler[93217]: DEBUG nova.service [None req-a266ef23-c8cf-4b89-86d5-e7c3ba3d0c90 None None] Creating RPC server for service: nova-scheduler on topic: scheduler {{(pid=93217) start /opt/stack/nova/nova/service.py:196}}
Jun 28 11:52:41.689635 np0000003875 nova-scheduler[93213]: DEBUG nova.service [None req-93149b47-d04e-4c84-a8de-b52d1288bc65 None None] Join ServiceGroup membership for this service scheduler {{(pid=93213) start /opt/stack/nova/nova/service.py:222}}
Jun 28 11:52:41.690206 np0000003875 nova-scheduler[93213]: DEBUG nova.servicegroup.drivers.db [None req-93149b47-d04e-4c84-a8de-b52d1288bc65 None None] DB_Driver: join new ServiceGroup member np0000003875 to the scheduler group, service = {{(pid=93213) join /opt/stack/nova/nova/servicegroup/drivers/db.py:44}}
Jun 28 11:52:41.692531 np0000003875 nova-scheduler[93215]: DEBUG nova.service [None req-080f408e-10ee-4b13-8e94-a4cfa2095abd None None] Join ServiceGroup membership for this service scheduler {{(pid=93215) start /opt/stack/nova/nova/service.py:222}}
Jun 28 11:52:41.693223 np0000003875 nova-scheduler[93215]: DEBUG nova.servicegroup.drivers.db [None req-080f408e-10ee-4b13-8e94-a4cfa2095abd None None] DB_Driver: join new ServiceGroup member np0000003875 to the scheduler group, service = {{(pid=93215) join /opt/stack/nova/nova/servicegroup/drivers/db.py:44}}
Jun 28 11:52:41.695584 np0000003875 nova-scheduler[93215]: DEBUG oslo.service.backend._threading.loopingcall [None req-8c2e3c77-165d-4e42-b3c5-db08acdbb35b None None] Dynamic interval looping call 'nova.service.Service.periodic_tasks' sleeping for 60.00 seconds {{(pid=93215) _run_loop /opt/stack/data/venv/lib/python3.12/site-packages/oslo_service/backend/_threading/loopingcall.py:125}}
Jun 28 11:52:41.701009 np0000003875 nova-scheduler[93217]: DEBUG nova.service [None req-a266ef23-c8cf-4b89-86d5-e7c3ba3d0c90 None None] Join ServiceGroup membership for this service scheduler {{(pid=93217) start /opt/stack/nova/nova/service.py:222}}
Jun 28 11:52:41.701278 np0000003875 nova-scheduler[93217]: DEBUG nova.servicegroup.drivers.db [None req-a266ef23-c8cf-4b89-86d5-e7c3ba3d0c90 None None] DB_Driver: join new ServiceGroup member np0000003875 to the scheduler group, service = {{(pid=93217) join /opt/stack/nova/nova/servicegroup/drivers/db.py:44}}
Jun 28 11:52:46.705220 np0000003875 nova-scheduler[93213]: DEBUG oslo.service.backend._threading.loopingcall [-] Fixed interval looping call 'nova.servicegroup.drivers.db.DbDriver._report_state' sleeping for 119.99 seconds {{(pid=93213) _run_loop /opt/stack/data/venv/lib/python3.12/site-packages/oslo_service/backend/_threading/loopingcall.py:125}}
Jun 28 11:52:46.707979 np0000003875 nova-scheduler[93215]: DEBUG oslo.service.backend._threading.loopingcall [-] Fixed interval looping call 'nova.servicegroup.drivers.db.DbDriver._report_state' sleeping for 119.99 seconds {{(pid=93215) _run_loop /opt/stack/data/venv/lib/python3.12/site-packages/oslo_service/backend/_threading/loopingcall.py:125}}
Jun 28 11:52:46.715080 np0000003875 nova-scheduler[93217]: DEBUG oslo.service.backend._threading.loopingcall [-] Fixed interval looping call 'nova.servicegroup.drivers.db.DbDriver._report_state' sleeping for 119.99 seconds {{(pid=93217) _run_loop /opt/stack/data/venv/lib/python3.12/site-packages/oslo_service/backend/_threading/loopingcall.py:125}}
Jun 28 11:52:50.174416 np0000003875 nova-scheduler[92015]: DEBUG dbcounter [-] [92015] Writing DB stats nova_api:SELECT=3 {{(pid=92015) stat_writer /opt/stack/data/venv/lib/python3.12/site-packages/dbcounter.py:115}}
Jun 28 11:52:50.301826 np0000003875 nova-scheduler[92015]: DEBUG dbcounter [-] [92015] Writing DB stats nova_cell0:SELECT=1 {{(pid=92015) stat_writer /opt/stack/data/venv/lib/python3.12/site-packages/dbcounter.py:115}}
Jun 28 11:52:50.305820 np0000003875 nova-scheduler[92015]: DEBUG dbcounter [-] [92015] Writing DB stats nova_cell1:SELECT=1 {{(pid=92015) stat_writer /opt/stack/data/venv/lib/python3.12/site-packages/dbcounter.py:115}}
Jun 28 11:52:56.703083 np0000003875 nova-scheduler[93213]: DEBUG dbcounter [-] [93213] Writing DB stats nova_cell0:SELECT=4,nova_cell0:INSERT=1,nova_cell0:UPDATE=1 {{(pid=93213) stat_writer /opt/stack/data/venv/lib/python3.12/site-packages/dbcounter.py:115}}
Jun 28 11:52:56.706383 np0000003875 nova-scheduler[93215]: DEBUG dbcounter [-] [93215] Writing DB stats nova_cell0:SELECT=3,nova_cell0:UPDATE=1 {{(pid=93215) stat_writer /opt/stack/data/venv/lib/python3.12/site-packages/dbcounter.py:115}}
Jun 28 11:52:56.712555 np0000003875 nova-scheduler[93217]: DEBUG dbcounter [-] [93217] Writing DB stats nova_cell0:SELECT=3 {{(pid=93217) stat_writer /opt/stack/data/venv/lib/python3.12/site-packages/dbcounter.py:115}}
Jun 28 11:53:06.706245 np0000003875 nova-scheduler[93217]: DEBUG oslo.service.backend._threading.loopingcall [None req-716da16f-195b-417d-aa0b-97818e4dedce None None] Dynamic interval looping call 'nova.service.Service.periodic_tasks' sleeping for 60.00 seconds {{(pid=93217) _run_loop /opt/stack/data/venv/lib/python3.12/site-packages/oslo_service/backend/_threading/loopingcall.py:125}}
Jun 28 11:53:22.692510 np0000003875 nova-scheduler[93213]: DEBUG oslo.service.backend._threading.loopingcall [None req-3e1efc27-cf89-4eb6-939e-41af14ed5ca5 None None] Dynamic interval looping call 'nova.service.Service.periodic_tasks' sleeping for 60.00 seconds {{(pid=93213) _run_loop /opt/stack/data/venv/lib/python3.12/site-packages/oslo_service/backend/_threading/loopingcall.py:125}}
Jun 28 11:53:41.696075 np0000003875 nova-scheduler[93215]: DEBUG oslo.service.backend._threading.loopingcall [None req-8c2e3c77-165d-4e42-b3c5-db08acdbb35b None None] Dynamic interval looping call 'nova.service.Service.periodic_tasks' sleeping for 60.00 seconds {{(pid=93215) _run_loop /opt/stack/data/venv/lib/python3.12/site-packages/oslo_service/backend/_threading/loopingcall.py:125}}
Jun 28 11:54:06.706593 np0000003875 nova-scheduler[93217]: DEBUG oslo.service.backend._threading.loopingcall [None req-716da16f-195b-417d-aa0b-97818e4dedce None None] Dynamic interval looping call 'nova.service.Service.periodic_tasks' sleeping for 60.00 seconds {{(pid=93217) _run_loop /opt/stack/data/venv/lib/python3.12/site-packages/oslo_service/backend/_threading/loopingcall.py:125}}
Jun 28 11:54:22.693142 np0000003875 nova-scheduler[93213]: DEBUG oslo.service.backend._threading.loopingcall [None req-3e1efc27-cf89-4eb6-939e-41af14ed5ca5 None None] Dynamic interval looping call 'nova.service.Service.periodic_tasks' sleeping for 60.00 seconds {{(pid=93213) _run_loop /opt/stack/data/venv/lib/python3.12/site-packages/oslo_service/backend/_threading/loopingcall.py:125}}
Jun 28 11:54:41.696612 np0000003875 nova-scheduler[93215]: DEBUG oslo.service.backend._threading.loopingcall [None req-8c2e3c77-165d-4e42-b3c5-db08acdbb35b None None] Dynamic interval looping call 'nova.service.Service.periodic_tasks' sleeping for 60.00 seconds {{(pid=93215) _run_loop /opt/stack/data/venv/lib/python3.12/site-packages/oslo_service/backend/_threading/loopingcall.py:125}}
Jun 28 11:54:46.701210 np0000003875 nova-scheduler[93213]: DEBUG oslo.service.backend._threading.loopingcall [-] Fixed interval looping call 'nova.servicegroup.drivers.db.DbDriver._report_state' sleeping for 119.99 seconds {{(pid=93213) _run_loop /opt/stack/data/venv/lib/python3.12/site-packages/oslo_service/backend/_threading/loopingcall.py:125}}
Jun 28 11:54:46.702780 np0000003875 nova-scheduler[93215]: DEBUG oslo.service.backend._threading.loopingcall [-] Fixed interval looping call 'nova.servicegroup.drivers.db.DbDriver._report_state' sleeping for 120.00 seconds {{(pid=93215) _run_loop /opt/stack/data/venv/lib/python3.12/site-packages/oslo_service/backend/_threading/loopingcall.py:125}}
Jun 28 11:54:46.708959 np0000003875 nova-scheduler[93217]: DEBUG oslo.service.backend._threading.loopingcall [-] Fixed interval looping call 'nova.servicegroup.drivers.db.DbDriver._report_state' sleeping for 120.00 seconds {{(pid=93217) _run_loop /opt/stack/data/venv/lib/python3.12/site-packages/oslo_service/backend/_threading/loopingcall.py:125}}
Jun 28 11:54:56.698467 np0000003875 nova-scheduler[93213]: DEBUG dbcounter [-] [93213] Writing DB stats nova_cell0:SELECT=1,nova_cell0:UPDATE=1 {{(pid=93213) stat_writer /opt/stack/data/venv/lib/python3.12/site-packages/dbcounter.py:115}}
Jun 28 11:54:56.701882 np0000003875 nova-scheduler[93215]: DEBUG dbcounter [-] [93215] Writing DB stats nova_cell0:SELECT=1,nova_cell0:UPDATE=1 {{(pid=93215) stat_writer /opt/stack/data/venv/lib/python3.12/site-packages/dbcounter.py:115}}
Jun 28 11:54:56.707008 np0000003875 nova-scheduler[93217]: DEBUG dbcounter [-] [93217] Writing DB stats nova_cell0:SELECT=1 {{(pid=93217) stat_writer /opt/stack/data/venv/lib/python3.12/site-packages/dbcounter.py:115}}
Jun 28 11:55:06.707079 np0000003875 nova-scheduler[93217]: DEBUG oslo.service.backend._threading.loopingcall [None req-716da16f-195b-417d-aa0b-97818e4dedce None None] Dynamic interval looping call 'nova.service.Service.periodic_tasks' sleeping for 60.00 seconds {{(pid=93217) _run_loop /opt/stack/data/venv/lib/python3.12/site-packages/oslo_service/backend/_threading/loopingcall.py:125}}
Jun 28 11:55:22.693624 np0000003875 nova-scheduler[93213]: DEBUG oslo.service.backend._threading.loopingcall [None req-3e1efc27-cf89-4eb6-939e-41af14ed5ca5 None None] Dynamic interval looping call 'nova.service.Service.periodic_tasks' sleeping for 60.00 seconds {{(pid=93213) _run_loop /opt/stack/data/venv/lib/python3.12/site-packages/oslo_service/backend/_threading/loopingcall.py:125}}
Jun 28 11:55:29.978638 np0000003875 nova-scheduler[93213]: DEBUG nova.scheduler.manager [None req-d5be0ca6-552b-468c-80eb-ecb5c76697ef tempest-DeleteServersTestJSON-1898241000 tempest-DeleteServersTestJSON-1898241000-project-member] Starting to schedule for instances: ['df5c6893-c485-4e9b-a09b-0bad28e5abee'] {{(pid=93213) select_destinations /opt/stack/nova/nova/scheduler/manager.py:209}}
Jun 28 11:55:29.979146 np0000003875 nova-scheduler[93213]: DEBUG nova.scheduler.request_filter [None req-d5be0ca6-552b-468c-80eb-ecb5c76697ef tempest-DeleteServersTestJSON-1898241000 tempest-DeleteServersTestJSON-1898241000-project-member] compute_status_filter request filter added forbidden trait COMPUTE_STATUS_DISABLED {{(pid=93213) compute_status_filter /opt/stack/nova/nova/scheduler/request_filter.py:253}}
Jun 28 11:55:29.979295 np0000003875 nova-scheduler[93213]: DEBUG nova.scheduler.request_filter [None req-d5be0ca6-552b-468c-80eb-ecb5c76697ef tempest-DeleteServersTestJSON-1898241000 tempest-DeleteServersTestJSON-1898241000-project-member] Request filter 'compute_status_filter' took 0.0 seconds {{(pid=93213) wrapper /opt/stack/nova/nova/scheduler/request_filter.py:46}}
Jun 28 11:55:29.979806 np0000003875 nova-scheduler[93213]: DEBUG nova.scheduler.request_filter [None req-d5be0ca6-552b-468c-80eb-ecb5c76697ef tempest-DeleteServersTestJSON-1898241000 tempest-DeleteServersTestJSON-1898241000-project-member] Request filter 'accelerators_filter' took 0.0 seconds {{(pid=93213) wrapper /opt/stack/nova/nova/scheduler/request_filter.py:46}}
Jun 28 11:55:29.981124 np0000003875 nova-scheduler[93213]: DEBUG nova.scheduler.request_filter [None req-d5be0ca6-552b-468c-80eb-ecb5c76697ef tempest-DeleteServersTestJSON-1898241000 tempest-DeleteServersTestJSON-1898241000-project-member] Request filter 'packed_virtqueue_filter' took 0.0 seconds {{(pid=93213) wrapper /opt/stack/nova/nova/scheduler/request_filter.py:46}}
Jun 28 11:55:29.981124 np0000003875 nova-scheduler[93213]: DEBUG nova.scheduler.request_filter [None req-d5be0ca6-552b-468c-80eb-ecb5c76697ef tempest-DeleteServersTestJSON-1898241000 tempest-DeleteServersTestJSON-1898241000-project-member] Request filter 'remote_managed_ports_filter' took 0.0 seconds {{(pid=93213) wrapper /opt/stack/nova/nova/scheduler/request_filter.py:46}}
Jun 28 11:55:29.981124 np0000003875 nova-scheduler[93213]: DEBUG nova.scheduler.request_filter [None req-d5be0ca6-552b-468c-80eb-ecb5c76697ef tempest-DeleteServersTestJSON-1898241000 tempest-DeleteServersTestJSON-1898241000-project-member] ephemeral_encryption_filter skipped {{(pid=93213) ephemeral_encryption_filter /opt/stack/nova/nova/scheduler/request_filter.py:426}}
Jun 28 11:55:29.981124 np0000003875 nova-scheduler[93213]: DEBUG nova.scheduler.request_filter [None req-d5be0ca6-552b-468c-80eb-ecb5c76697ef tempest-DeleteServersTestJSON-1898241000 tempest-DeleteServersTestJSON-1898241000-project-member] virtio_sound_filter skipped {{(pid=93213) virtio_sound_filter /opt/stack/nova/nova/scheduler/request_filter.py:460}}
Jun 28 11:55:29.981124 np0000003875 nova-scheduler[93213]: DEBUG nova.scheduler.request_filter [None req-d5be0ca6-552b-468c-80eb-ecb5c76697ef tempest-DeleteServersTestJSON-1898241000 tempest-DeleteServersTestJSON-1898241000-project-member] tpm_secret_security_filter skipped {{(pid=93213) tpm_secret_security_filter /opt/stack/nova/nova/scheduler/request_filter.py:477}}
Jun 28 11:55:30.768216 np0000003875 nova-scheduler[93213]: INFO nova.utils [None req-d5be0ca6-552b-468c-80eb-ecb5c76697ef tempest-DeleteServersTestJSON-1898241000 tempest-DeleteServersTestJSON-1898241000-project-member] The cell worker thread pool ForkProcess-1.cell_worker is initialized
Jun 28 11:55:30.769392 np0000003875 nova-scheduler[93213]: DEBUG oslo_concurrency.lockutils [None req-d5be0ca6-552b-468c-80eb-ecb5c76697ef tempest-DeleteServersTestJSON-1898241000 tempest-DeleteServersTestJSON-1898241000-project-member] Acquiring lock "b1dbfda3-562a-413b-b8d2-28412d8aeeeb" by "nova.context.set_target_cell..get_or_set_cached_cell_and_set_connections" {{(pid=93213) inner /opt/stack/data/venv/lib/python3.12/site-packages/oslo_concurrency/lockutils.py:511}}
Jun 28 11:55:30.769392 np0000003875 nova-scheduler[93213]: DEBUG oslo_concurrency.lockutils [None req-d5be0ca6-552b-468c-80eb-ecb5c76697ef tempest-DeleteServersTestJSON-1898241000 tempest-DeleteServersTestJSON-1898241000-project-member] Lock "b1dbfda3-562a-413b-b8d2-28412d8aeeeb" acquired by "nova.context.set_target_cell..get_or_set_cached_cell_and_set_connections" :: waited 0.000s {{(pid=93213) inner /opt/stack/data/venv/lib/python3.12/site-packages/oslo_concurrency/lockutils.py:524}}
Jun 28 11:55:30.772321 np0000003875 nova-scheduler[93213]: DEBUG oslo_concurrency.lockutils [None req-d5be0ca6-552b-468c-80eb-ecb5c76697ef tempest-DeleteServersTestJSON-1898241000 tempest-DeleteServersTestJSON-1898241000-project-member] Lock "b1dbfda3-562a-413b-b8d2-28412d8aeeeb" "released" by "nova.context.set_target_cell..get_or_set_cached_cell_and_set_connections" :: held 0.003s {{(pid=93213) inner /opt/stack/data/venv/lib/python3.12/site-packages/oslo_concurrency/lockutils.py:543}}
Jun 28 11:55:30.775960 np0000003875 nova-scheduler[93213]: INFO dbcounter [None req-d5be0ca6-552b-468c-80eb-ecb5c76697ef tempest-DeleteServersTestJSON-1898241000 tempest-DeleteServersTestJSON-1898241000-project-member] Registered counter for database nova_cell1
Jun 28 11:55:30.817989 np0000003875 nova-scheduler[93213]: DEBUG oslo_db.sqlalchemy.engines [None req-d5be0ca6-552b-468c-80eb-ecb5c76697ef tempest-DeleteServersTestJSON-1898241000 tempest-DeleteServersTestJSON-1898241000-project-member] MySQL server mode set to STRICT_TRANS_TABLES,STRICT_ALL_TABLES,NO_ZERO_IN_DATE,NO_ZERO_DATE,ERROR_FOR_DIVISION_BY_ZERO,TRADITIONAL,NO_ENGINE_SUBSTITUTION {{(pid=93213) _check_effective_sql_mode /opt/stack/data/venv/lib/python3.12/site-packages/oslo_db/sqlalchemy/engines.py:325}}
Jun 28 11:55:30.827024 np0000003875 nova-scheduler[93213]: DEBUG dbcounter [-] [93213] Writer thread running {{(pid=93213) stat_writer /opt/stack/data/venv/lib/python3.12/site-packages/dbcounter.py:102}}
Jun 28 11:55:30.842461 np0000003875 nova-scheduler[93213]: DEBUG oslo_db.sqlalchemy.engines [None req-d5be0ca6-552b-468c-80eb-ecb5c76697ef tempest-DeleteServersTestJSON-1898241000 tempest-DeleteServersTestJSON-1898241000-project-member] Parent process 92015 forked (93213) with an open database connection, which is being discarded and recreated. {{(pid=93213) checkout /opt/stack/data/venv/lib/python3.12/site-packages/oslo_db/sqlalchemy/engines.py:402}}
Jun 28 11:55:30.892079 np0000003875 nova-scheduler[93213]: DEBUG dbcounter [-] [93213] Writer thread running {{(pid=93213) stat_writer /opt/stack/data/venv/lib/python3.12/site-packages/dbcounter.py:102}}
Jun 28 11:55:30.895601 np0000003875 nova-scheduler[93213]: DEBUG oslo_concurrency.lockutils [None req-d5be0ca6-552b-468c-80eb-ecb5c76697ef tempest-DeleteServersTestJSON-1898241000 tempest-DeleteServersTestJSON-1898241000-project-member] Acquiring lock "b1dbfda3-562a-413b-b8d2-28412d8aeeeb" by "nova.context.set_target_cell..get_or_set_cached_cell_and_set_connections" {{(pid=93213) inner /opt/stack/data/venv/lib/python3.12/site-packages/oslo_concurrency/lockutils.py:511}}
Jun 28 11:55:30.895766 np0000003875 nova-scheduler[93213]: DEBUG oslo_concurrency.lockutils [None req-d5be0ca6-552b-468c-80eb-ecb5c76697ef tempest-DeleteServersTestJSON-1898241000 tempest-DeleteServersTestJSON-1898241000-project-member] Lock "b1dbfda3-562a-413b-b8d2-28412d8aeeeb" acquired by "nova.context.set_target_cell..get_or_set_cached_cell_and_set_connections" :: waited 0.000s {{(pid=93213) inner /opt/stack/data/venv/lib/python3.12/site-packages/oslo_concurrency/lockutils.py:524}}
Jun 28 11:55:30.896179 np0000003875 nova-scheduler[93213]: DEBUG oslo_concurrency.lockutils [None req-d5be0ca6-552b-468c-80eb-ecb5c76697ef tempest-DeleteServersTestJSON-1898241000 tempest-DeleteServersTestJSON-1898241000-project-member] Lock "b1dbfda3-562a-413b-b8d2-28412d8aeeeb" "released" by "nova.context.set_target_cell..get_or_set_cached_cell_and_set_connections" :: held 0.000s {{(pid=93213) inner /opt/stack/data/venv/lib/python3.12/site-packages/oslo_concurrency/lockutils.py:543}}
Jun 28 11:55:30.900828 np0000003875 nova-scheduler[93213]: DEBUG oslo_concurrency.lockutils [None req-d5be0ca6-552b-468c-80eb-ecb5c76697ef tempest-DeleteServersTestJSON-1898241000 tempest-DeleteServersTestJSON-1898241000-project-member] Acquiring lock "np0000003875-np0000003875" by "nova.scheduler.host_manager.HostState.update.._locked_update" {{(pid=93213) inner /opt/stack/data/venv/lib/python3.12/site-packages/oslo_concurrency/lockutils.py:511}}
Jun 28 11:55:30.901065 np0000003875 nova-scheduler[93213]: DEBUG oslo_concurrency.lockutils [None req-d5be0ca6-552b-468c-80eb-ecb5c76697ef tempest-DeleteServersTestJSON-1898241000 tempest-DeleteServersTestJSON-1898241000-project-member] Lock "np0000003875-np0000003875" acquired by "nova.scheduler.host_manager.HostState.update.._locked_update" :: waited 0.000s {{(pid=93213) inner /opt/stack/data/venv/lib/python3.12/site-packages/oslo_concurrency/lockutils.py:524}}
Jun 28 11:55:30.902213 np0000003875 nova-scheduler[93213]: DEBUG nova.scheduler.host_manager [None req-d5be0ca6-552b-468c-80eb-ecb5c76697ef tempest-DeleteServersTestJSON-1898241000 tempest-DeleteServersTestJSON-1898241000-project-member] Update host state from compute node: ComputeNode(cpu_allocation_ratio=4.0,cpu_info='{"arch": "x86_64", "model": "EPYC-Milan", "vendor": "AMD", "topology": {"cells": 1, "sockets": 16, "cores": 1, "threads": 1}, "maxphysaddr": {"mode": "emulate", "bits": 40}, "features": ["lfence-always-serializing", "cx8", "cmov", "sse", "aes", "avx2", "xgetbv1", "lahf_lm", "f16c", "arch-capabilities", "rdctl-no", "clzero", "tsc", "fsrm", "pause-filter", "stibp-always-on", "umip", "mca", "nrip-save", "apic", "ssbd", "fxsr", "pge", "tsc-scale", "svme-addr-chk", "msr", "stibp", "abm", "amd-psfd", "sse4a", "pni", "lbrv", "sep", "vpclmulqdq", "perfctr_core", "amd-ssbd", "vme", "cx16", "vmcb-clean", "mmx", "cmp_legacy", "wbnoinvd", "pse", "arat", "sse4.2", "smap", "xsaves", "pschange-mc-no", "misalignsse", "fpu", "v-vmsave-vmload", "no-nested-data-bp", "xsavec", "spec-ctrl", "sha-ni", "pae", "fma", "mmxext", "de", "syscall", "skip-l1dfl-vmentry", "bmi1", "x2apic", "pat", "tsc-deadline", "rdseed", "pku", "xsave", "xsaveerptr", "rdpid", "topoext", "rdrand", "npt", "rdtscp", "nx", "pcid", "virt-ssbd", "xsaveopt", "cr8legacy", "pfthreshold", "ibrs", "sse4.1", "mce", "amd-stibp", "hypervisor", "avx", "pse36", "popcnt", "mtrr", "ibpb", "invpcid", "erms", "lm", "mds-no", "3dnowprefetch", "svm", "clwb", "clflushopt", "fsgsbase", "null-sel-clr-base", "osvw", "fxsr_opt", "sse2", "vgif", "pclmuldq", "bmi2", "adx", "smep", "clflush", "gds-no", "flushbyasid", "tsc_adjust", "pdpe1gb", "ssse3", "movbe", "vaes"]}',created_at=2026-06-28T11:53:08Z,current_workload=0,deleted=False,deleted_at=None,disk_allocation_ratio=1.0,disk_available_least=73,free_disk_gb=95,free_ram_mb=62765,host='np0000003875',host_ip=10.4.3.236,hypervisor_hostname='np0000003875',hypervisor_type='QEMU',hypervisor_version=8002002,id=1,local_gb=95,local_gb_used=0,mapped=1,memory_mb=63277,memory_mb_used=512,metrics='[]',numa_topology='{"nova_object.name": "NUMATopology", "nova_object.namespace": "nova", "nova_object.version": "1.2", "nova_object.data": {"cells": [{"nova_object.name": "NUMACell", "nova_object.namespace": "nova", "nova_object.version": "1.5", "nova_object.data": {"id": 0, "cpuset": [0, 1, 2, 3, 4, 5, 6, 7, 8, 9, 10, 11, 12, 13, 14, 15], "pcpuset": [0, 1, 2, 3, 4, 5, 6, 7, 8, 9, 10, 11, 12, 13, 14, 15], "memory": 63277, "cpu_usage": 0, "memory_usage": 0, "pinned_cpus": [], "siblings": [[6], [12], [2], [15], [5], [11], [8], [14], [4], [1], [7], [10], [0], [13], [3], [9]], "mempages": [{"nova_object.name": "NUMAPagesTopology", "nova_object.namespace": "nova", "nova_object.version": "1.1", "nova_object.data": {"size_kb": 4, "total": 16177930, "used": 0, "reserved": 0}, "nova_object.changes": ["size_kb", "used", "total", "reserved"]}, {"nova_object.name": "NUMAPagesTopology", "nova_object.namespace": "nova", "nova_object.version": "1.1", "nova_object.data": {"size_kb": 2048, "total": 41, "used": 0, "reserved": 0}, "nova_object.changes": ["size_kb", "used", "total", "reserved"]}, {"nova_object.name": "NUMAPagesTopology", "nova_object.namespace": "nova", "nova_object.version": "1.1", "nova_object.data": {"size_kb": 1048576, "total": 0, "used": 0, "reserved": 0}, "nova_object.changes": ["size_kb", "used", "total", "reserved"]}], "network_metadata": {"nova_object.name": "NetworkMetadata", "nova_object.namespace": "nova", "nova_object.version": "1.0", "nova_object.data": {"physnets": [], "tunneled": false}, "nova_object.changes": ["physnets", "tunneled"]}, "socket": null}, "nova_object.changes": ["pinned_cpus", "siblings", "network_metadata", "mempages", "pcpuset", "memory", "memory_usage", "socket", "cpuset", "cpu_usage", "id"]}]}, "nova_object.changes": ["cells"]}',pci_device_pools=PciDevicePoolList,ram_allocation_ratio=1.0,running_vms=0,service_id=2,stats={failed_builds='0',uptime=' 11:54:52 up 13 min, 2 users, load average: 1.03, 1.33, 0.82
Jun 28 11:55:30.902213 np0000003875 nova-scheduler[93213]: '},supported_hv_specs=[HVSpec,HVSpec,HVSpec,HVSpec,HVSpec,HVSpec,HVSpec,HVSpec,HVSpec,HVSpec,HVSpec,HVSpec,HVSpec,HVSpec,HVSpec,HVSpec,HVSpec,HVSpec,HVSpec,HVSpec,HVSpec,HVSpec,HVSpec,HVSpec,HVSpec],updated_at=2026-06-28T11:54:54Z,uuid=204c34ae-11ac-4542-aed7-d95237f9184f,vcpus=16,vcpus_used=0) {{(pid=93213) _locked_update /opt/stack/nova/nova/scheduler/host_manager.py:168}}
Jun 28 11:55:30.904156 np0000003875 nova-scheduler[93213]: DEBUG nova.scheduler.host_manager [None req-d5be0ca6-552b-468c-80eb-ecb5c76697ef tempest-DeleteServersTestJSON-1898241000 tempest-DeleteServersTestJSON-1898241000-project-member] Update host state with aggregates: [] {{(pid=93213) _locked_update /opt/stack/nova/nova/scheduler/host_manager.py:171}}
Jun 28 11:55:30.904156 np0000003875 nova-scheduler[93213]: DEBUG nova.scheduler.host_manager [None req-d5be0ca6-552b-468c-80eb-ecb5c76697ef tempest-DeleteServersTestJSON-1898241000 tempest-DeleteServersTestJSON-1898241000-project-member] Update host state with service dict: {'id': 2, 'uuid': '7975c460-0d12-44b0-9381-817bc72967ca', 'host': 'np0000003875', 'binary': 'nova-compute', 'topic': 'compute', 'report_count': 2, 'disabled': False, 'disabled_reason': None, 'last_seen_up': datetime.datetime(2026, 6, 28, 11, 55, 17, tzinfo=datetime.timezone.utc), 'forced_down': False, 'version': 72, 'created_at': datetime.datetime(2026, 6, 28, 11, 53, 6, tzinfo=datetime.timezone.utc), 'updated_at': datetime.datetime(2026, 6, 28, 11, 55, 17, tzinfo=datetime.timezone.utc), 'deleted_at': None, 'deleted': False} {{(pid=93213) _locked_update /opt/stack/nova/nova/scheduler/host_manager.py:174}}
Jun 28 11:55:30.904366 np0000003875 nova-scheduler[93213]: DEBUG nova.scheduler.host_manager [None req-d5be0ca6-552b-468c-80eb-ecb5c76697ef tempest-DeleteServersTestJSON-1898241000 tempest-DeleteServersTestJSON-1898241000-project-member] Update host state with instances: [] {{(pid=93213) _locked_update /opt/stack/nova/nova/scheduler/host_manager.py:177}}
Jun 28 11:55:30.904926 np0000003875 nova-scheduler[93213]: DEBUG oslo_concurrency.lockutils [None req-d5be0ca6-552b-468c-80eb-ecb5c76697ef tempest-DeleteServersTestJSON-1898241000 tempest-DeleteServersTestJSON-1898241000-project-member] Lock "np0000003875-np0000003875" "released" by "nova.scheduler.host_manager.HostState.update.._locked_update" :: held 0.004s {{(pid=93213) inner /opt/stack/data/venv/lib/python3.12/site-packages/oslo_concurrency/lockutils.py:543}}
Jun 28 11:55:30.905200 np0000003875 nova-scheduler[93213]: DEBUG nova.filters [None req-d5be0ca6-552b-468c-80eb-ecb5c76697ef tempest-DeleteServersTestJSON-1898241000 tempest-DeleteServersTestJSON-1898241000-project-member] Starting with 1 host(s) {{(pid=93213) get_filtered_objects /opt/stack/nova/nova/filters.py:70}}
Jun 28 11:55:30.905573 np0000003875 nova-scheduler[93213]: DEBUG nova.filters [None req-d5be0ca6-552b-468c-80eb-ecb5c76697ef tempest-DeleteServersTestJSON-1898241000 tempest-DeleteServersTestJSON-1898241000-project-member] Filter ComputeFilter returned 1 host(s) {{(pid=93213) get_filtered_objects /opt/stack/nova/nova/filters.py:102}}
Jun 28 11:55:30.905776 np0000003875 nova-scheduler[93213]: DEBUG nova.filters [None req-d5be0ca6-552b-468c-80eb-ecb5c76697ef tempest-DeleteServersTestJSON-1898241000 tempest-DeleteServersTestJSON-1898241000-project-member] Filter ComputeCapabilitiesFilter returned 1 host(s) {{(pid=93213) get_filtered_objects /opt/stack/nova/nova/filters.py:102}}
Jun 28 11:55:30.906012 np0000003875 nova-scheduler[93213]: DEBUG nova.filters [None req-d5be0ca6-552b-468c-80eb-ecb5c76697ef tempest-DeleteServersTestJSON-1898241000 tempest-DeleteServersTestJSON-1898241000-project-member] Filter ImagePropertiesFilter returned 1 host(s) {{(pid=93213) get_filtered_objects /opt/stack/nova/nova/filters.py:102}}
Jun 28 11:55:30.906219 np0000003875 nova-scheduler[93213]: DEBUG nova.filters [None req-d5be0ca6-552b-468c-80eb-ecb5c76697ef tempest-DeleteServersTestJSON-1898241000 tempest-DeleteServersTestJSON-1898241000-project-member] Filter ServerGroupAntiAffinityFilter returned 1 host(s) {{(pid=93213) get_filtered_objects /opt/stack/nova/nova/filters.py:102}}
Jun 28 11:55:30.906375 np0000003875 nova-scheduler[93213]: DEBUG nova.filters [None req-d5be0ca6-552b-468c-80eb-ecb5c76697ef tempest-DeleteServersTestJSON-1898241000 tempest-DeleteServersTestJSON-1898241000-project-member] Filter ServerGroupAffinityFilter returned 1 host(s) {{(pid=93213) get_filtered_objects /opt/stack/nova/nova/filters.py:102}}
Jun 28 11:55:30.906550 np0000003875 nova-scheduler[93213]: DEBUG nova.filters [None req-d5be0ca6-552b-468c-80eb-ecb5c76697ef tempest-DeleteServersTestJSON-1898241000 tempest-DeleteServersTestJSON-1898241000-project-member] Filter SameHostFilter returned 1 host(s) {{(pid=93213) get_filtered_objects /opt/stack/nova/nova/filters.py:102}}
Jun 28 11:55:30.906748 np0000003875 nova-scheduler[93213]: DEBUG nova.filters [None req-d5be0ca6-552b-468c-80eb-ecb5c76697ef tempest-DeleteServersTestJSON-1898241000 tempest-DeleteServersTestJSON-1898241000-project-member] Filter DifferentHostFilter returned 1 host(s) {{(pid=93213) get_filtered_objects /opt/stack/nova/nova/filters.py:102}}
Jun 28 11:55:30.906979 np0000003875 nova-scheduler[93213]: DEBUG nova.scheduler.manager [None req-d5be0ca6-552b-468c-80eb-ecb5c76697ef tempest-DeleteServersTestJSON-1898241000 tempest-DeleteServersTestJSON-1898241000-project-member] Filtered [(np0000003875, np0000003875) ram: 62765MB disk: 74752MB io_ops: 0 instances: 0, allocation_candidates: 1] {{(pid=93213) _get_sorted_hosts /opt/stack/nova/nova/scheduler/manager.py:742}}
Jun 28 11:55:30.907595 np0000003875 nova-scheduler[93213]: DEBUG nova.scheduler.manager [None req-d5be0ca6-552b-468c-80eb-ecb5c76697ef tempest-DeleteServersTestJSON-1898241000 tempest-DeleteServersTestJSON-1898241000-project-member] Weighed [WeighedHost [host: (np0000003875, np0000003875) ram: 62765MB disk: 74752MB io_ops: 0 instances: 0, allocation_candidates: 1, weight: 0.0]] {{(pid=93213) _get_sorted_hosts /opt/stack/nova/nova/scheduler/manager.py:764}}
Jun 28 11:55:30.907856 np0000003875 nova-scheduler[93213]: DEBUG nova.scheduler.utils [None req-d5be0ca6-552b-468c-80eb-ecb5c76697ef tempest-DeleteServersTestJSON-1898241000 tempest-DeleteServersTestJSON-1898241000-project-member] Attempting to claim resources in the placement API for instance df5c6893-c485-4e9b-a09b-0bad28e5abee {{(pid=93213) claim_resources /opt/stack/nova/nova/scheduler/utils.py:1345}}
Jun 28 11:55:31.109234 np0000003875 nova-scheduler[93213]: DEBUG nova.scheduler.manager [None req-d5be0ca6-552b-468c-80eb-ecb5c76697ef tempest-DeleteServersTestJSON-1898241000 tempest-DeleteServersTestJSON-1898241000-project-member] [instance: df5c6893-c485-4e9b-a09b-0bad28e5abee] Selected host: (np0000003875, np0000003875) ram: 62765MB disk: 74752MB io_ops: 0 instances: 0, allocation_candidates: 1 {{(pid=93213) _consume_selected_host /opt/stack/nova/nova/scheduler/manager.py:624}}
Jun 28 11:55:31.109825 np0000003875 nova-scheduler[93213]: DEBUG oslo_concurrency.lockutils [None req-d5be0ca6-552b-468c-80eb-ecb5c76697ef tempest-DeleteServersTestJSON-1898241000 tempest-DeleteServersTestJSON-1898241000-project-member] Acquiring lock "np0000003875-np0000003875" by "nova.scheduler.host_manager.HostState.consume_from_request.._locked" {{(pid=93213) inner /opt/stack/data/venv/lib/python3.12/site-packages/oslo_concurrency/lockutils.py:511}}
Jun 28 11:55:31.109825 np0000003875 nova-scheduler[93213]: DEBUG oslo_concurrency.lockutils [None req-d5be0ca6-552b-468c-80eb-ecb5c76697ef tempest-DeleteServersTestJSON-1898241000 tempest-DeleteServersTestJSON-1898241000-project-member] Lock "np0000003875-np0000003875" acquired by "nova.scheduler.host_manager.HostState.consume_from_request.._locked" :: waited 0.000s {{(pid=93213) inner /opt/stack/data/venv/lib/python3.12/site-packages/oslo_concurrency/lockutils.py:524}}
Jun 28 11:55:31.109972 np0000003875 nova-scheduler[93213]: DEBUG oslo_concurrency.lockutils [None req-d5be0ca6-552b-468c-80eb-ecb5c76697ef tempest-DeleteServersTestJSON-1898241000 tempest-DeleteServersTestJSON-1898241000-project-member] Lock "np0000003875-np0000003875" "released" by "nova.scheduler.host_manager.HostState.consume_from_request.._locked" :: held 0.000s {{(pid=93213) inner /opt/stack/data/venv/lib/python3.12/site-packages/oslo_concurrency/lockutils.py:543}}
Jun 28 11:55:40.892638 np0000003875 nova-scheduler[93213]: DEBUG dbcounter [-] [93213] Writing DB stats nova_api:SELECT=1 {{(pid=93213) stat_writer /opt/stack/data/venv/lib/python3.12/site-packages/dbcounter.py:115}}
Jun 28 11:55:40.898266 np0000003875 nova-scheduler[93213]: DEBUG dbcounter [-] [93213] Writing DB stats nova_cell1:SELECT=3 {{(pid=93213) stat_writer /opt/stack/data/venv/lib/python3.12/site-packages/dbcounter.py:115}}
Jun 28 11:55:41.697190 np0000003875 nova-scheduler[93215]: DEBUG oslo.service.backend._threading.loopingcall [None req-8c2e3c77-165d-4e42-b3c5-db08acdbb35b None None] Dynamic interval looping call 'nova.service.Service.periodic_tasks' sleeping for 60.00 seconds {{(pid=93215) _run_loop /opt/stack/data/venv/lib/python3.12/site-packages/oslo_service/backend/_threading/loopingcall.py:125}}
Jun 28 11:55:43.427386 np0000003875 nova-scheduler[93215]: DEBUG nova.scheduler.manager [None req-2af4020a-0f74-483b-aa14-fac751646cfc tempest-VolumesAdminNegativeTest-1970724815 tempest-VolumesAdminNegativeTest-1970724815-project-member] Starting to schedule for instances: ['3d90ccf0-c177-43a9-9fb1-6dfc325da475'] {{(pid=93215) select_destinations /opt/stack/nova/nova/scheduler/manager.py:209}}
Jun 28 11:55:43.428176 np0000003875 nova-scheduler[93215]: DEBUG nova.scheduler.request_filter [None req-2af4020a-0f74-483b-aa14-fac751646cfc tempest-VolumesAdminNegativeTest-1970724815 tempest-VolumesAdminNegativeTest-1970724815-project-member] compute_status_filter request filter added forbidden trait COMPUTE_STATUS_DISABLED {{(pid=93215) compute_status_filter /opt/stack/nova/nova/scheduler/request_filter.py:253}}
Jun 28 11:55:43.428651 np0000003875 nova-scheduler[93215]: DEBUG nova.scheduler.request_filter [None req-2af4020a-0f74-483b-aa14-fac751646cfc tempest-VolumesAdminNegativeTest-1970724815 tempest-VolumesAdminNegativeTest-1970724815-project-member] Request filter 'compute_status_filter' took 0.0 seconds {{(pid=93215) wrapper /opt/stack/nova/nova/scheduler/request_filter.py:46}}
Jun 28 11:55:43.428651 np0000003875 nova-scheduler[93215]: DEBUG nova.scheduler.request_filter [None req-2af4020a-0f74-483b-aa14-fac751646cfc tempest-VolumesAdminNegativeTest-1970724815 tempest-VolumesAdminNegativeTest-1970724815-project-member] Request filter 'accelerators_filter' took 0.0 seconds {{(pid=93215) wrapper /opt/stack/nova/nova/scheduler/request_filter.py:46}}
Jun 28 11:55:43.428824 np0000003875 nova-scheduler[93215]: DEBUG nova.scheduler.request_filter [None req-2af4020a-0f74-483b-aa14-fac751646cfc tempest-VolumesAdminNegativeTest-1970724815 tempest-VolumesAdminNegativeTest-1970724815-project-member] Request filter 'packed_virtqueue_filter' took 0.0 seconds {{(pid=93215) wrapper /opt/stack/nova/nova/scheduler/request_filter.py:46}}
Jun 28 11:55:43.429001 np0000003875 nova-scheduler[93215]: DEBUG nova.scheduler.request_filter [None req-2af4020a-0f74-483b-aa14-fac751646cfc tempest-VolumesAdminNegativeTest-1970724815 tempest-VolumesAdminNegativeTest-1970724815-project-member] Request filter 'remote_managed_ports_filter' took 0.0 seconds {{(pid=93215) wrapper /opt/stack/nova/nova/scheduler/request_filter.py:46}}
Jun 28 11:55:43.429177 np0000003875 nova-scheduler[93215]: DEBUG nova.scheduler.request_filter [None req-2af4020a-0f74-483b-aa14-fac751646cfc tempest-VolumesAdminNegativeTest-1970724815 tempest-VolumesAdminNegativeTest-1970724815-project-member] ephemeral_encryption_filter skipped {{(pid=93215) ephemeral_encryption_filter /opt/stack/nova/nova/scheduler/request_filter.py:426}}
Jun 28 11:55:43.429357 np0000003875 nova-scheduler[93215]: DEBUG nova.scheduler.request_filter [None req-2af4020a-0f74-483b-aa14-fac751646cfc tempest-VolumesAdminNegativeTest-1970724815 tempest-VolumesAdminNegativeTest-1970724815-project-member] virtio_sound_filter skipped {{(pid=93215) virtio_sound_filter /opt/stack/nova/nova/scheduler/request_filter.py:460}}
Jun 28 11:55:43.429500 np0000003875 nova-scheduler[93215]: DEBUG nova.scheduler.request_filter [None req-2af4020a-0f74-483b-aa14-fac751646cfc tempest-VolumesAdminNegativeTest-1970724815 tempest-VolumesAdminNegativeTest-1970724815-project-member] tpm_secret_security_filter skipped {{(pid=93215) tpm_secret_security_filter /opt/stack/nova/nova/scheduler/request_filter.py:477}}
Jun 28 11:55:43.577056 np0000003875 nova-scheduler[93215]: INFO nova.utils [None req-2af4020a-0f74-483b-aa14-fac751646cfc tempest-VolumesAdminNegativeTest-1970724815 tempest-VolumesAdminNegativeTest-1970724815-project-member] The cell worker thread pool ForkProcess-2.cell_worker is initialized
Jun 28 11:55:43.578195 np0000003875 nova-scheduler[93215]: DEBUG oslo_concurrency.lockutils [None req-2af4020a-0f74-483b-aa14-fac751646cfc tempest-VolumesAdminNegativeTest-1970724815 tempest-VolumesAdminNegativeTest-1970724815-project-member] Acquiring lock "b1dbfda3-562a-413b-b8d2-28412d8aeeeb" by "nova.context.set_target_cell..get_or_set_cached_cell_and_set_connections" {{(pid=93215) inner /opt/stack/data/venv/lib/python3.12/site-packages/oslo_concurrency/lockutils.py:511}}
Jun 28 11:55:43.578195 np0000003875 nova-scheduler[93215]: DEBUG oslo_concurrency.lockutils [None req-2af4020a-0f74-483b-aa14-fac751646cfc tempest-VolumesAdminNegativeTest-1970724815 tempest-VolumesAdminNegativeTest-1970724815-project-member] Lock "b1dbfda3-562a-413b-b8d2-28412d8aeeeb" acquired by "nova.context.set_target_cell..get_or_set_cached_cell_and_set_connections" :: waited 0.000s {{(pid=93215) inner /opt/stack/data/venv/lib/python3.12/site-packages/oslo_concurrency/lockutils.py:524}}
Jun 28 11:55:43.581408 np0000003875 nova-scheduler[93215]: DEBUG oslo_concurrency.lockutils [None req-2af4020a-0f74-483b-aa14-fac751646cfc tempest-VolumesAdminNegativeTest-1970724815 tempest-VolumesAdminNegativeTest-1970724815-project-member] Lock "b1dbfda3-562a-413b-b8d2-28412d8aeeeb" "released" by "nova.context.set_target_cell..get_or_set_cached_cell_and_set_connections" :: held 0.003s {{(pid=93215) inner /opt/stack/data/venv/lib/python3.12/site-packages/oslo_concurrency/lockutils.py:543}}
Jun 28 11:55:43.585310 np0000003875 nova-scheduler[93215]: INFO dbcounter [None req-2af4020a-0f74-483b-aa14-fac751646cfc tempest-VolumesAdminNegativeTest-1970724815 tempest-VolumesAdminNegativeTest-1970724815-project-member] Registered counter for database nova_cell1
Jun 28 11:55:43.636124 np0000003875 nova-scheduler[93215]: DEBUG oslo_db.sqlalchemy.engines [None req-2af4020a-0f74-483b-aa14-fac751646cfc tempest-VolumesAdminNegativeTest-1970724815 tempest-VolumesAdminNegativeTest-1970724815-project-member] MySQL server mode set to STRICT_TRANS_TABLES,STRICT_ALL_TABLES,NO_ZERO_IN_DATE,NO_ZERO_DATE,ERROR_FOR_DIVISION_BY_ZERO,TRADITIONAL,NO_ENGINE_SUBSTITUTION {{(pid=93215) _check_effective_sql_mode /opt/stack/data/venv/lib/python3.12/site-packages/oslo_db/sqlalchemy/engines.py:325}}
Jun 28 11:55:43.644585 np0000003875 nova-scheduler[93215]: DEBUG dbcounter [-] [93215] Writer thread running {{(pid=93215) stat_writer /opt/stack/data/venv/lib/python3.12/site-packages/dbcounter.py:102}}
Jun 28 11:55:43.730936 np0000003875 nova-scheduler[93215]: DEBUG dbcounter [-] [93215] Writer thread running {{(pid=93215) stat_writer /opt/stack/data/venv/lib/python3.12/site-packages/dbcounter.py:102}}
Jun 28 11:55:43.734401 np0000003875 nova-scheduler[93215]: DEBUG oslo_concurrency.lockutils [None req-2af4020a-0f74-483b-aa14-fac751646cfc tempest-VolumesAdminNegativeTest-1970724815 tempest-VolumesAdminNegativeTest-1970724815-project-member] Acquiring lock "b1dbfda3-562a-413b-b8d2-28412d8aeeeb" by "nova.context.set_target_cell..get_or_set_cached_cell_and_set_connections" {{(pid=93215) inner /opt/stack/data/venv/lib/python3.12/site-packages/oslo_concurrency/lockutils.py:511}}
Jun 28 11:55:43.734620 np0000003875 nova-scheduler[93215]: DEBUG oslo_concurrency.lockutils [None req-2af4020a-0f74-483b-aa14-fac751646cfc tempest-VolumesAdminNegativeTest-1970724815 tempest-VolumesAdminNegativeTest-1970724815-project-member] Lock "b1dbfda3-562a-413b-b8d2-28412d8aeeeb" acquired by "nova.context.set_target_cell..get_or_set_cached_cell_and_set_connections" :: waited 0.000s {{(pid=93215) inner /opt/stack/data/venv/lib/python3.12/site-packages/oslo_concurrency/lockutils.py:524}}
