Jun 28 11:52:40.810534 np0000003875 devstack@neutron-api.service[87376]: DEBUG ovsdbapp.backend.ovs_idl.transaction [None req-e241a15a-51fc-4167-93ad-7150ed99a1fa None None] Running txn n=1 command(idx=0): DbSetCommand(_result=None, table=HA_Chassis_Group, record=neutron-e3e76f31-7a6e-4939-88df-a5619f8ccb40, col_values=(('external_ids', {'neutron:availability_zone_hints': '', 'neutron:network_id': 'e3e76f31-7a6e-4939-88df-a5619f8ccb40', 'neutron:router_id': '255e4ff1-2d21-4542-9ecb-26305a51964e'}),), if_exists=True) {{(pid=87376) do_commit /opt/stack/data/venv/lib/python3.12/site-packages/ovsdbapp/backend/ovs_idl/transaction.py:89}}
Jun 28 11:52:40.810891 np0000003875 devstack@neutron-api.service[87376]: DEBUG ovsdbapp.backend.ovs_idl.transaction [None req-e241a15a-51fc-4167-93ad-7150ed99a1fa None None] Running txn n=1 command(idx=1): HAChassisGroupAddChassisCommand(_result=None, hcg=neutron-e3e76f31-7a6e-4939-88df-a5619f8ccb40, chassis=28a318f2-bc60-4c0b-82ba-ddf9685787f2, priority=1, columns={}) {{(pid=87376) do_commit /opt/stack/data/venv/lib/python3.12/site-packages/ovsdbapp/backend/ovs_idl/transaction.py:89}}
Jun 28 11:52:40.811269 np0000003875 devstack@neutron-api.service[87376]: DEBUG ovsdbapp.backend.ovs_idl.transaction [None req-e241a15a-51fc-4167-93ad-7150ed99a1fa None None] Transaction caused no change {{(pid=87376) do_commit /opt/stack/data/venv/lib/python3.12/site-packages/ovsdbapp/backend/ovs_idl/transaction.py:129}}
Jun 28 11:52:45.313131 np0000003875 devstack@neutron-api.service[87376]: DEBUG futurist.periodics [-] Submitting periodic callback 'neutron.plugins.ml2.drivers.ovn.mech_driver.ovsdb.maintenance.HashRingHealthCheckPeriodics.touch_hash_ring_node' {{(pid=87376) _process_scheduled /opt/stack/data/venv/lib/python3.12/site-packages/futurist/periodics.py:784}}
Jun 28 11:52:45.313610 np0000003875 devstack@neutron-api.service[87376]: DEBUG neutron.plugins.ml2.drivers.ovn.mech_driver.ovsdb.maintenance [-] Touching Hash Ring node "4cd9b37630ce51fc8f1d55525e210d18" from periodic health check thread {{(pid=87376) touch_hash_ring_node /opt/stack/neutron/neutron/plugins/ml2/drivers/ovn/mech_driver/ovsdb/maintenance.py:1419}}
Jun 28 11:52:46.125498 np0000003875 devstack@neutron-api.service[87375]: DEBUG dbcounter [-] [87375] Writing DB stats neutron:SELECT=2148,neutron:INSERT=55,neutron:DELETE=9,neutron:UPDATE=54 {{(pid=87375) stat_writer /opt/stack/data/venv/lib/python3.12/site-packages/dbcounter.py:115}}
Jun 28 11:52:46.259605 np0000003875 devstack@neutron-api.service[87374]: DEBUG futurist.periodics [-] Submitting periodic callback 'neutron.plugins.ml2.drivers.ovn.mech_driver.ovsdb.maintenance.HashRingHealthCheckPeriodics.touch_hash_ring_node' {{(pid=87374) _process_scheduled /opt/stack/data/venv/lib/python3.12/site-packages/futurist/periodics.py:784}}
Jun 28 11:52:46.261183 np0000003875 devstack@neutron-api.service[87374]: DEBUG neutron.plugins.ml2.drivers.ovn.mech_driver.ovsdb.maintenance [-] Touching Hash Ring node "fa95ddb97e4b5ab68e404f81ad31df59" from periodic health check thread {{(pid=87374) touch_hash_ring_node /opt/stack/neutron/neutron/plugins/ml2/drivers/ovn/mech_driver/ovsdb/maintenance.py:1419}}
Jun 28 11:52:46.312208 np0000003875 devstack@neutron-api.service[87375]: DEBUG futurist.periodics [-] Submitting periodic callback 'neutron.plugins.ml2.drivers.ovn.mech_driver.ovsdb.maintenance.HashRingHealthCheckPeriodics.touch_hash_ring_node' {{(pid=87375) _process_scheduled /opt/stack/data/venv/lib/python3.12/site-packages/futurist/periodics.py:784}}
Jun 28 11:52:46.312619 np0000003875 devstack@neutron-api.service[87375]: DEBUG neutron.plugins.ml2.drivers.ovn.mech_driver.ovsdb.maintenance [-] Touching Hash Ring node "b5d3d2cefe0551eda5cf057539bb50df" from periodic health check thread {{(pid=87375) touch_hash_ring_node /opt/stack/neutron/neutron/plugins/ml2/drivers/ovn/mech_driver/ovsdb/maintenance.py:1419}}
Jun 28 11:52:55.322730 np0000003875 devstack@neutron-api.service[87376]: DEBUG dbcounter [-] [87376] Writing DB stats neutron:SELECT=3106,neutron:INSERT=729,neutron:DELETE=12,neutron:UPDATE=130 {{(pid=87376) stat_writer /opt/stack/data/venv/lib/python3.12/site-packages/dbcounter.py:115}}
Jun 28 11:52:56.268300 np0000003875 devstack@neutron-api.service[87374]: DEBUG dbcounter [-] [87374] Writing DB stats neutron:SELECT=378,neutron:INSERT=19,neutron:DELETE=5,neutron:UPDATE=25 {{(pid=87374) stat_writer /opt/stack/data/venv/lib/python3.12/site-packages/dbcounter.py:115}}
Jun 28 11:52:56.320858 np0000003875 devstack@neutron-api.service[87375]: DEBUG dbcounter [-] [87375] Writing DB stats neutron:UPDATE=1,neutron:SELECT=1 {{(pid=87375) stat_writer /opt/stack/data/venv/lib/python3.12/site-packages/dbcounter.py:115}}
Jun 28 11:53:00.313738 np0000003875 devstack@neutron-api.service[87376]: DEBUG futurist.periodics [-] Submitting periodic callback 'neutron.plugins.ml2.drivers.ovn.mech_driver.ovsdb.maintenance.HashRingHealthCheckPeriodics.touch_hash_ring_node' {{(pid=87376) _process_scheduled /opt/stack/data/venv/lib/python3.12/site-packages/futurist/periodics.py:784}}
Jun 28 11:53:00.314158 np0000003875 devstack@neutron-api.service[87376]: DEBUG neutron.plugins.ml2.drivers.ovn.mech_driver.ovsdb.maintenance [-] Touching Hash Ring node "4cd9b37630ce51fc8f1d55525e210d18" from periodic health check thread {{(pid=87376) touch_hash_ring_node /opt/stack/neutron/neutron/plugins/ml2/drivers/ovn/mech_driver/ovsdb/maintenance.py:1419}}
Jun 28 11:53:01.260994 np0000003875 devstack@neutron-api.service[87374]: DEBUG futurist.periodics [-] Submitting periodic callback 'neutron.plugins.ml2.drivers.ovn.mech_driver.ovsdb.maintenance.HashRingHealthCheckPeriodics.touch_hash_ring_node' {{(pid=87374) _process_scheduled /opt/stack/data/venv/lib/python3.12/site-packages/futurist/periodics.py:784}}
Jun 28 11:53:01.261725 np0000003875 devstack@neutron-api.service[87374]: DEBUG neutron.plugins.ml2.drivers.ovn.mech_driver.ovsdb.maintenance [-] Touching Hash Ring node "fa95ddb97e4b5ab68e404f81ad31df59" from periodic health check thread {{(pid=87374) touch_hash_ring_node /opt/stack/neutron/neutron/plugins/ml2/drivers/ovn/mech_driver/ovsdb/maintenance.py:1419}}
Jun 28 11:53:01.312830 np0000003875 devstack@neutron-api.service[87375]: DEBUG futurist.periodics [-] Submitting periodic callback 'neutron.plugins.ml2.drivers.ovn.mech_driver.ovsdb.maintenance.HashRingHealthCheckPeriodics.touch_hash_ring_node' {{(pid=87375) _process_scheduled /opt/stack/data/venv/lib/python3.12/site-packages/futurist/periodics.py:784}}
Jun 28 11:53:01.313957 np0000003875 devstack@neutron-api.service[87375]: DEBUG neutron.plugins.ml2.drivers.ovn.mech_driver.ovsdb.maintenance [-] Touching Hash Ring node "b5d3d2cefe0551eda5cf057539bb50df" from periodic health check thread {{(pid=87375) touch_hash_ring_node /opt/stack/neutron/neutron/plugins/ml2/drivers/ovn/mech_driver/ovsdb/maintenance.py:1419}}
Jun 28 11:53:10.321044 np0000003875 devstack@neutron-api.service[87376]: DEBUG dbcounter [-] [87376] Writing DB stats neutron:UPDATE=1,neutron:SELECT=1 {{(pid=87376) stat_writer /opt/stack/data/venv/lib/python3.12/site-packages/dbcounter.py:115}}
Jun 28 11:53:11.270760 np0000003875 devstack@neutron-api.service[87374]: DEBUG dbcounter [-] [87374] Writing DB stats neutron:UPDATE=1,neutron:SELECT=1 {{(pid=87374) stat_writer /opt/stack/data/venv/lib/python3.12/site-packages/dbcounter.py:115}}
Jun 28 11:53:11.322002 np0000003875 devstack@neutron-api.service[87375]: DEBUG dbcounter [-] [87375] Writing DB stats neutron:UPDATE=1,neutron:SELECT=1 {{(pid=87375) stat_writer /opt/stack/data/venv/lib/python3.12/site-packages/dbcounter.py:115}}
Jun 28 11:53:15.314238 np0000003875 devstack@neutron-api.service[87376]: DEBUG futurist.periodics [-] Submitting periodic callback 'neutron.plugins.ml2.drivers.ovn.mech_driver.ovsdb.maintenance.HashRingHealthCheckPeriodics.touch_hash_ring_node' {{(pid=87376) _process_scheduled /opt/stack/data/venv/lib/python3.12/site-packages/futurist/periodics.py:784}}
Jun 28 11:53:15.314661 np0000003875 devstack@neutron-api.service[87376]: DEBUG neutron.plugins.ml2.drivers.ovn.mech_driver.ovsdb.maintenance [-] Touching Hash Ring node "4cd9b37630ce51fc8f1d55525e210d18" from periodic health check thread {{(pid=87376) touch_hash_ring_node /opt/stack/neutron/neutron/plugins/ml2/drivers/ovn/mech_driver/ovsdb/maintenance.py:1419}}
Jun 28 11:53:16.261603 np0000003875 devstack@neutron-api.service[87374]: DEBUG futurist.periodics [-] Submitting periodic callback 'neutron.plugins.ml2.drivers.ovn.mech_driver.ovsdb.maintenance.HashRingHealthCheckPeriodics.touch_hash_ring_node' {{(pid=87374) _process_scheduled /opt/stack/data/venv/lib/python3.12/site-packages/futurist/periodics.py:784}}
Jun 28 11:53:16.262010 np0000003875 devstack@neutron-api.service[87374]: DEBUG neutron.plugins.ml2.drivers.ovn.mech_driver.ovsdb.maintenance [-] Touching Hash Ring node "fa95ddb97e4b5ab68e404f81ad31df59" from periodic health check thread {{(pid=87374) touch_hash_ring_node /opt/stack/neutron/neutron/plugins/ml2/drivers/ovn/mech_driver/ovsdb/maintenance.py:1419}}
Jun 28 11:53:16.314056 np0000003875 devstack@neutron-api.service[87375]: DEBUG futurist.periodics [-] Submitting periodic callback 'neutron.plugins.ml2.drivers.ovn.mech_driver.ovsdb.maintenance.HashRingHealthCheckPeriodics.touch_hash_ring_node' {{(pid=87375) _process_scheduled /opt/stack/data/venv/lib/python3.12/site-packages/futurist/periodics.py:784}}
Jun 28 11:53:16.314454 np0000003875 devstack@neutron-api.service[87375]: DEBUG neutron.plugins.ml2.drivers.ovn.mech_driver.ovsdb.maintenance [-] Touching Hash Ring node "b5d3d2cefe0551eda5cf057539bb50df" from periodic health check thread {{(pid=87375) touch_hash_ring_node /opt/stack/neutron/neutron/plugins/ml2/drivers/ovn/mech_driver/ovsdb/maintenance.py:1419}}
Jun 28 11:53:25.321437 np0000003875 devstack@neutron-api.service[87376]: DEBUG dbcounter [-] [87376] Writing DB stats neutron:UPDATE=1,neutron:SELECT=1 {{(pid=87376) stat_writer /opt/stack/data/venv/lib/python3.12/site-packages/dbcounter.py:115}}
Jun 28 11:53:26.268005 np0000003875 devstack@neutron-api.service[87374]: DEBUG dbcounter [-] [87374] Writing DB stats neutron:UPDATE=1,neutron:SELECT=1 {{(pid=87374) stat_writer /opt/stack/data/venv/lib/python3.12/site-packages/dbcounter.py:115}}
Jun 28 11:53:26.320358 np0000003875 devstack@neutron-api.service[87375]: DEBUG dbcounter [-] [87375] Writing DB stats neutron:UPDATE=1,neutron:SELECT=1 {{(pid=87375) stat_writer /opt/stack/data/venv/lib/python3.12/site-packages/dbcounter.py:115}}
Jun 28 11:53:30.314809 np0000003875 devstack@neutron-api.service[87376]: DEBUG futurist.periodics [-] Submitting periodic callback 'neutron.plugins.ml2.drivers.ovn.mech_driver.ovsdb.maintenance.HashRingHealthCheckPeriodics.touch_hash_ring_node' {{(pid=87376) _process_scheduled /opt/stack/data/venv/lib/python3.12/site-packages/futurist/periodics.py:784}}
Jun 28 11:53:30.315398 np0000003875 devstack@neutron-api.service[87376]: DEBUG neutron.plugins.ml2.drivers.ovn.mech_driver.ovsdb.maintenance [-] Touching Hash Ring node "4cd9b37630ce51fc8f1d55525e210d18" from periodic health check thread {{(pid=87376) touch_hash_ring_node /opt/stack/neutron/neutron/plugins/ml2/drivers/ovn/mech_driver/ovsdb/maintenance.py:1419}}
Jun 28 11:53:31.262095 np0000003875 devstack@neutron-api.service[87374]: DEBUG futurist.periodics [-] Submitting periodic callback 'neutron.plugins.ml2.drivers.ovn.mech_driver.ovsdb.maintenance.HashRingHealthCheckPeriodics.touch_hash_ring_node' {{(pid=87374) _process_scheduled /opt/stack/data/venv/lib/python3.12/site-packages/futurist/periodics.py:784}}
Jun 28 11:53:31.262766 np0000003875 devstack@neutron-api.service[87374]: DEBUG neutron.plugins.ml2.drivers.ovn.mech_driver.ovsdb.maintenance [-] Touching Hash Ring node "fa95ddb97e4b5ab68e404f81ad31df59" from periodic health check thread {{(pid=87374) touch_hash_ring_node /opt/stack/neutron/neutron/plugins/ml2/drivers/ovn/mech_driver/ovsdb/maintenance.py:1419}}
Jun 28 11:53:31.314700 np0000003875 devstack@neutron-api.service[87375]: DEBUG futurist.periodics [-] Submitting periodic callback 'neutron.plugins.ml2.drivers.ovn.mech_driver.ovsdb.maintenance.HashRingHealthCheckPeriodics.touch_hash_ring_node' {{(pid=87375) _process_scheduled /opt/stack/data/venv/lib/python3.12/site-packages/futurist/periodics.py:784}}
Jun 28 11:53:31.315168 np0000003875 devstack@neutron-api.service[87375]: DEBUG neutron.plugins.ml2.drivers.ovn.mech_driver.ovsdb.maintenance [-] Touching Hash Ring node "b5d3d2cefe0551eda5cf057539bb50df" from periodic health check thread {{(pid=87375) touch_hash_ring_node /opt/stack/neutron/neutron/plugins/ml2/drivers/ovn/mech_driver/ovsdb/maintenance.py:1419}}
Jun 28 11:53:38.994511 np0000003875 devstack@neutron-api.service[87375]: DEBUG neutron.api.wsgi [None req-7030a72f-9c0e-4313-a1f8-e09bb8514d3c admin admin] Missing Content-Type {{(pid=87375) get_content_type /opt/stack/neutron/neutron/api/wsgi.py:80}}
Jun 28 11:53:38.994943 np0000003875 devstack@neutron-api.service[87375]: DEBUG neutron.api.wsgi [None req-7030a72f-9c0e-4313-a1f8-e09bb8514d3c admin admin] https://10.4.3.236/networking/v2.0/extensions returned with HTTP 200 {{(pid=87375) __call__ /opt/stack/neutron/neutron/api/wsgi.py:540}}
Jun 28 11:53:38.995152 np0000003875 devstack@neutron-api.service[87375]: [pid: 87375|app: 0|req: 11/34] 10.4.3.236 () {64 vars in 1292 bytes} [Sun Jun 28 11:53:38 2026] GET /networking/v2.0/extensions => generated 16171 bytes in 3 msecs (HTTP/1.1 200) 4 headers in 159 bytes (1 switches on core 0)
Jun 28 11:53:39.242509 np0000003875 devstack@neutron-api.service[87376]: INFO neutron.pecan_wsgi.hooks.translation [None req-8170c2d0-eff0-4b10-940d-615b46a5a641 admin admin] GET failed (client error): The resource could not be found.
Jun 28 11:53:39.243138 np0000003875 devstack@neutron-api.service[87376]: [pid: 87376|app: 0|req: 13/35] 10.4.3.236 () {64 vars in 1294 bytes} [Sun Jun 28 11:53:39 2026] GET /networking/v2.0/networks/public => generated 108 bytes in 9 msecs (HTTP/1.1 404) 4 headers in 164 bytes (1 switches on core 0)
Jun 28 11:53:39.295168 np0000003875 devstack@neutron-api.service[87374]: DEBUG neutron.pecan_wsgi.hooks.policy_enforcement [None req-c265b856-a8f6-4eda-b12a-e496ba46500e admin admin] Attributes excluded by policy engine: ['standard_attr_id'] {{(pid=87374) _exclude_attributes_by_policy /opt/stack/neutron/neutron/pecan_wsgi/hooks/policy_enforcement.py:259}}
Jun 28 11:53:39.296655 np0000003875 devstack@neutron-api.service[87374]: [pid: 87374|app: 0|req: 12/36] 10.4.3.236 () {64 vars in 1309 bytes} [Sun Jun 28 11:53:39 2026] GET /networking/v2.0/networks?name=public => generated 759 bytes in 45 msecs (HTTP/1.1 200) 4 headers in 157 bytes (1 switches on core 0)
Jun 28 11:53:39.505988 np0000003875 devstack@neutron-api.service[87375]: DEBUG neutron.api.v2.base [None req-973363e4-e6b3-4f6f-9605-93aa13fc53c3 admin admin] Request body: {'network': {'admin_state_up': True, 'name': 'shared', 'shared': True}} {{(pid=87375) prepare_request_body /opt/stack/neutron/neutron/api/v2/base.py:727}}
Jun 28 11:53:39.519682 np0000003875 devstack@neutron-api.service[87375]: DEBUG neutron.pecan_wsgi.hooks.quota_enforcement [None req-973363e4-e6b3-4f6f-9605-93aa13fc53c3 admin admin] Made reservation on behalf of 6dd95e1d0e034ee3a326d6af8720715f for: {'network': 1} {{(pid=87375) before /opt/stack/neutron/neutron/pecan_wsgi/hooks/quota_enforcement.py:66}}
Jun 28 11:53:39.522830 np0000003875 devstack@neutron-api.service[87375]: DEBUG neutron_lib.callbacks.manager [None req-973363e4-e6b3-4f6f-9605-93aa13fc53c3 admin admin] Publish callbacks ['neutron.plugins.ml2.plugin.SecurityGroupDbMixin._ensure_default_security_group_handler-1833569'] for network (None), before_create {{(pid=87375) _notify_loop /opt/stack/data/venv/lib/python3.12/site-packages/neutron_lib/callbacks/manager.py:184}}
Jun 28 11:53:39.552183 np0000003875 devstack@neutron-api.service[87375]: WARNING neutron.services.revisions.revision_plugin [None req-973363e4-e6b3-4f6f-9605-93aa13fc53c3 admin admin] Could not find related network for resource to bump revision.
Jun 28 11:53:39.577489 np0000003875 devstack@neutron-api.service[87375]: DEBUG neutron.plugins.ml2.drivers.helpers [None req-973363e4-e6b3-4f6f-9605-93aa13fc53c3 admin admin] geneve segment allocate from pool success with {'geneve_vni': 23948} {{(pid=87375) allocate_partially_specified_segment /opt/stack/neutron/neutron/plugins/ml2/drivers/helpers.py:142}}
Jun 28 11:53:39.584036 np0000003875 devstack@neutron-api.service[87375]: DEBUG neutron_lib.callbacks.manager [None req-973363e4-e6b3-4f6f-9605-93aa13fc53c3 admin admin] Publish callbacks ['neutron.plugins.ml2.plugin.Ml2Plugin._handle_segment_change-2608853'] for segment (155c6267-871c-41b2-9961-c76678685c92), precommit_create {{(pid=87375) _notify_loop /opt/stack/data/venv/lib/python3.12/site-packages/neutron_lib/callbacks/manager.py:184}}
Jun 28 11:53:39.584300 np0000003875 devstack@neutron-api.service[87375]: INFO neutron.db.segments_db [None req-973363e4-e6b3-4f6f-9605-93aa13fc53c3 admin admin] Added segment 155c6267-871c-41b2-9961-c76678685c92 of type geneve for network 196faf1b-58fd-4b1e-9158-d37cd41b307c
Jun 28 11:53:39.595897 np0000003875 devstack@neutron-api.service[87375]: DEBUG neutron_lib.callbacks.manager [None req-973363e4-e6b3-4f6f-9605-93aa13fc53c3 admin admin] Publish callbacks ['neutron.services.auto_allocate.db._ensure_external_network_default_value_callback-7781021915870'] for network (196faf1b-58fd-4b1e-9158-d37cd41b307c), precommit_create {{(pid=87375) _notify_loop /opt/stack/data/venv/lib/python3.12/site-packages/neutron_lib/callbacks/manager.py:184}}
Jun 28 11:53:39.605818 np0000003875 devstack@neutron-api.service[87375]: DEBUG neutron.plugins.ml2.drivers.ovn.mech_driver.mech_driver [None req-973363e4-e6b3-4f6f-9605-93aa13fc53c3 admin admin] Validating network segment with type geneve, segmentation ID 23948, physical network None {{(pid=87375) _validate_network_segments /opt/stack/neutron/neutron/plugins/ml2/drivers/ovn/mech_driver/mech_driver.py:646}}
Jun 28 11:53:39.605946 np0000003875 devstack@neutron-api.service[87375]: DEBUG neutron.db.ovn_revision_numbers_db [None req-973363e4-e6b3-4f6f-9605-93aa13fc53c3 admin admin] create_initial_revision uuid=196faf1b-58fd-4b1e-9158-d37cd41b307c, type=networks, rev=-1 {{(pid=87375) create_initial_revision /opt/stack/neutron/neutron/db/ovn_revision_numbers_db.py:98}}
Jun 28 11:53:39.611809 np0000003875 devstack@neutron-api.service[87375]: DEBUG neutron_lib.callbacks.manager [None req-973363e4-e6b3-4f6f-9605-93aa13fc53c3 admin admin] Publish callbacks ['neutron.plugins.ml2.ovo_rpc._ObjectChangeHandler.handle_event-1740263'] for network (196faf1b-58fd-4b1e-9158-d37cd41b307c), after_create {{(pid=87375) _notify_loop /opt/stack/data/venv/lib/python3.12/site-packages/neutron_lib/callbacks/manager.py:184}}
Jun 28 11:53:39.625789 np0000003875 devstack@neutron-api.service[87375]: DEBUG neutron.api.rpc.handlers.resources_rpc [None req-973363e4-e6b3-4f6f-9605-93aa13fc53c3 admin admin] Pushing event updated for resources: {'Network': ['ID=196faf1b-58fd-4b1e-9158-d37cd41b307c,revision_number=1']} {{(pid=87375) push /opt/stack/neutron/neutron/api/rpc/handlers/resources_rpc.py:237}}
Jun 28 11:53:39.630205 np0000003875 devstack@neutron-api.service[87375]: DEBUG ovsdbapp.backend.ovs_idl.transaction [None req-5048f514-6205-4b05-bbe9-478e73481abb None None] Running txn n=1 command(idx=0): CheckLivenessCommand(_result=None) {{(pid=87375) do_commit /opt/stack/data/venv/lib/python3.12/site-packages/ovsdbapp/backend/ovs_idl/transaction.py:89}}
Jun 28 11:53:39.639220 np0000003875 devstack@neutron-api.service[87375]: DEBUG neutron.plugins.ml2.drivers.ovn.mech_driver.ovsdb.ovsdb_monitor [None req-b4876ad0-e3b3-4a7b-a1c4-c297b202ec6c None None] ChassisAgentWriteEvent : Matched Chassis_Private, update, None None {{(pid=87375) matches /opt/stack/neutron/neutron/plugins/ml2/drivers/ovn/mech_driver/ovsdb/ovsdb_monitor.py:64}}
Jun 28 11:53:39.639551 np0000003875 devstack@neutron-api.service[87374]: DEBUG neutron.plugins.ml2.drivers.ovn.mech_driver.ovsdb.ovsdb_monitor [None req-71ae4e46-d041-48f2-a9d7-e13104171cea None None] ChassisAgentWriteEvent : Matched Chassis_Private, update, None None {{(pid=87374) matches /opt/stack/neutron/neutron/plugins/ml2/drivers/ovn/mech_driver/ovsdb/ovsdb_monitor.py:64}}
Jun 28 11:53:39.639861 np0000003875 devstack@neutron-api.service[87376]: DEBUG neutron.plugins.ml2.drivers.ovn.mech_driver.ovsdb.ovsdb_monitor [None req-4c9f9e7e-22cb-4975-a4e9-23879fb1dfed None None] ChassisAgentWriteEvent : Matched Chassis_Private, update, None None {{(pid=87376) matches /opt/stack/neutron/neutron/plugins/ml2/drivers/ovn/mech_driver/ovsdb/ovsdb_monitor.py:64}}
Jun 28 11:53:39.648572 np0000003875 devstack@neutron-api.service[87376]: DEBUG neutron.common.ovn.hash_ring_manager [None req-e241a15a-51fc-4167-93ad-7150ed99a1fa None None] Hash Ring loaded. 3 active nodes. 0 offline nodes {{(pid=87376) _load_hash_ring /opt/stack/neutron/neutron/common/ovn/hash_ring_manager.py:110}}
Jun 28 11:53:39.649645 np0000003875 devstack@neutron-api.service[87374]: DEBUG neutron.common.ovn.hash_ring_manager [None req-88a23224-6575-4001-af04-04a75edd47ec None None] Hash Ring loaded. 3 active nodes. 0 offline nodes {{(pid=87374) _load_hash_ring /opt/stack/neutron/neutron/common/ovn/hash_ring_manager.py:110}}
Jun 28 11:53:39.649645 np0000003875 devstack@neutron-api.service[87374]: DEBUG neutron.plugins.ml2.drivers.ovn.mech_driver.ovsdb.ovsdb_monitor [None req-88a23224-6575-4001-af04-04a75edd47ec None None] Hash Ring: Node fa95ddb97e4b5ab68e404f81ad31df59 (host: np0000003875) handling event "update" for row 773dd38f-ac95-4fb7-8410-1b1294fd8c47 (table: NB_Global) {{(pid=87374) notify /opt/stack/neutron/neutron/plugins/ml2/drivers/ovn/mech_driver/ovsdb/ovsdb_monitor.py:1015}}
Jun 28 11:53:39.650086 np0000003875 devstack@neutron-api.service[87376]: DEBUG neutron.common.ovn.hash_ring_manager [None req-4c9f9e7e-22cb-4975-a4e9-23879fb1dfed None None] Hash Ring loaded. 3 active nodes. 0 offline nodes {{(pid=87376) _load_hash_ring /opt/stack/neutron/neutron/common/ovn/hash_ring_manager.py:110}}
Jun 28 11:53:39.650906 np0000003875 devstack@neutron-api.service[87374]: DEBUG neutron.plugins.ml2.drivers.ovn.mech_driver.ovsdb.ovsdb_monitor [None req-88a23224-6575-4001-af04-04a75edd47ec None None] Hash Ring: Node fa95ddb97e4b5ab68e404f81ad31df59 (host: np0000003875) handling event "update" for row 773dd38f-ac95-4fb7-8410-1b1294fd8c47 (table: NB_Global) {{(pid=87374) notify /opt/stack/neutron/neutron/plugins/ml2/drivers/ovn/mech_driver/ovsdb/ovsdb_monitor.py:1015}}
Jun 28 11:53:39.651002 np0000003875 devstack@neutron-api.service[87375]: DEBUG neutron.common.ovn.hash_ring_manager [None req-b4876ad0-e3b3-4a7b-a1c4-c297b202ec6c None None] Hash Ring loaded. 3 active nodes. 0 offline nodes {{(pid=87375) _load_hash_ring /opt/stack/neutron/neutron/common/ovn/hash_ring_manager.py:110}}
Jun 28 11:53:39.651618 np0000003875 devstack@neutron-api.service[87374]: DEBUG neutron.common.ovn.hash_ring_manager [None req-71ae4e46-d041-48f2-a9d7-e13104171cea None None] Hash Ring loaded. 3 active nodes. 0 offline nodes {{(pid=87374) _load_hash_ring /opt/stack/neutron/neutron/common/ovn/hash_ring_manager.py:110}}
Jun 28 11:53:39.652027 np0000003875 devstack@neutron-api.service[87374]: DEBUG neutron.plugins.ml2.drivers.ovn.mech_driver.ovsdb.ovsdb_monitor [None req-88a23224-6575-4001-af04-04a75edd47ec None None] Hash Ring: Node fa95ddb97e4b5ab68e404f81ad31df59 (host: np0000003875) handling event "update" for row 773dd38f-ac95-4fb7-8410-1b1294fd8c47 (table: NB_Global) {{(pid=87374) notify /opt/stack/neutron/neutron/plugins/ml2/drivers/ovn/mech_driver/ovsdb/ovsdb_monitor.py:1015}}
Jun 28 11:53:39.652460 np0000003875 devstack@neutron-api.service[87374]: DEBUG neutron.plugins.ml2.drivers.ovn.mech_driver.ovsdb.ovsdb_monitor [None req-71ae4e46-d041-48f2-a9d7-e13104171cea None None] Hash Ring: Node fa95ddb97e4b5ab68e404f81ad31df59 (host: np0000003875) handling event "update" for row cc927991-9173-4da2-a32b-d3aa27336080 (table: Chassis_Private) {{(pid=87374) notify /opt/stack/neutron/neutron/plugins/ml2/drivers/ovn/mech_driver/ovsdb/ovsdb_monitor.py:1015}}
Jun 28 11:53:39.652736 np0000003875 devstack@neutron-api.service[87375]: DEBUG neutron.common.ovn.hash_ring_manager [None req-5048f514-6205-4b05-bbe9-478e73481abb None None] Hash Ring loaded. 3 active nodes. 0 offline nodes {{(pid=87375) _load_hash_ring /opt/stack/neutron/neutron/common/ovn/hash_ring_manager.py:110}}
Jun 28 11:53:39.653008 np0000003875 devstack@neutron-api.service[87374]: DEBUG neutron.plugins.ml2.drivers.ovn.mech_driver.ovsdb.ovsdb_monitor [None req-88a23224-6575-4001-af04-04a75edd47ec None None] Hash Ring: Node fa95ddb97e4b5ab68e404f81ad31df59 (host: np0000003875) handling event "update" for row 773dd38f-ac95-4fb7-8410-1b1294fd8c47 (table: NB_Global) {{(pid=87374) notify /opt/stack/neutron/neutron/plugins/ml2/drivers/ovn/mech_driver/ovsdb/ovsdb_monitor.py:1015}}
Jun 28 11:53:39.655858 np0000003875 devstack@neutron-api.service[87375]: DEBUG neutron.api.rpc.callbacks.version_manager [None req-973363e4-e6b3-4f6f-9605-93aa13fc53c3 admin admin] Tracked resource versions report:
Jun 28 11:53:39.655858 np0000003875 devstack@neutron-api.service[87375]: pushed versions:
Jun 28 11:53:39.655858 np0000003875 devstack@neutron-api.service[87375]: { 'AddressGroup': {'1.2'},
Jun 28 11:53:39.655858 np0000003875 devstack@neutron-api.service[87375]: 'Agent': {'1.1'},
Jun 28 11:53:39.655858 np0000003875 devstack@neutron-api.service[87375]: 'ConntrackHelper': {'1.0'},
Jun 28 11:53:39.655858 np0000003875 devstack@neutron-api.service[87375]: 'LocalIPAssociation': {'1.0'},
Jun 28 11:53:39.655858 np0000003875 devstack@neutron-api.service[87375]: 'Log': {'1.0'},
Jun 28 11:53:39.655858 np0000003875 devstack@neutron-api.service[87375]: 'NDPProxy': {'1.0'},
Jun 28 11:53:39.655858 np0000003875 devstack@neutron-api.service[87375]: 'Network': {'1.3'},
Jun 28 11:53:39.655858 np0000003875 devstack@neutron-api.service[87375]: 'Port': {'1.11'},
Jun 28 11:53:39.655858 np0000003875 devstack@neutron-api.service[87375]: 'PortForwarding': {'1.3'},
Jun 28 11:53:39.655858 np0000003875 devstack@neutron-api.service[87375]: 'QosPolicy': {'1.10'},
Jun 28 11:53:39.655858 np0000003875 devstack@neutron-api.service[87375]: 'SecurityGroup': {'1.6'},
Jun 28 11:53:39.655858 np0000003875 devstack@neutron-api.service[87375]: 'SecurityGroupRule': {'1.3'},
Jun 28 11:53:39.655858 np0000003875 devstack@neutron-api.service[87375]: 'SubPort': {'1.0'},
Jun 28 11:53:39.655858 np0000003875 devstack@neutron-api.service[87375]: 'Subnet': {'1.2'},
Jun 28 11:53:39.655858 np0000003875 devstack@neutron-api.service[87375]: 'Trunk': {'1.1'}}
Jun 28 11:53:39.655858 np0000003875 devstack@neutron-api.service[87375]: consumer versions:
Jun 28 11:53:39.655858 np0000003875 devstack@neutron-api.service[87375]: { OVN Neutron agent@np0000003875: {},
Jun 28 11:53:39.655858 np0000003875 devstack@neutron-api.service[87375]: OVN Controller Gateway agent@np0000003875: {}}
Jun 28 11:53:39.655858 np0000003875 devstack@neutron-api.service[87375]: {{(pid=87375) report /opt/stack/neutron/neutron/api/rpc/callbacks/version_manager.py:183}}
Jun 28 11:53:39.661975 np0000003875 devstack@neutron-api.service[87375]: DEBUG ovsdbapp.backend.ovs_idl.transaction [None req-5048f514-6205-4b05-bbe9-478e73481abb None None] Running txn n=1 command(idx=0): AddNetworkCommand(_result=None, network_uuid=196faf1b-58fd-4b1e-9158-d37cd41b307c, may_exist=True, columns={'external_ids': {'neutron:network_name': 'shared', 'neutron:mtu': '1372', 'neutron:revision_number': '1', 'neutron:availability_zone_hints': '', 'neutron:provnet-network-type': 'geneve'}, 'other_config': {'mcast_snoop': 'false', 'mcast_flood_unregistered': 'false', 'vlan-passthru': 'false'}}) {{(pid=87375) do_commit /opt/stack/data/venv/lib/python3.12/site-packages/ovsdbapp/backend/ovs_idl/transaction.py:89}}
Jun 28 11:53:39.666313 np0000003875 devstack@neutron-api.service[87374]: DEBUG neutron.plugins.ml2.drivers.ovn.mech_driver.ovsdb.ovsdb_monitor [None req-88a23224-6575-4001-af04-04a75edd47ec None None] Hash Ring: Node fa95ddb97e4b5ab68e404f81ad31df59 (host: np0000003875) handling event "create" for row 196faf1b-58fd-4b1e-9158-d37cd41b307c (table: Logical_Switch) {{(pid=87374) notify /opt/stack/neutron/neutron/plugins/ml2/drivers/ovn/mech_driver/ovsdb/ovsdb_monitor.py:1015}}
Jun 28 11:53:39.670575 np0000003875 devstack@neutron-api.service[87375]: DEBUG neutron.plugins.ml2.drivers.ovn.mech_driver.ovsdb.ovsdb_monitor [None req-b4876ad0-e3b3-4a7b-a1c4-c297b202ec6c None None] Hash Ring: Node b5d3d2cefe0551eda5cf057539bb50df (host: np0000003875) handling event "create" for row da9cdfda-ef0e-4701-80fb-e76dba1c9d35 (table: Datapath_Binding) {{(pid=87375) notify /opt/stack/neutron/neutron/plugins/ml2/drivers/ovn/mech_driver/ovsdb/ovsdb_monitor.py:1015}}
Jun 28 11:53:39.684359 np0000003875 devstack@neutron-api.service[87375]: INFO neutron.db.ovn_revision_numbers_db [None req-973363e4-e6b3-4f6f-9605-93aa13fc53c3 admin admin] Successfully bumped revision number for resource 196faf1b-58fd-4b1e-9158-d37cd41b307c (type: networks) to 1
Jun 28 11:53:39.696320 np0000003875 devstack@neutron-api.service[87375]: DEBUG neutron_lib.callbacks.manager [None req-973363e4-e6b3-4f6f-9605-93aa13fc53c3 admin admin] Publish callbacks ['neutron.plugins.ml2.plugin.SecurityGroupDbMixin._ensure_default_security_group_handler-1833569'] for port (None), before_create {{(pid=87375) _notify_loop /opt/stack/data/venv/lib/python3.12/site-packages/neutron_lib/callbacks/manager.py:184}}
Jun 28 11:53:39.756765 np0000003875 devstack@neutron-api.service[87375]: DEBUG neutron_lib.callbacks.manager [None req-973363e4-e6b3-4f6f-9605-93aa13fc53c3 admin admin] Publish callbacks ['neutron.plugins.ml2.drivers.ovn.mech_driver.mech_driver.OVNMechanismDriver._validate_allowed_address_pairs-306889'] for allowed_address_pair (38451429-dd73-4425-ab20-4e4e05838aa0), before_create {{(pid=87375) _notify_loop /opt/stack/data/venv/lib/python3.12/site-packages/neutron_lib/callbacks/manager.py:184}}
Jun 28 11:53:39.757254 np0000003875 devstack@neutron-api.service[87375]: DEBUG neutron_lib.callbacks.manager [None req-973363e4-e6b3-4f6f-9605-93aa13fc53c3 admin admin] Publish callbacks [] for port (38451429-dd73-4425-ab20-4e4e05838aa0), precommit_create {{(pid=87375) _notify_loop /opt/stack/data/venv/lib/python3.12/site-packages/neutron_lib/callbacks/manager.py:184}}
Jun 28 11:53:39.757412 np0000003875 devstack@neutron-api.service[87375]: DEBUG neutron.plugins.ml2.drivers.ovn.mech_driver.mech_driver [None req-973363e4-e6b3-4f6f-9605-93aa13fc53c3 admin admin] No provisioning block for port 38451429-dd73-4425-ab20-4e4e05838aa0 since it does not have a host {{(pid=87375) _is_port_provisioning_required /opt/stack/neutron/neutron/plugins/ml2/drivers/ovn/mech_driver/mech_driver.py:899}}
Jun 28 11:53:39.757497 np0000003875 devstack@neutron-api.service[87375]: DEBUG neutron.db.ovn_revision_numbers_db [None req-973363e4-e6b3-4f6f-9605-93aa13fc53c3 admin admin] create_initial_revision uuid=38451429-dd73-4425-ab20-4e4e05838aa0, type=ports, rev=-1 {{(pid=87375) create_initial_revision /opt/stack/neutron/neutron/db/ovn_revision_numbers_db.py:98}}
Jun 28 11:53:39.785866 np0000003875 devstack@neutron-api.service[87375]: DEBUG neutron_lib.callbacks.manager [None req-973363e4-e6b3-4f6f-9605-93aa13fc53c3 admin admin] Publish callbacks ['neutron.plugins.ml2.ovo_rpc._ObjectChangeHandler.handle_event-1740278'] for port (38451429-dd73-4425-ab20-4e4e05838aa0), after_create {{(pid=87375) _notify_loop /opt/stack/data/venv/lib/python3.12/site-packages/neutron_lib/callbacks/manager.py:184}}
Jun 28 11:53:39.815767 np0000003875 devstack@neutron-api.service[87375]: DEBUG neutron.api.rpc.handlers.resources_rpc [None req-973363e4-e6b3-4f6f-9605-93aa13fc53c3 admin admin] Pushing event updated for resources: {'Port': ['ID=38451429-dd73-4425-ab20-4e4e05838aa0,revision_number=1']} {{(pid=87375) push /opt/stack/neutron/neutron/api/rpc/handlers/resources_rpc.py:237}}
Jun 28 11:53:39.821733 np0000003875 devstack@neutron-api.service[87375]: DEBUG neutron.plugins.ml2.drivers.ovn.mech_driver.ovsdb.commands [None req-973363e4-e6b3-4f6f-9605-93aa13fc53c3 admin admin] Converting tag [] to a tag_request {{(pid=87375) _tag_column_to_tag_request /opt/stack/neutron/neutron/plugins/ml2/drivers/ovn/mech_driver/ovsdb/commands.py:205}}
Jun 28 11:53:39.822280 np0000003875 devstack@neutron-api.service[87375]: DEBUG ovsdbapp.backend.ovs_idl.transaction [None req-5048f514-6205-4b05-bbe9-478e73481abb None None] Running txn n=1 command(idx=0): AddLSwitchPortCommand(_result=None, lport=38451429-dd73-4425-ab20-4e4e05838aa0, lswitch=neutron-196faf1b-58fd-4b1e-9158-d37cd41b307c, may_exist=True, network_uuid=196faf1b-58fd-4b1e-9158-d37cd41b307c, columns={'addresses': ['fa:16:3e:f3:1c:3b'], 'external_ids': {'neutron:port_name': '', 'neutron:device_id': 'ovnmeta-196faf1b-58fd-4b1e-9158-d37cd41b307c', 'neutron:project_id': '6dd95e1d0e034ee3a326d6af8720715f', 'neutron:cidrs': '', 'neutron:device_owner': 'network:distributed', 'neutron:subnet_pool_addr_scope4': '', 'neutron:subnet_pool_addr_scope6': '', 'neutron:network_name': 'neutron-196faf1b-58fd-4b1e-9158-d37cd41b307c', 'neutron:security_group_ids': '', 'neutron:revision_number': '1', 'neutron:vnic_type': 'normal', 'neutron:port_capabilities': '', 'neutron:mtu': '1372'}, 'parent_name': [], 'enabled': True, 'options': {}, 'type': 'localport', 'port_security': [], 'dhcpv4_options': [], 'dhcpv6_options': [], 'tag_request': []}) {{(pid=87375) do_commit /opt/stack/data/venv/lib/python3.12/site-packages/ovsdbapp/backend/ovs_idl/transaction.py:89}}
Jun 28 11:53:39.822679 np0000003875 devstack@neutron-api.service[87375]: DEBUG ovsdbapp.backend.ovs_idl.transaction [None req-5048f514-6205-4b05-bbe9-478e73481abb None None] Running txn n=1 command(idx=1): QoSDelCommand(_result=None, switch=neutron-196faf1b-58fd-4b1e-9158-d37cd41b307c, conditions=[('direction', '=', 'to-lport'), ('priority', '=', 2002), ('match', '=', 'outport == "38451429-dd73-4425-ab20-4e4e05838aa0"')], if_exists=True) {{(pid=87375) do_commit /opt/stack/data/venv/lib/python3.12/site-packages/ovsdbapp/backend/ovs_idl/transaction.py:89}}
Jun 28 11:53:39.822827 np0000003875 devstack@neutron-api.service[87375]: DEBUG ovsdbapp.backend.ovs_idl.transaction [None req-5048f514-6205-4b05-bbe9-478e73481abb None None] Running txn n=1 command(idx=2): QoSDelCommand(_result=None, switch=neutron-196faf1b-58fd-4b1e-9158-d37cd41b307c, conditions=[('direction', '=', 'from-lport'), ('priority', '=', 2002), ('match', '=', 'inport == "38451429-dd73-4425-ab20-4e4e05838aa0"')], if_exists=True) {{(pid=87375) do_commit /opt/stack/data/venv/lib/python3.12/site-packages/ovsdbapp/backend/ovs_idl/transaction.py:89}}
Jun 28 11:53:39.824957 np0000003875 devstack@neutron-api.service[87375]: DEBUG neutron.plugins.ml2.drivers.ovn.mech_driver.ovsdb.ovsdb_monitor [None req-5048f514-6205-4b05-bbe9-478e73481abb None None] Hash Ring: Node b5d3d2cefe0551eda5cf057539bb50df (host: np0000003875) handling event "create" for row 3a7a1ae8-4200-4c07-86c5-3d8867679b8c (table: Logical_Switch_Port) {{(pid=87375) notify /opt/stack/neutron/neutron/plugins/ml2/drivers/ovn/mech_driver/ovsdb/ovsdb_monitor.py:1015}}
Jun 28 11:53:39.825729 np0000003875 devstack@neutron-api.service[87375]: DEBUG ovsdbapp.backend.ovs_idl.event [None req-5048f514-6205-4b05-bbe9-478e73481abb None None] Matched CREATE: LogicalSwitchPortCreateEvent(events=('create',), table='Logical_Switch_Port', conditions=[], old_conditions=None), priority=20 to row=Logical_Switch_Port(uuid=3a7a1ae8-4200-4c07-86c5-3d8867679b8c, addresses=['fa:16:3e:f3:1c:3b'], dhcpv4_options=[], dhcpv6_options=[], dynamic_addresses=[], enabled=True, external_ids={'neutron:cidrs': '', 'neutron:device_id': 'ovnmeta-196faf1b-58fd-4b1e-9158-d37cd41b307c', 'neutron:device_owner': 'network:distributed', 'neutron:mtu': '1372', 'neutron:network_name': 'neutron-196faf1b-58fd-4b1e-9158-d37cd41b307c', 'neutron:port_capabilities': '', 'neutron:port_name': '', 'neutron:project_id': '6dd95e1d0e034ee3a326d6af8720715f', 'neutron:revision_number': '1', 'neutron:security_group_ids': '', 'neutron:subnet_pool_addr_scope4': '', 'neutron:subnet_pool_addr_scope6': '', 'neutron:vnic_type': 'normal'}, ha_chassis_group=[], mirror_rules=[], name='38451429-dd73-4425-ab20-4e4e05838aa0', options={}, parent_name=[], port_security=[], tag=[], tag_request=[], type='localport', up=[]) old= {{(pid=87375) matches /opt/stack/data/venv/lib/python3.12/site-packages/ovsdbapp/backend/ovs_idl/event.py:55}}
Jun 28 11:53:39.827251 np0000003875 devstack@neutron-api.service[87375]: INFO neutron.plugins.ml2.drivers.ovn.mech_driver.mech_driver [None req-dbb38d4c-7220-45fc-833f-1b003886ed23 None None] OVN reports status down for port: 38451429-dd73-4425-ab20-4e4e05838aa0
Jun 28 11:53:39.828630 np0000003875 devstack@neutron-api.service[87375]: DEBUG neutron.plugins.ml2.drivers.ovn.mech_driver.ovsdb.ovsdb_monitor [None req-5048f514-6205-4b05-bbe9-478e73481abb None None] Hash Ring: Node b5d3d2cefe0551eda5cf057539bb50df (host: np0000003875) handling event "update" for row 3a7a1ae8-4200-4c07-86c5-3d8867679b8c (table: Logical_Switch_Port) {{(pid=87375) notify /opt/stack/neutron/neutron/plugins/ml2/drivers/ovn/mech_driver/ovsdb/ovsdb_monitor.py:1015}}
Jun 28 11:53:39.829310 np0000003875 devstack@neutron-api.service[87374]: DEBUG neutron.plugins.ml2.drivers.ovn.mech_driver.ovsdb.ovsdb_monitor [None req-88a23224-6575-4001-af04-04a75edd47ec None None] Hash Ring: Node fa95ddb97e4b5ab68e404f81ad31df59 (host: np0000003875) handling event "update" for row 196faf1b-58fd-4b1e-9158-d37cd41b307c (table: Logical_Switch) {{(pid=87374) notify /opt/stack/neutron/neutron/plugins/ml2/drivers/ovn/mech_driver/ovsdb/ovsdb_monitor.py:1015}}
Jun 28 11:53:39.832307 np0000003875 devstack@neutron-api.service[87375]: DEBUG neutron.plugins.ml2.drivers.ovn.mech_driver.ovsdb.ovsdb_monitor [None req-b4876ad0-e3b3-4a7b-a1c4-c297b202ec6c None None] Hash Ring: Node b5d3d2cefe0551eda5cf057539bb50df (host: np0000003875) handling event "create" for row 0160d15e-d396-44d1-95ca-7ae70fed5899 (table: Port_Binding) {{(pid=87375) notify /opt/stack/neutron/neutron/plugins/ml2/drivers/ovn/mech_driver/ovsdb/ovsdb_monitor.py:1015}}
Jun 28 11:53:39.875690 np0000003875 devstack@neutron-api.service[87375]: INFO neutron.db.ovn_revision_numbers_db [None req-973363e4-e6b3-4f6f-9605-93aa13fc53c3 admin admin] Successfully bumped revision number for resource 38451429-dd73-4425-ab20-4e4e05838aa0 (type: ports) to 1
Jun 28 11:53:39.884694 np0000003875 devstack@neutron-api.service[87375]: DEBUG neutron.db.provisioning_blocks [None req-dbb38d4c-7220-45fc-833f-1b003886ed23 None None] Transition to ACTIVE for port object 38451429-dd73-4425-ab20-4e4e05838aa0 will not be triggered until provisioned by entity L2. {{(pid=87375) add_provisioning_component /opt/stack/neutron/neutron/db/provisioning_blocks.py:74}}
Jun 28 11:53:39.886559 np0000003875 devstack@neutron-api.service[87375]: DEBUG neutron.pecan_wsgi.hooks.policy_enforcement [None req-973363e4-e6b3-4f6f-9605-93aa13fc53c3 admin admin] Attributes excluded by policy engine: ['standard_attr_id'] {{(pid=87375) _exclude_attributes_by_policy /opt/stack/neutron/neutron/pecan_wsgi/hooks/policy_enforcement.py:259}}
Jun 28 11:53:39.886848 np0000003875 devstack@neutron-api.service[87375]: DEBUG neutron_lib.callbacks.manager [None req-973363e4-e6b3-4f6f-9605-93aa13fc53c3 admin admin] Publish callbacks [] for network (None), before_response {{(pid=87375) _notify_loop /opt/stack/data/venv/lib/python3.12/site-packages/neutron_lib/callbacks/manager.py:184}}
Jun 28 11:53:39.904410 np0000003875 devstack@neutron-api.service[87375]: [pid: 87375|app: 0|req: 12/37] 10.4.3.236 () {68 vars in 1326 bytes} [Sun Jun 28 11:53:39 2026] POST /networking/v2.0/networks => generated 679 bytes in 401 msecs (HTTP/1.1 201) 4 headers in 162 bytes (1 switches on core 0)
Jun 28 11:53:39.914446 np0000003875 devstack@neutron-api.service[87375]: DEBUG neutron.plugins.ml2.plugin [None req-dbb38d4c-7220-45fc-833f-1b003886ed23 None None] Current status of the port 38451429-dd73-4425-ab20-4e4e05838aa0 is: DOWN; New status is: DOWN {{(pid=87375) _update_individual_port_db_status /opt/stack/neutron/neutron/plugins/ml2/plugin.py:2473}}
Jun 28 11:53:39.915706 np0000003875 devstack@neutron-api.service[87375]: DEBUG ovsdbapp.backend.ovs_idl.transaction [None req-5048f514-6205-4b05-bbe9-478e73481abb None None] Running txn n=1 command(idx=0): DbRemoveCommand(_result=None, table=Logical_Switch_Port, record=38451429-dd73-4425-ab20-4e4e05838aa0, column=external_ids, values=('neutron:host_id',), keyvalues={}, if_exists=True) {{(pid=87375) do_commit /opt/stack/data/venv/lib/python3.12/site-packages/ovsdbapp/backend/ovs_idl/transaction.py:89}}
Jun 28 11:53:40.098496 np0000003875 devstack@neutron-api.service[87376]: INFO neutron.pecan_wsgi.hooks.translation [None req-ab03e44d-dc42-4200-94bd-201a42283f3c admin admin] GET failed (client error): The resource could not be found.
Jun 28 11:53:40.099176 np0000003875 devstack@neutron-api.service[87376]: [pid: 87376|app: 0|req: 14/38] 10.4.3.236 () {64 vars in 1294 bytes} [Sun Jun 28 11:53:40 2026] GET /networking/v2.0/networks/shared => generated 108 bytes in 7 msecs (HTTP/1.1 404) 4 headers in 164 bytes (1 switches on core 0)
Jun 28 11:53:40.125184 np0000003875 devstack@neutron-api.service[87374]: DEBUG neutron.pecan_wsgi.hooks.policy_enforcement [None req-0c95d7da-7566-414d-b66e-898fe28a9225 admin admin] Attributes excluded by policy engine: ['standard_attr_id'] {{(pid=87374) _exclude_attributes_by_policy /opt/stack/neutron/neutron/pecan_wsgi/hooks/policy_enforcement.py:259}}
Jun 28 11:53:40.126207 np0000003875 devstack@neutron-api.service[87374]: [pid: 87374|app: 0|req: 13/39] 10.4.3.236 () {64 vars in 1309 bytes} [Sun Jun 28 11:53:40 2026] GET /networking/v2.0/networks?name=shared => generated 663 bytes in 21 msecs (HTTP/1.1 200) 4 headers in 157 bytes (1 switches on core 0)
Jun 28 11:53:40.136850 np0000003875 devstack@neutron-api.service[87375]: DEBUG neutron.api.v2.base [None req-dd411b2a-b21c-47d2-ad3c-38094e883c89 admin admin] Request body: {'subnet': {'ip_version': 4, 'name': 'shared-subnet', 'network_id': '196faf1b-58fd-4b1e-9158-d37cd41b307c', 'cidr': '192.168.233.0/24', 'description': 'shared-subnet'}} {{(pid=87375) prepare_request_body /opt/stack/neutron/neutron/api/v2/base.py:727}}
Jun 28 11:53:40.148129 np0000003875 devstack@neutron-api.service[87375]: DEBUG neutron.pecan_wsgi.hooks.quota_enforcement [None req-dd411b2a-b21c-47d2-ad3c-38094e883c89 admin admin] Made reservation on behalf of 6dd95e1d0e034ee3a326d6af8720715f for: {'subnet': 1} {{(pid=87375) before /opt/stack/neutron/neutron/pecan_wsgi/hooks/quota_enforcement.py:66}}
Jun 28 11:53:40.150428 np0000003875 devstack@neutron-api.service[87375]: DEBUG neutron_lib.callbacks.manager [None req-dd411b2a-b21c-47d2-ad3c-38094e883c89 admin admin] Publish callbacks [] for subnet (None), before_create {{(pid=87375) _notify_loop /opt/stack/data/venv/lib/python3.12/site-packages/neutron_lib/callbacks/manager.py:184}}
Jun 28 11:53:40.201130 np0000003875 devstack@neutron-api.service[87375]: DEBUG neutron.db.ovn_revision_numbers_db [None req-dd411b2a-b21c-47d2-ad3c-38094e883c89 admin admin] create_initial_revision uuid=a93677dd-d6a8-497f-a28c-5f4c7eabf844, type=subnets, rev=-1 {{(pid=87375) create_initial_revision /opt/stack/neutron/neutron/db/ovn_revision_numbers_db.py:98}}
Jun 28 11:53:40.205975 np0000003875 devstack@neutron-api.service[87375]: DEBUG neutron_lib.callbacks.manager [None req-dd411b2a-b21c-47d2-ad3c-38094e883c89 admin admin] Publish callbacks ['neutron.plugins.ml2.ovo_rpc._ObjectChangeHandler.handle_event-1740275'] for subnet (a93677dd-d6a8-497f-a28c-5f4c7eabf844), after_create {{(pid=87375) _notify_loop /opt/stack/data/venv/lib/python3.12/site-packages/neutron_lib/callbacks/manager.py:184}}
Jun 28 11:53:40.218387 np0000003875 devstack@neutron-api.service[87375]: DEBUG neutron.api.rpc.handlers.resources_rpc [None req-dd411b2a-b21c-47d2-ad3c-38094e883c89 admin admin] Pushing event updated for resources: {'Subnet': ['ID=a93677dd-d6a8-497f-a28c-5f4c7eabf844,revision_number=0']} {{(pid=87375) push /opt/stack/neutron/neutron/api/rpc/handlers/resources_rpc.py:237}}
Jun 28 11:53:40.256894 np0000003875 devstack@neutron-api.service[87375]: DEBUG neutron_lib.callbacks.manager [None req-dd411b2a-b21c-47d2-ad3c-38094e883c89 admin admin] Publish callbacks ['neutron.plugins.ml2.plugin.SecurityGroupDbMixin._ensure_default_security_group_handler-1833569', 'neutron.services.ovn_l3.plugin.OVNL3RouterPlugin._port_update-7781021915230', 'neutron.db.l3_db.L3_NAT_dbonly_mixin._prevent_internal_ip_change_for_fip-7781023026510'] for port (38451429-dd73-4425-ab20-4e4e05838aa0), before_update {{(pid=87375) _notify_loop /opt/stack/data/venv/lib/python3.12/site-packages/neutron_lib/callbacks/manager.py:184}}
Jun 28 11:53:40.326514 np0000003875 devstack@neutron-api.service[87375]: DEBUG neutron.db.db_base_plugin_common [None req-dd411b2a-b21c-47d2-ad3c-38094e883c89 admin admin] Allocated IP 192.168.233.2 (196faf1b-58fd-4b1e-9158-d37cd41b307c/a93677dd-d6a8-497f-a28c-5f4c7eabf844/38451429-dd73-4425-ab20-4e4e05838aa0) {{(pid=87375) _store_ip_allocation /opt/stack/neutron/neutron/db/db_base_plugin_common.py:131}}
Jun 28 11:53:40.386996 np0000003875 devstack@neutron-api.service[87375]: DEBUG neutron_lib.callbacks.manager [None req-dd411b2a-b21c-47d2-ad3c-38094e883c89 admin admin] Publish callbacks [] for port (38451429-dd73-4425-ab20-4e4e05838aa0), precommit_update {{(pid=87375) _notify_loop /opt/stack/data/venv/lib/python3.12/site-packages/neutron_lib/callbacks/manager.py:184}}
Jun 28 11:53:40.387149 np0000003875 devstack@neutron-api.service[87375]: DEBUG neutron.plugins.ml2.drivers.ovn.mech_driver.mech_driver [None req-dd411b2a-b21c-47d2-ad3c-38094e883c89 admin admin] No provisioning block for port 38451429-dd73-4425-ab20-4e4e05838aa0 since it does not have a host {{(pid=87375) _is_port_provisioning_required /opt/stack/neutron/neutron/plugins/ml2/drivers/ovn/mech_driver/mech_driver.py:899}}
Jun 28 11:53:40.395847 np0000003875 devstack@neutron-api.service[87375]: DEBUG neutron_lib.callbacks.manager [None req-dd411b2a-b21c-47d2-ad3c-38094e883c89 admin admin] Publish callbacks ['neutron.plugins.ml2.ovo_rpc._ObjectChangeHandler.handle_event-1740278', 'neutron.services.ovn_l3.plugin.OVNL3RouterPlugin._port_update-7781021915230'] for port (38451429-dd73-4425-ab20-4e4e05838aa0), after_update {{(pid=87375) _notify_loop /opt/stack/data/venv/lib/python3.12/site-packages/neutron_lib/callbacks/manager.py:184}}
Jun 28 11:53:40.424687 np0000003875 devstack@neutron-api.service[87375]: DEBUG neutron.api.rpc.handlers.resources_rpc [None req-dd411b2a-b21c-47d2-ad3c-38094e883c89 admin admin] Pushing event updated for resources: {'Port': ['ID=38451429-dd73-4425-ab20-4e4e05838aa0,revision_number=2']} {{(pid=87375) push /opt/stack/neutron/neutron/api/rpc/handlers/resources_rpc.py:237}}
Jun 28 11:53:40.500031 np0000003875 devstack@neutron-api.service[87375]: DEBUG neutron.plugins.ml2.drivers.ovn.mech_driver.ovsdb.commands [None req-dd411b2a-b21c-47d2-ad3c-38094e883c89 admin admin] Converting tag [] to a tag_request {{(pid=87375) _tag_column_to_tag_request /opt/stack/neutron/neutron/plugins/ml2/drivers/ovn/mech_driver/ovsdb/commands.py:205}}
Jun 28 11:53:40.500624 np0000003875 devstack@neutron-api.service[87375]: DEBUG ovsdbapp.backend.ovs_idl.transaction [None req-5048f514-6205-4b05-bbe9-478e73481abb None None] Running txn n=1 command(idx=0): CheckRevisionNumberCommand(_result=None, name=38451429-dd73-4425-ab20-4e4e05838aa0, resource={'id': '38451429-dd73-4425-ab20-4e4e05838aa0', 'name': '', 'network_id': '196faf1b-58fd-4b1e-9158-d37cd41b307c', 'project_id': '6dd95e1d0e034ee3a326d6af8720715f', 'mac_address': 'fa:16:3e:f3:1c:3b', 'admin_state_up': True, 'status': 'DOWN', 'device_id': 'ovnmeta-196faf1b-58fd-4b1e-9158-d37cd41b307c', 'device_owner': 'network:distributed', 'standard_attr_id': 28, 'fixed_ips': [{'subnet_id': 'a93677dd-d6a8-497f-a28c-5f4c7eabf844', 'ip_address': '192.168.233.2'}], 'allowed_address_pairs': [], 'extra_dhcp_opts': [], 'security_groups': [], 'description': '', 'binding:vnic_type': 'normal', 'binding:profile': {}, 'binding:host_id': '', 'binding:vif_type': 'unbound', 'binding:vif_details': {}, 'port_security_enabled': False, 'tags': [], 'created_at': '2026-06-28T11:53:39Z', 'updated_at': '2026-06-28T11:53:40Z', 'revision_number': 2, 'tenant_id': '6dd95e1d0e034ee3a326d6af8720715f', 'network': {'id': '196faf1b-58fd-4b1e-9158-d37cd41b307c', 'name': 'shared', 'tenant_id': '6dd95e1d0e034ee3a326d6af8720715f', 'project_id': '6dd95e1d0e034ee3a326d6af8720715f', 'admin_state_up': True, 'mtu': 1372, 'status': 'ACTIVE', 'subnets': ['a93677dd-d6a8-497f-a28c-5f4c7eabf844'], 'standard_attr_id': 26, 'shared': True, 'availability_zone_hints': [], 'availability_zones': [], 'ipv4_address_scope': None, 'ipv6_address_scope': None, 'router:external': False, 'qinq': False, 'vlan_transparent': False, 'description': '', 'port_security_enabled': True, 'tags': [], 'created_at': '2026-06-28T11:53:39Z', 'updated_at': '2026-06-28T11:53:40Z', 'revision_number': 2, 'provider:network_type': 'geneve', 'provider:physical_network': None, 'provider:segmentation_id': 23948}}, resource_type=ports, if_exists=True) {{(pid=87375) do_commit /opt/stack/data/venv/lib/python3.12/site-packages/ovsdbapp/backend/ovs_idl/transaction.py:89}}
