Aug 21 10:28:57.369327 np0000007889 nova-conductor[95681]: DEBUG cotyledon.oslo_config_glue [-] oslo_messaging_rabbit.rabbit_quorum_delivery_limit = 0 {{(pid=95681) log_opt_values /opt/stack/data/venv/lib/python3.12/site-packages/oslo_config/cfg.py:3560}}
Aug 21 10:28:57.369327 np0000007889 nova-conductor[95681]: DEBUG cotyledon.oslo_config_glue [-] oslo_messaging_rabbit.rabbit_quorum_max_memory_bytes = 0 {{(pid=95681) log_opt_values /opt/stack/data/venv/lib/python3.12/site-packages/oslo_config/cfg.py:3560}}
Aug 21 10:28:57.369514 np0000007889 nova-conductor[95681]: DEBUG cotyledon.oslo_config_glue [-] oslo_messaging_rabbit.rabbit_quorum_max_memory_length = 0 {{(pid=95681) log_opt_values /opt/stack/data/venv/lib/python3.12/site-packages/oslo_config/cfg.py:3560}}
Aug 21 10:28:57.369514 np0000007889 nova-conductor[95681]: DEBUG cotyledon.oslo_config_glue [-] oslo_messaging_rabbit.rabbit_quorum_queue = False {{(pid=95681) log_opt_values /opt/stack/data/venv/lib/python3.12/site-packages/oslo_config/cfg.py:3560}}
Aug 21 10:28:57.369514 np0000007889 nova-conductor[95681]: DEBUG cotyledon.oslo_config_glue [-] oslo_messaging_rabbit.rabbit_retry_backoff = 2 {{(pid=95681) log_opt_values /opt/stack/data/venv/lib/python3.12/site-packages/oslo_config/cfg.py:3560}}
Aug 21 10:28:57.369514 np0000007889 nova-conductor[95681]: DEBUG cotyledon.oslo_config_glue [-] oslo_messaging_rabbit.rabbit_retry_interval = 1 {{(pid=95681) log_opt_values /opt/stack/data/venv/lib/python3.12/site-packages/oslo_config/cfg.py:3560}}
Aug 21 10:28:57.369514 np0000007889 nova-conductor[95681]: DEBUG cotyledon.oslo_config_glue [-] oslo_messaging_rabbit.rabbit_stream_fanout = False {{(pid=95681) log_opt_values /opt/stack/data/venv/lib/python3.12/site-packages/oslo_config/cfg.py:3560}}
Aug 21 10:28:57.369514 np0000007889 nova-conductor[95681]: DEBUG cotyledon.oslo_config_glue [-] oslo_messaging_rabbit.rabbit_transient_queues_ttl = 1800 {{(pid=95681) log_opt_values /opt/stack/data/venv/lib/python3.12/site-packages/oslo_config/cfg.py:3560}}
Aug 21 10:28:57.369514 np0000007889 nova-conductor[95681]: DEBUG cotyledon.oslo_config_glue [-] oslo_messaging_rabbit.rabbit_transient_quorum_queue = False {{(pid=95681) log_opt_values /opt/stack/data/venv/lib/python3.12/site-packages/oslo_config/cfg.py:3560}}
Aug 21 10:28:57.369514 np0000007889 nova-conductor[95681]: DEBUG cotyledon.oslo_config_glue [-] oslo_messaging_rabbit.rpc_conn_pool_size = 30 {{(pid=95681) log_opt_values /opt/stack/data/venv/lib/python3.12/site-packages/oslo_config/cfg.py:3560}}
Aug 21 10:28:57.369514 np0000007889 nova-conductor[95681]: DEBUG cotyledon.oslo_config_glue [-] oslo_messaging_rabbit.ssl = False {{(pid=95681) log_opt_values /opt/stack/data/venv/lib/python3.12/site-packages/oslo_config/cfg.py:3560}}
Aug 21 10:28:57.369709 np0000007889 nova-conductor[95681]: DEBUG cotyledon.oslo_config_glue [-] oslo_messaging_rabbit.ssl_ca_file = {{(pid=95681) log_opt_values /opt/stack/data/venv/lib/python3.12/site-packages/oslo_config/cfg.py:3560}}
Aug 21 10:28:57.369709 np0000007889 nova-conductor[95681]: DEBUG cotyledon.oslo_config_glue [-] oslo_messaging_rabbit.ssl_cert_file = {{(pid=95681) log_opt_values /opt/stack/data/venv/lib/python3.12/site-packages/oslo_config/cfg.py:3560}}
Aug 21 10:28:57.369709 np0000007889 nova-conductor[95681]: DEBUG cotyledon.oslo_config_glue [-] oslo_messaging_rabbit.ssl_enforce_fips_mode = False {{(pid=95681) log_opt_values /opt/stack/data/venv/lib/python3.12/site-packages/oslo_config/cfg.py:3560}}
Aug 21 10:28:57.369709 np0000007889 nova-conductor[95681]: DEBUG cotyledon.oslo_config_glue [-] oslo_messaging_rabbit.ssl_enforce_hostname_verification = True {{(pid=95681) log_opt_values /opt/stack/data/venv/lib/python3.12/site-packages/oslo_config/cfg.py:3560}}
Aug 21 10:28:57.369709 np0000007889 nova-conductor[95681]: DEBUG cotyledon.oslo_config_glue [-] oslo_messaging_rabbit.ssl_key_file = {{(pid=95681) log_opt_values /opt/stack/data/venv/lib/python3.12/site-packages/oslo_config/cfg.py:3560}}
Aug 21 10:28:57.369709 np0000007889 nova-conductor[95681]: DEBUG cotyledon.oslo_config_glue [-] oslo_messaging_rabbit.ssl_version = {{(pid=95681) log_opt_values /opt/stack/data/venv/lib/python3.12/site-packages/oslo_config/cfg.py:3560}}
Aug 21 10:28:57.369709 np0000007889 nova-conductor[95681]: DEBUG cotyledon.oslo_config_glue [-] oslo_messaging_rabbit.use_queue_manager = False {{(pid=95681) log_opt_values /opt/stack/data/venv/lib/python3.12/site-packages/oslo_config/cfg.py:3560}}
Aug 21 10:28:57.369709 np0000007889 nova-conductor[95681]: DEBUG cotyledon.oslo_config_glue [-] oslo_messaging_notifications.driver = ['messagingv2'] {{(pid=95681) log_opt_values /opt/stack/data/venv/lib/python3.12/site-packages/oslo_config/cfg.py:3560}}
Aug 21 10:28:57.369709 np0000007889 nova-conductor[95681]: DEBUG cotyledon.oslo_config_glue [-] oslo_messaging_notifications.retry = -1 {{(pid=95681) log_opt_values /opt/stack/data/venv/lib/python3.12/site-packages/oslo_config/cfg.py:3560}}
Aug 21 10:28:57.369925 np0000007889 nova-conductor[95681]: DEBUG cotyledon.oslo_config_glue [-] oslo_messaging_notifications.topics = ['notifications'] {{(pid=95681) log_opt_values /opt/stack/data/venv/lib/python3.12/site-packages/oslo_config/cfg.py:3560}}
Aug 21 10:28:57.369925 np0000007889 nova-conductor[95681]: DEBUG cotyledon.oslo_config_glue [-] oslo_messaging_notifications.transport_url = **** {{(pid=95681) log_opt_values /opt/stack/data/venv/lib/python3.12/site-packages/oslo_config/cfg.py:3560}}
Aug 21 10:28:57.369925 np0000007889 nova-conductor[95681]: DEBUG cotyledon.oslo_config_glue [-] oslo_limit.auth_section = None {{(pid=95681) log_opt_values /opt/stack/data/venv/lib/python3.12/site-packages/oslo_config/cfg.py:3560}}
Aug 21 10:28:57.369925 np0000007889 nova-conductor[95681]: DEBUG cotyledon.oslo_config_glue [-] oslo_limit.auth_type = None {{(pid=95681) log_opt_values /opt/stack/data/venv/lib/python3.12/site-packages/oslo_config/cfg.py:3560}}
Aug 21 10:28:57.369925 np0000007889 nova-conductor[95681]: DEBUG cotyledon.oslo_config_glue [-] oslo_limit.cafile = None {{(pid=95681) log_opt_values /opt/stack/data/venv/lib/python3.12/site-packages/oslo_config/cfg.py:3560}}
Aug 21 10:28:57.369925 np0000007889 nova-conductor[95681]: DEBUG cotyledon.oslo_config_glue [-] oslo_limit.certfile = None {{(pid=95681) log_opt_values /opt/stack/data/venv/lib/python3.12/site-packages/oslo_config/cfg.py:3560}}
Aug 21 10:28:57.369925 np0000007889 nova-conductor[95681]: DEBUG cotyledon.oslo_config_glue [-] oslo_limit.collect_timing = False {{(pid=95681) log_opt_values /opt/stack/data/venv/lib/python3.12/site-packages/oslo_config/cfg.py:3560}}
Aug 21 10:28:57.369925 np0000007889 nova-conductor[95681]: DEBUG cotyledon.oslo_config_glue [-] oslo_limit.connect_retries = None {{(pid=95681) log_opt_values /opt/stack/data/venv/lib/python3.12/site-packages/oslo_config/cfg.py:3560}}
Aug 21 10:28:57.369925 np0000007889 nova-conductor[95681]: DEBUG cotyledon.oslo_config_glue [-] oslo_limit.connect_retry_delay = None {{(pid=95681) log_opt_values /opt/stack/data/venv/lib/python3.12/site-packages/oslo_config/cfg.py:3560}}
Aug 21 10:28:57.370105 np0000007889 nova-conductor[95681]: DEBUG cotyledon.oslo_config_glue [-] oslo_limit.endpoint_id = None {{(pid=95681) log_opt_values /opt/stack/data/venv/lib/python3.12/site-packages/oslo_config/cfg.py:3560}}
Aug 21 10:28:57.370105 np0000007889 nova-conductor[95681]: DEBUG cotyledon.oslo_config_glue [-] oslo_limit.endpoint_interface = public {{(pid=95681) log_opt_values /opt/stack/data/venv/lib/python3.12/site-packages/oslo_config/cfg.py:3560}}
Aug 21 10:28:57.370105 np0000007889 nova-conductor[95681]: DEBUG cotyledon.oslo_config_glue [-] oslo_limit.endpoint_override = None {{(pid=95681) log_opt_values /opt/stack/data/venv/lib/python3.12/site-packages/oslo_config/cfg.py:3560}}
Aug 21 10:28:57.370105 np0000007889 nova-conductor[95681]: DEBUG cotyledon.oslo_config_glue [-] oslo_limit.endpoint_region_name = None {{(pid=95681) log_opt_values /opt/stack/data/venv/lib/python3.12/site-packages/oslo_config/cfg.py:3560}}
Aug 21 10:28:57.370105 np0000007889 nova-conductor[95681]: DEBUG cotyledon.oslo_config_glue [-] oslo_limit.endpoint_service_name = None {{(pid=95681) log_opt_values /opt/stack/data/venv/lib/python3.12/site-packages/oslo_config/cfg.py:3560}}
Aug 21 10:28:57.370105 np0000007889 nova-conductor[95681]: DEBUG cotyledon.oslo_config_glue [-] oslo_limit.endpoint_service_type = None {{(pid=95681) log_opt_values /opt/stack/data/venv/lib/python3.12/site-packages/oslo_config/cfg.py:3560}}
Aug 21 10:28:57.370105 np0000007889 nova-conductor[95681]: DEBUG cotyledon.oslo_config_glue [-] oslo_limit.insecure = False {{(pid=95681) log_opt_values /opt/stack/data/venv/lib/python3.12/site-packages/oslo_config/cfg.py:3560}}
Aug 21 10:28:57.370105 np0000007889 nova-conductor[95681]: DEBUG cotyledon.oslo_config_glue [-] oslo_limit.keyfile = None {{(pid=95681) log_opt_values /opt/stack/data/venv/lib/python3.12/site-packages/oslo_config/cfg.py:3560}}
Aug 21 10:28:57.370105 np0000007889 nova-conductor[95681]: DEBUG cotyledon.oslo_config_glue [-] oslo_limit.max_version = None {{(pid=95681) log_opt_values /opt/stack/data/venv/lib/python3.12/site-packages/oslo_config/cfg.py:3560}}
Aug 21 10:28:57.370272 np0000007889 nova-conductor[95681]: DEBUG cotyledon.oslo_config_glue [-] oslo_limit.min_version = None {{(pid=95681) log_opt_values /opt/stack/data/venv/lib/python3.12/site-packages/oslo_config/cfg.py:3560}}
Aug 21 10:28:57.370272 np0000007889 nova-conductor[95681]: DEBUG cotyledon.oslo_config_glue [-] oslo_limit.region_name = None {{(pid=95681) log_opt_values /opt/stack/data/venv/lib/python3.12/site-packages/oslo_config/cfg.py:3560}}
Aug 21 10:28:57.370272 np0000007889 nova-conductor[95681]: DEBUG cotyledon.oslo_config_glue [-] oslo_limit.retriable_status_codes = None {{(pid=95681) log_opt_values /opt/stack/data/venv/lib/python3.12/site-packages/oslo_config/cfg.py:3560}}
Aug 21 10:28:57.370272 np0000007889 nova-conductor[95681]: DEBUG cotyledon.oslo_config_glue [-] oslo_limit.service_name = None {{(pid=95681) log_opt_values /opt/stack/data/venv/lib/python3.12/site-packages/oslo_config/cfg.py:3560}}
Aug 21 10:28:57.370272 np0000007889 nova-conductor[95681]: DEBUG cotyledon.oslo_config_glue [-] oslo_limit.service_type = None {{(pid=95681) log_opt_values /opt/stack/data/venv/lib/python3.12/site-packages/oslo_config/cfg.py:3560}}
Aug 21 10:28:57.370272 np0000007889 nova-conductor[95681]: DEBUG cotyledon.oslo_config_glue [-] oslo_limit.split_loggers = False {{(pid=95681) log_opt_values /opt/stack/data/venv/lib/python3.12/site-packages/oslo_config/cfg.py:3560}}
Aug 21 10:28:57.370272 np0000007889 nova-conductor[95681]: DEBUG cotyledon.oslo_config_glue [-] oslo_limit.status_code_retries = None {{(pid=95681) log_opt_values /opt/stack/data/venv/lib/python3.12/site-packages/oslo_config/cfg.py:3560}}
Aug 21 10:28:57.370272 np0000007889 nova-conductor[95681]: DEBUG cotyledon.oslo_config_glue [-] oslo_limit.status_code_retry_delay = None {{(pid=95681) log_opt_values /opt/stack/data/venv/lib/python3.12/site-packages/oslo_config/cfg.py:3560}}
Aug 21 10:28:57.370272 np0000007889 nova-conductor[95681]: DEBUG cotyledon.oslo_config_glue [-] oslo_limit.timeout = None {{(pid=95681) log_opt_values /opt/stack/data/venv/lib/python3.12/site-packages/oslo_config/cfg.py:3560}}
Aug 21 10:28:57.370428 np0000007889 nova-conductor[95681]: DEBUG cotyledon.oslo_config_glue [-] oslo_limit.valid_interfaces = None {{(pid=95681) log_opt_values /opt/stack/data/venv/lib/python3.12/site-packages/oslo_config/cfg.py:3560}}
Aug 21 10:28:57.370428 np0000007889 nova-conductor[95681]: DEBUG cotyledon.oslo_config_glue [-] oslo_limit.version = None {{(pid=95681) log_opt_values /opt/stack/data/venv/lib/python3.12/site-packages/oslo_config/cfg.py:3560}}
Aug 21 10:28:57.370428 np0000007889 nova-conductor[95681]: DEBUG cotyledon.oslo_config_glue [-] oslo_reports.file_event_handler = None {{(pid=95681) log_opt_values /opt/stack/data/venv/lib/python3.12/site-packages/oslo_config/cfg.py:3560}}
Aug 21 10:28:57.370428 np0000007889 nova-conductor[95681]: DEBUG cotyledon.oslo_config_glue [-] oslo_reports.file_event_handler_interval = 1 {{(pid=95681) log_opt_values /opt/stack/data/venv/lib/python3.12/site-packages/oslo_config/cfg.py:3560}}
Aug 21 10:28:57.370428 np0000007889 nova-conductor[95681]: DEBUG cotyledon.oslo_config_glue [-] oslo_reports.log_dir = None {{(pid=95681) log_opt_values /opt/stack/data/venv/lib/python3.12/site-packages/oslo_config/cfg.py:3560}}
Aug 21 10:28:57.370428 np0000007889 nova-conductor[95681]: DEBUG cotyledon.oslo_config_glue [-] ******************************************************************************** {{(pid=95681) log_opt_values /opt/stack/data/venv/lib/python3.12/site-packages/oslo_config/cfg.py:3567}}
Aug 21 10:28:57.370428 np0000007889 nova-conductor[95681]: DEBUG cotyledon._service_worker [-] Run service ServiceWrapper(2) [95681] {{(pid=95681) wait_forever /opt/stack/data/venv/lib/python3.12/site-packages/cotyledon/_service_worker.py:218}}
Aug 21 10:28:57.370428 np0000007889 nova-conductor[95681]: INFO nova.service [-] Starting conductor node (version 33.1.0)
Aug 21 10:28:57.370428 np0000007889 nova-conductor[95681]: INFO dbcounter [None req-c9b4f9d3-ee3d-43d3-a578-6683de429bd4 None None] Registered counter for database nova_cell0
Aug 21 10:28:57.370701 np0000007889 nova-conductor[95676]: DEBUG oslo_db.sqlalchemy.engines [None req-43b6843f-121c-4e98-ae27-1b9b24b16e0c None None] MySQL server mode set to STRICT_TRANS_TABLES,STRICT_ALL_TABLES,NO_ZERO_IN_DATE,NO_ZERO_DATE,ERROR_FOR_DIVISION_BY_ZERO,TRADITIONAL,NO_ENGINE_SUBSTITUTION {{(pid=95676) _check_effective_sql_mode /opt/stack/data/venv/lib/python3.12/site-packages/oslo_db/sqlalchemy/engines.py:325}}
Aug 21 10:28:57.374318 np0000007889 nova-conductor[95670]: DEBUG oslo_db.sqlalchemy.engines [None req-9f1e1f57-a485-440a-b791-801486785bdb None None] MySQL server mode set to STRICT_TRANS_TABLES,STRICT_ALL_TABLES,NO_ZERO_IN_DATE,NO_ZERO_DATE,ERROR_FOR_DIVISION_BY_ZERO,TRADITIONAL,NO_ENGINE_SUBSTITUTION {{(pid=95670) _check_effective_sql_mode /opt/stack/data/venv/lib/python3.12/site-packages/oslo_db/sqlalchemy/engines.py:325}}
Aug 21 10:28:57.379995 np0000007889 nova-conductor[95676]: DEBUG dbcounter [-] [95676] Writer thread running {{(pid=95676) stat_writer /opt/stack/data/venv/lib/python3.12/site-packages/dbcounter.py:102}}
Aug 21 10:28:57.383357 np0000007889 nova-conductor[95670]: DEBUG dbcounter [-] [95670] Writer thread running {{(pid=95670) stat_writer /opt/stack/data/venv/lib/python3.12/site-packages/dbcounter.py:102}}
Aug 21 10:28:57.390688 np0000007889 nova-conductor[95681]: DEBUG oslo_db.sqlalchemy.engines [None req-c9b4f9d3-ee3d-43d3-a578-6683de429bd4 None None] MySQL server mode set to STRICT_TRANS_TABLES,STRICT_ALL_TABLES,NO_ZERO_IN_DATE,NO_ZERO_DATE,ERROR_FOR_DIVISION_BY_ZERO,TRADITIONAL,NO_ENGINE_SUBSTITUTION {{(pid=95681) _check_effective_sql_mode /opt/stack/data/venv/lib/python3.12/site-packages/oslo_db/sqlalchemy/engines.py:325}}
Aug 21 10:28:57.391869 np0000007889 nova-conductor[95676]: DEBUG nova.service [None req-43b6843f-121c-4e98-ae27-1b9b24b16e0c None None] Creating RPC server for service: nova-conductor on topic: conductor {{(pid=95676) start /opt/stack/nova/nova/service.py:262}}
Aug 21 10:28:57.399061 np0000007889 nova-conductor[95681]: DEBUG dbcounter [-] [95681] Writer thread running {{(pid=95681) stat_writer /opt/stack/data/venv/lib/python3.12/site-packages/dbcounter.py:102}}
Aug 21 10:28:57.400803 np0000007889 nova-conductor[95670]: DEBUG nova.service [None req-9f1e1f57-a485-440a-b791-801486785bdb None None] Creating RPC server for service: nova-conductor on topic: conductor {{(pid=95670) start /opt/stack/nova/nova/service.py:262}}
Aug 21 10:28:57.401425 np0000007889 nova-conductor[95681]: DEBUG nova.service [None req-c9b4f9d3-ee3d-43d3-a578-6683de429bd4 None None] Creating RPC server for service: nova-conductor on topic: conductor {{(pid=95681) start /opt/stack/nova/nova/service.py:262}}
Aug 21 10:28:57.418947 np0000007889 nova-conductor[95670]: DEBUG nova.service [None req-9f1e1f57-a485-440a-b791-801486785bdb None None] Join ServiceGroup membership for this service conductor {{(pid=95670) start /opt/stack/nova/nova/service.py:288}}
Aug 21 10:28:57.419125 np0000007889 nova-conductor[95681]: DEBUG nova.service [None req-c9b4f9d3-ee3d-43d3-a578-6683de429bd4 None None] Join ServiceGroup membership for this service conductor {{(pid=95681) start /opt/stack/nova/nova/service.py:288}}
Aug 21 10:28:57.419181 np0000007889 nova-conductor[95670]: DEBUG nova.servicegroup.drivers.db [None req-9f1e1f57-a485-440a-b791-801486785bdb None None] DB_Driver: join new ServiceGroup member np0000007889 to the conductor group, service = {{(pid=95670) join /opt/stack/nova/nova/servicegroup/drivers/db.py:44}}
Aug 21 10:28:57.419248 np0000007889 nova-conductor[95676]: DEBUG nova.service [None req-43b6843f-121c-4e98-ae27-1b9b24b16e0c None None] Join ServiceGroup membership for this service conductor {{(pid=95676) start /opt/stack/nova/nova/service.py:288}}
Aug 21 10:28:57.419324 np0000007889 nova-conductor[95676]: DEBUG nova.servicegroup.drivers.db [None req-43b6843f-121c-4e98-ae27-1b9b24b16e0c None None] DB_Driver: join new ServiceGroup member np0000007889 to the conductor group, service = {{(pid=95676) join /opt/stack/nova/nova/servicegroup/drivers/db.py:44}}
Aug 21 10:28:57.419370 np0000007889 nova-conductor[95681]: DEBUG nova.servicegroup.drivers.db [None req-c9b4f9d3-ee3d-43d3-a578-6683de429bd4 None None] DB_Driver: join new ServiceGroup member np0000007889 to the conductor group, service = {{(pid=95681) join /opt/stack/nova/nova/servicegroup/drivers/db.py:44}}
Aug 21 10:29:02.430916 np0000007889 nova-conductor[95670]: DEBUG oslo.service.backend._threading.loopingcall [-] Fixed interval looping call 'nova.servicegroup.drivers.db.DbDriver._report_state' sleeping for 119.99 seconds {{(pid=95670) _run_loop /opt/stack/data/venv/lib/python3.12/site-packages/oslo_service/backend/_threading/loopingcall.py:125}}
Aug 21 10:29:02.431439 np0000007889 nova-conductor[95676]: DEBUG oslo.service.backend._threading.loopingcall [-] Fixed interval looping call 'nova.servicegroup.drivers.db.DbDriver._report_state' sleeping for 119.99 seconds {{(pid=95676) _run_loop /opt/stack/data/venv/lib/python3.12/site-packages/oslo_service/backend/_threading/loopingcall.py:125}}
Aug 21 10:29:02.434243 np0000007889 nova-conductor[95681]: DEBUG oslo.service.backend._threading.loopingcall [-] Fixed interval looping call 'nova.servicegroup.drivers.db.DbDriver._report_state' sleeping for 119.99 seconds {{(pid=95681) _run_loop /opt/stack/data/venv/lib/python3.12/site-packages/oslo_service/backend/_threading/loopingcall.py:125}}
Aug 21 10:29:06.005381 np0000007889 nova-conductor[94231]: DEBUG dbcounter [-] [94231] Writing DB stats nova_api:SELECT=1 {{(pid=94231) stat_writer /opt/stack/data/venv/lib/python3.12/site-packages/dbcounter.py:115}}
Aug 21 10:29:06.140913 np0000007889 nova-conductor[94231]: DEBUG dbcounter [-] [94231] Writing DB stats nova_cell0:SELECT=1 {{(pid=94231) stat_writer /opt/stack/data/venv/lib/python3.12/site-packages/dbcounter.py:115}}
Aug 21 10:29:06.144355 np0000007889 nova-conductor[94231]: DEBUG dbcounter [-] [94231] Writing DB stats nova_cell1:SELECT=1 {{(pid=94231) stat_writer /opt/stack/data/venv/lib/python3.12/site-packages/dbcounter.py:115}}
Aug 21 10:29:12.429158 np0000007889 nova-conductor[95670]: DEBUG dbcounter [-] [95670] Writing DB stats nova_cell0:SELECT=5,nova_cell0:INSERT=1,nova_cell0:UPDATE=1 {{(pid=95670) stat_writer /opt/stack/data/venv/lib/python3.12/site-packages/dbcounter.py:115}}
Aug 21 10:29:12.430194 np0000007889 nova-conductor[95676]: DEBUG dbcounter [-] [95676] Writing DB stats nova_cell0:SELECT=4,nova_cell0:INSERT=1,nova_cell0:UPDATE=1 {{(pid=95676) stat_writer /opt/stack/data/venv/lib/python3.12/site-packages/dbcounter.py:115}}
Aug 21 10:29:12.434998 np0000007889 nova-conductor[95681]: DEBUG dbcounter [-] [95681] Writing DB stats nova_cell0:SELECT=3,nova_cell0:UPDATE=1 {{(pid=95681) stat_writer /opt/stack/data/venv/lib/python3.12/site-packages/dbcounter.py:115}}
Aug 21 10:29:40.421377 np0000007889 nova-conductor[95676]: DEBUG oslo.service.backend._threading.loopingcall [None req-a11f777a-ec54-4cb0-878b-cf19100326ad None None] Dynamic interval looping call 'nova.service.Service.periodic_tasks' sleeping for 60.00 seconds {{(pid=95676) _run_loop /opt/stack/data/venv/lib/python3.12/site-packages/oslo_service/backend/_threading/loopingcall.py:125}}
Aug 21 10:29:54.421046 np0000007889 nova-conductor[95670]: DEBUG oslo.service.backend._threading.loopingcall [None req-0e4a3963-b7a1-4115-9e2a-f114e17d65cb None None] Dynamic interval looping call 'nova.service.Service.periodic_tasks' sleeping for 60.00 seconds {{(pid=95670) _run_loop /opt/stack/data/venv/lib/python3.12/site-packages/oslo_service/backend/_threading/loopingcall.py:125}}
Aug 21 10:29:56.421470 np0000007889 nova-conductor[95681]: DEBUG oslo.service.backend._threading.loopingcall [None req-849c7c69-a430-4372-9583-caf0577e35d2 None None] Dynamic interval looping call 'nova.service.Service.periodic_tasks' sleeping for 60.00 seconds {{(pid=95681) _run_loop /opt/stack/data/venv/lib/python3.12/site-packages/oslo_service/backend/_threading/loopingcall.py:125}}
Aug 21 10:30:40.421880 np0000007889 nova-conductor[95676]: DEBUG oslo.service.backend._threading.loopingcall [None req-a11f777a-ec54-4cb0-878b-cf19100326ad None None] Dynamic interval looping call 'nova.service.Service.periodic_tasks' sleeping for 60.00 seconds {{(pid=95676) _run_loop /opt/stack/data/venv/lib/python3.12/site-packages/oslo_service/backend/_threading/loopingcall.py:125}}
Aug 21 10:30:54.421614 np0000007889 nova-conductor[95670]: DEBUG oslo.service.backend._threading.loopingcall [None req-0e4a3963-b7a1-4115-9e2a-f114e17d65cb None None] Dynamic interval looping call 'nova.service.Service.periodic_tasks' sleeping for 60.00 seconds {{(pid=95670) _run_loop /opt/stack/data/venv/lib/python3.12/site-packages/oslo_service/backend/_threading/loopingcall.py:125}}
Aug 21 10:30:56.422461 np0000007889 nova-conductor[95681]: DEBUG oslo.service.backend._threading.loopingcall [None req-849c7c69-a430-4372-9583-caf0577e35d2 None None] Dynamic interval looping call 'nova.service.Service.periodic_tasks' sleeping for 60.00 seconds {{(pid=95681) _run_loop /opt/stack/data/venv/lib/python3.12/site-packages/oslo_service/backend/_threading/loopingcall.py:125}}
Aug 21 10:31:02.246532 np0000007889 nova-conductor[95670]: DEBUG oslo_db.sqlalchemy.engines [None req-0b55dfb7-9d72-4cd4-ab7d-81bdec097fe6 tempest-ServerActionsTestOtherB-214499236 tempest-ServerActionsTestOtherB-214499236-project-member] Parent process 94231 forked (95670) with an open database connection, which is being discarded and recreated. {{(pid=95670) checkout /opt/stack/data/venv/lib/python3.12/site-packages/oslo_db/sqlalchemy/engines.py:402}}
Aug 21 10:31:02.282813 np0000007889 nova-conductor[95670]: DEBUG dbcounter [-] [95670] Writer thread running {{(pid=95670) stat_writer /opt/stack/data/venv/lib/python3.12/site-packages/dbcounter.py:102}}
Aug 21 10:31:02.430318 np0000007889 nova-conductor[95670]: DEBUG oslo.service.backend._threading.loopingcall [-] Fixed interval looping call 'nova.servicegroup.drivers.db.DbDriver._report_state' sleeping for 119.99 seconds {{(pid=95670) _run_loop /opt/stack/data/venv/lib/python3.12/site-packages/oslo_service/backend/_threading/loopingcall.py:125}}
Aug 21 10:31:02.432986 np0000007889 nova-conductor[95676]: DEBUG oslo.service.backend._threading.loopingcall [-] Fixed interval looping call 'nova.servicegroup.drivers.db.DbDriver._report_state' sleeping for 119.99 seconds {{(pid=95676) _run_loop /opt/stack/data/venv/lib/python3.12/site-packages/oslo_service/backend/_threading/loopingcall.py:125}}
Aug 21 10:31:02.433942 np0000007889 nova-conductor[95681]: DEBUG oslo.service.backend._threading.loopingcall [-] Fixed interval looping call 'nova.servicegroup.drivers.db.DbDriver._report_state' sleeping for 119.99 seconds {{(pid=95681) _run_loop /opt/stack/data/venv/lib/python3.12/site-packages/oslo_service/backend/_threading/loopingcall.py:125}}
Aug 21 10:31:03.360129 np0000007889 nova-conductor[95670]: DEBUG nova.conductor.manager [None req-0b55dfb7-9d72-4cd4-ab7d-81bdec097fe6 tempest-ServerActionsTestOtherB-214499236 tempest-ServerActionsTestOtherB-214499236-project-member] Took 1.08 seconds to select destinations for 1 instance(s). {{(pid=95670) _schedule_instances /opt/stack/nova/nova/conductor/manager.py:957}}
Aug 21 10:31:03.396417 np0000007889 nova-conductor[95670]: DEBUG oslo_concurrency.lockutils [None req-0b55dfb7-9d72-4cd4-ab7d-81bdec097fe6 tempest-ServerActionsTestOtherB-214499236 tempest-ServerActionsTestOtherB-214499236-project-member] Acquiring lock "0dd2d423-eb5c-432e-b633-3417d4d1e54b" by "nova.context.set_target_cell..get_or_set_cached_cell_and_set_connections" {{(pid=95670) inner /opt/stack/data/venv/lib/python3.12/site-packages/oslo_concurrency/lockutils.py:512}}
Aug 21 10:31:03.396679 np0000007889 nova-conductor[95670]: DEBUG oslo_concurrency.lockutils [None req-0b55dfb7-9d72-4cd4-ab7d-81bdec097fe6 tempest-ServerActionsTestOtherB-214499236 tempest-ServerActionsTestOtherB-214499236-project-member] Lock "0dd2d423-eb5c-432e-b633-3417d4d1e54b" acquired by "nova.context.set_target_cell..get_or_set_cached_cell_and_set_connections" :: waited 0.000s {{(pid=95670) inner /opt/stack/data/venv/lib/python3.12/site-packages/oslo_concurrency/lockutils.py:525}}
Aug 21 10:31:03.398545 np0000007889 nova-conductor[95670]: DEBUG oslo_concurrency.lockutils [None req-0b55dfb7-9d72-4cd4-ab7d-81bdec097fe6 tempest-ServerActionsTestOtherB-214499236 tempest-ServerActionsTestOtherB-214499236-project-member] Lock "0dd2d423-eb5c-432e-b633-3417d4d1e54b" "released" by "nova.context.set_target_cell..get_or_set_cached_cell_and_set_connections" :: held 0.002s {{(pid=95670) inner /opt/stack/data/venv/lib/python3.12/site-packages/oslo_concurrency/lockutils.py:544}}
Aug 21 10:31:03.401227 np0000007889 nova-conductor[95670]: INFO dbcounter [None req-0b55dfb7-9d72-4cd4-ab7d-81bdec097fe6 tempest-ServerActionsTestOtherB-214499236 tempest-ServerActionsTestOtherB-214499236-project-member] Registered counter for database nova_cell1
Aug 21 10:31:03.439069 np0000007889 nova-conductor[95670]: DEBUG oslo_db.sqlalchemy.engines [None req-0b55dfb7-9d72-4cd4-ab7d-81bdec097fe6 tempest-ServerActionsTestOtherB-214499236 tempest-ServerActionsTestOtherB-214499236-project-member] MySQL server mode set to STRICT_TRANS_TABLES,STRICT_ALL_TABLES,NO_ZERO_IN_DATE,NO_ZERO_DATE,ERROR_FOR_DIVISION_BY_ZERO,TRADITIONAL,NO_ENGINE_SUBSTITUTION {{(pid=95670) _check_effective_sql_mode /opt/stack/data/venv/lib/python3.12/site-packages/oslo_db/sqlalchemy/engines.py:325}}
Aug 21 10:31:03.444512 np0000007889 nova-conductor[95670]: DEBUG dbcounter [-] [95670] Writer thread running {{(pid=95670) stat_writer /opt/stack/data/venv/lib/python3.12/site-packages/dbcounter.py:102}}
Aug 21 10:31:03.494553 np0000007889 nova-conductor[95681]: DEBUG dbcounter [-] [95681] Writer thread running {{(pid=95681) stat_writer /opt/stack/data/venv/lib/python3.12/site-packages/dbcounter.py:102}}
Aug 21 10:31:03.523699 np0000007889 nova-conductor[95670]: DEBUG oslo_concurrency.lockutils [None req-0b55dfb7-9d72-4cd4-ab7d-81bdec097fe6 tempest-ServerActionsTestOtherB-214499236 tempest-ServerActionsTestOtherB-214499236-project-member] Acquiring lock "00000000-0000-0000-0000-000000000000" by "nova.context.set_target_cell..get_or_set_cached_cell_and_set_connections" {{(pid=95670) inner /opt/stack/data/venv/lib/python3.12/site-packages/oslo_concurrency/lockutils.py:512}}
Aug 21 10:31:03.523990 np0000007889 nova-conductor[95670]: DEBUG oslo_concurrency.lockutils [None req-0b55dfb7-9d72-4cd4-ab7d-81bdec097fe6 tempest-ServerActionsTestOtherB-214499236 tempest-ServerActionsTestOtherB-214499236-project-member] Lock "00000000-0000-0000-0000-000000000000" acquired by "nova.context.set_target_cell..get_or_set_cached_cell_and_set_connections" :: waited 0.000s {{(pid=95670) inner /opt/stack/data/venv/lib/python3.12/site-packages/oslo_concurrency/lockutils.py:525}}
Aug 21 10:31:03.525054 np0000007889 nova-conductor[95670]: DEBUG oslo_concurrency.lockutils [None req-0b55dfb7-9d72-4cd4-ab7d-81bdec097fe6 tempest-ServerActionsTestOtherB-214499236 tempest-ServerActionsTestOtherB-214499236-project-member] Lock "00000000-0000-0000-0000-000000000000" "released" by "nova.context.set_target_cell..get_or_set_cached_cell_and_set_connections" :: held 0.001s {{(pid=95670) inner /opt/stack/data/venv/lib/python3.12/site-packages/oslo_concurrency/lockutils.py:544}}
Aug 21 10:31:03.525460 np0000007889 nova-conductor[95670]: INFO nova.thread_pool_factory [None req-0b55dfb7-9d72-4cd4-ab7d-81bdec097fe6 tempest-ServerActionsTestOtherB-214499236 tempest-ServerActionsTestOtherB-214499236-project-member] The cell_worker thread pool ForkProcess-1.cell_worker is initialized
Aug 21 10:31:03.526489 np0000007889 nova-conductor[95670]: DEBUG oslo_concurrency.lockutils [None req-0b55dfb7-9d72-4cd4-ab7d-81bdec097fe6 tempest-ServerActionsTestOtherB-214499236 tempest-ServerActionsTestOtherB-214499236-project-member] Acquiring lock "0dd2d423-eb5c-432e-b633-3417d4d1e54b" by "nova.context.set_target_cell..get_or_set_cached_cell_and_set_connections" {{(pid=95670) inner /opt/stack/data/venv/lib/python3.12/site-packages/oslo_concurrency/lockutils.py:512}}
Aug 21 10:31:03.526797 np0000007889 nova-conductor[95670]: DEBUG oslo_concurrency.lockutils [None req-0b55dfb7-9d72-4cd4-ab7d-81bdec097fe6 tempest-ServerActionsTestOtherB-214499236 tempest-ServerActionsTestOtherB-214499236-project-member] Lock "0dd2d423-eb5c-432e-b633-3417d4d1e54b" acquired by "nova.context.set_target_cell..get_or_set_cached_cell_and_set_connections" :: waited 0.001s {{(pid=95670) inner /opt/stack/data/venv/lib/python3.12/site-packages/oslo_concurrency/lockutils.py:525}}
Aug 21 10:31:03.527070 np0000007889 nova-conductor[95670]: DEBUG oslo_concurrency.lockutils [None req-0b55dfb7-9d72-4cd4-ab7d-81bdec097fe6 tempest-ServerActionsTestOtherB-214499236 tempest-ServerActionsTestOtherB-214499236-project-member] Lock "0dd2d423-eb5c-432e-b633-3417d4d1e54b" "released" by "nova.context.set_target_cell..get_or_set_cached_cell_and_set_connections" :: held 0.000s {{(pid=95670) inner /opt/stack/data/venv/lib/python3.12/site-packages/oslo_concurrency/lockutils.py:544}}
Aug 21 10:31:03.529489 np0000007889 nova-conductor[95670]: INFO dbcounter [None req-0b55dfb7-9d72-4cd4-ab7d-81bdec097fe6 tempest-ServerActionsTestOtherB-214499236 tempest-ServerActionsTestOtherB-214499236-project-member] Registered counter for database nova_cell0
Aug 21 10:31:03.566510 np0000007889 nova-conductor[95670]: DEBUG oslo_db.sqlalchemy.engines [None req-0b55dfb7-9d72-4cd4-ab7d-81bdec097fe6 tempest-ServerActionsTestOtherB-214499236 tempest-ServerActionsTestOtherB-214499236-project-member] MySQL server mode set to STRICT_TRANS_TABLES,STRICT_ALL_TABLES,NO_ZERO_IN_DATE,NO_ZERO_DATE,ERROR_FOR_DIVISION_BY_ZERO,TRADITIONAL,NO_ENGINE_SUBSTITUTION {{(pid=95670) _check_effective_sql_mode /opt/stack/data/venv/lib/python3.12/site-packages/oslo_db/sqlalchemy/engines.py:325}}
Aug 21 10:31:03.573515 np0000007889 nova-conductor[95670]: DEBUG dbcounter [-] [95670] Writer thread running {{(pid=95670) stat_writer /opt/stack/data/venv/lib/python3.12/site-packages/dbcounter.py:102}}
Aug 21 10:31:03.587058 np0000007889 nova-conductor[95670]: DEBUG nova.quota [None req-0b55dfb7-9d72-4cd4-ab7d-81bdec097fe6 tempest-ServerActionsTestOtherB-214499236 tempest-ServerActionsTestOtherB-214499236-project-member] Getting quotas for project b32bd0a0c28a41d2a397a28ca10ea73c. Resources: {'instances', 'cores', 'ram'} {{(pid=95670) _get_quotas /opt/stack/nova/nova/quota.py:389}}
Aug 21 10:31:03.592899 np0000007889 nova-conductor[95670]: DEBUG nova.quota [None req-0b55dfb7-9d72-4cd4-ab7d-81bdec097fe6 tempest-ServerActionsTestOtherB-214499236 tempest-ServerActionsTestOtherB-214499236-project-member] Getting quotas for user 9404123ce6144dab9253218634c09350 and project b32bd0a0c28a41d2a397a28ca10ea73c. Resources: {'instances', 'cores', 'ram'} {{(pid=95670) _get_quotas /opt/stack/nova/nova/quota.py:379}}
Aug 21 10:31:03.602304 np0000007889 nova-conductor[95670]: DEBUG nova.conductor.manager [None req-0b55dfb7-9d72-4cd4-ab7d-81bdec097fe6 tempest-ServerActionsTestOtherB-214499236 tempest-ServerActionsTestOtherB-214499236-project-member] [instance: 190cde86-fd67-46bd-844e-8eaa00923612] Selected host: np0000007889; Selected node: np0000007889; Alternates: [] {{(pid=95670) schedule_and_build_instances /opt/stack/nova/nova/conductor/manager.py:1773}}
Aug 21 10:31:03.602942 np0000007889 nova-conductor[95670]: DEBUG oslo_concurrency.lockutils [None req-0b55dfb7-9d72-4cd4-ab7d-81bdec097fe6 tempest-ServerActionsTestOtherB-214499236 tempest-ServerActionsTestOtherB-214499236-project-member] Acquiring lock "0dd2d423-eb5c-432e-b633-3417d4d1e54b" by "nova.context.set_target_cell..get_or_set_cached_cell_and_set_connections" {{(pid=95670) inner /opt/stack/data/venv/lib/python3.12/site-packages/oslo_concurrency/lockutils.py:512}}
Aug 21 10:31:03.603031 np0000007889 nova-conductor[95670]: DEBUG oslo_concurrency.lockutils [None req-0b55dfb7-9d72-4cd4-ab7d-81bdec097fe6 tempest-ServerActionsTestOtherB-214499236 tempest-ServerActionsTestOtherB-214499236-project-member] Lock "0dd2d423-eb5c-432e-b633-3417d4d1e54b" acquired by "nova.context.set_target_cell..get_or_set_cached_cell_and_set_connections" :: waited 0.000s {{(pid=95670) inner /opt/stack/data/venv/lib/python3.12/site-packages/oslo_concurrency/lockutils.py:525}}
Aug 21 10:31:03.603135 np0000007889 nova-conductor[95670]: DEBUG oslo_concurrency.lockutils [None req-0b55dfb7-9d72-4cd4-ab7d-81bdec097fe6 tempest-ServerActionsTestOtherB-214499236 tempest-ServerActionsTestOtherB-214499236-project-member] Lock "0dd2d423-eb5c-432e-b633-3417d4d1e54b" "released" by "nova.context.set_target_cell..get_or_set_cached_cell_and_set_connections" :: held 0.000s {{(pid=95670) inner /opt/stack/data/venv/lib/python3.12/site-packages/oslo_concurrency/lockutils.py:544}}
Aug 21 10:31:03.614810 np0000007889 nova-conductor[95670]: DEBUG nova.conductor.manager [None req-0b55dfb7-9d72-4cd4-ab7d-81bdec097fe6 tempest-ServerActionsTestOtherB-214499236 tempest-ServerActionsTestOtherB-214499236-project-member] [instance: 190cde86-fd67-46bd-844e-8eaa00923612] block_device_mapping [BlockDeviceMapping(attachment_id=,boot_index=0,connection_info=None,created_at=,delete_on_termination=True,deleted=,deleted_at=,destination_type='local',device_name=None,device_type='disk',disk_bus=None,encrypted=False,encryption_format=None,encryption_options=None,encryption_secret_uuid=None,guest_format=None,id=,image_id='e3693e74-6d57-45fb-8d84-1b6a0b0cc614',instance=,instance_uuid=,no_device=False,snapshot_id=None,source_type='image',tag=None,updated_at=,uuid=,volume_id=None,volume_size=None,volume_type=None)] {{(pid=95670) _create_block_device_mapping /opt/stack/nova/nova/conductor/manager.py:1518}}
Aug 21 10:31:03.616135 np0000007889 nova-conductor[95670]: DEBUG oslo_concurrency.lockutils [None req-0b55dfb7-9d72-4cd4-ab7d-81bdec097fe6 tempest-ServerActionsTestOtherB-214499236 tempest-ServerActionsTestOtherB-214499236-project-member] Acquiring lock "0dd2d423-eb5c-432e-b633-3417d4d1e54b" by "nova.context.set_target_cell..get_or_set_cached_cell_and_set_connections" {{(pid=95670) inner /opt/stack/data/venv/lib/python3.12/site-packages/oslo_concurrency/lockutils.py:512}}
Aug 21 10:31:03.616282 np0000007889 nova-conductor[95670]: DEBUG oslo_concurrency.lockutils [None req-0b55dfb7-9d72-4cd4-ab7d-81bdec097fe6 tempest-ServerActionsTestOtherB-214499236 tempest-ServerActionsTestOtherB-214499236-project-member] Lock "0dd2d423-eb5c-432e-b633-3417d4d1e54b" acquired by "nova.context.set_target_cell..get_or_set_cached_cell_and_set_connections" :: waited 0.000s {{(pid=95670) inner /opt/stack/data/venv/lib/python3.12/site-packages/oslo_concurrency/lockutils.py:525}}
Aug 21 10:31:03.616405 np0000007889 nova-conductor[95670]: DEBUG oslo_concurrency.lockutils [None req-0b55dfb7-9d72-4cd4-ab7d-81bdec097fe6 tempest-ServerActionsTestOtherB-214499236 tempest-ServerActionsTestOtherB-214499236-project-member] Lock "0dd2d423-eb5c-432e-b633-3417d4d1e54b" "released" by "nova.context.set_target_cell..get_or_set_cached_cell_and_set_connections" :: held 0.000s {{(pid=95670) inner /opt/stack/data/venv/lib/python3.12/site-packages/oslo_concurrency/lockutils.py:544}}
Aug 21 10:31:03.661345 np0000007889 nova-conductor[95670]: DEBUG oslo_concurrency.lockutils [None req-0b55dfb7-9d72-4cd4-ab7d-81bdec097fe6 tempest-ServerActionsTestOtherB-214499236 tempest-ServerActionsTestOtherB-214499236-project-member] Acquiring lock "0dd2d423-eb5c-432e-b633-3417d4d1e54b" by "nova.context.set_target_cell..get_or_set_cached_cell_and_set_connections" {{(pid=95670) inner /opt/stack/data/venv/lib/python3.12/site-packages/oslo_concurrency/lockutils.py:512}}
Aug 21 10:31:03.661493 np0000007889 nova-conductor[95670]: DEBUG oslo_concurrency.lockutils [None req-0b55dfb7-9d72-4cd4-ab7d-81bdec097fe6 tempest-ServerActionsTestOtherB-214499236 tempest-ServerActionsTestOtherB-214499236-project-member] Lock "0dd2d423-eb5c-432e-b633-3417d4d1e54b" acquired by "nova.context.set_target_cell..get_or_set_cached_cell_and_set_connections" :: waited 0.000s {{(pid=95670) inner /opt/stack/data/venv/lib/python3.12/site-packages/oslo_concurrency/lockutils.py:525}}
Aug 21 10:31:03.662782 np0000007889 nova-conductor[95670]: DEBUG oslo_concurrency.lockutils [None req-0b55dfb7-9d72-4cd4-ab7d-81bdec097fe6 tempest-ServerActionsTestOtherB-214499236 tempest-ServerActionsTestOtherB-214499236-project-member] Lock "0dd2d423-eb5c-432e-b633-3417d4d1e54b" "released" by "nova.context.set_target_cell..get_or_set_cached_cell_and_set_connections" :: held 0.000s {{(pid=95670) inner /opt/stack/data/venv/lib/python3.12/site-packages/oslo_concurrency/lockutils.py:544}}
Aug 21 10:31:03.662997 np0000007889 nova-conductor[95670]: DEBUG oslo_concurrency.lockutils [None req-0b55dfb7-9d72-4cd4-ab7d-81bdec097fe6 tempest-ServerActionsTestOtherB-214499236 tempest-ServerActionsTestOtherB-214499236-project-member] Acquiring lock "compute-rpcapi-router" {{(pid=95670) lock /opt/stack/data/venv/lib/python3.12/site-packages/oslo_concurrency/lockutils.py:396}}
Aug 21 10:31:03.663093 np0000007889 nova-conductor[95670]: DEBUG oslo_concurrency.lockutils [None req-0b55dfb7-9d72-4cd4-ab7d-81bdec097fe6 tempest-ServerActionsTestOtherB-214499236 tempest-ServerActionsTestOtherB-214499236-project-member] Acquired lock "compute-rpcapi-router" {{(pid=95670) lock /opt/stack/data/venv/lib/python3.12/site-packages/oslo_concurrency/lockutils.py:399}}
Aug 21 10:31:03.663451 np0000007889 nova-conductor[95670]: DEBUG oslo_concurrency.lockutils [None req-d00d0587-6efd-4b18-92c1-db50ed7607c3 None None] Acquiring lock "00000000-0000-0000-0000-000000000000" by "nova.context.set_target_cell..get_or_set_cached_cell_and_set_connections" {{(pid=95670) inner /opt/stack/data/venv/lib/python3.12/site-packages/oslo_concurrency/lockutils.py:512}}
Aug 21 10:31:03.663552 np0000007889 nova-conductor[95670]: DEBUG oslo_concurrency.lockutils [None req-d00d0587-6efd-4b18-92c1-db50ed7607c3 None None] Lock "00000000-0000-0000-0000-000000000000" acquired by "nova.context.set_target_cell..get_or_set_cached_cell_and_set_connections" :: waited 0.000s {{(pid=95670) inner /opt/stack/data/venv/lib/python3.12/site-packages/oslo_concurrency/lockutils.py:525}}
Aug 21 10:31:03.663684 np0000007889 nova-conductor[95670]: DEBUG oslo_concurrency.lockutils [None req-d00d0587-6efd-4b18-92c1-db50ed7607c3 None None] Lock "00000000-0000-0000-0000-000000000000" "released" by "nova.context.set_target_cell..get_or_set_cached_cell_and_set_connections" :: held 0.000s {{(pid=95670) inner /opt/stack/data/venv/lib/python3.12/site-packages/oslo_concurrency/lockutils.py:544}}
Aug 21 10:31:03.664317 np0000007889 nova-conductor[95670]: DEBUG oslo_concurrency.lockutils [None req-d00d0587-6efd-4b18-92c1-db50ed7607c3 None None] Acquiring lock "0dd2d423-eb5c-432e-b633-3417d4d1e54b" by "nova.context.set_target_cell..get_or_set_cached_cell_and_set_connections" {{(pid=95670) inner /opt/stack/data/venv/lib/python3.12/site-packages/oslo_concurrency/lockutils.py:512}}
Aug 21 10:31:03.664550 np0000007889 nova-conductor[95670]: DEBUG oslo_concurrency.lockutils [None req-d00d0587-6efd-4b18-92c1-db50ed7607c3 None None] Lock "0dd2d423-eb5c-432e-b633-3417d4d1e54b" acquired by "nova.context.set_target_cell..get_or_set_cached_cell_and_set_connections" :: waited 0.000s {{(pid=95670) inner /opt/stack/data/venv/lib/python3.12/site-packages/oslo_concurrency/lockutils.py:525}}
Aug 21 10:31:03.664550 np0000007889 nova-conductor[95670]: DEBUG oslo_concurrency.lockutils [None req-d00d0587-6efd-4b18-92c1-db50ed7607c3 None None] Lock "0dd2d423-eb5c-432e-b633-3417d4d1e54b" "released" by "nova.context.set_target_cell..get_or_set_cached_cell_and_set_connections" :: held 0.000s {{(pid=95670) inner /opt/stack/data/venv/lib/python3.12/site-packages/oslo_concurrency/lockutils.py:544}}
Aug 21 10:31:03.675979 np0000007889 nova-conductor[95670]: INFO nova.compute.rpcapi [None req-d00d0587-6efd-4b18-92c1-db50ed7607c3 None None] Automatically selected compute RPC version 6.5 from minimum service version 72
Aug 21 10:31:03.676731 np0000007889 nova-conductor[95670]: DEBUG oslo_concurrency.lockutils [None req-d00d0587-6efd-4b18-92c1-db50ed7607c3 None None] Releasing lock "compute-rpcapi-router" {{(pid=95670) lock /opt/stack/data/venv/lib/python3.12/site-packages/oslo_concurrency/lockutils.py:419}}
Aug 21 10:31:03.946215 np0000007889 nova-conductor[95681]: DEBUG nova.conductor.manager [None req-bafc3c5a-a96a-4bfb-ab4e-31d28b532e5e tempest-DeleteServersTestJSON-304677396 tempest-DeleteServersTestJSON-304677396-project-member] Took 0.45 seconds to select destinations for 1 instance(s). {{(pid=95681) _schedule_instances /opt/stack/nova/nova/conductor/manager.py:957}}
Aug 21 10:31:03.977463 np0000007889 nova-conductor[95681]: DEBUG oslo_concurrency.lockutils [None req-bafc3c5a-a96a-4bfb-ab4e-31d28b532e5e tempest-DeleteServersTestJSON-304677396 tempest-DeleteServersTestJSON-304677396-project-member] Acquiring lock "0dd2d423-eb5c-432e-b633-3417d4d1e54b" by "nova.context.set_target_cell..get_or_set_cached_cell_and_set_connections" {{(pid=95681) inner /opt/stack/data/venv/lib/python3.12/site-packages/oslo_concurrency/lockutils.py:512}}
Aug 21 10:31:03.977722 np0000007889 nova-conductor[95681]: DEBUG oslo_concurrency.lockutils [None req-bafc3c5a-a96a-4bfb-ab4e-31d28b532e5e tempest-DeleteServersTestJSON-304677396 tempest-DeleteServersTestJSON-304677396-project-member] Lock "0dd2d423-eb5c-432e-b633-3417d4d1e54b" acquired by "nova.context.set_target_cell..get_or_set_cached_cell_and_set_connections" :: waited 0.000s {{(pid=95681) inner /opt/stack/data/venv/lib/python3.12/site-packages/oslo_concurrency/lockutils.py:525}}
Aug 21 10:31:03.978913 np0000007889 nova-conductor[95681]: DEBUG oslo_concurrency.lockutils [None req-bafc3c5a-a96a-4bfb-ab4e-31d28b532e5e tempest-DeleteServersTestJSON-304677396 tempest-DeleteServersTestJSON-304677396-project-member] Lock "0dd2d423-eb5c-432e-b633-3417d4d1e54b" "released" by "nova.context.set_target_cell..get_or_set_cached_cell_and_set_connections" :: held 0.001s {{(pid=95681) inner /opt/stack/data/venv/lib/python3.12/site-packages/oslo_concurrency/lockutils.py:544}}
Aug 21 10:31:03.980781 np0000007889 nova-conductor[95681]: INFO dbcounter [None req-bafc3c5a-a96a-4bfb-ab4e-31d28b532e5e tempest-DeleteServersTestJSON-304677396 tempest-DeleteServersTestJSON-304677396-project-member] Registered counter for database nova_cell1
Aug 21 10:31:04.008743 np0000007889 nova-conductor[95681]: DEBUG oslo_db.sqlalchemy.engines [None req-bafc3c5a-a96a-4bfb-ab4e-31d28b532e5e tempest-DeleteServersTestJSON-304677396 tempest-DeleteServersTestJSON-304677396-project-member] MySQL server mode set to STRICT_TRANS_TABLES,STRICT_ALL_TABLES,NO_ZERO_IN_DATE,NO_ZERO_DATE,ERROR_FOR_DIVISION_BY_ZERO,TRADITIONAL,NO_ENGINE_SUBSTITUTION {{(pid=95681) _check_effective_sql_mode /opt/stack/data/venv/lib/python3.12/site-packages/oslo_db/sqlalchemy/engines.py:325}}
Aug 21 10:31:04.013802 np0000007889 nova-conductor[95681]: DEBUG dbcounter [-] [95681] Writer thread running {{(pid=95681) stat_writer /opt/stack/data/venv/lib/python3.12/site-packages/dbcounter.py:102}}
Aug 21 10:31:04.056982 np0000007889 nova-conductor[95681]: DEBUG oslo_concurrency.lockutils [None req-bafc3c5a-a96a-4bfb-ab4e-31d28b532e5e tempest-DeleteServersTestJSON-304677396 tempest-DeleteServersTestJSON-304677396-project-member] Acquiring lock "00000000-0000-0000-0000-000000000000" by "nova.context.set_target_cell..get_or_set_cached_cell_and_set_connections" {{(pid=95681) inner /opt/stack/data/venv/lib/python3.12/site-packages/oslo_concurrency/lockutils.py:512}}
Aug 21 10:31:04.057148 np0000007889 nova-conductor[95681]: DEBUG oslo_concurrency.lockutils [None req-bafc3c5a-a96a-4bfb-ab4e-31d28b532e5e tempest-DeleteServersTestJSON-304677396 tempest-DeleteServersTestJSON-304677396-project-member] Lock "00000000-0000-0000-0000-000000000000" acquired by "nova.context.set_target_cell..get_or_set_cached_cell_and_set_connections" :: waited 0.000s {{(pid=95681) inner /opt/stack/data/venv/lib/python3.12/site-packages/oslo_concurrency/lockutils.py:525}}
Aug 21 10:31:04.057475 np0000007889 nova-conductor[95681]: DEBUG oslo_concurrency.lockutils [None req-bafc3c5a-a96a-4bfb-ab4e-31d28b532e5e tempest-DeleteServersTestJSON-304677396 tempest-DeleteServersTestJSON-304677396-project-member] Lock "00000000-0000-0000-0000-000000000000" "released" by "nova.context.set_target_cell..get_or_set_cached_cell_and_set_connections" :: held 0.000s {{(pid=95681) inner /opt/stack/data/venv/lib/python3.12/site-packages/oslo_concurrency/lockutils.py:544}}
Aug 21 10:31:04.057764 np0000007889 nova-conductor[95681]: INFO nova.thread_pool_factory [None req-bafc3c5a-a96a-4bfb-ab4e-31d28b532e5e tempest-DeleteServersTestJSON-304677396 tempest-DeleteServersTestJSON-304677396-project-member] The cell_worker thread pool ForkProcess-3.cell_worker is initialized
Aug 21 10:31:04.058349 np0000007889 nova-conductor[95681]: DEBUG oslo_concurrency.lockutils [None req-bafc3c5a-a96a-4bfb-ab4e-31d28b532e5e tempest-DeleteServersTestJSON-304677396 tempest-DeleteServersTestJSON-304677396-project-member] Acquiring lock "0dd2d423-eb5c-432e-b633-3417d4d1e54b" by "nova.context.set_target_cell..get_or_set_cached_cell_and_set_connections" {{(pid=95681) inner /opt/stack/data/venv/lib/python3.12/site-packages/oslo_concurrency/lockutils.py:512}}
Aug 21 10:31:04.058492 np0000007889 nova-conductor[95681]: DEBUG oslo_concurrency.lockutils [None req-bafc3c5a-a96a-4bfb-ab4e-31d28b532e5e tempest-DeleteServersTestJSON-304677396 tempest-DeleteServersTestJSON-304677396-project-member] Lock "0dd2d423-eb5c-432e-b633-3417d4d1e54b" acquired by "nova.context.set_target_cell..get_or_set_cached_cell_and_set_connections" :: waited 0.000s {{(pid=95681) inner /opt/stack/data/venv/lib/python3.12/site-packages/oslo_concurrency/lockutils.py:525}}
Aug 21 10:31:04.058647 np0000007889 nova-conductor[95681]: DEBUG oslo_concurrency.lockutils [None req-bafc3c5a-a96a-4bfb-ab4e-31d28b532e5e tempest-DeleteServersTestJSON-304677396 tempest-DeleteServersTestJSON-304677396-project-member] Lock "0dd2d423-eb5c-432e-b633-3417d4d1e54b" "released" by "nova.context.set_target_cell..get_or_set_cached_cell_and_set_connections" :: held 0.000s {{(pid=95681) inner /opt/stack/data/venv/lib/python3.12/site-packages/oslo_concurrency/lockutils.py:544}}
Aug 21 10:31:04.060487 np0000007889 nova-conductor[95681]: INFO dbcounter [None req-bafc3c5a-a96a-4bfb-ab4e-31d28b532e5e tempest-DeleteServersTestJSON-304677396 tempest-DeleteServersTestJSON-304677396-project-member] Registered counter for database nova_cell0
Aug 21 10:31:04.103823 np0000007889 nova-conductor[95681]: DEBUG oslo_db.sqlalchemy.engines [None req-bafc3c5a-a96a-4bfb-ab4e-31d28b532e5e tempest-DeleteServersTestJSON-304677396 tempest-DeleteServersTestJSON-304677396-project-member] MySQL server mode set to STRICT_TRANS_TABLES,STRICT_ALL_TABLES,NO_ZERO_IN_DATE,NO_ZERO_DATE,ERROR_FOR_DIVISION_BY_ZERO,TRADITIONAL,NO_ENGINE_SUBSTITUTION {{(pid=95681) _check_effective_sql_mode /opt/stack/data/venv/lib/python3.12/site-packages/oslo_db/sqlalchemy/engines.py:325}}
Aug 21 10:31:04.110179 np0000007889 nova-conductor[95681]: DEBUG dbcounter [-] [95681] Writer thread running {{(pid=95681) stat_writer /opt/stack/data/venv/lib/python3.12/site-packages/dbcounter.py:102}}
Aug 21 10:31:04.120930 np0000007889 nova-conductor[95681]: DEBUG nova.quota [None req-bafc3c5a-a96a-4bfb-ab4e-31d28b532e5e tempest-DeleteServersTestJSON-304677396 tempest-DeleteServersTestJSON-304677396-project-member] Getting quotas for project a409bb94d4c5487685ee2177d2157ee5. Resources: {'instances', 'cores', 'ram'} {{(pid=95681) _get_quotas /opt/stack/nova/nova/quota.py:389}}
Aug 21 10:31:04.123869 np0000007889 nova-conductor[95681]: DEBUG nova.quota [None req-bafc3c5a-a96a-4bfb-ab4e-31d28b532e5e tempest-DeleteServersTestJSON-304677396 tempest-DeleteServersTestJSON-304677396-project-member] Getting quotas for user a1ba41238d244d0398c051275f876aa4 and project a409bb94d4c5487685ee2177d2157ee5. Resources: {'instances', 'cores', 'ram'} {{(pid=95681) _get_quotas /opt/stack/nova/nova/quota.py:379}}
Aug 21 10:31:04.128708 np0000007889 nova-conductor[95681]: DEBUG nova.conductor.manager [None req-bafc3c5a-a96a-4bfb-ab4e-31d28b532e5e tempest-DeleteServersTestJSON-304677396 tempest-DeleteServersTestJSON-304677396-project-member] [instance: ee3831b4-ff75-48fc-b1fe-31031de93ef0] Selected host: np0000007889; Selected node: np0000007889; Alternates: [] {{(pid=95681) schedule_and_build_instances /opt/stack/nova/nova/conductor/manager.py:1773}}
