Aug 21 10:28:47.416467 np0000007889 devstack@neutron-api.service[87538]: DEBUG ovsdbapp.backend.ovs_idl.transaction [None req-db4eeaa7-7a13-49bc-9bf3-4701691e751d None None] Running txn f030e630 n=1 command(idx=0): CheckRevisionNumberCommand(_result=None, name=5317ed3c-73f6-4fe2-9e78-a7eedcd0c862, resource={'id': '5317ed3c-73f6-4fe2-9e78-a7eedcd0c862', 'name': '', 'network_id': 'db904d2e-3c93-409c-841c-a5ec3ea8a3db', 'project_id': '', 'mac_address': 'fa:16:3e:23:5a:4d', 'admin_state_up': True, 'status': 'ACTIVE', 'device_id': 'a60360d2-faac-4e8d-953c-9f631faae4b5', 'device_owner': 'network:router_gateway', 'standard_attr_id': 23, 'fixed_ips': [{'subnet_id': '2830597c-def2-436e-b6e0-3c3baa9a904c', 'ip_address': '172.24.5.220'}, {'subnet_id': 'fb7dfe60-f31f-4cf7-9ef9-7d01847845c5', 'ip_address': '2001:db8::14b'}], 'allowed_address_pairs': [], 'extra_dhcp_opts': [], 'security_groups': [], 'description': '', 'binding:vnic_type': 'normal', 'binding:profile': {}, 'binding:host_id': 'np0000007889', 'binding:vif_type': 'ovs', 'binding:vif_details': {'port_filter': True, 'connectivity': 'l2', 'ovs_create_tap': True, 'bridge_name': 'br-int', 'datapath_type': 'system'}, 'port_security_enabled': False, 'tags': [], 'created_at': '2026-08-21T10:28:42Z', 'updated_at': '2026-08-21T10:28:46Z', 'revision_number': 6, 'tenant_id': '', 'network': {'id': 'db904d2e-3c93-409c-841c-a5ec3ea8a3db', 'name': 'public', 'tenant_id': 'f6cd6e612a27450291cb5adbc1379132', 'project_id': 'f6cd6e612a27450291cb5adbc1379132', 'admin_state_up': True, 'mtu': 1430, 'status': 'ACTIVE', 'subnets': ['2830597c-def2-436e-b6e0-3c3baa9a904c', 'fb7dfe60-f31f-4cf7-9ef9-7d01847845c5'], 'standard_attr_id': 18, 'shared': False, 'availability_zone_hints': [], 'availability_zones': [], 'ipv4_address_scope': None, 'ipv6_address_scope': None, 'router:external': True, 'qinq': False, 'vlan_transparent': False, 'description': '', 'port_security_enabled': True, 'is_default': True, 'tags': [], 'created_at': '2026-08-21T10:28:38Z', 'updated_at': '2026-08-21T10:28:46Z', 'revision_number': 3, 'provider:network_type': 'flat', 'provider:physical_network': 'public', 'provider:segmentation_id': None}}, resource_type=ports, if_exists=True) {{(pid=87538) do_commit /opt/stack/data/venv/lib/python3.12/site-packages/ovsdbapp/backend/ovs_idl/transaction.py:91}}
Aug 21 10:28:47.416889 np0000007889 devstack@neutron-api.service[87538]: DEBUG ovsdbapp.backend.ovs_idl.transaction [None req-db4eeaa7-7a13-49bc-9bf3-4701691e751d None None] Running txn f030e630 n=1 command(idx=1): SetLSwitchPortCommand(_result=None, lport=5317ed3c-73f6-4fe2-9e78-a7eedcd0c862, external_ids_update=None, columns={'external_ids': {'neutron:port_name': '', 'neutron:device_id': 'a60360d2-faac-4e8d-953c-9f631faae4b5', 'neutron:project_id': '', 'neutron:cidrs': '172.24.5.220/24 2001:db8::14b/64', 'neutron:device_owner': 'network:router_gateway', 'neutron:subnet_pool_addr_scope4': '', 'neutron:subnet_pool_addr_scope6': '', 'neutron:network_name': 'neutron-db904d2e-3c93-409c-841c-a5ec3ea8a3db', 'neutron:security_group_ids': '', 'neutron:revision_number': '6', 'neutron:vnic_type': 'normal', 'neutron:port_capabilities': '', 'neutron:mtu': '', 'neutron:host_id': 'np0000007889'}, 'parent_name': [], 'options': {'requested-chassis': 'np0000007889', 'exclude-lb-vips-from-garp': 'true', 'nat-addresses': 'router', 'router-port': 'lrp-5317ed3c-73f6-4fe2-9e78-a7eedcd0c862'}, 'enabled': True, 'port_security': [], 'dhcpv4_options': [], 'dhcpv6_options': [], 'type': 'router', 'ha_chassis_group': [], 'tag_request': []}, if_exists=False) {{(pid=87538) do_commit /opt/stack/data/venv/lib/python3.12/site-packages/ovsdbapp/backend/ovs_idl/transaction.py:91}}
Aug 21 10:28:47.417534 np0000007889 devstack@neutron-api.service[87538]: DEBUG ovsdbapp.backend.ovs_idl.transaction [None req-db4eeaa7-7a13-49bc-9bf3-4701691e751d None None] Running txn f030e630 n=1 command(idx=2): PgDelPortCommand(_result=None, port_group=neutron_pg_drop, lsp=['5317ed3c-73f6-4fe2-9e78-a7eedcd0c862'], if_exists=False) {{(pid=87538) do_commit /opt/stack/data/venv/lib/python3.12/site-packages/ovsdbapp/backend/ovs_idl/transaction.py:91}}
Aug 21 10:28:47.418970 np0000007889 devstack@neutron-api.service[87538]: DEBUG ovsdbapp.backend.ovs_idl.transaction [None req-db4eeaa7-7a13-49bc-9bf3-4701691e751d None None] txn f030e630 succeeded {{(pid=87538) do_commit /opt/stack/data/venv/lib/python3.12/site-packages/ovsdbapp/backend/ovs_idl/transaction.py:137}}
Aug 21 10:28:47.444505 np0000007889 devstack@neutron-api.service[87538]: DEBUG ovsdbapp.backend.ovs_idl.transaction [None req-db4eeaa7-7a13-49bc-9bf3-4701691e751d None None] Running txn dfcd1262 n=1 command(idx=0): DbSetCommand(_result=None, table=Logical_Switch_Port, record=5317ed3c-73f6-4fe2-9e78-a7eedcd0c862, col_values=(('external_ids', {'neutron:host_id': 'np0000007889'}),), if_exists=True) {{(pid=87538) do_commit /opt/stack/data/venv/lib/python3.12/site-packages/ovsdbapp/backend/ovs_idl/transaction.py:91}}
Aug 21 10:28:47.445089 np0000007889 devstack@neutron-api.service[87538]: DEBUG ovsdbapp.backend.ovs_idl.transaction [None req-db4eeaa7-7a13-49bc-9bf3-4701691e751d None None] txn dfcd1262 caused no change {{(pid=87538) do_commit /opt/stack/data/venv/lib/python3.12/site-packages/ovsdbapp/backend/ovs_idl/transaction.py:135}}
Aug 21 10:28:47.671460 np0000007889 devstack@neutron-api.service[87540]: DEBUG neutron.api.wsgi [None req-e8637f15-1e90-4b26-8dba-6485695ef841 admin admin] Missing Content-Type {{(pid=87540) get_content_type /opt/stack/neutron/neutron/api/wsgi.py:80}}
Aug 21 10:28:47.709359 np0000007889 devstack@neutron-api.service[87540]: [pid: 87540|app: 0|req: 12/32] 10.4.3.211 () {64 vars in 1381 bytes} [Fri Aug 21 10:28:47 2026] GET /networking/v2.0/routers/a60360d2-faac-4e8d-953c-9f631faae4b5 => generated 1114 bytes in 40 msecs (HTTP/1.1 200) 4 headers in 158 bytes (1 switches on core 0)
Aug 21 10:28:47.762169 np0000007889 devstack@neutron-api.service[87539]: DEBUG neutron.pecan_wsgi.hooks.policy_enforcement [None req-9cc52a6a-6e5c-4e4a-a32d-626856b893e8 admin admin] Attributes excluded by policy engine: ['standard_attr_id'] {{(pid=87539) _exclude_attributes_by_policy /opt/stack/neutron/neutron/pecan_wsgi/hooks/policy_enforcement.py:259}}
Aug 21 10:28:47.763858 np0000007889 devstack@neutron-api.service[87539]: [pid: 87539|app: 0|req: 11/33] 10.4.3.211 () {64 vars in 1370 bytes} [Fri Aug 21 10:28:47 2026] GET /networking/v2.0/ports?device_id=a60360d2-faac-4e8d-953c-9f631faae4b5 => generated 2596 bytes in 48 msecs (HTTP/1.1 200) 4 headers in 158 bytes (1 switches on core 0)
Aug 21 10:28:50.834864 np0000007889 devstack@neutron-api.service[87540]: DEBUG neutron.plugins.ml2.drivers.ovn.mech_driver.ovsdb.ovsdb_monitor [None req-882a17ac-ce57-42c2-b0b1-71cca87ab467 None None] Touching Hash Ring node "e3a0493285c95efa8c5277f51de9d997" from IDL notify handler {{(pid=87540) notify /opt/stack/neutron/neutron/plugins/ml2/drivers/ovn/mech_driver/ovsdb/ovsdb_monitor.py:1091}}
Aug 21 10:28:50.838207 np0000007889 devstack@neutron-api.service[87539]: DEBUG neutron.plugins.ml2.drivers.ovn.mech_driver.ovsdb.ovsdb_monitor [None req-d4e6ed8e-ab90-4535-aa57-550af758e840 None None] Touching Hash Ring node "cf264af14cb95e1d8028a379a72cf205" from IDL notify handler {{(pid=87539) notify /opt/stack/neutron/neutron/plugins/ml2/drivers/ovn/mech_driver/ovsdb/ovsdb_monitor.py:1091}}
Aug 21 10:28:50.840997 np0000007889 devstack@neutron-api.service[87540]: DEBUG neutron.plugins.ml2.drivers.ovn.mech_driver.ovsdb.ovsdb_monitor [None req-882a17ac-ce57-42c2-b0b1-71cca87ab467 None None] Hash Ring: Node e3a0493285c95efa8c5277f51de9d997 (host: np0000007889) handling event "update" for row 6a8c1021-8c93-4f10-9432-86a48a394dbe (table: NB_Global) {{(pid=87540) notify /opt/stack/neutron/neutron/plugins/ml2/drivers/ovn/mech_driver/ovsdb/ovsdb_monitor.py:1099}}
Aug 21 10:28:50.842817 np0000007889 devstack@neutron-api.service[87539]: DEBUG neutron.plugins.ml2.drivers.ovn.mech_driver.ovsdb.ovsdb_monitor [None req-d4e6ed8e-ab90-4535-aa57-550af758e840 None None] Hash Ring: Node cf264af14cb95e1d8028a379a72cf205 (host: np0000007889) handling event "update" for row 6a8c1021-8c93-4f10-9432-86a48a394dbe (table: NB_Global) {{(pid=87539) notify /opt/stack/neutron/neutron/plugins/ml2/drivers/ovn/mech_driver/ovsdb/ovsdb_monitor.py:1099}}
Aug 21 10:28:51.079284 np0000007889 devstack@neutron-api.service[87540]: DEBUG neutron.plugins.ml2.drivers.ovn.mech_driver.ovsdb.ovsdb_monitor [None req-882a17ac-ce57-42c2-b0b1-71cca87ab467 None None] Touching Hash Ring node "e3a0493285c95efa8c5277f51de9d997" from IDL notify handler {{(pid=87540) notify /opt/stack/neutron/neutron/plugins/ml2/drivers/ovn/mech_driver/ovsdb/ovsdb_monitor.py:1091}}
Aug 21 10:28:51.080314 np0000007889 devstack@neutron-api.service[87539]: DEBUG neutron.plugins.ml2.drivers.ovn.mech_driver.ovsdb.ovsdb_monitor [None req-d4e6ed8e-ab90-4535-aa57-550af758e840 None None] Touching Hash Ring node "cf264af14cb95e1d8028a379a72cf205" from IDL notify handler {{(pid=87539) notify /opt/stack/neutron/neutron/plugins/ml2/drivers/ovn/mech_driver/ovsdb/ovsdb_monitor.py:1091}}
Aug 21 10:28:51.084043 np0000007889 devstack@neutron-api.service[87540]: DEBUG neutron.plugins.ml2.drivers.ovn.mech_driver.ovsdb.ovsdb_monitor [None req-882a17ac-ce57-42c2-b0b1-71cca87ab467 None None] Hash Ring: Node e3a0493285c95efa8c5277f51de9d997 (host: np0000007889) handling event "update" for row 6a8c1021-8c93-4f10-9432-86a48a394dbe (table: NB_Global) {{(pid=87540) notify /opt/stack/neutron/neutron/plugins/ml2/drivers/ovn/mech_driver/ovsdb/ovsdb_monitor.py:1099}}
Aug 21 10:28:51.085547 np0000007889 devstack@neutron-api.service[87540]: DEBUG neutron.plugins.ml2.drivers.ovn.mech_driver.ovsdb.ovsdb_monitor [None req-882a17ac-ce57-42c2-b0b1-71cca87ab467 None None] Touching Hash Ring node "e3a0493285c95efa8c5277f51de9d997" from IDL notify handler {{(pid=87540) notify /opt/stack/neutron/neutron/plugins/ml2/drivers/ovn/mech_driver/ovsdb/ovsdb_monitor.py:1091}}
Aug 21 10:28:51.085763 np0000007889 devstack@neutron-api.service[87539]: DEBUG neutron.plugins.ml2.drivers.ovn.mech_driver.ovsdb.ovsdb_monitor [None req-d4e6ed8e-ab90-4535-aa57-550af758e840 None None] Hash Ring: Node cf264af14cb95e1d8028a379a72cf205 (host: np0000007889) handling event "update" for row 6a8c1021-8c93-4f10-9432-86a48a394dbe (table: NB_Global) {{(pid=87539) notify /opt/stack/neutron/neutron/plugins/ml2/drivers/ovn/mech_driver/ovsdb/ovsdb_monitor.py:1099}}
Aug 21 10:28:51.087711 np0000007889 devstack@neutron-api.service[87539]: DEBUG neutron.plugins.ml2.drivers.ovn.mech_driver.ovsdb.ovsdb_monitor [None req-d4e6ed8e-ab90-4535-aa57-550af758e840 None None] Touching Hash Ring node "cf264af14cb95e1d8028a379a72cf205" from IDL notify handler {{(pid=87539) notify /opt/stack/neutron/neutron/plugins/ml2/drivers/ovn/mech_driver/ovsdb/ovsdb_monitor.py:1091}}
Aug 21 10:28:51.088934 np0000007889 devstack@neutron-api.service[87540]: DEBUG neutron.plugins.ml2.drivers.ovn.mech_driver.ovsdb.ovsdb_monitor [None req-882a17ac-ce57-42c2-b0b1-71cca87ab467 None None] Hash Ring: Node e3a0493285c95efa8c5277f51de9d997 (host: np0000007889) handling event "update" for row 6a8c1021-8c93-4f10-9432-86a48a394dbe (table: NB_Global) {{(pid=87540) notify /opt/stack/neutron/neutron/plugins/ml2/drivers/ovn/mech_driver/ovsdb/ovsdb_monitor.py:1099}}
Aug 21 10:28:51.091777 np0000007889 devstack@neutron-api.service[87539]: DEBUG neutron.plugins.ml2.drivers.ovn.mech_driver.ovsdb.ovsdb_monitor [None req-d4e6ed8e-ab90-4535-aa57-550af758e840 None None] Hash Ring: Node cf264af14cb95e1d8028a379a72cf205 (host: np0000007889) handling event "update" for row 6a8c1021-8c93-4f10-9432-86a48a394dbe (table: NB_Global) {{(pid=87539) notify /opt/stack/neutron/neutron/plugins/ml2/drivers/ovn/mech_driver/ovsdb/ovsdb_monitor.py:1099}}
Aug 21 10:28:51.093495 np0000007889 devstack@neutron-api.service[87540]: DEBUG neutron.plugins.ml2.drivers.ovn.mech_driver.ovsdb.ovsdb_monitor [None req-882a17ac-ce57-42c2-b0b1-71cca87ab467 None None] Touching Hash Ring node "e3a0493285c95efa8c5277f51de9d997" from IDL notify handler {{(pid=87540) notify /opt/stack/neutron/neutron/plugins/ml2/drivers/ovn/mech_driver/ovsdb/ovsdb_monitor.py:1091}}
Aug 21 10:28:51.095463 np0000007889 devstack@neutron-api.service[87539]: DEBUG neutron.plugins.ml2.drivers.ovn.mech_driver.ovsdb.ovsdb_monitor [None req-d4e6ed8e-ab90-4535-aa57-550af758e840 None None] Touching Hash Ring node "cf264af14cb95e1d8028a379a72cf205" from IDL notify handler {{(pid=87539) notify /opt/stack/neutron/neutron/plugins/ml2/drivers/ovn/mech_driver/ovsdb/ovsdb_monitor.py:1091}}
Aug 21 10:28:51.097551 np0000007889 devstack@neutron-api.service[87540]: DEBUG neutron.plugins.ml2.drivers.ovn.mech_driver.ovsdb.ovsdb_monitor [None req-882a17ac-ce57-42c2-b0b1-71cca87ab467 None None] Hash Ring: Node e3a0493285c95efa8c5277f51de9d997 (host: np0000007889) handling event "update" for row 6a8c1021-8c93-4f10-9432-86a48a394dbe (table: NB_Global) {{(pid=87540) notify /opt/stack/neutron/neutron/plugins/ml2/drivers/ovn/mech_driver/ovsdb/ovsdb_monitor.py:1099}}
Aug 21 10:28:51.099473 np0000007889 devstack@neutron-api.service[87539]: DEBUG neutron.plugins.ml2.drivers.ovn.mech_driver.ovsdb.ovsdb_monitor [None req-d4e6ed8e-ab90-4535-aa57-550af758e840 None None] Hash Ring: Node cf264af14cb95e1d8028a379a72cf205 (host: np0000007889) handling event "update" for row 6a8c1021-8c93-4f10-9432-86a48a394dbe (table: NB_Global) {{(pid=87539) notify /opt/stack/neutron/neutron/plugins/ml2/drivers/ovn/mech_driver/ovsdb/ovsdb_monitor.py:1099}}
Aug 21 10:28:57.443823 np0000007889 devstack@neutron-api.service[87538]: DEBUG dbcounter [-] [87538] Writing DB stats neutron:SELECT=2195,neutron:INSERT=55,neutron:DELETE=10,neutron:UPDATE=47 {{(pid=87538) stat_writer /opt/stack/data/venv/lib/python3.12/site-packages/dbcounter.py:115}}
Aug 21 10:28:57.866388 np0000007889 devstack@neutron-api.service[87540]: DEBUG futurist.periodics [-] Submitting periodic callback 'neutron.plugins.ml2.drivers.ovn.mech_driver.ovsdb.maintenance.HashRingHealthCheckPeriodics.touch_hash_ring_node' {{(pid=87540) _process_scheduled /opt/stack/data/venv/lib/python3.12/site-packages/futurist/periodics.py:784}}
Aug 21 10:28:57.866825 np0000007889 devstack@neutron-api.service[87540]: DEBUG neutron.plugins.ml2.drivers.ovn.mech_driver.ovsdb.maintenance [-] Touching Hash Ring node "e3a0493285c95efa8c5277f51de9d997" from periodic health check thread {{(pid=87540) touch_hash_ring_node /opt/stack/neutron/neutron/plugins/ml2/drivers/ovn/mech_driver/ovsdb/maintenance.py:1453}}
Aug 21 10:28:58.739101 np0000007889 devstack@neutron-api.service[87539]: DEBUG futurist.periodics [-] Submitting periodic callback 'neutron.plugins.ml2.drivers.ovn.mech_driver.ovsdb.maintenance.HashRingHealthCheckPeriodics.touch_hash_ring_node' {{(pid=87539) _process_scheduled /opt/stack/data/venv/lib/python3.12/site-packages/futurist/periodics.py:784}}
Aug 21 10:28:58.739660 np0000007889 devstack@neutron-api.service[87539]: DEBUG neutron.plugins.ml2.drivers.ovn.mech_driver.ovsdb.maintenance [-] Touching Hash Ring node "cf264af14cb95e1d8028a379a72cf205" from periodic health check thread {{(pid=87539) touch_hash_ring_node /opt/stack/neutron/neutron/plugins/ml2/drivers/ovn/mech_driver/ovsdb/maintenance.py:1453}}
Aug 21 10:28:58.741879 np0000007889 devstack@neutron-api.service[87538]: DEBUG futurist.periodics [-] Submitting periodic callback 'neutron.plugins.ml2.drivers.ovn.mech_driver.ovsdb.maintenance.HashRingHealthCheckPeriodics.touch_hash_ring_node' {{(pid=87538) _process_scheduled /opt/stack/data/venv/lib/python3.12/site-packages/futurist/periodics.py:784}}
Aug 21 10:28:58.742366 np0000007889 devstack@neutron-api.service[87538]: DEBUG neutron.plugins.ml2.drivers.ovn.mech_driver.ovsdb.maintenance [-] Touching Hash Ring node "96a322242d1454378cf4bd61c6f3ef40" from periodic health check thread {{(pid=87538) touch_hash_ring_node /opt/stack/neutron/neutron/plugins/ml2/drivers/ovn/mech_driver/ovsdb/maintenance.py:1453}}
Aug 21 10:29:07.872314 np0000007889 devstack@neutron-api.service[87540]: DEBUG dbcounter [-] [87540] Writing DB stats neutron:SELECT=2844,neutron:INSERT=731,neutron:DELETE=11,neutron:UPDATE=114 {{(pid=87540) stat_writer /opt/stack/data/venv/lib/python3.12/site-packages/dbcounter.py:115}}
Aug 21 10:29:08.745007 np0000007889 devstack@neutron-api.service[87539]: DEBUG dbcounter [-] [87539] Writing DB stats neutron:SELECT=205,neutron:INSERT=17,neutron:DELETE=5,neutron:UPDATE=15 {{(pid=87539) stat_writer /opt/stack/data/venv/lib/python3.12/site-packages/dbcounter.py:115}}
Aug 21 10:29:08.751627 np0000007889 devstack@neutron-api.service[87538]: DEBUG dbcounter [-] [87538] Writing DB stats neutron:UPDATE=1,neutron:SELECT=1 {{(pid=87538) stat_writer /opt/stack/data/venv/lib/python3.12/site-packages/dbcounter.py:115}}
Aug 21 10:29:12.867047 np0000007889 devstack@neutron-api.service[87540]: DEBUG futurist.periodics [-] Submitting periodic callback 'neutron.plugins.ml2.drivers.ovn.mech_driver.ovsdb.maintenance.HashRingHealthCheckPeriodics.touch_hash_ring_node' {{(pid=87540) _process_scheduled /opt/stack/data/venv/lib/python3.12/site-packages/futurist/periodics.py:784}}
Aug 21 10:29:12.869861 np0000007889 devstack@neutron-api.service[87540]: DEBUG neutron.plugins.ml2.drivers.ovn.mech_driver.ovsdb.maintenance [-] Touching Hash Ring node "e3a0493285c95efa8c5277f51de9d997" from periodic health check thread {{(pid=87540) touch_hash_ring_node /opt/stack/neutron/neutron/plugins/ml2/drivers/ovn/mech_driver/ovsdb/maintenance.py:1453}}
Aug 21 10:29:13.739690 np0000007889 devstack@neutron-api.service[87539]: DEBUG futurist.periodics [-] Submitting periodic callback 'neutron.plugins.ml2.drivers.ovn.mech_driver.ovsdb.maintenance.HashRingHealthCheckPeriodics.touch_hash_ring_node' {{(pid=87539) _process_scheduled /opt/stack/data/venv/lib/python3.12/site-packages/futurist/periodics.py:784}}
Aug 21 10:29:13.740078 np0000007889 devstack@neutron-api.service[87539]: DEBUG neutron.plugins.ml2.drivers.ovn.mech_driver.ovsdb.maintenance [-] Touching Hash Ring node "cf264af14cb95e1d8028a379a72cf205" from periodic health check thread {{(pid=87539) touch_hash_ring_node /opt/stack/neutron/neutron/plugins/ml2/drivers/ovn/mech_driver/ovsdb/maintenance.py:1453}}
Aug 21 10:29:13.742947 np0000007889 devstack@neutron-api.service[87538]: DEBUG futurist.periodics [-] Submitting periodic callback 'neutron.plugins.ml2.drivers.ovn.mech_driver.ovsdb.maintenance.HashRingHealthCheckPeriodics.touch_hash_ring_node' {{(pid=87538) _process_scheduled /opt/stack/data/venv/lib/python3.12/site-packages/futurist/periodics.py:784}}
Aug 21 10:29:13.743674 np0000007889 devstack@neutron-api.service[87538]: DEBUG neutron.plugins.ml2.drivers.ovn.mech_driver.ovsdb.maintenance [-] Touching Hash Ring node "96a322242d1454378cf4bd61c6f3ef40" from periodic health check thread {{(pid=87538) touch_hash_ring_node /opt/stack/neutron/neutron/plugins/ml2/drivers/ovn/mech_driver/ovsdb/maintenance.py:1453}}
Aug 21 10:29:22.876368 np0000007889 devstack@neutron-api.service[87540]: DEBUG dbcounter [-] [87540] Writing DB stats neutron:UPDATE=1,neutron:SELECT=1 {{(pid=87540) stat_writer /opt/stack/data/venv/lib/python3.12/site-packages/dbcounter.py:115}}
Aug 21 10:29:23.748428 np0000007889 devstack@neutron-api.service[87539]: DEBUG dbcounter [-] [87539] Writing DB stats neutron:UPDATE=1,neutron:SELECT=1 {{(pid=87539) stat_writer /opt/stack/data/venv/lib/python3.12/site-packages/dbcounter.py:115}}
Aug 21 10:29:23.749771 np0000007889 devstack@neutron-api.service[87538]: DEBUG dbcounter [-] [87538] Writing DB stats neutron:UPDATE=1,neutron:SELECT=1 {{(pid=87538) stat_writer /opt/stack/data/venv/lib/python3.12/site-packages/dbcounter.py:115}}
Aug 21 10:29:27.870040 np0000007889 devstack@neutron-api.service[87540]: DEBUG futurist.periodics [-] Submitting periodic callback 'neutron.plugins.ml2.drivers.ovn.mech_driver.ovsdb.maintenance.HashRingHealthCheckPeriodics.touch_hash_ring_node' {{(pid=87540) _process_scheduled /opt/stack/data/venv/lib/python3.12/site-packages/futurist/periodics.py:784}}
Aug 21 10:29:27.870385 np0000007889 devstack@neutron-api.service[87540]: DEBUG neutron.plugins.ml2.drivers.ovn.mech_driver.ovsdb.maintenance [-] Touching Hash Ring node "e3a0493285c95efa8c5277f51de9d997" from periodic health check thread {{(pid=87540) touch_hash_ring_node /opt/stack/neutron/neutron/plugins/ml2/drivers/ovn/mech_driver/ovsdb/maintenance.py:1453}}
Aug 21 10:29:28.740176 np0000007889 devstack@neutron-api.service[87539]: DEBUG futurist.periodics [-] Submitting periodic callback 'neutron.plugins.ml2.drivers.ovn.mech_driver.ovsdb.maintenance.HashRingHealthCheckPeriodics.touch_hash_ring_node' {{(pid=87539) _process_scheduled /opt/stack/data/venv/lib/python3.12/site-packages/futurist/periodics.py:784}}
Aug 21 10:29:28.740764 np0000007889 devstack@neutron-api.service[87539]: DEBUG neutron.plugins.ml2.drivers.ovn.mech_driver.ovsdb.maintenance [-] Touching Hash Ring node "cf264af14cb95e1d8028a379a72cf205" from periodic health check thread {{(pid=87539) touch_hash_ring_node /opt/stack/neutron/neutron/plugins/ml2/drivers/ovn/mech_driver/ovsdb/maintenance.py:1453}}
Aug 21 10:29:28.743514 np0000007889 devstack@neutron-api.service[87538]: DEBUG futurist.periodics [-] Submitting periodic callback 'neutron.plugins.ml2.drivers.ovn.mech_driver.ovsdb.maintenance.HashRingHealthCheckPeriodics.touch_hash_ring_node' {{(pid=87538) _process_scheduled /opt/stack/data/venv/lib/python3.12/site-packages/futurist/periodics.py:784}}
Aug 21 10:29:28.743958 np0000007889 devstack@neutron-api.service[87538]: DEBUG neutron.plugins.ml2.drivers.ovn.mech_driver.ovsdb.maintenance [-] Touching Hash Ring node "96a322242d1454378cf4bd61c6f3ef40" from periodic health check thread {{(pid=87538) touch_hash_ring_node /opt/stack/neutron/neutron/plugins/ml2/drivers/ovn/mech_driver/ovsdb/maintenance.py:1453}}
Aug 21 10:29:37.875646 np0000007889 devstack@neutron-api.service[87540]: DEBUG dbcounter [-] [87540] Writing DB stats neutron:UPDATE=1,neutron:SELECT=1 {{(pid=87540) stat_writer /opt/stack/data/venv/lib/python3.12/site-packages/dbcounter.py:115}}
Aug 21 10:29:38.745786 np0000007889 devstack@neutron-api.service[87539]: DEBUG dbcounter [-] [87539] Writing DB stats neutron:UPDATE=1,neutron:SELECT=1 {{(pid=87539) stat_writer /opt/stack/data/venv/lib/python3.12/site-packages/dbcounter.py:115}}
Aug 21 10:29:38.749534 np0000007889 devstack@neutron-api.service[87538]: DEBUG dbcounter [-] [87538] Writing DB stats neutron:UPDATE=1,neutron:SELECT=1 {{(pid=87538) stat_writer /opt/stack/data/venv/lib/python3.12/site-packages/dbcounter.py:115}}
Aug 21 10:29:42.870522 np0000007889 devstack@neutron-api.service[87540]: DEBUG futurist.periodics [-] Submitting periodic callback 'neutron.plugins.ml2.drivers.ovn.mech_driver.ovsdb.maintenance.HashRingHealthCheckPeriodics.touch_hash_ring_node' {{(pid=87540) _process_scheduled /opt/stack/data/venv/lib/python3.12/site-packages/futurist/periodics.py:784}}
Aug 21 10:29:42.871061 np0000007889 devstack@neutron-api.service[87540]: DEBUG neutron.plugins.ml2.drivers.ovn.mech_driver.ovsdb.maintenance [-] Touching Hash Ring node "e3a0493285c95efa8c5277f51de9d997" from periodic health check thread {{(pid=87540) touch_hash_ring_node /opt/stack/neutron/neutron/plugins/ml2/drivers/ovn/mech_driver/ovsdb/maintenance.py:1453}}
Aug 21 10:29:43.740746 np0000007889 devstack@neutron-api.service[87539]: DEBUG futurist.periodics [-] Submitting periodic callback 'neutron.plugins.ml2.drivers.ovn.mech_driver.ovsdb.maintenance.HashRingHealthCheckPeriodics.touch_hash_ring_node' {{(pid=87539) _process_scheduled /opt/stack/data/venv/lib/python3.12/site-packages/futurist/periodics.py:784}}
Aug 21 10:29:43.741324 np0000007889 devstack@neutron-api.service[87539]: DEBUG neutron.plugins.ml2.drivers.ovn.mech_driver.ovsdb.maintenance [-] Touching Hash Ring node "cf264af14cb95e1d8028a379a72cf205" from periodic health check thread {{(pid=87539) touch_hash_ring_node /opt/stack/neutron/neutron/plugins/ml2/drivers/ovn/mech_driver/ovsdb/maintenance.py:1453}}
Aug 21 10:29:43.744813 np0000007889 devstack@neutron-api.service[87538]: DEBUG futurist.periodics [-] Submitting periodic callback 'neutron.plugins.ml2.drivers.ovn.mech_driver.ovsdb.maintenance.HashRingHealthCheckPeriodics.touch_hash_ring_node' {{(pid=87538) _process_scheduled /opt/stack/data/venv/lib/python3.12/site-packages/futurist/periodics.py:784}}
Aug 21 10:29:43.745191 np0000007889 devstack@neutron-api.service[87538]: DEBUG neutron.plugins.ml2.drivers.ovn.mech_driver.ovsdb.maintenance [-] Touching Hash Ring node "96a322242d1454378cf4bd61c6f3ef40" from periodic health check thread {{(pid=87538) touch_hash_ring_node /opt/stack/neutron/neutron/plugins/ml2/drivers/ovn/mech_driver/ovsdb/maintenance.py:1453}}
Aug 21 10:29:46.326442 np0000007889 devstack@neutron-api.service[87538]: DEBUG neutron.api.wsgi [None req-5bdb78d4-8a62-4fe3-9cbe-2bffa263ab7e admin admin] Missing Content-Type {{(pid=87538) get_content_type /opt/stack/neutron/neutron/api/wsgi.py:80}}
Aug 21 10:29:46.326905 np0000007889 devstack@neutron-api.service[87538]: DEBUG neutron.api.wsgi [None req-5bdb78d4-8a62-4fe3-9cbe-2bffa263ab7e admin admin] https://10.4.3.211/networking/v2.0/extensions returned with HTTP 200 {{(pid=87538) __call__ /opt/stack/neutron/neutron/api/wsgi.py:540}}
Aug 21 10:29:46.327188 np0000007889 devstack@neutron-api.service[87538]: [pid: 87538|app: 0|req: 11/34] 10.4.3.211 () {64 vars in 1292 bytes} [Fri Aug 21 10:29:46 2026] GET /networking/v2.0/extensions => generated 16171 bytes in 3 msecs (HTTP/1.1 200) 4 headers in 159 bytes (1 switches on core 0)
Aug 21 10:29:46.581389 np0000007889 devstack@neutron-api.service[87540]: INFO neutron.pecan_wsgi.hooks.translation [None req-624ba2e5-d892-431a-82da-037602390ac1 admin admin] GET failed (client error): The resource could not be found.
Aug 21 10:29:46.582064 np0000007889 devstack@neutron-api.service[87540]: [pid: 87540|app: 0|req: 13/35] 10.4.3.211 () {64 vars in 1294 bytes} [Fri Aug 21 10:29:46 2026] GET /networking/v2.0/networks/public => generated 108 bytes in 10 msecs (HTTP/1.1 404) 4 headers in 164 bytes (1 switches on core 0)
Aug 21 10:29:46.621215 np0000007889 devstack@neutron-api.service[87539]: DEBUG neutron.pecan_wsgi.hooks.policy_enforcement [None req-26d5e6a3-2573-47ae-8b1d-25b17261dd3e admin admin] Attributes excluded by policy engine: ['standard_attr_id'] {{(pid=87539) _exclude_attributes_by_policy /opt/stack/neutron/neutron/pecan_wsgi/hooks/policy_enforcement.py:259}}
Aug 21 10:29:46.622250 np0000007889 devstack@neutron-api.service[87539]: [pid: 87539|app: 0|req: 12/36] 10.4.3.211 () {64 vars in 1309 bytes} [Fri Aug 21 10:29:46 2026] GET /networking/v2.0/networks?name=public => generated 759 bytes in 34 msecs (HTTP/1.1 200) 4 headers in 157 bytes (1 switches on core 0)
Aug 21 10:29:46.803133 np0000007889 devstack@neutron-api.service[87538]: DEBUG neutron.api.v2.base [None req-fdb09f38-befe-4b86-9f20-b22791c56a0f admin admin] Request body: {'network': {'name': 'shared', 'shared': True, 'admin_state_up': True}} {{(pid=87538) prepare_request_body /opt/stack/neutron/neutron/api/v2/base.py:727}}
Aug 21 10:29:46.813500 np0000007889 devstack@neutron-api.service[87538]: DEBUG neutron.pecan_wsgi.hooks.quota_enforcement [None req-fdb09f38-befe-4b86-9f20-b22791c56a0f admin admin] Made reservation on behalf of f6cd6e612a27450291cb5adbc1379132 for: {'network': 1} {{(pid=87538) before /opt/stack/neutron/neutron/pecan_wsgi/hooks/quota_enforcement.py:66}}
Aug 21 10:29:46.815764 np0000007889 devstack@neutron-api.service[87538]: DEBUG neutron_lib.callbacks.manager [None req-fdb09f38-befe-4b86-9f20-b22791c56a0f admin admin] Publish callbacks ['neutron.plugins.ml2.plugin.SecurityGroupDbMixin._ensure_default_security_group_handler-338101'] for network (None), before_create {{(pid=87538) _notify_loop /opt/stack/data/venv/lib/python3.12/site-packages/neutron_lib/callbacks/manager.py:184}}
Aug 21 10:29:46.839057 np0000007889 devstack@neutron-api.service[87538]: WARNING neutron.services.revisions.revision_plugin [None req-fdb09f38-befe-4b86-9f20-b22791c56a0f admin admin] Could not find related network for resource to bump revision.
Aug 21 10:29:46.863589 np0000007889 devstack@neutron-api.service[87538]: DEBUG neutron.plugins.ml2.drivers.helpers [None req-fdb09f38-befe-4b86-9f20-b22791c56a0f admin admin] geneve segment allocate from pool success with {'geneve_vni': 11327} {{(pid=87538) allocate_partially_specified_segment /opt/stack/neutron/neutron/plugins/ml2/drivers/helpers.py:142}}
Aug 21 10:29:46.869424 np0000007889 devstack@neutron-api.service[87538]: DEBUG neutron_lib.callbacks.manager [None req-fdb09f38-befe-4b86-9f20-b22791c56a0f admin admin] Publish callbacks ['neutron.plugins.ml2.plugin.Ml2Plugin._handle_segment_change-94697'] for segment (ca58df25-9e61-4cc5-ba7c-fa59b0812b1e), precommit_create {{(pid=87538) _notify_loop /opt/stack/data/venv/lib/python3.12/site-packages/neutron_lib/callbacks/manager.py:184}}
Aug 21 10:29:46.869533 np0000007889 devstack@neutron-api.service[87538]: INFO neutron.db.segments_db [None req-fdb09f38-befe-4b86-9f20-b22791c56a0f admin admin] Added segment ca58df25-9e61-4cc5-ba7c-fa59b0812b1e of type geneve for network 57768123-68b2-4e8b-8596-1a000651b88e
Aug 21 10:29:46.880177 np0000007889 devstack@neutron-api.service[87538]: DEBUG neutron_lib.callbacks.manager [None req-fdb09f38-befe-4b86-9f20-b22791c56a0f admin admin] Publish callbacks ['neutron.services.auto_allocate.db._ensure_external_network_default_value_callback-8194076427798'] for network (57768123-68b2-4e8b-8596-1a000651b88e), precommit_create {{(pid=87538) _notify_loop /opt/stack/data/venv/lib/python3.12/site-packages/neutron_lib/callbacks/manager.py:184}}
Aug 21 10:29:46.889735 np0000007889 devstack@neutron-api.service[87538]: DEBUG neutron.plugins.ml2.drivers.ovn.mech_driver.mech_driver [None req-fdb09f38-befe-4b86-9f20-b22791c56a0f admin admin] Validating network segment with type geneve, segmentation ID 11327, physical network None {{(pid=87538) _validate_network_segments /opt/stack/neutron/neutron/plugins/ml2/drivers/ovn/mech_driver/mech_driver.py:624}}
Aug 21 10:29:46.889891 np0000007889 devstack@neutron-api.service[87538]: DEBUG neutron.db.ovn_revision_numbers_db [None req-fdb09f38-befe-4b86-9f20-b22791c56a0f admin admin] create_initial_revision uuid=57768123-68b2-4e8b-8596-1a000651b88e, type=networks, rev=-1 {{(pid=87538) create_initial_revision /opt/stack/neutron/neutron/db/ovn_revision_numbers_db.py:98}}
Aug 21 10:29:46.895300 np0000007889 devstack@neutron-api.service[87538]: DEBUG neutron_lib.callbacks.manager [None req-fdb09f38-befe-4b86-9f20-b22791c56a0f admin admin] Publish callbacks ['neutron.plugins.ml2.ovo_rpc._ObjectChangeHandler.handle_event-2221409'] for network (57768123-68b2-4e8b-8596-1a000651b88e), after_create {{(pid=87538) _notify_loop /opt/stack/data/venv/lib/python3.12/site-packages/neutron_lib/callbacks/manager.py:184}}
Aug 21 10:29:46.906482 np0000007889 devstack@neutron-api.service[87538]: DEBUG neutron.api.rpc.handlers.resources_rpc [None req-fdb09f38-befe-4b86-9f20-b22791c56a0f admin admin] Pushing event updated for resources: {'Network': ['ID=57768123-68b2-4e8b-8596-1a000651b88e,revision_number=1']} {{(pid=87538) push /opt/stack/neutron/neutron/api/rpc/handlers/resources_rpc.py:237}}
Aug 21 10:29:46.909862 np0000007889 devstack@neutron-api.service[87538]: DEBUG ovsdbapp.backend.ovs_idl.transaction [None req-db4eeaa7-7a13-49bc-9bf3-4701691e751d None None] Running txn 6d942f09 n=1 command(idx=0): CheckLivenessCommand(_result=None) {{(pid=87538) do_commit /opt/stack/data/venv/lib/python3.12/site-packages/ovsdbapp/backend/ovs_idl/transaction.py:91}}
Aug 21 10:29:46.932958 np0000007889 devstack@neutron-api.service[87538]: DEBUG ovsdbapp.backend.ovs_idl.event [None req-016cb9c5-d492-4d54-b0ea-767bd513c673 None None] Matched UPDATE: ChassisAgentWriteEvent(events=('create', 'update'), table='Chassis_Private', conditions=None, old_conditions=None), priority=20 to row=Chassis_Private(uuid=5c8ea098-91b8-4a33-86bf-ff4eaad5ddb6, chassis=5e690572-3dff-4a5c-ab89-59de2de4df5c, external_ids={'neutron:ovn-bridge': 'br-int', 'neutron:ovn-neutron-agent-id': '4c1a47fa-2183-5da4-8713-14e2ba31e707', 'neutron:ovn-neutron-agent-sb-cfg': '1'}, name='c777fced-d27e-4d07-a538-9a5c4c9ac8eb', nb_cfg=2, nb_cfg_timestamp=1787308186928) old=Chassis_Private(uuid=5c8ea098-91b8-4a33-86bf-ff4eaad5ddb6, nb_cfg=1, nb_cfg_timestamp=1787308114512) {{(pid=87538) matches /opt/stack/data/venv/lib/python3.12/site-packages/ovsdbapp/backend/ovs_idl/event.py:55}}
Aug 21 10:29:46.933239 np0000007889 devstack@neutron-api.service[87539]: DEBUG ovsdbapp.backend.ovs_idl.event [None req-b204bf94-eafb-4b95-a862-c6babe2c0ff0 None None] Matched UPDATE: ChassisAgentWriteEvent(events=('create', 'update'), table='Chassis_Private', conditions=None, old_conditions=None), priority=20 to row=Chassis_Private(uuid=5c8ea098-91b8-4a33-86bf-ff4eaad5ddb6, chassis=5e690572-3dff-4a5c-ab89-59de2de4df5c, external_ids={'neutron:ovn-bridge': 'br-int', 'neutron:ovn-neutron-agent-id': '4c1a47fa-2183-5da4-8713-14e2ba31e707', 'neutron:ovn-neutron-agent-sb-cfg': '1'}, name='c777fced-d27e-4d07-a538-9a5c4c9ac8eb', nb_cfg=2, nb_cfg_timestamp=1787308186928) old=Chassis_Private(uuid=5c8ea098-91b8-4a33-86bf-ff4eaad5ddb6, nb_cfg=1, nb_cfg_timestamp=1787308114512) {{(pid=87539) matches /opt/stack/data/venv/lib/python3.12/site-packages/ovsdbapp/backend/ovs_idl/event.py:55}}
Aug 21 10:29:46.933673 np0000007889 devstack@neutron-api.service[87540]: DEBUG ovsdbapp.backend.ovs_idl.event [None req-c52a19f9-ad10-4078-9ba2-e16f3a0cb3c7 None None] Matched UPDATE: ChassisAgentWriteEvent(events=('create', 'update'), table='Chassis_Private', conditions=None, old_conditions=None), priority=20 to row=Chassis_Private(uuid=5c8ea098-91b8-4a33-86bf-ff4eaad5ddb6, chassis=5e690572-3dff-4a5c-ab89-59de2de4df5c, external_ids={'neutron:ovn-bridge': 'br-int', 'neutron:ovn-neutron-agent-id': '4c1a47fa-2183-5da4-8713-14e2ba31e707', 'neutron:ovn-neutron-agent-sb-cfg': '1'}, name='c777fced-d27e-4d07-a538-9a5c4c9ac8eb', nb_cfg=2, nb_cfg_timestamp=1787308186928) old=Chassis_Private(uuid=5c8ea098-91b8-4a33-86bf-ff4eaad5ddb6, nb_cfg=1, nb_cfg_timestamp=1787308114512) {{(pid=87540) matches /opt/stack/data/venv/lib/python3.12/site-packages/ovsdbapp/backend/ovs_idl/event.py:55}}
Aug 21 10:29:46.934845 np0000007889 devstack@neutron-api.service[87538]: DEBUG neutron.common.ovn.hash_ring_manager [None req-db4eeaa7-7a13-49bc-9bf3-4701691e751d None None] Hash Ring loaded. 3 active nodes. 0 offline nodes {{(pid=87538) _load_hash_ring /opt/stack/neutron/neutron/common/ovn/hash_ring_manager.py:110}}
Aug 21 10:29:46.936835 np0000007889 devstack@neutron-api.service[87539]: DEBUG neutron.common.ovn.hash_ring_manager [None req-d4e6ed8e-ab90-4535-aa57-550af758e840 None None] Hash Ring loaded. 3 active nodes. 0 offline nodes {{(pid=87539) _load_hash_ring /opt/stack/neutron/neutron/common/ovn/hash_ring_manager.py:110}}
Aug 21 10:29:46.937011 np0000007889 devstack@neutron-api.service[87539]: DEBUG neutron.plugins.ml2.drivers.ovn.mech_driver.ovsdb.ovsdb_monitor [None req-d4e6ed8e-ab90-4535-aa57-550af758e840 None None] Hash Ring: Node cf264af14cb95e1d8028a379a72cf205 (host: np0000007889) handling event "update" for row 6a8c1021-8c93-4f10-9432-86a48a394dbe (table: NB_Global) {{(pid=87539) notify /opt/stack/neutron/neutron/plugins/ml2/drivers/ovn/mech_driver/ovsdb/ovsdb_monitor.py:1099}}
Aug 21 10:29:46.937746 np0000007889 devstack@neutron-api.service[87539]: DEBUG neutron.plugins.ml2.drivers.ovn.mech_driver.ovsdb.ovsdb_monitor [None req-d4e6ed8e-ab90-4535-aa57-550af758e840 None None] Hash Ring: Node cf264af14cb95e1d8028a379a72cf205 (host: np0000007889) handling event "update" for row 6a8c1021-8c93-4f10-9432-86a48a394dbe (table: NB_Global) {{(pid=87539) notify /opt/stack/neutron/neutron/plugins/ml2/drivers/ovn/mech_driver/ovsdb/ovsdb_monitor.py:1099}}
Aug 21 10:29:46.937900 np0000007889 devstack@neutron-api.service[87538]: DEBUG ovsdbapp.backend.ovs_idl.transaction [None req-db4eeaa7-7a13-49bc-9bf3-4701691e751d None None] txn 6d942f09 succeeded {{(pid=87538) do_commit /opt/stack/data/venv/lib/python3.12/site-packages/ovsdbapp/backend/ovs_idl/transaction.py:137}}
Aug 21 10:29:46.938065 np0000007889 devstack@neutron-api.service[87540]: DEBUG neutron.common.ovn.hash_ring_manager [None req-882a17ac-ce57-42c2-b0b1-71cca87ab467 None None] Hash Ring loaded. 3 active nodes. 0 offline nodes {{(pid=87540) _load_hash_ring /opt/stack/neutron/neutron/common/ovn/hash_ring_manager.py:110}}
Aug 21 10:29:46.938343 np0000007889 devstack@neutron-api.service[87539]: DEBUG neutron.plugins.ml2.drivers.ovn.mech_driver.ovsdb.ovsdb_monitor [None req-d4e6ed8e-ab90-4535-aa57-550af758e840 None None] Hash Ring: Node cf264af14cb95e1d8028a379a72cf205 (host: np0000007889) handling event "update" for row 6a8c1021-8c93-4f10-9432-86a48a394dbe (table: NB_Global) {{(pid=87539) notify /opt/stack/neutron/neutron/plugins/ml2/drivers/ovn/mech_driver/ovsdb/ovsdb_monitor.py:1099}}
Aug 21 10:29:46.938862 np0000007889 devstack@neutron-api.service[87539]: DEBUG neutron.plugins.ml2.drivers.ovn.mech_driver.ovsdb.ovsdb_monitor [None req-d4e6ed8e-ab90-4535-aa57-550af758e840 None None] Hash Ring: Node cf264af14cb95e1d8028a379a72cf205 (host: np0000007889) handling event "update" for row 6a8c1021-8c93-4f10-9432-86a48a394dbe (table: NB_Global) {{(pid=87539) notify /opt/stack/neutron/neutron/plugins/ml2/drivers/ovn/mech_driver/ovsdb/ovsdb_monitor.py:1099}}
Aug 21 10:29:46.939443 np0000007889 devstack@neutron-api.service[87540]: DEBUG neutron.common.ovn.hash_ring_manager [None req-c52a19f9-ad10-4078-9ba2-e16f3a0cb3c7 None None] Hash Ring loaded. 3 active nodes. 0 offline nodes {{(pid=87540) _load_hash_ring /opt/stack/neutron/neutron/common/ovn/hash_ring_manager.py:110}}
Aug 21 10:29:46.939673 np0000007889 devstack@neutron-api.service[87540]: DEBUG neutron.plugins.ml2.drivers.ovn.mech_driver.ovsdb.ovsdb_monitor [None req-c52a19f9-ad10-4078-9ba2-e16f3a0cb3c7 None None] Hash Ring: Node e3a0493285c95efa8c5277f51de9d997 (host: np0000007889) handling event "update" for row 5c8ea098-91b8-4a33-86bf-ff4eaad5ddb6 (table: Chassis_Private) {{(pid=87540) notify /opt/stack/neutron/neutron/plugins/ml2/drivers/ovn/mech_driver/ovsdb/ovsdb_monitor.py:1099}}
Aug 21 10:29:46.939810 np0000007889 devstack@neutron-api.service[87538]: DEBUG neutron.api.rpc.callbacks.version_manager [None req-fdb09f38-befe-4b86-9f20-b22791c56a0f admin admin] Tracked resource versions report:
Aug 21 10:29:46.939810 np0000007889 devstack@neutron-api.service[87538]: pushed versions:
Aug 21 10:29:46.939810 np0000007889 devstack@neutron-api.service[87538]: { 'AddressGroup': {'1.2'},
Aug 21 10:29:46.939810 np0000007889 devstack@neutron-api.service[87538]: 'Agent': {'1.1'},
Aug 21 10:29:46.939810 np0000007889 devstack@neutron-api.service[87538]: 'ConntrackHelper': {'1.0'},
Aug 21 10:29:46.939810 np0000007889 devstack@neutron-api.service[87538]: 'LocalIPAssociation': {'1.0'},
Aug 21 10:29:46.939810 np0000007889 devstack@neutron-api.service[87538]: 'Log': {'1.0'},
Aug 21 10:29:46.939810 np0000007889 devstack@neutron-api.service[87538]: 'NDPProxy': {'1.0'},
Aug 21 10:29:46.939810 np0000007889 devstack@neutron-api.service[87538]: 'Network': {'1.3'},
Aug 21 10:29:46.939810 np0000007889 devstack@neutron-api.service[87538]: 'Port': {'1.11'},
Aug 21 10:29:46.939810 np0000007889 devstack@neutron-api.service[87538]: 'PortForwarding': {'1.3'},
Aug 21 10:29:46.939810 np0000007889 devstack@neutron-api.service[87538]: 'QosPolicy': {'1.10'},
Aug 21 10:29:46.939810 np0000007889 devstack@neutron-api.service[87538]: 'SecurityGroup': {'1.6'},
Aug 21 10:29:46.939810 np0000007889 devstack@neutron-api.service[87538]: 'SecurityGroupRule': {'1.3'},
Aug 21 10:29:46.939810 np0000007889 devstack@neutron-api.service[87538]: 'SubPort': {'1.0'},
Aug 21 10:29:46.939810 np0000007889 devstack@neutron-api.service[87538]: 'Subnet': {'1.2'},
Aug 21 10:29:46.939810 np0000007889 devstack@neutron-api.service[87538]: 'Trunk': {'1.1'}}
Aug 21 10:29:46.939810 np0000007889 devstack@neutron-api.service[87538]: consumer versions:
Aug 21 10:29:46.939810 np0000007889 devstack@neutron-api.service[87538]: { OVN Controller Gateway agent@np0000007889: {},
Aug 21 10:29:46.939810 np0000007889 devstack@neutron-api.service[87538]: OVN Neutron agent@np0000007889: {}}
Aug 21 10:29:46.939810 np0000007889 devstack@neutron-api.service[87538]: {{(pid=87538) report /opt/stack/neutron/neutron/api/rpc/callbacks/version_manager.py:183}}
Aug 21 10:29:46.946872 np0000007889 devstack@neutron-api.service[87538]: DEBUG neutron.common.ovn.hash_ring_manager [None req-016cb9c5-d492-4d54-b0ea-767bd513c673 None None] Hash Ring loaded. 3 active nodes. 0 offline nodes {{(pid=87538) _load_hash_ring /opt/stack/neutron/neutron/common/ovn/hash_ring_manager.py:110}}
Aug 21 10:29:46.950282 np0000007889 devstack@neutron-api.service[87538]: DEBUG ovsdbapp.backend.ovs_idl.transaction [None req-db4eeaa7-7a13-49bc-9bf3-4701691e751d None None] Running txn 64a39a42 n=1 command(idx=0): AddNetworkCommand(_result=None, network_uuid=57768123-68b2-4e8b-8596-1a000651b88e, may_exist=True, columns={'external_ids': {'neutron:network_name': 'shared', 'neutron:mtu': '1372', 'neutron:revision_number': '1', 'neutron:availability_zone_hints': '', 'neutron:provnet-network-type': 'geneve'}, 'other_config': {'mcast_snoop': 'false', 'mcast_flood_unregistered': 'false', 'vlan-passthru': 'false'}}) {{(pid=87538) do_commit /opt/stack/data/venv/lib/python3.12/site-packages/ovsdbapp/backend/ovs_idl/transaction.py:91}}
Aug 21 10:29:46.952382 np0000007889 devstack@neutron-api.service[87538]: DEBUG ovsdbapp.backend.ovs_idl.transaction [None req-db4eeaa7-7a13-49bc-9bf3-4701691e751d None None] txn 64a39a42 succeeded {{(pid=87538) do_commit /opt/stack/data/venv/lib/python3.12/site-packages/ovsdbapp/backend/ovs_idl/transaction.py:137}}
Aug 21 10:29:46.953750 np0000007889 devstack@neutron-api.service[87540]: DEBUG neutron.plugins.ml2.drivers.ovn.mech_driver.ovsdb.ovsdb_monitor [None req-882a17ac-ce57-42c2-b0b1-71cca87ab467 None None] Hash Ring: Node e3a0493285c95efa8c5277f51de9d997 (host: np0000007889) handling event "create" for row 57768123-68b2-4e8b-8596-1a000651b88e (table: Logical_Switch) {{(pid=87540) notify /opt/stack/neutron/neutron/plugins/ml2/drivers/ovn/mech_driver/ovsdb/ovsdb_monitor.py:1099}}
Aug 21 10:29:46.968853 np0000007889 devstack@neutron-api.service[87539]: DEBUG neutron.common.ovn.hash_ring_manager [None req-b204bf94-eafb-4b95-a862-c6babe2c0ff0 None None] Hash Ring loaded. 3 active nodes. 0 offline nodes {{(pid=87539) _load_hash_ring /opt/stack/neutron/neutron/common/ovn/hash_ring_manager.py:110}}
Aug 21 10:29:46.969628 np0000007889 devstack@neutron-api.service[87539]: DEBUG neutron.plugins.ml2.drivers.ovn.mech_driver.ovsdb.ovsdb_monitor [None req-b204bf94-eafb-4b95-a862-c6babe2c0ff0 None None] Hash Ring: Node cf264af14cb95e1d8028a379a72cf205 (host: np0000007889) handling event "create" for row f754dcfd-fb86-450d-87d4-5bedcd3a6828 (table: Datapath_Binding) {{(pid=87539) notify /opt/stack/neutron/neutron/plugins/ml2/drivers/ovn/mech_driver/ovsdb/ovsdb_monitor.py:1099}}
Aug 21 10:29:46.973372 np0000007889 devstack@neutron-api.service[87538]: INFO neutron.db.ovn_revision_numbers_db [None req-fdb09f38-befe-4b86-9f20-b22791c56a0f admin admin] Successfully bumped revision number for resource 57768123-68b2-4e8b-8596-1a000651b88e (type: networks) to 1
Aug 21 10:29:46.983763 np0000007889 devstack@neutron-api.service[87538]: DEBUG neutron_lib.callbacks.manager [None req-fdb09f38-befe-4b86-9f20-b22791c56a0f admin admin] Publish callbacks ['neutron.plugins.ml2.plugin.SecurityGroupDbMixin._ensure_default_security_group_handler-338101'] for port (None), before_create {{(pid=87538) _notify_loop /opt/stack/data/venv/lib/python3.12/site-packages/neutron_lib/callbacks/manager.py:184}}
Aug 21 10:29:47.034332 np0000007889 devstack@neutron-api.service[87538]: DEBUG neutron_lib.callbacks.manager [None req-fdb09f38-befe-4b86-9f20-b22791c56a0f admin admin] Publish callbacks ['neutron.plugins.ml2.drivers.ovn.mech_driver.mech_driver.OVNMechanismDriver._validate_allowed_address_pairs-915093'] for allowed_address_pair (b13a5f0d-f35b-4364-9e1b-525a4b99f90b), before_create {{(pid=87538) _notify_loop /opt/stack/data/venv/lib/python3.12/site-packages/neutron_lib/callbacks/manager.py:184}}
Aug 21 10:29:47.034808 np0000007889 devstack@neutron-api.service[87538]: DEBUG neutron_lib.callbacks.manager [None req-fdb09f38-befe-4b86-9f20-b22791c56a0f admin admin] Publish callbacks [] for port (b13a5f0d-f35b-4364-9e1b-525a4b99f90b), precommit_create {{(pid=87538) _notify_loop /opt/stack/data/venv/lib/python3.12/site-packages/neutron_lib/callbacks/manager.py:184}}
Aug 21 10:29:47.034967 np0000007889 devstack@neutron-api.service[87538]: DEBUG neutron.plugins.ml2.drivers.ovn.mech_driver.mech_driver [None req-fdb09f38-befe-4b86-9f20-b22791c56a0f admin admin] No provisioning block for port b13a5f0d-f35b-4364-9e1b-525a4b99f90b since it does not have a host {{(pid=87538) _is_port_provisioning_required /opt/stack/neutron/neutron/plugins/ml2/drivers/ovn/mech_driver/mech_driver.py:877}}
Aug 21 10:29:47.035067 np0000007889 devstack@neutron-api.service[87538]: DEBUG neutron.db.ovn_revision_numbers_db [None req-fdb09f38-befe-4b86-9f20-b22791c56a0f admin admin] create_initial_revision uuid=b13a5f0d-f35b-4364-9e1b-525a4b99f90b, type=ports, rev=-1 {{(pid=87538) create_initial_revision /opt/stack/neutron/neutron/db/ovn_revision_numbers_db.py:98}}
Aug 21 10:29:47.059077 np0000007889 devstack@neutron-api.service[87538]: DEBUG neutron_lib.callbacks.manager [None req-fdb09f38-befe-4b86-9f20-b22791c56a0f admin admin] Publish callbacks ['neutron.plugins.ml2.ovo_rpc._ObjectChangeHandler.handle_event-2221401'] for port (b13a5f0d-f35b-4364-9e1b-525a4b99f90b), after_create {{(pid=87538) _notify_loop /opt/stack/data/venv/lib/python3.12/site-packages/neutron_lib/callbacks/manager.py:184}}
Aug 21 10:29:47.086396 np0000007889 devstack@neutron-api.service[87538]: DEBUG neutron.api.rpc.handlers.resources_rpc [None req-fdb09f38-befe-4b86-9f20-b22791c56a0f admin admin] Pushing event updated for resources: {'Port': ['ID=b13a5f0d-f35b-4364-9e1b-525a4b99f90b,revision_number=1']} {{(pid=87538) push /opt/stack/neutron/neutron/api/rpc/handlers/resources_rpc.py:237}}
Aug 21 10:29:47.092003 np0000007889 devstack@neutron-api.service[87538]: DEBUG neutron.plugins.ml2.drivers.ovn.mech_driver.ovsdb.commands [None req-fdb09f38-befe-4b86-9f20-b22791c56a0f admin admin] Converting tag [] to a tag_request {{(pid=87538) _tag_column_to_tag_request /opt/stack/neutron/neutron/plugins/ml2/drivers/ovn/mech_driver/ovsdb/commands.py:227}}
Aug 21 10:29:47.092466 np0000007889 devstack@neutron-api.service[87538]: DEBUG ovsdbapp.backend.ovs_idl.transaction [None req-db4eeaa7-7a13-49bc-9bf3-4701691e751d None None] Running txn 5de04913 n=1 command(idx=0): AddLSwitchPortCommand(_result=None, lport=b13a5f0d-f35b-4364-9e1b-525a4b99f90b, lswitch=neutron-57768123-68b2-4e8b-8596-1a000651b88e, may_exist=True, network_uuid=57768123-68b2-4e8b-8596-1a000651b88e, columns={'addresses': ['fa:16:3e:3d:98:52'], 'external_ids': {'neutron:port_name': '', 'neutron:device_id': 'ovnmeta-57768123-68b2-4e8b-8596-1a000651b88e', 'neutron:project_id': 'f6cd6e612a27450291cb5adbc1379132', 'neutron:cidrs': '', 'neutron:device_owner': 'network:distributed', 'neutron:subnet_pool_addr_scope4': '', 'neutron:subnet_pool_addr_scope6': '', 'neutron:network_name': 'neutron-57768123-68b2-4e8b-8596-1a000651b88e', 'neutron:security_group_ids': '', 'neutron:revision_number': '1', 'neutron:vnic_type': 'normal', 'neutron:port_capabilities': '', 'neutron:mtu': '1372'}, 'parent_name': [], 'enabled': True, 'options': {}, 'type': 'localport', 'port_security': [], 'dhcpv4_options': [], 'dhcpv6_options': [], 'tag_request': []}) {{(pid=87538) do_commit /opt/stack/data/venv/lib/python3.12/site-packages/ovsdbapp/backend/ovs_idl/transaction.py:91}}
Aug 21 10:29:47.092886 np0000007889 devstack@neutron-api.service[87538]: DEBUG ovsdbapp.backend.ovs_idl.transaction [None req-db4eeaa7-7a13-49bc-9bf3-4701691e751d None None] Running txn 5de04913 n=1 command(idx=1): QoSDelCommand(_result=None, switch=neutron-57768123-68b2-4e8b-8596-1a000651b88e, conditions=[('direction', '=', 'to-lport'), ('priority', '=', 2002), ('match', '=', 'outport == "b13a5f0d-f35b-4364-9e1b-525a4b99f90b"')], if_exists=True) {{(pid=87538) do_commit /opt/stack/data/venv/lib/python3.12/site-packages/ovsdbapp/backend/ovs_idl/transaction.py:91}}
Aug 21 10:29:47.093055 np0000007889 devstack@neutron-api.service[87538]: DEBUG ovsdbapp.backend.ovs_idl.transaction [None req-db4eeaa7-7a13-49bc-9bf3-4701691e751d None None] Running txn 5de04913 n=1 command(idx=2): QoSDelCommand(_result=None, switch=neutron-57768123-68b2-4e8b-8596-1a000651b88e, conditions=[('direction', '=', 'from-lport'), ('priority', '=', 2002), ('match', '=', 'inport == "b13a5f0d-f35b-4364-9e1b-525a4b99f90b"')], if_exists=True) {{(pid=87538) do_commit /opt/stack/data/venv/lib/python3.12/site-packages/ovsdbapp/backend/ovs_idl/transaction.py:91}}
Aug 21 10:29:47.095352 np0000007889 devstack@neutron-api.service[87538]: DEBUG ovsdbapp.backend.ovs_idl.transaction [None req-db4eeaa7-7a13-49bc-9bf3-4701691e751d None None] txn 5de04913 succeeded {{(pid=87538) do_commit /opt/stack/data/venv/lib/python3.12/site-packages/ovsdbapp/backend/ovs_idl/transaction.py:137}}
Aug 21 10:29:47.099033 np0000007889 devstack@neutron-api.service[87540]: DEBUG neutron.plugins.ml2.drivers.ovn.mech_driver.ovsdb.ovsdb_monitor [None req-c52a19f9-ad10-4078-9ba2-e16f3a0cb3c7 None None] Hash Ring: Node e3a0493285c95efa8c5277f51de9d997 (host: np0000007889) handling event "create" for row c1ae4b69-5eaa-4c3e-9b8a-5ca110cd3e75 (table: Port_Binding) {{(pid=87540) notify /opt/stack/neutron/neutron/plugins/ml2/drivers/ovn/mech_driver/ovsdb/ovsdb_monitor.py:1099}}
