Jul 19 02:10:11.088507 np0000005414 devstack@g-api.service[99796]: DEBUG glance_store.location [-] Registering scheme https with {'store': , 'location_class': , 'store_entry': 'http'} {{(pid=99796) register_scheme_map /opt/stack/data/venv/lib/python3.12/site-packages/glance_store/location.py:146}}
Jul 19 02:10:11.088586 np0000005414 devstack@g-api.service[99796]: DEBUG glance_store.backend [-] Attempting to import store swift {{(pid=99796) _load_store /opt/stack/data/venv/lib/python3.12/site-packages/glance_store/backend.py:215}}
Jul 19 02:10:11.088849 np0000005414 devstack@g-api.service[99796]: WARNING oslo_config.cfg [-] Deprecated: Option "default_store" from group "glance_store" is deprecated for removal (
Jul 19 02:10:11.088849 np0000005414 devstack@g-api.service[99796]: This option is deprecated against new config option
Jul 19 02:10:11.088849 np0000005414 devstack@g-api.service[99796]: ``default_backend`` which acts similar to ``default_store`` config
Jul 19 02:10:11.088849 np0000005414 devstack@g-api.service[99796]: option.
Jul 19 02:10:11.088849 np0000005414 devstack@g-api.service[99796]: This option is scheduled for removal in the U development
Jul 19 02:10:11.088849 np0000005414 devstack@g-api.service[99796]: cycle.
Jul 19 02:10:11.088849 np0000005414 devstack@g-api.service[99796]: ). Its value may be silently ignored in the future.
Jul 19 02:10:11.090560 np0000005414 devstack@g-api.service[99796]: DEBUG glance_store.capabilities [-] Store glance_store._drivers.swift.store.SingleTenantStore doesn't support updating dynamic storage capabilities. Please overwrite 'update_capabilities' method of the store to implement updating logics if needed. {{(pid=99796) update_capabilities /opt/stack/data/venv/lib/python3.12/site-packages/glance_store/capabilities.py:91}}
Jul 19 02:10:11.090653 np0000005414 devstack@g-api.service[99796]: DEBUG glance_store.backend [-] Registering store swift with schemes ('swift+https', 'swift', 'swift+http', 'swift+config') {{(pid=99796) create_stores /opt/stack/data/venv/lib/python3.12/site-packages/glance_store/backend.py:261}}
Jul 19 02:10:11.090753 np0000005414 devstack@g-api.service[99796]: DEBUG glance_store.driver [-] Late loading location class glance_store._drivers.swift.store.StoreLocation {{(pid=99796) get_store_location_class /opt/stack/data/venv/lib/python3.12/site-packages/glance_store/driver.py:134}}
Jul 19 02:10:11.090849 np0000005414 devstack@g-api.service[99796]: DEBUG glance_store.location [-] Registering scheme swift+https with {'store': , 'location_class': , 'store_entry': 'swift'} {{(pid=99796) register_scheme_map /opt/stack/data/venv/lib/python3.12/site-packages/glance_store/location.py:146}}
Jul 19 02:10:11.090925 np0000005414 devstack@g-api.service[99796]: DEBUG glance_store.location [-] Registering scheme swift with {'store': , 'location_class': , 'store_entry': 'swift'} {{(pid=99796) register_scheme_map /opt/stack/data/venv/lib/python3.12/site-packages/glance_store/location.py:146}}
Jul 19 02:10:11.091007 np0000005414 devstack@g-api.service[99796]: DEBUG glance_store.location [-] Registering scheme swift+http with {'store': , 'location_class': , 'store_entry': 'swift'} {{(pid=99796) register_scheme_map /opt/stack/data/venv/lib/python3.12/site-packages/glance_store/location.py:146}}
Jul 19 02:10:11.091090 np0000005414 devstack@g-api.service[99796]: DEBUG glance_store.location [-] Registering scheme swift+config with {'store': , 'location_class': , 'store_entry': 'swift'} {{(pid=99796) register_scheme_map /opt/stack/data/venv/lib/python3.12/site-packages/glance_store/location.py:146}}
Jul 19 02:10:11.091243 np0000005414 devstack@g-api.service[99796]: DEBUG glance_store.backend [-] Attempting to import store swift {{(pid=99796) _load_store /opt/stack/data/venv/lib/python3.12/site-packages/glance_store/backend.py:215}}
Jul 19 02:10:11.092931 np0000005414 devstack@g-api.service[99796]: DEBUG glance_store.capabilities [-] Store glance_store._drivers.swift.store.SingleTenantStore doesn't support updating dynamic storage capabilities. Please overwrite 'update_capabilities' method of the store to implement updating logics if needed. {{(pid=99796) update_capabilities /opt/stack/data/venv/lib/python3.12/site-packages/glance_store/capabilities.py:91}}
Jul 19 02:10:11.093020 np0000005414 devstack@g-api.service[99796]: DEBUG glance_store.driver [-] Late loading location class glance_store._drivers.swift.store.StoreLocation {{(pid=99796) get_store_location_class /opt/stack/data/venv/lib/python3.12/site-packages/glance_store/driver.py:134}}
Jul 19 02:10:11.093108 np0000005414 devstack@g-api.service[99796]: DEBUG glance_store.location [-] Registering scheme swift+https with {'store': , 'location_class': , 'store_entry': 'swift'} {{(pid=99796) register_scheme_map /opt/stack/data/venv/lib/python3.12/site-packages/glance_store/location.py:146}}
Jul 19 02:10:11.093182 np0000005414 devstack@g-api.service[99796]: DEBUG glance_store.location [-] Registering scheme swift+https with {'store': , 'location_class': , 'store_entry': 'swift'} {{(pid=99796) register_scheme_map /opt/stack/data/venv/lib/python3.12/site-packages/glance_store/location.py:146}}
Jul 19 02:10:11.093268 np0000005414 devstack@g-api.service[99796]: DEBUG glance_store.location [-] Registering scheme swift with {'store': , 'location_class': , 'store_entry': 'swift'} {{(pid=99796) register_scheme_map /opt/stack/data/venv/lib/python3.12/site-packages/glance_store/location.py:146}}
Jul 19 02:10:11.093358 np0000005414 devstack@g-api.service[99796]: DEBUG glance_store.location [-] Registering scheme swift+https with {'store': , 'location_class': , 'store_entry': 'swift'} {{(pid=99796) register_scheme_map /opt/stack/data/venv/lib/python3.12/site-packages/glance_store/location.py:146}}
Jul 19 02:10:11.093442 np0000005414 devstack@g-api.service[99796]: DEBUG glance_store.location [-] Registering scheme swift with {'store': , 'location_class': , 'store_entry': 'swift'} {{(pid=99796) register_scheme_map /opt/stack/data/venv/lib/python3.12/site-packages/glance_store/location.py:146}}
Jul 19 02:10:11.093526 np0000005414 devstack@g-api.service[99796]: DEBUG glance_store.location [-] Registering scheme swift+http with {'store': , 'location_class': , 'store_entry': 'swift'} {{(pid=99796) register_scheme_map /opt/stack/data/venv/lib/python3.12/site-packages/glance_store/location.py:146}}
Jul 19 02:10:11.093605 np0000005414 devstack@g-api.service[99796]: DEBUG glance_store.location [-] Registering scheme swift+https with {'store': , 'location_class': , 'store_entry': 'swift'} {{(pid=99796) register_scheme_map /opt/stack/data/venv/lib/python3.12/site-packages/glance_store/location.py:146}}
Jul 19 02:10:11.093701 np0000005414 devstack@g-api.service[99796]: DEBUG glance_store.location [-] Registering scheme swift with {'store': , 'location_class': , 'store_entry': 'swift'} {{(pid=99796) register_scheme_map /opt/stack/data/venv/lib/python3.12/site-packages/glance_store/location.py:146}}
Jul 19 02:10:11.093786 np0000005414 devstack@g-api.service[99796]: DEBUG glance_store.location [-] Registering scheme swift+http with {'store': , 'location_class': , 'store_entry': 'swift'} {{(pid=99796) register_scheme_map /opt/stack/data/venv/lib/python3.12/site-packages/glance_store/location.py:146}}
Jul 19 02:10:11.093869 np0000005414 devstack@g-api.service[99796]: DEBUG glance_store.location [-] Registering scheme swift+config with {'store': , 'location_class': , 'store_entry': 'swift'} {{(pid=99796) register_scheme_map /opt/stack/data/venv/lib/python3.12/site-packages/glance_store/location.py:146}}
Jul 19 02:10:11.094220 np0000005414 devstack@g-api.service[99796]: DEBUG glance.sqlite_migration [-] SQLite caching database not located, skipping migration {{(pid=99796) get_db_path /opt/stack/glance/glance/sqlite_migration.py:68}}
Jul 19 02:10:11.094473 np0000005414 devstack@g-api.service[99796]: WARNING glance.common.wsgi_app [-] Import methods are enabled but staging directory /tmp/staging/ does not exist; Imports will fail!
Jul 19 02:10:11.211611 np0000005414 devstack@g-api.service[99795]: DEBUG glance.common.config [None req-bcef70e1-e4ae-4689-93a7-c9c8723ab00d None None] Loading glance-api-keystone+cachemanagement from /etc/glance/glance-api-paste.ini {{(pid=99795) load_paste_app /opt/stack/glance/glance/common/config.py:765}}
Jul 19 02:10:11.217578 np0000005414 devstack@g-api.service[99794]: DEBUG glance.common.config [None req-e1a55669-5e68-4a21-aea1-c01cd0c05aaa None None] Loading glance-api-keystone+cachemanagement from /etc/glance/glance-api-paste.ini {{(pid=99794) load_paste_app /opt/stack/glance/glance/common/config.py:765}}
Jul 19 02:10:11.274086 np0000005414 devstack@g-api.service[99796]: DEBUG glance.common.config [None req-f52546c5-5ed3-4961-b4a5-b3452ddc3a15 None None] Loading glance-api-keystone+cachemanagement from /etc/glance/glance-api-paste.ini {{(pid=99796) load_paste_app /opt/stack/glance/glance/common/config.py:765}}
Jul 19 02:10:11.848603 np0000005414 devstack@g-api.service[99795]: INFO glance.image_cache [None req-bcef70e1-e4ae-4689-93a7-c9c8723ab00d None None] Image cache loaded driver 'centralized_db'.
Jul 19 02:10:11.849439 np0000005414 devstack@g-api.service[99794]: INFO glance.image_cache [None req-e1a55669-5e68-4a21-aea1-c01cd0c05aaa None None] Image cache loaded driver 'centralized_db'.
Jul 19 02:10:11.851056 np0000005414 devstack@g-api.service[99796]: INFO glance.image_cache [None req-f52546c5-5ed3-4961-b4a5-b3452ddc3a15 None None] Image cache loaded driver 'centralized_db'.
Jul 19 02:10:11.897708 np0000005414 devstack@g-api.service[99794]: INFO dbcounter [None req-e1a55669-5e68-4a21-aea1-c01cd0c05aaa None None] Registered counter for database glance
Jul 19 02:10:11.900059 np0000005414 devstack@g-api.service[99795]: INFO dbcounter [None req-bcef70e1-e4ae-4689-93a7-c9c8723ab00d None None] Registered counter for database glance
Jul 19 02:10:11.904087 np0000005414 devstack@g-api.service[99796]: INFO dbcounter [None req-f52546c5-5ed3-4961-b4a5-b3452ddc3a15 None None] Registered counter for database glance
Jul 19 02:10:11.937142 np0000005414 devstack@g-api.service[99794]: DEBUG oslo_db.sqlalchemy.engines [None req-e1a55669-5e68-4a21-aea1-c01cd0c05aaa None None] MySQL server mode set to STRICT_TRANS_TABLES,STRICT_ALL_TABLES,NO_ZERO_IN_DATE,NO_ZERO_DATE,ERROR_FOR_DIVISION_BY_ZERO,TRADITIONAL,NO_ENGINE_SUBSTITUTION {{(pid=99794) _check_effective_sql_mode /opt/stack/data/venv/lib/python3.12/site-packages/oslo_db/sqlalchemy/engines.py:325}}
Jul 19 02:10:11.941723 np0000005414 devstack@g-api.service[99795]: DEBUG oslo_db.sqlalchemy.engines [None req-bcef70e1-e4ae-4689-93a7-c9c8723ab00d None None] MySQL server mode set to STRICT_TRANS_TABLES,STRICT_ALL_TABLES,NO_ZERO_IN_DATE,NO_ZERO_DATE,ERROR_FOR_DIVISION_BY_ZERO,TRADITIONAL,NO_ENGINE_SUBSTITUTION {{(pid=99795) _check_effective_sql_mode /opt/stack/data/venv/lib/python3.12/site-packages/oslo_db/sqlalchemy/engines.py:325}}
Jul 19 02:10:11.947750 np0000005414 devstack@g-api.service[99796]: DEBUG oslo_db.sqlalchemy.engines [None req-f52546c5-5ed3-4961-b4a5-b3452ddc3a15 None None] MySQL server mode set to STRICT_TRANS_TABLES,STRICT_ALL_TABLES,NO_ZERO_IN_DATE,NO_ZERO_DATE,ERROR_FOR_DIVISION_BY_ZERO,TRADITIONAL,NO_ENGINE_SUBSTITUTION {{(pid=99796) _check_effective_sql_mode /opt/stack/data/venv/lib/python3.12/site-packages/oslo_db/sqlalchemy/engines.py:325}}
Jul 19 02:10:11.958406 np0000005414 devstack@g-api.service[99794]: DEBUG dbcounter [-] [99794] Writer thread running {{(pid=99794) stat_writer /opt/stack/data/venv/lib/python3.12/site-packages/dbcounter.py:102}}
Jul 19 02:10:11.965393 np0000005414 devstack@g-api.service[99795]: DEBUG dbcounter [-] [99795] Writer thread running {{(pid=99795) stat_writer /opt/stack/data/venv/lib/python3.12/site-packages/dbcounter.py:102}}
Jul 19 02:10:11.970226 np0000005414 devstack@g-api.service[99796]: DEBUG dbcounter [-] [99796] Writer thread running {{(pid=99796) stat_writer /opt/stack/data/venv/lib/python3.12/site-packages/dbcounter.py:102}}
Jul 19 02:10:11.983057 np0000005414 devstack@g-api.service[99796]: DEBUG glance.image_cache.drivers.centralized_db [None req-f52546c5-5ed3-4961-b4a5-b3452ddc3a15 None None] Node reference is already recorded, ignoring it {{(pid=99796) configure /opt/stack/glance/glance/image_cache/drivers/centralized_db.py:71}}
Jul 19 02:10:11.983197 np0000005414 devstack@g-api.service[99795]: DEBUG glance.image_cache.drivers.centralized_db [None req-bcef70e1-e4ae-4689-93a7-c9c8723ab00d None None] Node reference is already recorded, ignoring it {{(pid=99795) configure /opt/stack/glance/glance/image_cache/drivers/centralized_db.py:71}}
Jul 19 02:10:12.071088 np0000005414 devstack@g-api.service[99794]: INFO glance.image_cache [None req-e1a55669-5e68-4a21-aea1-c01cd0c05aaa None None] Image cache loaded driver 'centralized_db'.
Jul 19 02:10:12.078679 np0000005414 devstack@g-api.service[99794]: DEBUG glance.image_cache.drivers.centralized_db [None req-e1a55669-5e68-4a21-aea1-c01cd0c05aaa None None] Node reference is already recorded, ignoring it {{(pid=99794) configure /opt/stack/glance/glance/image_cache/drivers/centralized_db.py:71}}
Jul 19 02:10:12.084313 np0000005414 devstack@g-api.service[99794]: DEBUG glance.api.v2.cached_images [None req-e1a55669-5e68-4a21-aea1-c01cd0c05aaa None None] Started cache worker thread {{(pid=99794) __init__ /opt/stack/glance/glance/api/v2/cached_images.py:71}}
Jul 19 02:10:12.085143 np0000005414 devstack@g-api.service[99794]: INFO glance.image_cache [None req-e1a55669-5e68-4a21-aea1-c01cd0c05aaa None None] Image cache loaded driver 'centralized_db'.
Jul 19 02:10:12.086930 np0000005414 devstack@g-api.service[99795]: INFO glance.image_cache [None req-bcef70e1-e4ae-4689-93a7-c9c8723ab00d None None] Image cache loaded driver 'centralized_db'.
Jul 19 02:10:12.088495 np0000005414 devstack@g-api.service[99796]: INFO glance.image_cache [None req-f52546c5-5ed3-4961-b4a5-b3452ddc3a15 None None] Image cache loaded driver 'centralized_db'.
Jul 19 02:10:12.092846 np0000005414 devstack@g-api.service[99794]: DEBUG glance.image_cache.drivers.centralized_db [None req-e1a55669-5e68-4a21-aea1-c01cd0c05aaa None None] Node reference is already recorded, ignoring it {{(pid=99794) configure /opt/stack/glance/glance/image_cache/drivers/centralized_db.py:71}}
Jul 19 02:10:12.094520 np0000005414 devstack@g-api.service[99795]: DEBUG glance.image_cache.drivers.centralized_db [None req-bcef70e1-e4ae-4689-93a7-c9c8723ab00d None None] Node reference is already recorded, ignoring it {{(pid=99795) configure /opt/stack/glance/glance/image_cache/drivers/centralized_db.py:71}}
Jul 19 02:10:12.096229 np0000005414 devstack@g-api.service[99796]: DEBUG glance.image_cache.drivers.centralized_db [None req-f52546c5-5ed3-4961-b4a5-b3452ddc3a15 None None] Node reference is already recorded, ignoring it {{(pid=99796) configure /opt/stack/glance/glance/image_cache/drivers/centralized_db.py:71}}
Jul 19 02:10:12.097439 np0000005414 devstack@g-api.service[99794]: INFO glance.api.middleware.cache_manage [None req-e1a55669-5e68-4a21-aea1-c01cd0c05aaa None None] Initialized image cache management middleware
Jul 19 02:10:12.097600 np0000005414 devstack@g-api.service[99794]: INFO glance.image_cache [None req-e1a55669-5e68-4a21-aea1-c01cd0c05aaa None None] Image cache loaded driver 'centralized_db'.
Jul 19 02:10:12.099627 np0000005414 devstack@g-api.service[99795]: DEBUG glance.api.v2.cached_images [None req-bcef70e1-e4ae-4689-93a7-c9c8723ab00d None None] Started cache worker thread {{(pid=99795) __init__ /opt/stack/glance/glance/api/v2/cached_images.py:71}}
Jul 19 02:10:12.100425 np0000005414 devstack@g-api.service[99795]: INFO glance.image_cache [None req-bcef70e1-e4ae-4689-93a7-c9c8723ab00d None None] Image cache loaded driver 'centralized_db'.
Jul 19 02:10:12.101977 np0000005414 devstack@g-api.service[99796]: DEBUG glance.api.v2.cached_images [None req-f52546c5-5ed3-4961-b4a5-b3452ddc3a15 None None] Started cache worker thread {{(pid=99796) __init__ /opt/stack/glance/glance/api/v2/cached_images.py:71}}
Jul 19 02:10:12.102907 np0000005414 devstack@g-api.service[99796]: INFO glance.image_cache [None req-f52546c5-5ed3-4961-b4a5-b3452ddc3a15 None None] Image cache loaded driver 'centralized_db'.
Jul 19 02:10:12.104572 np0000005414 devstack@g-api.service[99794]: DEBUG glance.image_cache.drivers.centralized_db [None req-e1a55669-5e68-4a21-aea1-c01cd0c05aaa None None] Node reference is already recorded, ignoring it {{(pid=99794) configure /opt/stack/glance/glance/image_cache/drivers/centralized_db.py:71}}
Jul 19 02:10:12.107428 np0000005414 devstack@g-api.service[99795]: DEBUG glance.image_cache.drivers.centralized_db [None req-bcef70e1-e4ae-4689-93a7-c9c8723ab00d None None] Node reference is already recorded, ignoring it {{(pid=99795) configure /opt/stack/glance/glance/image_cache/drivers/centralized_db.py:71}}
Jul 19 02:10:12.110572 np0000005414 devstack@g-api.service[99794]: INFO glance.api.middleware.cache [None req-e1a55669-5e68-4a21-aea1-c01cd0c05aaa None None] Initialized image cache middleware
Jul 19 02:10:12.110730 np0000005414 devstack@g-api.service[99796]: DEBUG glance.image_cache.drivers.centralized_db [None req-f52546c5-5ed3-4961-b4a5-b3452ddc3a15 None None] Node reference is already recorded, ignoring it {{(pid=99796) configure /opt/stack/glance/glance/image_cache/drivers/centralized_db.py:71}}
Jul 19 02:10:12.111882 np0000005414 devstack@g-api.service[99795]: INFO glance.api.middleware.cache_manage [None req-bcef70e1-e4ae-4689-93a7-c9c8723ab00d None None] Initialized image cache management middleware
Jul 19 02:10:12.112047 np0000005414 devstack@g-api.service[99795]: INFO glance.image_cache [None req-bcef70e1-e4ae-4689-93a7-c9c8723ab00d None None] Image cache loaded driver 'centralized_db'.
Jul 19 02:10:12.114917 np0000005414 devstack@g-api.service[99796]: INFO glance.api.middleware.cache_manage [None req-f52546c5-5ed3-4961-b4a5-b3452ddc3a15 None None] Initialized image cache management middleware
Jul 19 02:10:12.115046 np0000005414 devstack@g-api.service[99796]: INFO glance.image_cache [None req-f52546c5-5ed3-4961-b4a5-b3452ddc3a15 None None] Image cache loaded driver 'centralized_db'.
Jul 19 02:10:12.118547 np0000005414 devstack@g-api.service[99795]: DEBUG glance.image_cache.drivers.centralized_db [None req-bcef70e1-e4ae-4689-93a7-c9c8723ab00d None None] Node reference is already recorded, ignoring it {{(pid=99795) configure /opt/stack/glance/glance/image_cache/drivers/centralized_db.py:71}}
Jul 19 02:10:12.121169 np0000005414 devstack@g-api.service[99796]: DEBUG glance.image_cache.drivers.centralized_db [None req-f52546c5-5ed3-4961-b4a5-b3452ddc3a15 None None] Node reference is already recorded, ignoring it {{(pid=99796) configure /opt/stack/glance/glance/image_cache/drivers/centralized_db.py:71}}
Jul 19 02:10:12.122019 np0000005414 devstack@g-api.service[99794]: DEBUG glance.common.config [None req-e1a55669-5e68-4a21-aea1-c01cd0c05aaa None None] ******************************************************************************** {{(pid=99794) log_opt_values /opt/stack/data/venv/lib/python3.12/site-packages/oslo_config/cfg.py:3226}}
Jul 19 02:10:12.122147 np0000005414 devstack@g-api.service[99794]: DEBUG glance.common.config [None req-e1a55669-5e68-4a21-aea1-c01cd0c05aaa None None] Configuration options gathered from: {{(pid=99794) log_opt_values /opt/stack/data/venv/lib/python3.12/site-packages/oslo_config/cfg.py:3227}}
Jul 19 02:10:12.122474 np0000005414 devstack@g-api.service[99794]: DEBUG glance.common.config [None req-e1a55669-5e68-4a21-aea1-c01cd0c05aaa None None] command line args: [] {{(pid=99794) log_opt_values /opt/stack/data/venv/lib/python3.12/site-packages/oslo_config/cfg.py:3228}}
Jul 19 02:10:12.122642 np0000005414 devstack@g-api.service[99794]: DEBUG glance.common.config [None req-e1a55669-5e68-4a21-aea1-c01cd0c05aaa None None] config files: ['/etc/glance/glance-image-import.conf', '/etc/glance/glance-api.conf'] {{(pid=99794) log_opt_values /opt/stack/data/venv/lib/python3.12/site-packages/oslo_config/cfg.py:3229}}
Jul 19 02:10:12.122788 np0000005414 devstack@g-api.service[99794]: DEBUG glance.common.config [None req-e1a55669-5e68-4a21-aea1-c01cd0c05aaa None None] ================================================================================ {{(pid=99794) log_opt_values /opt/stack/data/venv/lib/python3.12/site-packages/oslo_config/cfg.py:3234}}
Jul 19 02:10:12.122951 np0000005414 devstack@g-api.service[99794]: DEBUG glance.common.config [None req-e1a55669-5e68-4a21-aea1-c01cd0c05aaa None None] allow_anonymous_access = False {{(pid=99794) log_opt_values /opt/stack/data/venv/lib/python3.12/site-packages/oslo_config/cfg.py:3242}}
Jul 19 02:10:12.123054 np0000005414 devstack@g-api.service[99794]: DEBUG glance.common.config [None req-e1a55669-5e68-4a21-aea1-c01cd0c05aaa None None] api_limit_max = 1000 {{(pid=99794) log_opt_values /opt/stack/data/venv/lib/python3.12/site-packages/oslo_config/cfg.py:3242}}
Jul 19 02:10:12.123177 np0000005414 devstack@g-api.service[99794]: DEBUG glance.common.config [None req-e1a55669-5e68-4a21-aea1-c01cd0c05aaa None None] config_dir = [] {{(pid=99794) log_opt_values /opt/stack/data/venv/lib/python3.12/site-packages/oslo_config/cfg.py:3242}}
Jul 19 02:10:12.123297 np0000005414 devstack@g-api.service[99794]: DEBUG glance.common.config [None req-e1a55669-5e68-4a21-aea1-c01cd0c05aaa None None] config_file = ['/etc/glance/glance-image-import.conf', '/etc/glance/glance-api.conf'] {{(pid=99794) log_opt_values /opt/stack/data/venv/lib/python3.12/site-packages/oslo_config/cfg.py:3242}}
Jul 19 02:10:12.123457 np0000005414 devstack@g-api.service[99794]: DEBUG glance.common.config [None req-e1a55669-5e68-4a21-aea1-c01cd0c05aaa None None] config_source = [] {{(pid=99794) log_opt_values /opt/stack/data/venv/lib/python3.12/site-packages/oslo_config/cfg.py:3242}}
Jul 19 02:10:12.123508 np0000005414 devstack@g-api.service[99795]: INFO glance.api.middleware.cache [None req-bcef70e1-e4ae-4689-93a7-c9c8723ab00d None None] Initialized image cache middleware
Jul 19 02:10:12.123557 np0000005414 devstack@g-api.service[99794]: DEBUG glance.common.config [None req-e1a55669-5e68-4a21-aea1-c01cd0c05aaa None None] control_exchange = glance {{(pid=99794) log_opt_values /opt/stack/data/venv/lib/python3.12/site-packages/oslo_config/cfg.py:3242}}
Jul 19 02:10:12.123636 np0000005414 devstack@g-api.service[99794]: DEBUG glance.common.config [None req-e1a55669-5e68-4a21-aea1-c01cd0c05aaa None None] debug = True {{(pid=99794) log_opt_values /opt/stack/data/venv/lib/python3.12/site-packages/oslo_config/cfg.py:3242}}
Jul 19 02:10:12.123802 np0000005414 devstack@g-api.service[99794]: DEBUG glance.common.config [None req-e1a55669-5e68-4a21-aea1-c01cd0c05aaa None None] default_log_levels = ['amqp=WARN', 'boto=WARN', 'sqlalchemy=WARN', 'suds=INFO', 'oslo.messaging=INFO', 'oslo_messaging=INFO', 'iso8601=WARN', 'requests.packages.urllib3.connectionpool=WARN', 'urllib3.connectionpool=WARN', 'websocket=WARN', 'requests.packages.urllib3.util.retry=WARN', 'urllib3.util.retry=WARN', 'keystonemiddleware=WARN', 'routes.middleware=WARN', 'stevedore=WARN', 'taskflow=WARN', 'keystoneauth=WARN', 'oslo.cache=INFO', 'oslo_policy=INFO', 'dogpile.core.dogpile=INFO'] {{(pid=99794) log_opt_values /opt/stack/data/venv/lib/python3.12/site-packages/oslo_config/cfg.py:3242}}
Jul 19 02:10:12.123908 np0000005414 devstack@g-api.service[99794]: DEBUG glance.common.config [None req-e1a55669-5e68-4a21-aea1-c01cd0c05aaa None None] default_publisher_id = image.localhost {{(pid=99794) log_opt_values /opt/stack/data/venv/lib/python3.12/site-packages/oslo_config/cfg.py:3242}}
Jul 19 02:10:12.124003 np0000005414 devstack@g-api.service[99794]: DEBUG glance.common.config [None req-e1a55669-5e68-4a21-aea1-c01cd0c05aaa None None] delayed_delete = False {{(pid=99794) log_opt_values /opt/stack/data/venv/lib/python3.12/site-packages/oslo_config/cfg.py:3242}}
Jul 19 02:10:12.124096 np0000005414 devstack@g-api.service[99794]: DEBUG glance.common.config [None req-e1a55669-5e68-4a21-aea1-c01cd0c05aaa None None] digest_algorithm = sha256 {{(pid=99794) log_opt_values /opt/stack/data/venv/lib/python3.12/site-packages/oslo_config/cfg.py:3242}}
Jul 19 02:10:12.124184 np0000005414 devstack@g-api.service[99794]: DEBUG glance.common.config [None req-e1a55669-5e68-4a21-aea1-c01cd0c05aaa None None] disabled_notifications = [] {{(pid=99794) log_opt_values /opt/stack/data/venv/lib/python3.12/site-packages/oslo_config/cfg.py:3242}}
Jul 19 02:10:12.124284 np0000005414 devstack@g-api.service[99794]: DEBUG glance.common.config [None req-e1a55669-5e68-4a21-aea1-c01cd0c05aaa None None] do_secure_hash = True {{(pid=99794) log_opt_values /opt/stack/data/venv/lib/python3.12/site-packages/oslo_config/cfg.py:3242}}
Jul 19 02:10:12.124408 np0000005414 devstack@g-api.service[99794]: DEBUG glance.common.config [None req-e1a55669-5e68-4a21-aea1-c01cd0c05aaa None None] enabled_backends = None {{(pid=99794) log_opt_values /opt/stack/data/venv/lib/python3.12/site-packages/oslo_config/cfg.py:3242}}
Jul 19 02:10:12.124549 np0000005414 devstack@g-api.service[99794]: DEBUG glance.common.config [None req-e1a55669-5e68-4a21-aea1-c01cd0c05aaa None None] enabled_import_methods = ['glance-direct', 'web-download', 'copy-image'] {{(pid=99794) log_opt_values /opt/stack/data/venv/lib/python3.12/site-packages/oslo_config/cfg.py:3242}}
Jul 19 02:10:12.124642 np0000005414 devstack@g-api.service[99794]: DEBUG glance.common.config [None req-e1a55669-5e68-4a21-aea1-c01cd0c05aaa None None] fatal_deprecations = False {{(pid=99794) log_opt_values /opt/stack/data/venv/lib/python3.12/site-packages/oslo_config/cfg.py:3242}}
Jul 19 02:10:12.124755 np0000005414 devstack@g-api.service[99794]: DEBUG glance.common.config [None req-e1a55669-5e68-4a21-aea1-c01cd0c05aaa None None] hashing_algorithm = sha512 {{(pid=99794) log_opt_values /opt/stack/data/venv/lib/python3.12/site-packages/oslo_config/cfg.py:3242}}
Jul 19 02:10:12.124846 np0000005414 devstack@g-api.service[99794]: DEBUG glance.common.config [None req-e1a55669-5e68-4a21-aea1-c01cd0c05aaa None None] http_retries = 3 {{(pid=99794) log_opt_values /opt/stack/data/venv/lib/python3.12/site-packages/oslo_config/cfg.py:3242}}
Jul 19 02:10:12.124957 np0000005414 devstack@g-api.service[99794]: DEBUG glance.common.config [None req-e1a55669-5e68-4a21-aea1-c01cd0c05aaa None None] image_cache_dir = /opt/stack/data/glance/cache/ {{(pid=99794) log_opt_values /opt/stack/data/venv/lib/python3.12/site-packages/oslo_config/cfg.py:3242}}
Jul 19 02:10:12.125056 np0000005414 devstack@g-api.service[99794]: DEBUG glance.common.config [None req-e1a55669-5e68-4a21-aea1-c01cd0c05aaa None None] image_cache_driver = centralized_db {{(pid=99794) log_opt_values /opt/stack/data/venv/lib/python3.12/site-packages/oslo_config/cfg.py:3242}}
Jul 19 02:10:12.125140 np0000005414 devstack@g-api.service[99794]: DEBUG glance.common.config [None req-e1a55669-5e68-4a21-aea1-c01cd0c05aaa None None] image_cache_max_size = 10737418240 {{(pid=99794) log_opt_values /opt/stack/data/venv/lib/python3.12/site-packages/oslo_config/cfg.py:3242}}
Jul 19 02:10:12.125232 np0000005414 devstack@g-api.service[99794]: DEBUG glance.common.config [None req-e1a55669-5e68-4a21-aea1-c01cd0c05aaa None None] image_cache_sqlite_db = cache.db {{(pid=99794) log_opt_values /opt/stack/data/venv/lib/python3.12/site-packages/oslo_config/cfg.py:3242}}
Jul 19 02:10:12.125313 np0000005414 devstack@g-api.service[99794]: DEBUG glance.common.config [None req-e1a55669-5e68-4a21-aea1-c01cd0c05aaa None None] image_cache_stall_time = 86400 {{(pid=99794) log_opt_values /opt/stack/data/venv/lib/python3.12/site-packages/oslo_config/cfg.py:3242}}
Jul 19 02:10:12.125443 np0000005414 devstack@g-api.service[99794]: DEBUG glance.common.config [None req-e1a55669-5e68-4a21-aea1-c01cd0c05aaa None None] image_location_quota = 10 {{(pid=99794) log_opt_values /opt/stack/data/venv/lib/python3.12/site-packages/oslo_config/cfg.py:3242}}
Jul 19 02:10:12.125521 np0000005414 devstack@g-api.service[99796]: INFO glance.api.middleware.cache [None req-f52546c5-5ed3-4961-b4a5-b3452ddc3a15 None None] Initialized image cache middleware
Jul 19 02:10:12.125564 np0000005414 devstack@g-api.service[99794]: DEBUG glance.common.config [None req-e1a55669-5e68-4a21-aea1-c01cd0c05aaa None None] image_member_quota = 128 {{(pid=99794) log_opt_values /opt/stack/data/venv/lib/python3.12/site-packages/oslo_config/cfg.py:3242}}
Jul 19 02:10:12.125661 np0000005414 devstack@g-api.service[99794]: DEBUG glance.common.config [None req-e1a55669-5e68-4a21-aea1-c01cd0c05aaa None None] image_property_quota = 128 {{(pid=99794) log_opt_values /opt/stack/data/venv/lib/python3.12/site-packages/oslo_config/cfg.py:3242}}
Jul 19 02:10:12.125763 np0000005414 devstack@g-api.service[99794]: DEBUG glance.common.config [None req-e1a55669-5e68-4a21-aea1-c01cd0c05aaa None None] image_size_cap = 1099511627776 {{(pid=99794) log_opt_values /opt/stack/data/venv/lib/python3.12/site-packages/oslo_config/cfg.py:3242}}
Jul 19 02:10:12.125848 np0000005414 devstack@g-api.service[99794]: DEBUG glance.common.config [None req-e1a55669-5e68-4a21-aea1-c01cd0c05aaa None None] image_tag_quota = 128 {{(pid=99794) log_opt_values /opt/stack/data/venv/lib/python3.12/site-packages/oslo_config/cfg.py:3242}}
Jul 19 02:10:12.125956 np0000005414 devstack@g-api.service[99794]: DEBUG glance.common.config [None req-e1a55669-5e68-4a21-aea1-c01cd0c05aaa None None] instance_format = [instance: %(uuid)s] {{(pid=99794) log_opt_values /opt/stack/data/venv/lib/python3.12/site-packages/oslo_config/cfg.py:3242}}
Jul 19 02:10:12.126053 np0000005414 devstack@g-api.service[99794]: DEBUG glance.common.config [None req-e1a55669-5e68-4a21-aea1-c01cd0c05aaa None None] instance_uuid_format = [instance: %(uuid)s] {{(pid=99794) log_opt_values /opt/stack/data/venv/lib/python3.12/site-packages/oslo_config/cfg.py:3242}}
Jul 19 02:10:12.126136 np0000005414 devstack@g-api.service[99794]: DEBUG glance.common.config [None req-e1a55669-5e68-4a21-aea1-c01cd0c05aaa None None] limit_param_default = 25 {{(pid=99794) log_opt_values /opt/stack/data/venv/lib/python3.12/site-packages/oslo_config/cfg.py:3242}}
Jul 19 02:10:12.126233 np0000005414 devstack@g-api.service[99794]: DEBUG glance.common.config [None req-e1a55669-5e68-4a21-aea1-c01cd0c05aaa None None] log_color = False {{(pid=99794) log_opt_values /opt/stack/data/venv/lib/python3.12/site-packages/oslo_config/cfg.py:3242}}
Jul 19 02:10:12.126319 np0000005414 devstack@g-api.service[99794]: DEBUG glance.common.config [None req-e1a55669-5e68-4a21-aea1-c01cd0c05aaa None None] log_config_append = None {{(pid=99794) log_opt_values /opt/stack/data/venv/lib/python3.12/site-packages/oslo_config/cfg.py:3242}}
Jul 19 02:10:12.126420 np0000005414 devstack@g-api.service[99794]: DEBUG glance.common.config [None req-e1a55669-5e68-4a21-aea1-c01cd0c05aaa None None] log_date_format = %Y-%m-%d %H:%M:%S {{(pid=99794) log_opt_values /opt/stack/data/venv/lib/python3.12/site-packages/oslo_config/cfg.py:3242}}
Jul 19 02:10:12.126538 np0000005414 devstack@g-api.service[99794]: DEBUG glance.common.config [None req-e1a55669-5e68-4a21-aea1-c01cd0c05aaa None None] log_dir = None {{(pid=99794) log_opt_values /opt/stack/data/venv/lib/python3.12/site-packages/oslo_config/cfg.py:3242}}
Jul 19 02:10:12.126625 np0000005414 devstack@g-api.service[99794]: DEBUG glance.common.config [None req-e1a55669-5e68-4a21-aea1-c01cd0c05aaa None None] log_file = None {{(pid=99794) log_opt_values /opt/stack/data/venv/lib/python3.12/site-packages/oslo_config/cfg.py:3242}}
Jul 19 02:10:12.126730 np0000005414 devstack@g-api.service[99794]: DEBUG glance.common.config [None req-e1a55669-5e68-4a21-aea1-c01cd0c05aaa None None] log_rotate_interval = 1 {{(pid=99794) log_opt_values /opt/stack/data/venv/lib/python3.12/site-packages/oslo_config/cfg.py:3242}}
Jul 19 02:10:12.126823 np0000005414 devstack@g-api.service[99794]: DEBUG glance.common.config [None req-e1a55669-5e68-4a21-aea1-c01cd0c05aaa None None] log_rotate_interval_type = days {{(pid=99794) log_opt_values /opt/stack/data/venv/lib/python3.12/site-packages/oslo_config/cfg.py:3242}}
Jul 19 02:10:12.126909 np0000005414 devstack@g-api.service[99794]: DEBUG glance.common.config [None req-e1a55669-5e68-4a21-aea1-c01cd0c05aaa None None] log_rotation_type = none {{(pid=99794) log_opt_values /opt/stack/data/venv/lib/python3.12/site-packages/oslo_config/cfg.py:3242}}
Jul 19 02:10:12.126993 np0000005414 devstack@g-api.service[99794]: DEBUG glance.common.config [None req-e1a55669-5e68-4a21-aea1-c01cd0c05aaa None None] logging_context_format_string = %(color)s%(levelname)s %(name)s [%(global_request_id)s %(request_id)s %(project_name)s %(user_name)s%(color)s] %(instance)s%(color)s%(message)s {{(pid=99794) log_opt_values /opt/stack/data/venv/lib/python3.12/site-packages/oslo_config/cfg.py:3242}}
Jul 19 02:10:12.127062 np0000005414 devstack@g-api.service[99794]: DEBUG glance.common.config [None req-e1a55669-5e68-4a21-aea1-c01cd0c05aaa None None] logging_debug_format_suffix = {{(pid=%(process)d) %(funcName)s %(pathname)s:%(lineno)d}} {{(pid=99794) log_opt_values /opt/stack/data/venv/lib/python3.12/site-packages/oslo_config/cfg.py:3242}}
Jul 19 02:10:12.127154 np0000005414 devstack@g-api.service[99794]: DEBUG glance.common.config [None req-e1a55669-5e68-4a21-aea1-c01cd0c05aaa None None] logging_default_format_string = %(color)s%(levelname)s %(name)s [-%(color)s] %(instance)s%(color)s%(message)s {{(pid=99794) log_opt_values /opt/stack/data/venv/lib/python3.12/site-packages/oslo_config/cfg.py:3242}}
Jul 19 02:10:12.127243 np0000005414 devstack@g-api.service[99794]: DEBUG glance.common.config [None req-e1a55669-5e68-4a21-aea1-c01cd0c05aaa None None] logging_exception_prefix = ERROR %(name)s %(instance)s {{(pid=99794) log_opt_values /opt/stack/data/venv/lib/python3.12/site-packages/oslo_config/cfg.py:3242}}
Jul 19 02:10:12.127308 np0000005414 devstack@g-api.service[99794]: DEBUG glance.common.config [None req-e1a55669-5e68-4a21-aea1-c01cd0c05aaa None None] logging_user_identity_format = %(user)s %(project)s %(domain)s %(system_scope)s %(user_domain)s %(project_domain)s {{(pid=99794) log_opt_values /opt/stack/data/venv/lib/python3.12/site-packages/oslo_config/cfg.py:3242}}
Jul 19 02:10:12.127409 np0000005414 devstack@g-api.service[99794]: DEBUG glance.common.config [None req-e1a55669-5e68-4a21-aea1-c01cd0c05aaa None None] max_logfile_count = 30 {{(pid=99794) log_opt_values /opt/stack/data/venv/lib/python3.12/site-packages/oslo_config/cfg.py:3242}}
Jul 19 02:10:12.127494 np0000005414 devstack@g-api.service[99794]: DEBUG glance.common.config [None req-e1a55669-5e68-4a21-aea1-c01cd0c05aaa None None] max_logfile_size_mb = 200 {{(pid=99794) log_opt_values /opt/stack/data/venv/lib/python3.12/site-packages/oslo_config/cfg.py:3242}}
Jul 19 02:10:12.127605 np0000005414 devstack@g-api.service[99794]: DEBUG glance.common.config [None req-e1a55669-5e68-4a21-aea1-c01cd0c05aaa None None] max_request_id_length = 64 {{(pid=99794) log_opt_values /opt/stack/data/venv/lib/python3.12/site-packages/oslo_config/cfg.py:3242}}
Jul 19 02:10:12.127711 np0000005414 devstack@g-api.service[99794]: DEBUG glance.common.config [None req-e1a55669-5e68-4a21-aea1-c01cd0c05aaa None None] metadata_encryption_key = **** {{(pid=99794) log_opt_values /opt/stack/data/venv/lib/python3.12/site-packages/oslo_config/cfg.py:3242}}
Jul 19 02:10:12.127802 np0000005414 devstack@g-api.service[99794]: DEBUG glance.common.config [None req-e1a55669-5e68-4a21-aea1-c01cd0c05aaa None None] node_staging_uri = file:///tmp/staging/ {{(pid=99794) log_opt_values /opt/stack/data/venv/lib/python3.12/site-packages/oslo_config/cfg.py:3242}}
Jul 19 02:10:12.127889 np0000005414 devstack@g-api.service[99794]: DEBUG glance.common.config [None req-e1a55669-5e68-4a21-aea1-c01cd0c05aaa None None] property_protection_file = None {{(pid=99794) log_opt_values /opt/stack/data/venv/lib/python3.12/site-packages/oslo_config/cfg.py:3242}}
Jul 19 02:10:12.127996 np0000005414 devstack@g-api.service[99794]: DEBUG glance.common.config [None req-e1a55669-5e68-4a21-aea1-c01cd0c05aaa None None] property_protection_rule_format = roles {{(pid=99794) log_opt_values /opt/stack/data/venv/lib/python3.12/site-packages/oslo_config/cfg.py:3242}}
Jul 19 02:10:12.128091 np0000005414 devstack@g-api.service[99794]: DEBUG glance.common.config [None req-e1a55669-5e68-4a21-aea1-c01cd0c05aaa None None] public_endpoint = https://10.4.3.189/image {{(pid=99794) log_opt_values /opt/stack/data/venv/lib/python3.12/site-packages/oslo_config/cfg.py:3242}}
Jul 19 02:10:12.128176 np0000005414 devstack@g-api.service[99794]: DEBUG glance.common.config [None req-e1a55669-5e68-4a21-aea1-c01cd0c05aaa None None] publish_errors = False {{(pid=99794) log_opt_values /opt/stack/data/venv/lib/python3.12/site-packages/oslo_config/cfg.py:3242}}
Jul 19 02:10:12.128263 np0000005414 devstack@g-api.service[99794]: DEBUG glance.common.config [None req-e1a55669-5e68-4a21-aea1-c01cd0c05aaa None None] pydev_worker_debug_host = None {{(pid=99794) log_opt_values /opt/stack/data/venv/lib/python3.12/site-packages/oslo_config/cfg.py:3242}}
Jul 19 02:10:12.128393 np0000005414 devstack@g-api.service[99794]: DEBUG glance.common.config [None req-e1a55669-5e68-4a21-aea1-c01cd0c05aaa None None] pydev_worker_debug_port = 5678 {{(pid=99794) log_opt_values /opt/stack/data/venv/lib/python3.12/site-packages/oslo_config/cfg.py:3242}}
Jul 19 02:10:12.128495 np0000005414 devstack@g-api.service[99794]: DEBUG glance.common.config [None req-e1a55669-5e68-4a21-aea1-c01cd0c05aaa None None] rate_limit_burst = 0 {{(pid=99794) log_opt_values /opt/stack/data/venv/lib/python3.12/site-packages/oslo_config/cfg.py:3242}}
Jul 19 02:10:12.128603 np0000005414 devstack@g-api.service[99794]: DEBUG glance.common.config [None req-e1a55669-5e68-4a21-aea1-c01cd0c05aaa None None] rate_limit_except_level = CRITICAL {{(pid=99794) log_opt_values /opt/stack/data/venv/lib/python3.12/site-packages/oslo_config/cfg.py:3242}}
Jul 19 02:10:12.128712 np0000005414 devstack@g-api.service[99794]: DEBUG glance.common.config [None req-e1a55669-5e68-4a21-aea1-c01cd0c05aaa None None] rate_limit_interval = 0 {{(pid=99794) log_opt_values /opt/stack/data/venv/lib/python3.12/site-packages/oslo_config/cfg.py:3242}}
Jul 19 02:10:12.128813 np0000005414 devstack@g-api.service[99794]: DEBUG glance.common.config [None req-e1a55669-5e68-4a21-aea1-c01cd0c05aaa None None] scrub_pool_size = 1 {{(pid=99794) log_opt_values /opt/stack/data/venv/lib/python3.12/site-packages/oslo_config/cfg.py:3242}}
Jul 19 02:10:12.128902 np0000005414 devstack@g-api.service[99794]: DEBUG glance.common.config [None req-e1a55669-5e68-4a21-aea1-c01cd0c05aaa None None] scrub_time = 0 {{(pid=99794) log_opt_values /opt/stack/data/venv/lib/python3.12/site-packages/oslo_config/cfg.py:3242}}
Jul 19 02:10:12.129002 np0000005414 devstack@g-api.service[99794]: DEBUG glance.common.config [None req-e1a55669-5e68-4a21-aea1-c01cd0c05aaa None None] shell_completion = None {{(pid=99794) log_opt_values /opt/stack/data/venv/lib/python3.12/site-packages/oslo_config/cfg.py:3242}}
Jul 19 02:10:12.129104 np0000005414 devstack@g-api.service[99794]: DEBUG glance.common.config [None req-e1a55669-5e68-4a21-aea1-c01cd0c05aaa None None] show_image_direct_url = False {{(pid=99794) log_opt_values /opt/stack/data/venv/lib/python3.12/site-packages/oslo_config/cfg.py:3242}}
Jul 19 02:10:12.129378 np0000005414 devstack@g-api.service[99794]: WARNING oslo_config.cfg [None req-e1a55669-5e68-4a21-aea1-c01cd0c05aaa None None] Deprecated: Option "show_multiple_locations" from group "DEFAULT" is deprecated for removal (Use of this option, deprecated since Newton, is a security risk and will be removed once we figure out a way to satisfy those use cases that currently require it. An earlier announcement that the same functionality can be achieved with greater granularity by using policies is incorrect. You cannot work around this option via policy configuration at the present time, though that is the direction we believe the fix will take. Please keep an eye on the Glance release notes to stay up to date on progress in addressing this issue.). Its value may be silently ignored in the future.
Jul 19 02:10:12.129480 np0000005414 devstack@g-api.service[99794]: DEBUG glance.common.config [None req-e1a55669-5e68-4a21-aea1-c01cd0c05aaa None None] show_multiple_locations = False {{(pid=99794) log_opt_values /opt/stack/data/venv/lib/python3.12/site-packages/oslo_config/cfg.py:3242}}
Jul 19 02:10:12.129614 np0000005414 devstack@g-api.service[99794]: DEBUG glance.common.config [None req-e1a55669-5e68-4a21-aea1-c01cd0c05aaa None None] syslog_log_facility = LOG_USER {{(pid=99794) log_opt_values /opt/stack/data/venv/lib/python3.12/site-packages/oslo_config/cfg.py:3242}}
Jul 19 02:10:12.129729 np0000005414 devstack@g-api.service[99794]: DEBUG glance.common.config [None req-e1a55669-5e68-4a21-aea1-c01cd0c05aaa None None] transport_url = **** {{(pid=99794) log_opt_values /opt/stack/data/venv/lib/python3.12/site-packages/oslo_config/cfg.py:3242}}
Jul 19 02:10:12.129841 np0000005414 devstack@g-api.service[99794]: DEBUG glance.common.config [None req-e1a55669-5e68-4a21-aea1-c01cd0c05aaa None None] use_journal = False {{(pid=99794) log_opt_values /opt/stack/data/venv/lib/python3.12/site-packages/oslo_config/cfg.py:3242}}
Jul 19 02:10:12.129943 np0000005414 devstack@g-api.service[99794]: DEBUG glance.common.config [None req-e1a55669-5e68-4a21-aea1-c01cd0c05aaa None None] use_json = False {{(pid=99794) log_opt_values /opt/stack/data/venv/lib/python3.12/site-packages/oslo_config/cfg.py:3242}}
Jul 19 02:10:12.130092 np0000005414 devstack@g-api.service[99794]: DEBUG glance.common.config [None req-e1a55669-5e68-4a21-aea1-c01cd0c05aaa None None] use_keystone_limits = True {{(pid=99794) log_opt_values /opt/stack/data/venv/lib/python3.12/site-packages/oslo_config/cfg.py:3242}}
Jul 19 02:10:12.130180 np0000005414 devstack@g-api.service[99794]: DEBUG glance.common.config [None req-e1a55669-5e68-4a21-aea1-c01cd0c05aaa None None] use_stderr = False {{(pid=99794) log_opt_values /opt/stack/data/venv/lib/python3.12/site-packages/oslo_config/cfg.py:3242}}
Jul 19 02:10:12.130293 np0000005414 devstack@g-api.service[99794]: DEBUG glance.common.config [None req-e1a55669-5e68-4a21-aea1-c01cd0c05aaa None None] use_syslog = False {{(pid=99794) log_opt_values /opt/stack/data/venv/lib/python3.12/site-packages/oslo_config/cfg.py:3242}}
Jul 19 02:10:12.130402 np0000005414 devstack@g-api.service[99794]: DEBUG glance.common.config [None req-e1a55669-5e68-4a21-aea1-c01cd0c05aaa None None] user_storage_quota = 0 {{(pid=99794) log_opt_values /opt/stack/data/venv/lib/python3.12/site-packages/oslo_config/cfg.py:3242}}
Jul 19 02:10:12.130493 np0000005414 devstack@g-api.service[99794]: DEBUG glance.common.config [None req-e1a55669-5e68-4a21-aea1-c01cd0c05aaa None None] worker_self_reference_url = http://127.0.0.1:60999 {{(pid=99794) log_opt_values /opt/stack/data/venv/lib/python3.12/site-packages/oslo_config/cfg.py:3242}}
Jul 19 02:10:12.130621 np0000005414 devstack@g-api.service[99794]: DEBUG glance.common.config [None req-e1a55669-5e68-4a21-aea1-c01cd0c05aaa None None] oslo_concurrency.disable_process_locking = False {{(pid=99794) log_opt_values /opt/stack/data/venv/lib/python3.12/site-packages/oslo_config/cfg.py:3253}}
Jul 19 02:10:12.130770 np0000005414 devstack@g-api.service[99794]: DEBUG glance.common.config [None req-e1a55669-5e68-4a21-aea1-c01cd0c05aaa None None] oslo_concurrency.lock_path = /opt/stack/data/glance/locks {{(pid=99794) log_opt_values /opt/stack/data/venv/lib/python3.12/site-packages/oslo_config/cfg.py:3253}}
Jul 19 02:10:12.130877 np0000005414 devstack@g-api.service[99794]: DEBUG glance.common.config [None req-e1a55669-5e68-4a21-aea1-c01cd0c05aaa None None] oslo_middleware.enable_proxy_headers_parsing = False {{(pid=99794) log_opt_values /opt/stack/data/venv/lib/python3.12/site-packages/oslo_config/cfg.py:3253}}
Jul 19 02:10:12.130989 np0000005414 devstack@g-api.service[99794]: DEBUG glance.common.config [None req-e1a55669-5e68-4a21-aea1-c01cd0c05aaa None None] oslo_middleware.http_basic_auth_user_file = /etc/htpasswd {{(pid=99794) log_opt_values /opt/stack/data/venv/lib/python3.12/site-packages/oslo_config/cfg.py:3253}}
Jul 19 02:10:12.131100 np0000005414 devstack@g-api.service[99794]: DEBUG glance.common.config [None req-e1a55669-5e68-4a21-aea1-c01cd0c05aaa None None] paste_deploy.config_file = None {{(pid=99794) log_opt_values /opt/stack/data/venv/lib/python3.12/site-packages/oslo_config/cfg.py:3253}}
Jul 19 02:10:12.131197 np0000005414 devstack@g-api.service[99794]: DEBUG glance.common.config [None req-e1a55669-5e68-4a21-aea1-c01cd0c05aaa None None] paste_deploy.flavor = keystone+cachemanagement {{(pid=99794) log_opt_values /opt/stack/data/venv/lib/python3.12/site-packages/oslo_config/cfg.py:3253}}
Jul 19 02:10:12.131373 np0000005414 devstack@g-api.service[99794]: DEBUG glance.common.config [None req-e1a55669-5e68-4a21-aea1-c01cd0c05aaa None None] image_format.container_formats = ['ami', 'ari', 'aki', 'bare', 'ovf', 'ova', 'docker', 'compressed'] {{(pid=99794) log_opt_values /opt/stack/data/venv/lib/python3.12/site-packages/oslo_config/cfg.py:3253}}
Jul 19 02:10:12.131501 np0000005414 devstack@g-api.service[99794]: DEBUG glance.common.config [None req-e1a55669-5e68-4a21-aea1-c01cd0c05aaa None None] image_format.disk_formats = ['ami', 'ari', 'aki', 'vhd', 'vhdx', 'vmdk', 'raw', 'qcow2', 'vdi', 'iso', 'ploop'] {{(pid=99794) log_opt_values /opt/stack/data/venv/lib/python3.12/site-packages/oslo_config/cfg.py:3253}}
Jul 19 02:10:12.131627 np0000005414 devstack@g-api.service[99794]: DEBUG glance.common.config [None req-e1a55669-5e68-4a21-aea1-c01cd0c05aaa None None] image_format.gpt_safety_checks_nonfatal = [] {{(pid=99794) log_opt_values /opt/stack/data/venv/lib/python3.12/site-packages/oslo_config/cfg.py:3253}}
Jul 19 02:10:12.131747 np0000005414 devstack@g-api.service[99794]: DEBUG glance.common.config [None req-e1a55669-5e68-4a21-aea1-c01cd0c05aaa None None] image_format.require_image_format_match = True {{(pid=99794) log_opt_values /opt/stack/data/venv/lib/python3.12/site-packages/oslo_config/cfg.py:3253}}
Jul 19 02:10:12.131850 np0000005414 devstack@g-api.service[99794]: DEBUG glance.common.config [None req-e1a55669-5e68-4a21-aea1-c01cd0c05aaa None None] image_format.vmdk_allowed_types = ['streamOptimized', 'monolithicSparse'] {{(pid=99794) log_opt_values /opt/stack/data/venv/lib/python3.12/site-packages/oslo_config/cfg.py:3253}}
Jul 19 02:10:12.131969 np0000005414 devstack@g-api.service[99794]: DEBUG glance.common.config [None req-e1a55669-5e68-4a21-aea1-c01cd0c05aaa None None] task.task_executor = taskflow {{(pid=99794) log_opt_values /opt/stack/data/venv/lib/python3.12/site-packages/oslo_config/cfg.py:3253}}
Jul 19 02:10:12.132097 np0000005414 devstack@g-api.service[99794]: DEBUG glance.common.config [None req-e1a55669-5e68-4a21-aea1-c01cd0c05aaa None None] task.task_time_to_live = 48 {{(pid=99794) log_opt_values /opt/stack/data/venv/lib/python3.12/site-packages/oslo_config/cfg.py:3253}}
Jul 19 02:10:12.132207 np0000005414 devstack@g-api.service[99794]: DEBUG glance.common.config [None req-e1a55669-5e68-4a21-aea1-c01cd0c05aaa None None] task.work_dir = None {{(pid=99794) log_opt_values /opt/stack/data/venv/lib/python3.12/site-packages/oslo_config/cfg.py:3253}}
Jul 19 02:10:12.132341 np0000005414 devstack@g-api.service[99794]: DEBUG glance.common.config [None req-e1a55669-5e68-4a21-aea1-c01cd0c05aaa None None] wsgi.python_interpreter = /opt/stack/data/venv/bin/python3 {{(pid=99794) log_opt_values /opt/stack/data/venv/lib/python3.12/site-packages/oslo_config/cfg.py:3253}}
Jul 19 02:10:12.132480 np0000005414 devstack@g-api.service[99794]: DEBUG glance.common.config [None req-e1a55669-5e68-4a21-aea1-c01cd0c05aaa None None] wsgi.task_pool_threads = 16 {{(pid=99794) log_opt_values /opt/stack/data/venv/lib/python3.12/site-packages/oslo_config/cfg.py:3253}}
Jul 19 02:10:12.132607 np0000005414 devstack@g-api.service[99794]: DEBUG glance.common.config [None req-e1a55669-5e68-4a21-aea1-c01cd0c05aaa None None] import_filtering_opts.allowed_hosts = [] {{(pid=99794) log_opt_values /opt/stack/data/venv/lib/python3.12/site-packages/oslo_config/cfg.py:3253}}
Jul 19 02:10:12.132774 np0000005414 devstack@g-api.service[99794]: DEBUG glance.common.config [None req-e1a55669-5e68-4a21-aea1-c01cd0c05aaa None None] import_filtering_opts.allowed_ports = [80, 443] {{(pid=99794) log_opt_values /opt/stack/data/venv/lib/python3.12/site-packages/oslo_config/cfg.py:3253}}
Jul 19 02:10:12.132884 np0000005414 devstack@g-api.service[99794]: DEBUG glance.common.config [None req-e1a55669-5e68-4a21-aea1-c01cd0c05aaa None None] import_filtering_opts.allowed_schemes = ['http', 'https'] {{(pid=99794) log_opt_values /opt/stack/data/venv/lib/python3.12/site-packages/oslo_config/cfg.py:3253}}
Jul 19 02:10:12.132991 np0000005414 devstack@g-api.service[99794]: DEBUG glance.common.config [None req-e1a55669-5e68-4a21-aea1-c01cd0c05aaa None None] import_filtering_opts.disallowed_hosts = [] {{(pid=99794) log_opt_values /opt/stack/data/venv/lib/python3.12/site-packages/oslo_config/cfg.py:3253}}
Jul 19 02:10:12.133115 np0000005414 devstack@g-api.service[99794]: DEBUG glance.common.config [None req-e1a55669-5e68-4a21-aea1-c01cd0c05aaa None None] import_filtering_opts.disallowed_ports = [] {{(pid=99794) log_opt_values /opt/stack/data/venv/lib/python3.12/site-packages/oslo_config/cfg.py:3253}}
Jul 19 02:10:12.133245 np0000005414 devstack@g-api.service[99794]: DEBUG glance.common.config [None req-e1a55669-5e68-4a21-aea1-c01cd0c05aaa None None] import_filtering_opts.disallowed_schemes = [] {{(pid=99794) log_opt_values /opt/stack/data/venv/lib/python3.12/site-packages/oslo_config/cfg.py:3253}}
