Jul 19 02:15:42.397127 np0000005414 devstack@g-api.service[99796]: DEBUG glance.api.middleware.version_negotiation [None req-8c1046cf-a9b4-4cce-a679-b068ba737368 tempest-ServerStableDeviceRescueTest-229082686 tempest-ServerStableDeviceRescueTest-229082686-project-member] new path /v2/images/ab4cbabc-2924-424a-b328-ad3e4853e1a2 {{(pid=99796) process_request /opt/stack/glance/glance/api/middleware/version_negotiation.py:70}}
Jul 19 02:15:42.417484 np0000005414 devstack@g-api.service[99796]: [pid: 99796|app: 0|req: 94/296] 127.0.0.1 () {44 vars in 1115 bytes} [Sun Jul 19 02:15:42 2026] GET /v2/images/ab4cbabc-2924-424a-b328-ad3e4853e1a2 => generated 1044 bytes in 21 msecs (HTTP/1.1 200) 4 headers in 158 bytes (1 switches on core 0)
Jul 19 02:15:42.453727 np0000005414 devstack@g-api.service[99794]: DEBUG glance.api.middleware.version_negotiation [None req-8c1046cf-a9b4-4cce-a679-b068ba737368 tempest-ServerStableDeviceRescueTest-229082686 tempest-ServerStableDeviceRescueTest-229082686-project-member] Determining version of request: GET /v2/schemas/image Accept: */* {{(pid=99794) process_request /opt/stack/glance/glance/api/middleware/version_negotiation.py:44}}
Jul 19 02:15:42.454310 np0000005414 devstack@g-api.service[99794]: DEBUG glance.api.middleware.version_negotiation [None req-8c1046cf-a9b4-4cce-a679-b068ba737368 tempest-ServerStableDeviceRescueTest-229082686 tempest-ServerStableDeviceRescueTest-229082686-project-member] Using url versioning {{(pid=99794) process_request /opt/stack/glance/glance/api/middleware/version_negotiation.py:57}}
Jul 19 02:15:42.454310 np0000005414 devstack@g-api.service[99794]: DEBUG glance.api.middleware.version_negotiation [None req-8c1046cf-a9b4-4cce-a679-b068ba737368 tempest-ServerStableDeviceRescueTest-229082686 tempest-ServerStableDeviceRescueTest-229082686-project-member] Matched version: v2 {{(pid=99794) process_request /opt/stack/glance/glance/api/middleware/version_negotiation.py:69}}
Jul 19 02:15:42.454310 np0000005414 devstack@g-api.service[99794]: DEBUG glance.api.middleware.version_negotiation [None req-8c1046cf-a9b4-4cce-a679-b068ba737368 tempest-ServerStableDeviceRescueTest-229082686 tempest-ServerStableDeviceRescueTest-229082686-project-member] new path /v2/schemas/image {{(pid=99794) process_request /opt/stack/glance/glance/api/middleware/version_negotiation.py:70}}
Jul 19 02:15:42.456372 np0000005414 devstack@g-api.service[99794]: [pid: 99794|app: 0|req: 101/297] 127.0.0.1 () {44 vars in 1055 bytes} [Sun Jul 19 02:15:42 2026] GET /v2/schemas/image => generated 6083 bytes in 3 msecs (HTTP/1.1 200) 4 headers in 158 bytes (1 switches on core 0)
Jul 19 02:15:43.177318 np0000005414 devstack@g-api.service[99795]: DEBUG dbcounter [-] [99795] Writing DB stats glance:SELECT=22 {{(pid=99795) stat_writer /opt/stack/data/venv/lib/python3.12/site-packages/dbcounter.py:115}}
Jul 19 02:15:44.148052 np0000005414 devstack@g-api.service[99794]: DEBUG dbcounter [-] [99794] Writing DB stats glance:SELECT=41,glance:INSERT=21,glance:UPDATE=3 {{(pid=99794) stat_writer /opt/stack/data/venv/lib/python3.12/site-packages/dbcounter.py:115}}
Jul 19 02:15:52.413780 np0000005414 devstack@g-api.service[99796]: DEBUG dbcounter [-] [99796] Writing DB stats glance:SELECT=49,glance:UPDATE=4,glance:INSERT=4 {{(pid=99796) stat_writer /opt/stack/data/venv/lib/python3.12/site-packages/dbcounter.py:115}}
Jul 19 02:15:54.167888 np0000005414 devstack@g-api.service[99795]: DEBUG glance.api.middleware.version_negotiation [None req-8c1046cf-a9b4-4cce-a679-b068ba737368 tempest-ServerStableDeviceRescueTest-229082686 tempest-ServerStableDeviceRescueTest-229082686-project-member] Determining version of request: GET /v2/schemas/image Accept: */* {{(pid=99795) process_request /opt/stack/glance/glance/api/middleware/version_negotiation.py:44}}
Jul 19 02:15:54.168803 np0000005414 devstack@g-api.service[99795]: DEBUG glance.api.middleware.version_negotiation [None req-8c1046cf-a9b4-4cce-a679-b068ba737368 tempest-ServerStableDeviceRescueTest-229082686 tempest-ServerStableDeviceRescueTest-229082686-project-member] Using url versioning {{(pid=99795) process_request /opt/stack/glance/glance/api/middleware/version_negotiation.py:57}}
Jul 19 02:15:54.168803 np0000005414 devstack@g-api.service[99795]: DEBUG glance.api.middleware.version_negotiation [None req-8c1046cf-a9b4-4cce-a679-b068ba737368 tempest-ServerStableDeviceRescueTest-229082686 tempest-ServerStableDeviceRescueTest-229082686-project-member] Matched version: v2 {{(pid=99795) process_request /opt/stack/glance/glance/api/middleware/version_negotiation.py:69}}
Jul 19 02:15:54.168803 np0000005414 devstack@g-api.service[99795]: DEBUG glance.api.middleware.version_negotiation [None req-8c1046cf-a9b4-4cce-a679-b068ba737368 tempest-ServerStableDeviceRescueTest-229082686 tempest-ServerStableDeviceRescueTest-229082686-project-member] new path /v2/schemas/image {{(pid=99795) process_request /opt/stack/glance/glance/api/middleware/version_negotiation.py:70}}
Jul 19 02:15:54.172891 np0000005414 devstack@g-api.service[99795]: [pid: 99795|app: 0|req: 103/298] 127.0.0.1 () {44 vars in 1055 bytes} [Sun Jul 19 02:15:54 2026] GET /v2/schemas/image => generated 6083 bytes in 7 msecs (HTTP/1.1 200) 4 headers in 158 bytes (1 switches on core 0)
Jul 19 02:15:54.218371 np0000005414 devstack@g-api.service[99796]: DEBUG glance.api.middleware.version_negotiation [None req-db458170-8fa4-4995-a593-1332a18b3cee tempest-VolumesExtendAttachedTest-463076311 tempest-VolumesExtendAttachedTest-463076311-project-member] Determining version of request: POST /v2/images Accept: */* {{(pid=99796) process_request /opt/stack/glance/glance/api/middleware/version_negotiation.py:44}}
Jul 19 02:15:54.218836 np0000005414 devstack@g-api.service[99796]: DEBUG glance.api.middleware.version_negotiation [None req-db458170-8fa4-4995-a593-1332a18b3cee tempest-VolumesExtendAttachedTest-463076311 tempest-VolumesExtendAttachedTest-463076311-project-member] Using url versioning {{(pid=99796) process_request /opt/stack/glance/glance/api/middleware/version_negotiation.py:57}}
Jul 19 02:15:54.218836 np0000005414 devstack@g-api.service[99796]: DEBUG glance.api.middleware.version_negotiation [None req-db458170-8fa4-4995-a593-1332a18b3cee tempest-VolumesExtendAttachedTest-463076311 tempest-VolumesExtendAttachedTest-463076311-project-member] Matched version: v2 {{(pid=99796) process_request /opt/stack/glance/glance/api/middleware/version_negotiation.py:69}}
Jul 19 02:15:54.219290 np0000005414 devstack@g-api.service[99796]: DEBUG glance.api.middleware.version_negotiation [None req-db458170-8fa4-4995-a593-1332a18b3cee tempest-VolumesExtendAttachedTest-463076311 tempest-VolumesExtendAttachedTest-463076311-project-member] new path /v2/images {{(pid=99796) process_request /opt/stack/glance/glance/api/middleware/version_negotiation.py:70}}
Jul 19 02:15:55.020697 np0000005414 devstack@g-api.service[99796]: [pid: 99796|app: 0|req: 95/299] 127.0.0.1 () {46 vars in 1055 bytes} [Sun Jul 19 02:15:54 2026] POST /v2/images => generated 1339 bytes in 802 msecs (HTTP/1.1 201) 6 headers in 316 bytes (1 switches on core 0)
Jul 19 02:15:55.565204 np0000005414 devstack@g-api.service[99794]: DEBUG glance.api.middleware.version_negotiation [None req-db458170-8fa4-4995-a593-1332a18b3cee tempest-VolumesExtendAttachedTest-463076311 tempest-VolumesExtendAttachedTest-463076311-project-member] Determining version of request: GET /v2/images/fe4cdced-e915-47c7-9d42-14194fbe85c5 Accept: */* {{(pid=99794) process_request /opt/stack/glance/glance/api/middleware/version_negotiation.py:44}}
Jul 19 02:15:55.565204 np0000005414 devstack@g-api.service[99794]: DEBUG glance.api.middleware.version_negotiation [None req-db458170-8fa4-4995-a593-1332a18b3cee tempest-VolumesExtendAttachedTest-463076311 tempest-VolumesExtendAttachedTest-463076311-project-member] Using url versioning {{(pid=99794) process_request /opt/stack/glance/glance/api/middleware/version_negotiation.py:57}}
Jul 19 02:15:55.569018 np0000005414 devstack@g-api.service[99794]: DEBUG glance.api.middleware.version_negotiation [None req-db458170-8fa4-4995-a593-1332a18b3cee tempest-VolumesExtendAttachedTest-463076311 tempest-VolumesExtendAttachedTest-463076311-project-member] Matched version: v2 {{(pid=99794) process_request /opt/stack/glance/glance/api/middleware/version_negotiation.py:69}}
Jul 19 02:15:55.569683 np0000005414 devstack@g-api.service[99794]: DEBUG glance.api.middleware.version_negotiation [None req-db458170-8fa4-4995-a593-1332a18b3cee tempest-VolumesExtendAttachedTest-463076311 tempest-VolumesExtendAttachedTest-463076311-project-member] new path /v2/images/fe4cdced-e915-47c7-9d42-14194fbe85c5 {{(pid=99794) process_request /opt/stack/glance/glance/api/middleware/version_negotiation.py:70}}
Jul 19 02:15:55.589708 np0000005414 devstack@g-api.service[99794]: [pid: 99794|app: 0|req: 102/300] 127.0.0.1 () {44 vars in 1115 bytes} [Sun Jul 19 02:15:55 2026] GET /v2/images/fe4cdced-e915-47c7-9d42-14194fbe85c5 => generated 1339 bytes in 25 msecs (HTTP/1.1 200) 4 headers in 158 bytes (1 switches on core 0)
Jul 19 02:15:55.649628 np0000005414 devstack@g-api.service[99795]: DEBUG glance.api.middleware.version_negotiation [None req-7cd5c802-e06f-4075-b365-261265d732d3 tempest-AttachVolumeShelveTestJSON-1366911059 tempest-AttachVolumeShelveTestJSON-1366911059-project-member] Determining version of request: GET /v2/schemas/image Accept: */* {{(pid=99795) process_request /opt/stack/glance/glance/api/middleware/version_negotiation.py:44}}
Jul 19 02:15:55.649628 np0000005414 devstack@g-api.service[99795]: DEBUG glance.api.middleware.version_negotiation [None req-7cd5c802-e06f-4075-b365-261265d732d3 tempest-AttachVolumeShelveTestJSON-1366911059 tempest-AttachVolumeShelveTestJSON-1366911059-project-member] Using url versioning {{(pid=99795) process_request /opt/stack/glance/glance/api/middleware/version_negotiation.py:57}}
Jul 19 02:15:55.650198 np0000005414 devstack@g-api.service[99795]: DEBUG glance.api.middleware.version_negotiation [None req-7cd5c802-e06f-4075-b365-261265d732d3 tempest-AttachVolumeShelveTestJSON-1366911059 tempest-AttachVolumeShelveTestJSON-1366911059-project-member] Matched version: v2 {{(pid=99795) process_request /opt/stack/glance/glance/api/middleware/version_negotiation.py:69}}
Jul 19 02:15:55.650198 np0000005414 devstack@g-api.service[99795]: DEBUG glance.api.middleware.version_negotiation [None req-7cd5c802-e06f-4075-b365-261265d732d3 tempest-AttachVolumeShelveTestJSON-1366911059 tempest-AttachVolumeShelveTestJSON-1366911059-project-member] new path /v2/schemas/image {{(pid=99795) process_request /opt/stack/glance/glance/api/middleware/version_negotiation.py:70}}
Jul 19 02:15:55.654660 np0000005414 devstack@g-api.service[99795]: [pid: 99795|app: 0|req: 104/301] 127.0.0.1 () {44 vars in 1055 bytes} [Sun Jul 19 02:15:55 2026] GET /v2/schemas/image => generated 6083 bytes in 5 msecs (HTTP/1.1 200) 4 headers in 158 bytes (1 switches on core 0)
Jul 19 02:15:56.461216 np0000005414 devstack@g-api.service[99796]: DEBUG glance.api.middleware.version_negotiation [None req-7cd5c802-e06f-4075-b365-261265d732d3 tempest-AttachVolumeShelveTestJSON-1366911059 tempest-AttachVolumeShelveTestJSON-1366911059-project-member] Determining version of request: GET /v2/images/fe4cdced-e915-47c7-9d42-14194fbe85c5 Accept: */* {{(pid=99796) process_request /opt/stack/glance/glance/api/middleware/version_negotiation.py:44}}
Jul 19 02:15:56.461216 np0000005414 devstack@g-api.service[99796]: DEBUG glance.api.middleware.version_negotiation [None req-7cd5c802-e06f-4075-b365-261265d732d3 tempest-AttachVolumeShelveTestJSON-1366911059 tempest-AttachVolumeShelveTestJSON-1366911059-project-member] Using url versioning {{(pid=99796) process_request /opt/stack/glance/glance/api/middleware/version_negotiation.py:57}}
Jul 19 02:15:56.461216 np0000005414 devstack@g-api.service[99796]: DEBUG glance.api.middleware.version_negotiation [None req-7cd5c802-e06f-4075-b365-261265d732d3 tempest-AttachVolumeShelveTestJSON-1366911059 tempest-AttachVolumeShelveTestJSON-1366911059-project-member] Matched version: v2 {{(pid=99796) process_request /opt/stack/glance/glance/api/middleware/version_negotiation.py:69}}
Jul 19 02:15:56.461905 np0000005414 devstack@g-api.service[99796]: DEBUG glance.api.middleware.version_negotiation [None req-7cd5c802-e06f-4075-b365-261265d732d3 tempest-AttachVolumeShelveTestJSON-1366911059 tempest-AttachVolumeShelveTestJSON-1366911059-project-member] new path /v2/images/fe4cdced-e915-47c7-9d42-14194fbe85c5 {{(pid=99796) process_request /opt/stack/glance/glance/api/middleware/version_negotiation.py:70}}
Jul 19 02:15:56.479382 np0000005414 devstack@g-api.service[99796]: [pid: 99796|app: 0|req: 96/302] 127.0.0.1 () {44 vars in 1115 bytes} [Sun Jul 19 02:15:56 2026] GET /v2/images/fe4cdced-e915-47c7-9d42-14194fbe85c5 => generated 1339 bytes in 19 msecs (HTTP/1.1 200) 4 headers in 158 bytes (1 switches on core 0)
Jul 19 02:15:56.539198 np0000005414 devstack@g-api.service[99794]: DEBUG glance.api.middleware.version_negotiation [None req-7cd5c802-e06f-4075-b365-261265d732d3 tempest-AttachVolumeShelveTestJSON-1366911059 tempest-AttachVolumeShelveTestJSON-1366911059-project-member] Determining version of request: GET /v2/schemas/image Accept: */* {{(pid=99794) process_request /opt/stack/glance/glance/api/middleware/version_negotiation.py:44}}
Jul 19 02:15:56.539198 np0000005414 devstack@g-api.service[99794]: DEBUG glance.api.middleware.version_negotiation [None req-7cd5c802-e06f-4075-b365-261265d732d3 tempest-AttachVolumeShelveTestJSON-1366911059 tempest-AttachVolumeShelveTestJSON-1366911059-project-member] Using url versioning {{(pid=99794) process_request /opt/stack/glance/glance/api/middleware/version_negotiation.py:57}}
Jul 19 02:15:56.539414 np0000005414 devstack@g-api.service[99794]: DEBUG glance.api.middleware.version_negotiation [None req-7cd5c802-e06f-4075-b365-261265d732d3 tempest-AttachVolumeShelveTestJSON-1366911059 tempest-AttachVolumeShelveTestJSON-1366911059-project-member] Matched version: v2 {{(pid=99794) process_request /opt/stack/glance/glance/api/middleware/version_negotiation.py:69}}
Jul 19 02:15:56.539414 np0000005414 devstack@g-api.service[99794]: DEBUG glance.api.middleware.version_negotiation [None req-7cd5c802-e06f-4075-b365-261265d732d3 tempest-AttachVolumeShelveTestJSON-1366911059 tempest-AttachVolumeShelveTestJSON-1366911059-project-member] new path /v2/schemas/image {{(pid=99794) process_request /opt/stack/glance/glance/api/middleware/version_negotiation.py:70}}
Jul 19 02:15:56.549608 np0000005414 devstack@g-api.service[99794]: [pid: 99794|app: 0|req: 103/303] 127.0.0.1 () {44 vars in 1055 bytes} [Sun Jul 19 02:15:56 2026] GET /v2/schemas/image => generated 6083 bytes in 10 msecs (HTTP/1.1 200) 4 headers in 158 bytes (1 switches on core 0)
Jul 19 02:15:56.602815 np0000005414 devstack@g-api.service[99795]: DEBUG glance.api.middleware.version_negotiation [None req-7cd5c802-e06f-4075-b365-261265d732d3 tempest-AttachVolumeShelveTestJSON-1366911059 tempest-AttachVolumeShelveTestJSON-1366911059-project-member] Determining version of request: GET /v2/schemas/image Accept: */* {{(pid=99795) process_request /opt/stack/glance/glance/api/middleware/version_negotiation.py:44}}
Jul 19 02:15:56.604317 np0000005414 devstack@g-api.service[99795]: DEBUG glance.api.middleware.version_negotiation [None req-7cd5c802-e06f-4075-b365-261265d732d3 tempest-AttachVolumeShelveTestJSON-1366911059 tempest-AttachVolumeShelveTestJSON-1366911059-project-member] Using url versioning {{(pid=99795) process_request /opt/stack/glance/glance/api/middleware/version_negotiation.py:57}}
Jul 19 02:15:56.604618 np0000005414 devstack@g-api.service[99795]: DEBUG glance.api.middleware.version_negotiation [None req-7cd5c802-e06f-4075-b365-261265d732d3 tempest-AttachVolumeShelveTestJSON-1366911059 tempest-AttachVolumeShelveTestJSON-1366911059-project-member] Matched version: v2 {{(pid=99795) process_request /opt/stack/glance/glance/api/middleware/version_negotiation.py:69}}
Jul 19 02:15:56.604915 np0000005414 devstack@g-api.service[99795]: DEBUG glance.api.middleware.version_negotiation [None req-7cd5c802-e06f-4075-b365-261265d732d3 tempest-AttachVolumeShelveTestJSON-1366911059 tempest-AttachVolumeShelveTestJSON-1366911059-project-member] new path /v2/schemas/image {{(pid=99795) process_request /opt/stack/glance/glance/api/middleware/version_negotiation.py:70}}
Jul 19 02:15:56.608986 np0000005414 devstack@g-api.service[99795]: [pid: 99795|app: 0|req: 105/304] 127.0.0.1 () {44 vars in 1055 bytes} [Sun Jul 19 02:15:56 2026] GET /v2/schemas/image => generated 6083 bytes in 6 msecs (HTTP/1.1 200) 4 headers in 158 bytes (1 switches on core 0)
Jul 19 02:15:56.663454 np0000005414 devstack@g-api.service[99796]: DEBUG glance.api.middleware.version_negotiation [None req-7cd5c802-e06f-4075-b365-261265d732d3 tempest-AttachVolumeShelveTestJSON-1366911059 tempest-AttachVolumeShelveTestJSON-1366911059-project-member] Determining version of request: PATCH /v2/images/fe4cdced-e915-47c7-9d42-14194fbe85c5 Accept: */* {{(pid=99796) process_request /opt/stack/glance/glance/api/middleware/version_negotiation.py:44}}
Jul 19 02:15:56.663748 np0000005414 devstack@g-api.service[99796]: DEBUG glance.api.middleware.version_negotiation [None req-7cd5c802-e06f-4075-b365-261265d732d3 tempest-AttachVolumeShelveTestJSON-1366911059 tempest-AttachVolumeShelveTestJSON-1366911059-project-member] Using url versioning {{(pid=99796) process_request /opt/stack/glance/glance/api/middleware/version_negotiation.py:57}}
Jul 19 02:15:56.663924 np0000005414 devstack@g-api.service[99796]: DEBUG glance.api.middleware.version_negotiation [None req-7cd5c802-e06f-4075-b365-261265d732d3 tempest-AttachVolumeShelveTestJSON-1366911059 tempest-AttachVolumeShelveTestJSON-1366911059-project-member] Matched version: v2 {{(pid=99796) process_request /opt/stack/glance/glance/api/middleware/version_negotiation.py:69}}
Jul 19 02:15:56.664055 np0000005414 devstack@g-api.service[99796]: DEBUG glance.api.middleware.version_negotiation [None req-7cd5c802-e06f-4075-b365-261265d732d3 tempest-AttachVolumeShelveTestJSON-1366911059 tempest-AttachVolumeShelveTestJSON-1366911059-project-member] new path /v2/images/fe4cdced-e915-47c7-9d42-14194fbe85c5 {{(pid=99796) process_request /opt/stack/glance/glance/api/middleware/version_negotiation.py:70}}
Jul 19 02:15:56.881638 np0000005414 devstack@g-api.service[99796]: [pid: 99796|app: 0|req: 97/305] 127.0.0.1 () {46 vars in 1158 bytes} [Sun Jul 19 02:15:56 2026] PATCH /v2/images/fe4cdced-e915-47c7-9d42-14194fbe85c5 => generated 1450 bytes in 218 msecs (HTTP/1.1 200) 4 headers in 158 bytes (1 switches on core 0)
Jul 19 02:15:56.928164 np0000005414 devstack@g-api.service[99794]: DEBUG glance.api.middleware.version_negotiation [None req-7cd5c802-e06f-4075-b365-261265d732d3 tempest-AttachVolumeShelveTestJSON-1366911059 tempest-AttachVolumeShelveTestJSON-1366911059-project-member] Determining version of request: GET /v2/images/fe4cdced-e915-47c7-9d42-14194fbe85c5 Accept: */* {{(pid=99794) process_request /opt/stack/glance/glance/api/middleware/version_negotiation.py:44}}
Jul 19 02:15:56.928164 np0000005414 devstack@g-api.service[99794]: DEBUG glance.api.middleware.version_negotiation [None req-7cd5c802-e06f-4075-b365-261265d732d3 tempest-AttachVolumeShelveTestJSON-1366911059 tempest-AttachVolumeShelveTestJSON-1366911059-project-member] Using url versioning {{(pid=99794) process_request /opt/stack/glance/glance/api/middleware/version_negotiation.py:57}}
Jul 19 02:15:56.928852 np0000005414 devstack@g-api.service[99794]: DEBUG glance.api.middleware.version_negotiation [None req-7cd5c802-e06f-4075-b365-261265d732d3 tempest-AttachVolumeShelveTestJSON-1366911059 tempest-AttachVolumeShelveTestJSON-1366911059-project-member] Matched version: v2 {{(pid=99794) process_request /opt/stack/glance/glance/api/middleware/version_negotiation.py:69}}
Jul 19 02:15:56.928852 np0000005414 devstack@g-api.service[99794]: DEBUG glance.api.middleware.version_negotiation [None req-7cd5c802-e06f-4075-b365-261265d732d3 tempest-AttachVolumeShelveTestJSON-1366911059 tempest-AttachVolumeShelveTestJSON-1366911059-project-member] new path /v2/images/fe4cdced-e915-47c7-9d42-14194fbe85c5 {{(pid=99794) process_request /opt/stack/glance/glance/api/middleware/version_negotiation.py:70}}
Jul 19 02:15:56.944626 np0000005414 devstack@g-api.service[99794]: [pid: 99794|app: 0|req: 104/306] 127.0.0.1 () {44 vars in 1115 bytes} [Sun Jul 19 02:15:56 2026] GET /v2/images/fe4cdced-e915-47c7-9d42-14194fbe85c5 => generated 1450 bytes in 17 msecs (HTTP/1.1 200) 4 headers in 158 bytes (1 switches on core 0)
Jul 19 02:15:56.989773 np0000005414 devstack@g-api.service[99795]: DEBUG glance.api.middleware.version_negotiation [None req-7cd5c802-e06f-4075-b365-261265d732d3 tempest-AttachVolumeShelveTestJSON-1366911059 tempest-AttachVolumeShelveTestJSON-1366911059-project-member] Determining version of request: PUT /v2/images/fe4cdced-e915-47c7-9d42-14194fbe85c5/file Accept: */* {{(pid=99795) process_request /opt/stack/glance/glance/api/middleware/version_negotiation.py:44}}
Jul 19 02:15:56.990271 np0000005414 devstack@g-api.service[99795]: DEBUG glance.api.middleware.version_negotiation [None req-7cd5c802-e06f-4075-b365-261265d732d3 tempest-AttachVolumeShelveTestJSON-1366911059 tempest-AttachVolumeShelveTestJSON-1366911059-project-member] Using url versioning {{(pid=99795) process_request /opt/stack/glance/glance/api/middleware/version_negotiation.py:57}}
Jul 19 02:15:56.990271 np0000005414 devstack@g-api.service[99795]: DEBUG glance.api.middleware.version_negotiation [None req-7cd5c802-e06f-4075-b365-261265d732d3 tempest-AttachVolumeShelveTestJSON-1366911059 tempest-AttachVolumeShelveTestJSON-1366911059-project-member] Matched version: v2 {{(pid=99795) process_request /opt/stack/glance/glance/api/middleware/version_negotiation.py:69}}
Jul 19 02:15:56.990352 np0000005414 devstack@g-api.service[99795]: DEBUG glance.api.middleware.version_negotiation [None req-7cd5c802-e06f-4075-b365-261265d732d3 tempest-AttachVolumeShelveTestJSON-1366911059 tempest-AttachVolumeShelveTestJSON-1366911059-project-member] new path /v2/images/fe4cdced-e915-47c7-9d42-14194fbe85c5/file {{(pid=99795) process_request /opt/stack/glance/glance/api/middleware/version_negotiation.py:70}}
Jul 19 02:15:57.383465 np0000005414 devstack@g-api.service[99796]: DEBUG glance.api.middleware.version_negotiation [None req-7cd5c802-e06f-4075-b365-261265d732d3 tempest-AttachVolumeShelveTestJSON-1366911059 tempest-AttachVolumeShelveTestJSON-1366911059-project-member] Determining version of request: GET /v2/images/84c7500d-d808-4dbd-90b4-d4329c8361e0 Accept: */* {{(pid=99796) process_request /opt/stack/glance/glance/api/middleware/version_negotiation.py:44}}
Jul 19 02:15:57.384682 np0000005414 devstack@g-api.service[99796]: DEBUG glance.api.middleware.version_negotiation [None req-7cd5c802-e06f-4075-b365-261265d732d3 tempest-AttachVolumeShelveTestJSON-1366911059 tempest-AttachVolumeShelveTestJSON-1366911059-project-member] Using url versioning {{(pid=99796) process_request /opt/stack/glance/glance/api/middleware/version_negotiation.py:57}}
Jul 19 02:15:57.384682 np0000005414 devstack@g-api.service[99796]: DEBUG glance.api.middleware.version_negotiation [None req-7cd5c802-e06f-4075-b365-261265d732d3 tempest-AttachVolumeShelveTestJSON-1366911059 tempest-AttachVolumeShelveTestJSON-1366911059-project-member] Matched version: v2 {{(pid=99796) process_request /opt/stack/glance/glance/api/middleware/version_negotiation.py:69}}
Jul 19 02:15:57.385783 np0000005414 devstack@g-api.service[99796]: DEBUG glance.api.middleware.version_negotiation [None req-7cd5c802-e06f-4075-b365-261265d732d3 tempest-AttachVolumeShelveTestJSON-1366911059 tempest-AttachVolumeShelveTestJSON-1366911059-project-member] new path /v2/images/84c7500d-d808-4dbd-90b4-d4329c8361e0 {{(pid=99796) process_request /opt/stack/glance/glance/api/middleware/version_negotiation.py:70}}
Jul 19 02:15:57.403142 np0000005414 devstack@g-api.service[99796]: [pid: 99796|app: 0|req: 98/307] 127.0.0.1 () {44 vars in 1115 bytes} [Sun Jul 19 02:15:57 2026] GET /v2/images/84c7500d-d808-4dbd-90b4-d4329c8361e0 => generated 1044 bytes in 20 msecs (HTTP/1.1 200) 4 headers in 158 bytes (1 switches on core 0)
Jul 19 02:15:57.432193 np0000005414 devstack@g-api.service[99794]: DEBUG glance.api.middleware.version_negotiation [None req-7cd5c802-e06f-4075-b365-261265d732d3 tempest-AttachVolumeShelveTestJSON-1366911059 tempest-AttachVolumeShelveTestJSON-1366911059-project-member] Determining version of request: GET /v2/schemas/image Accept: */* {{(pid=99794) process_request /opt/stack/glance/glance/api/middleware/version_negotiation.py:44}}
Jul 19 02:15:57.432443 np0000005414 devstack@g-api.service[99794]: DEBUG glance.api.middleware.version_negotiation [None req-7cd5c802-e06f-4075-b365-261265d732d3 tempest-AttachVolumeShelveTestJSON-1366911059 tempest-AttachVolumeShelveTestJSON-1366911059-project-member] Using url versioning {{(pid=99794) process_request /opt/stack/glance/glance/api/middleware/version_negotiation.py:57}}
Jul 19 02:15:57.432529 np0000005414 devstack@g-api.service[99794]: DEBUG glance.api.middleware.version_negotiation [None req-7cd5c802-e06f-4075-b365-261265d732d3 tempest-AttachVolumeShelveTestJSON-1366911059 tempest-AttachVolumeShelveTestJSON-1366911059-project-member] Matched version: v2 {{(pid=99794) process_request /opt/stack/glance/glance/api/middleware/version_negotiation.py:69}}
Jul 19 02:15:57.432753 np0000005414 devstack@g-api.service[99794]: DEBUG glance.api.middleware.version_negotiation [None req-7cd5c802-e06f-4075-b365-261265d732d3 tempest-AttachVolumeShelveTestJSON-1366911059 tempest-AttachVolumeShelveTestJSON-1366911059-project-member] new path /v2/schemas/image {{(pid=99794) process_request /opt/stack/glance/glance/api/middleware/version_negotiation.py:70}}
Jul 19 02:15:57.438039 np0000005414 devstack@g-api.service[99794]: [pid: 99794|app: 0|req: 105/308] 127.0.0.1 () {44 vars in 1055 bytes} [Sun Jul 19 02:15:57 2026] GET /v2/schemas/image => generated 6083 bytes in 6 msecs (HTTP/1.1 200) 4 headers in 158 bytes (1 switches on core 0)
Jul 19 02:15:57.563481 np0000005414 devstack@g-api.service[99796]: DEBUG glance.api.middleware.version_negotiation [None req-9f643d3e-0750-4c48-8451-070356b8cfae tempest-ServerActionsTestOtherA-1936145200 tempest-ServerActionsTestOtherA-1936145200-project-member] Determining version of request: DELETE /v2/images/5923843d-8e40-45d6-927c-1040bf623bb7 Accept: application/json {{(pid=99796) process_request /opt/stack/glance/glance/api/middleware/version_negotiation.py:44}}
Jul 19 02:15:57.564016 np0000005414 devstack@g-api.service[99796]: DEBUG glance.api.middleware.version_negotiation [None req-9f643d3e-0750-4c48-8451-070356b8cfae tempest-ServerActionsTestOtherA-1936145200 tempest-ServerActionsTestOtherA-1936145200-project-member] Using url versioning {{(pid=99796) process_request /opt/stack/glance/glance/api/middleware/version_negotiation.py:57}}
Jul 19 02:15:57.564016 np0000005414 devstack@g-api.service[99796]: DEBUG glance.api.middleware.version_negotiation [None req-9f643d3e-0750-4c48-8451-070356b8cfae tempest-ServerActionsTestOtherA-1936145200 tempest-ServerActionsTestOtherA-1936145200-project-member] Matched version: v2 {{(pid=99796) process_request /opt/stack/glance/glance/api/middleware/version_negotiation.py:69}}
Jul 19 02:15:57.564016 np0000005414 devstack@g-api.service[99796]: DEBUG glance.api.middleware.version_negotiation [None req-9f643d3e-0750-4c48-8451-070356b8cfae tempest-ServerActionsTestOtherA-1936145200 tempest-ServerActionsTestOtherA-1936145200-project-member] new path /v2/images/5923843d-8e40-45d6-927c-1040bf623bb7 {{(pid=99796) process_request /opt/stack/glance/glance/api/middleware/version_negotiation.py:70}}
Jul 19 02:15:57.596404 np0000005414 devstack@g-api.service[99796]: WARNING glance.api.v2.images [None req-22f02376-9aa1-4954-8695-b6559e836950 tempest-TestStampPattern-614863078 tempest-TestStampPattern-614863078-project-member] After upload to backend, deletion of staged image data has failed because it cannot be found at /tmp/staging//5923843d-8e40-45d6-927c-1040bf623bb7
Jul 19 02:15:57.597836 np0000005414 devstack@g-api.service[99796]: DEBUG glance_store.backend [None req-22f02376-9aa1-4954-8695-b6559e836950 tempest-TestStampPattern-614863078 tempest-TestStampPattern-614863078-project-member] Attempting to import store swift {{(pid=99796) _load_store /opt/stack/data/venv/lib/python3.12/site-packages/glance_store/backend.py:215}}
Jul 19 02:15:57.599441 np0000005414 devstack@g-api.service[99796]: DEBUG glance_store.capabilities [None req-22f02376-9aa1-4954-8695-b6559e836950 tempest-TestStampPattern-614863078 tempest-TestStampPattern-614863078-project-member] Store glance_store._drivers.swift.store.SingleTenantStore doesn't support updating dynamic storage capabilities. Please overwrite 'update_capabilities' method of the store to implement updating logics if needed. {{(pid=99796) update_capabilities /opt/stack/data/venv/lib/python3.12/site-packages/glance_store/capabilities.py:91}}
Jul 19 02:15:57.599681 np0000005414 devstack@g-api.service[99796]: DEBUG glance_store.driver [None req-22f02376-9aa1-4954-8695-b6559e836950 tempest-TestStampPattern-614863078 tempest-TestStampPattern-614863078-project-member] Late loading location class glance_store._drivers.swift.store.StoreLocation {{(pid=99796) get_store_location_class /opt/stack/data/venv/lib/python3.12/site-packages/glance_store/driver.py:134}}
Jul 19 02:15:57.599681 np0000005414 devstack@g-api.service[99796]: DEBUG glance_store.location [None req-22f02376-9aa1-4954-8695-b6559e836950 tempest-TestStampPattern-614863078 tempest-TestStampPattern-614863078-project-member] Registering scheme swift+https with {'store': , 'location_class': , 'store_entry': 'swift'} {{(pid=99796) register_scheme_map /opt/stack/data/venv/lib/python3.12/site-packages/glance_store/location.py:146}}
Jul 19 02:15:57.599814 np0000005414 devstack@g-api.service[99796]: DEBUG glance_store.location [None req-22f02376-9aa1-4954-8695-b6559e836950 tempest-TestStampPattern-614863078 tempest-TestStampPattern-614863078-project-member] Registering scheme swift+https with {'store': , 'location_class': , 'store_entry': 'swift'} {{(pid=99796) register_scheme_map /opt/stack/data/venv/lib/python3.12/site-packages/glance_store/location.py:146}}
Jul 19 02:15:57.599915 np0000005414 devstack@g-api.service[99796]: DEBUG glance_store.location [None req-22f02376-9aa1-4954-8695-b6559e836950 tempest-TestStampPattern-614863078 tempest-TestStampPattern-614863078-project-member] Registering scheme swift with {'store': , 'location_class': , 'store_entry': 'swift'} {{(pid=99796) register_scheme_map /opt/stack/data/venv/lib/python3.12/site-packages/glance_store/location.py:146}}
Jul 19 02:15:57.600132 np0000005414 devstack@g-api.service[99796]: DEBUG glance_store.location [None req-22f02376-9aa1-4954-8695-b6559e836950 tempest-TestStampPattern-614863078 tempest-TestStampPattern-614863078-project-member] Registering scheme swift+https with {'store': , 'location_class': , 'store_entry': 'swift'} {{(pid=99796) register_scheme_map /opt/stack/data/venv/lib/python3.12/site-packages/glance_store/location.py:146}}
Jul 19 02:15:57.600383 np0000005414 devstack@g-api.service[99796]: DEBUG glance_store.location [None req-22f02376-9aa1-4954-8695-b6559e836950 tempest-TestStampPattern-614863078 tempest-TestStampPattern-614863078-project-member] Registering scheme swift with {'store': , 'location_class': , 'store_entry': 'swift'} {{(pid=99796) register_scheme_map /opt/stack/data/venv/lib/python3.12/site-packages/glance_store/location.py:146}}
Jul 19 02:15:57.600383 np0000005414 devstack@g-api.service[99796]: DEBUG glance_store.location [None req-22f02376-9aa1-4954-8695-b6559e836950 tempest-TestStampPattern-614863078 tempest-TestStampPattern-614863078-project-member] Registering scheme swift+http with {'store': , 'location_class': , 'store_entry': 'swift'} {{(pid=99796) register_scheme_map /opt/stack/data/venv/lib/python3.12/site-packages/glance_store/location.py:146}}
Jul 19 02:15:57.600580 np0000005414 devstack@g-api.service[99796]: DEBUG glance_store.location [None req-22f02376-9aa1-4954-8695-b6559e836950 tempest-TestStampPattern-614863078 tempest-TestStampPattern-614863078-project-member] Registering scheme swift+https with {'store': , 'location_class': , 'store_entry': 'swift'} {{(pid=99796) register_scheme_map /opt/stack/data/venv/lib/python3.12/site-packages/glance_store/location.py:146}}
Jul 19 02:15:57.600777 np0000005414 devstack@g-api.service[99796]: DEBUG glance_store.location [None req-22f02376-9aa1-4954-8695-b6559e836950 tempest-TestStampPattern-614863078 tempest-TestStampPattern-614863078-project-member] Registering scheme swift with {'store': , 'location_class': , 'store_entry': 'swift'} {{(pid=99796) register_scheme_map /opt/stack/data/venv/lib/python3.12/site-packages/glance_store/location.py:146}}
Jul 19 02:15:57.600862 np0000005414 devstack@g-api.service[99796]: DEBUG glance_store.location [None req-22f02376-9aa1-4954-8695-b6559e836950 tempest-TestStampPattern-614863078 tempest-TestStampPattern-614863078-project-member] Registering scheme swift+http with {'store': , 'location_class': , 'store_entry': 'swift'} {{(pid=99796) register_scheme_map /opt/stack/data/venv/lib/python3.12/site-packages/glance_store/location.py:146}}
Jul 19 02:15:57.600931 np0000005414 devstack@g-api.service[99796]: DEBUG glance_store.location [None req-22f02376-9aa1-4954-8695-b6559e836950 tempest-TestStampPattern-614863078 tempest-TestStampPattern-614863078-project-member] Registering scheme swift+config with {'store': , 'location_class': , 'store_entry': 'swift'} {{(pid=99796) register_scheme_map /opt/stack/data/venv/lib/python3.12/site-packages/glance_store/location.py:146}}
Jul 19 02:15:57.601704 np0000005414 devstack@g-api.service[99796]: DEBUG keystoneclient.auth.identity.v3.base [None req-22f02376-9aa1-4954-8695-b6559e836950 tempest-TestStampPattern-614863078 tempest-TestStampPattern-614863078-project-member] Making authentication request to https://10.4.3.189/identity/v3/auth/tokens {{(pid=99796) get_auth_ref /opt/stack/data/venv/lib/python3.12/site-packages/keystoneclient/auth/identity/v3/base.py:185}}
Jul 19 02:15:57.722191 np0000005414 devstack@g-api.service[99795]: INFO glance.api.v2.image_data [None req-7cd5c802-e06f-4075-b365-261265d732d3 tempest-AttachVolumeShelveTestJSON-1366911059 tempest-AttachVolumeShelveTestJSON-1366911059-project-member] Unable to create trust: no such option collect_timing in group [keystone_authtoken] Use the existing user token.
Jul 19 02:15:57.727619 np0000005414 devstack@g-api.service[99796]: DEBUG keystoneclient.auth.identity.v3.base [None req-22f02376-9aa1-4954-8695-b6559e836950 tempest-TestStampPattern-614863078 tempest-TestStampPattern-614863078-project-member] {"token": {"methods": ["password"], "user": {"domain": {"id": "default", "name": "Default"}, "id": "11cd2eb00d9b40318c0c04e42c8a46fd", "name": "glance-swift", "password_expires_at": null}, "audit_ids": ["xPZHfnLqRqKBFkMB0Tuq-Q"], "expires_at": "2026-07-19T03:15:57.000000Z", "issued_at": "2026-07-19T02:15:57.000000Z", "project": {"domain": {"id": "default", "name": "Default"}, "id": "b2ebeb2d95dd44fcb5e38f7d9f4b87c0", "name": "service"}, "is_domain": false, "roles": [{"id": "cff020234bb84923b44d2a1e07037572", "name": "ResellerAdmin"}, {"id": "085b55ab80fb486782193de083b56c36", "name": "service"}], "catalog": [{"endpoints": [{"id": "7b944eb5f312444d8b0cca443d0c94cc", "interface": "public", "region_id": "RegionOne", "url": "https://10.4.3.189/compute/v2.1", "region": "RegionOne"}], "id": "40b5bf0776514114b92f0bab53688bfb", "type": "compute", "name": "nova"}, {"endpoints": [{"id": "342aea23a4db4408864119a773c50355", "interface": "public", "region_id": "RegionOne", "url": "https://10.4.3.189:8080/v1/AUTH_b2ebeb2d95dd44fcb5e38f7d9f4b87c0", "region": "RegionOne"}, {"id": "455176aa87034d52aaaea5a3f97c815a", "interface": "admin", "region_id": "RegionOne", "url": "https://10.4.3.189:8080", "region": "RegionOne"}], "id": "44778ad19b124e439bb1e8aeb19216d4", "type": "object-store", "name": "swift"}, {"endpoints": [{"id": "96f798c8d74f42e0ba366c5477997c7a", "interface": "public", "region_id": "RegionOne", "url": "https://10.4.3.189/identity", "region": "RegionOne"}], "id": "5eb332d5d54649508170dc03859d8aa1", "type": "identity", "name": "keystone"}, {"endpoints": [{"id": "f7f5a68b2d5c4f02b1cd8668997063d1", "interface": "public", "region_id": "RegionOne", "url": "https://10.4.3.189/networking", "region": "RegionOne"}], "id": "7993c89f4ead461dad3bcd347d2ca4b7", "type": "network", "name": "neutron"}, {"endpoints": [{"id": "166fa5f9c04e419588c4b6c9ce54042f", "interface": "public", "region_id": "RegionOne", "url": "https://10.4.3.189/image", "region": "RegionOne"}], "id": "8642564f2d72425397685c5542c75bc3", "type": "image", "name": "glance"}, {"endpoints": [{"id": "07c303abc0d446b794ec10f5d9d2a2d6", "interface": "public", "region_id": "RegionOne", "url": "https://10.4.3.189/compute/v2/b2ebeb2d95dd44fcb5e38f7d9f4b87c0", "region": "RegionOne"}], "id": "8f5619d927204738b79cf60a70070b02", "type": "compute_legacy", "name": "nova_legacy"}, {"endpoints": [{"id": "6d0e0292cbff4824ad988d1ce22d9275", "interface": "public", "region_id": "RegionOne", "url": "https://10.4.3.189/volume/v3", "region": "RegionOne"}], "id": "a2f389ed712c4764a52f35627f9601ab", "type": "block-storage", "name": "cinder"}, {"endpoints": [{"id": "55bf0bef9d3a418fa568e497f47a61a4", "interface": "public", "region_id": "RegionOne", "url": "https://10.4.3.189/placement", "region": "RegionOne"}], "id": "aeeba7920bab40c69e4bef674a48ff1c", "type": "placement", "name": "placement"}]}} {{(pid=99796) get_auth_ref /opt/stack/data/venv/lib/python3.12/site-packages/keystoneclient/auth/identity/v3/base.py:190}}
Jul 19 02:15:57.727619 np0000005414 devstack@g-api.service[99796]: DEBUG keystoneclient.httpclient [None req-22f02376-9aa1-4954-8695-b6559e836950 tempest-TestStampPattern-614863078 tempest-TestStampPattern-614863078-project-member] Failed to find endpoint for management url admin endpoint for identity service not found {{(pid=99796) _process_management_url /opt/stack/data/venv/lib/python3.12/site-packages/keystoneclient/httpclient.py:670}}
Jul 19 02:15:57.910013 np0000005414 devstack@g-api.service[99794]: DEBUG glance.api.middleware.version_negotiation [None req-9f643d3e-0750-4c48-8451-070356b8cfae tempest-ServerActionsTestOtherA-1936145200 tempest-ServerActionsTestOtherA-1936145200-project-member] Determining version of request: GET /v2/images/84c7500d-d808-4dbd-90b4-d4329c8361e0 Accept: */* {{(pid=99794) process_request /opt/stack/glance/glance/api/middleware/version_negotiation.py:44}}
Jul 19 02:15:57.910449 np0000005414 devstack@g-api.service[99794]: DEBUG glance.api.middleware.version_negotiation [None req-9f643d3e-0750-4c48-8451-070356b8cfae tempest-ServerActionsTestOtherA-1936145200 tempest-ServerActionsTestOtherA-1936145200-project-member] Using url versioning {{(pid=99794) process_request /opt/stack/glance/glance/api/middleware/version_negotiation.py:57}}
Jul 19 02:15:57.910449 np0000005414 devstack@g-api.service[99794]: DEBUG glance.api.middleware.version_negotiation [None req-9f643d3e-0750-4c48-8451-070356b8cfae tempest-ServerActionsTestOtherA-1936145200 tempest-ServerActionsTestOtherA-1936145200-project-member] Matched version: v2 {{(pid=99794) process_request /opt/stack/glance/glance/api/middleware/version_negotiation.py:69}}
Jul 19 02:15:57.912055 np0000005414 devstack@g-api.service[99794]: DEBUG glance.api.middleware.version_negotiation [None req-9f643d3e-0750-4c48-8451-070356b8cfae tempest-ServerActionsTestOtherA-1936145200 tempest-ServerActionsTestOtherA-1936145200-project-member] new path /v2/images/84c7500d-d808-4dbd-90b4-d4329c8361e0 {{(pid=99794) process_request /opt/stack/glance/glance/api/middleware/version_negotiation.py:70}}
Jul 19 02:15:57.934882 np0000005414 devstack@g-api.service[99794]: [pid: 99794|app: 0|req: 106/309] 127.0.0.1 () {44 vars in 1115 bytes} [Sun Jul 19 02:15:57 2026] GET /v2/images/84c7500d-d808-4dbd-90b4-d4329c8361e0 => generated 1044 bytes in 22 msecs (HTTP/1.1 200) 4 headers in 158 bytes (1 switches on core 0)
Jul 19 02:15:57.940017 np0000005414 devstack@g-api.service[99796]: DEBUG swiftclient [None req-22f02376-9aa1-4954-8695-b6559e836950 tempest-TestStampPattern-614863078 tempest-TestStampPattern-614863078-project-member] REQ: curl -i https://10.4.3.189:8080/v1/AUTH_b2ebeb2d95dd44fcb5e38f7d9f4b87c0/glance/5923843d-8e40-45d6-927c-1040bf623bb7 -I -H "X-Auth-Token: gAAAAABqXDNdmyMr..." {{(pid=99796) http_log /opt/stack/data/venv/lib/python3.12/site-packages/swiftclient/client.py:160}}
Jul 19 02:15:57.940195 np0000005414 devstack@g-api.service[99796]: DEBUG swiftclient [None req-22f02376-9aa1-4954-8695-b6559e836950 tempest-TestStampPattern-614863078 tempest-TestStampPattern-614863078-project-member] RESP STATUS: 200 OK {{(pid=99796) http_log /opt/stack/data/venv/lib/python3.12/site-packages/swiftclient/client.py:161}}
Jul 19 02:15:57.940438 np0000005414 devstack@g-api.service[99796]: DEBUG swiftclient [None req-22f02376-9aa1-4954-8695-b6559e836950 tempest-TestStampPattern-614863078 tempest-TestStampPattern-614863078-project-member] RESP HEADERS: {'Date': 'Sun, 19 Jul 2026 02:15:57 GMT', 'Server': 'Apache/2.4.58 (Ubuntu)', 'Content-Type': 'application/octet-stream', 'Content-Length': '54067200', 'X-Object-Manifest': 'glance/5923843d-8e40-45d6-927c-1040bf623bb7-', 'Last-Modified': 'Sun, 19 Jul 2026 02:14:54 GMT', 'X-Timestamp': '1784427293.50054', 'Accept-Ranges': 'bytes', 'Etag': '"83b28d1ff1cbed406ba19e234a56d639"', 'X-Trans-Id': 'tx0d150630e68c4773827e1-006a5c335d', 'X-Openstack-Request-Id': 'tx0d150630e68c4773827e1-006a5c335d', 'Connection': 'close'} {{(pid=99796) http_log /opt/stack/data/venv/lib/python3.12/site-packages/swiftclient/client.py:162}}
Jul 19 02:15:57.968072 np0000005414 devstack@g-api.service[99796]: DEBUG swiftclient [None req-22f02376-9aa1-4954-8695-b6559e836950 tempest-TestStampPattern-614863078 tempest-TestStampPattern-614863078-project-member] REQ: curl -i https://10.4.3.189:8080/v1/AUTH_b2ebeb2d95dd44fcb5e38f7d9f4b87c0/glance?format=json&prefix=5923843d-8e40-45d6-927c-1040bf623bb7- -X GET -H "X-Auth-Token: gAAAAABqXDNdmyMr..." -H "Accept-Encoding: gzip" {{(pid=99796) http_log /opt/stack/data/venv/lib/python3.12/site-packages/swiftclient/client.py:160}}
Jul 19 02:15:57.968256 np0000005414 devstack@g-api.service[99796]: DEBUG swiftclient [None req-22f02376-9aa1-4954-8695-b6559e836950 tempest-TestStampPattern-614863078 tempest-TestStampPattern-614863078-project-member] RESP STATUS: 200 OK {{(pid=99796) http_log /opt/stack/data/venv/lib/python3.12/site-packages/swiftclient/client.py:161}}
Jul 19 02:15:57.969222 np0000005414 devstack@g-api.service[99796]: DEBUG swiftclient [None req-22f02376-9aa1-4954-8695-b6559e836950 tempest-TestStampPattern-614863078 tempest-TestStampPattern-614863078-project-member] RESP HEADERS: {'Date': 'Sun, 19 Jul 2026 02:15:57 GMT', 'Server': 'Apache/2.4.58 (Ubuntu)', 'Content-Type': 'application/json; charset=utf-8', 'Content-Length': '210', 'X-Container-Object-Count': '7', 'X-Container-Bytes-Used': '172359680', 'X-Timestamp': '1784427018.57516', 'Last-Modified': 'Sun, 19 Jul 2026 02:10:19 GMT', 'Accept-Ranges': 'bytes', 'X-Storage-Policy': 'Policy-0', 'X-Container-Sharding': 'False', 'X-Trans-Id': 'tx56fcdc9af0974ff9987fe-006a5c335d', 'X-Openstack-Request-Id': 'tx56fcdc9af0974ff9987fe-006a5c335d', 'Connection': 'close'} {{(pid=99796) http_log /opt/stack/data/venv/lib/python3.12/site-packages/swiftclient/client.py:162}}
Jul 19 02:15:57.969222 np0000005414 devstack@g-api.service[99796]: DEBUG swiftclient [None req-22f02376-9aa1-4954-8695-b6559e836950 tempest-TestStampPattern-614863078 tempest-TestStampPattern-614863078-project-member] RESP BODY: b'[{"bytes": 54067200, "hash": "2c056dbac5be9a2b650f11b35e561f57", "name": "5923843d-8e40-45d6-927c-1040bf623bb7-00001", "content_type": "application/octet-stream", "last_modified": "2026-07-19T02:14:52.919600"}]' {{(pid=99796) http_log /opt/stack/data/venv/lib/python3.12/site-packages/swiftclient/client.py:166}}
Jul 19 02:15:57.982002 np0000005414 devstack@g-api.service[99794]: DEBUG glance.api.middleware.version_negotiation [None req-9f643d3e-0750-4c48-8451-070356b8cfae tempest-ServerActionsTestOtherA-1936145200 tempest-ServerActionsTestOtherA-1936145200-project-member] Determining version of request: GET /v2/schemas/image Accept: */* {{(pid=99794) process_request /opt/stack/glance/glance/api/middleware/version_negotiation.py:44}}
Jul 19 02:15:57.982239 np0000005414 devstack@g-api.service[99794]: DEBUG glance.api.middleware.version_negotiation [None req-9f643d3e-0750-4c48-8451-070356b8cfae tempest-ServerActionsTestOtherA-1936145200 tempest-ServerActionsTestOtherA-1936145200-project-member] Using url versioning {{(pid=99794) process_request /opt/stack/glance/glance/api/middleware/version_negotiation.py:57}}
Jul 19 02:15:57.982334 np0000005414 devstack@g-api.service[99794]: DEBUG glance.api.middleware.version_negotiation [None req-9f643d3e-0750-4c48-8451-070356b8cfae tempest-ServerActionsTestOtherA-1936145200 tempest-ServerActionsTestOtherA-1936145200-project-member] Matched version: v2 {{(pid=99794) process_request /opt/stack/glance/glance/api/middleware/version_negotiation.py:69}}
Jul 19 02:15:57.982529 np0000005414 devstack@g-api.service[99794]: DEBUG glance.api.middleware.version_negotiation [None req-9f643d3e-0750-4c48-8451-070356b8cfae tempest-ServerActionsTestOtherA-1936145200 tempest-ServerActionsTestOtherA-1936145200-project-member] new path /v2/schemas/image {{(pid=99794) process_request /opt/stack/glance/glance/api/middleware/version_negotiation.py:70}}
Jul 19 02:15:57.986185 np0000005414 devstack@g-api.service[99794]: [pid: 99794|app: 0|req: 107/310] 127.0.0.1 () {44 vars in 1055 bytes} [Sun Jul 19 02:15:57 2026] GET /v2/schemas/image => generated 6083 bytes in 4 msecs (HTTP/1.1 200) 4 headers in 158 bytes (1 switches on core 0)
Jul 19 02:15:58.014576 np0000005414 devstack@g-api.service[99796]: DEBUG swiftclient [None req-22f02376-9aa1-4954-8695-b6559e836950 tempest-TestStampPattern-614863078 tempest-TestStampPattern-614863078-project-member] REQ: curl -i https://10.4.3.189:8080/v1/AUTH_b2ebeb2d95dd44fcb5e38f7d9f4b87c0/glance/5923843d-8e40-45d6-927c-1040bf623bb7-00001 DELETE -H "X-Auth-Token: gAAAAABqXDNdmyMr..." {{(pid=99796) http_log /opt/stack/data/venv/lib/python3.12/site-packages/swiftclient/client.py:160}}
Jul 19 02:15:58.014576 np0000005414 devstack@g-api.service[99796]: DEBUG swiftclient [None req-22f02376-9aa1-4954-8695-b6559e836950 tempest-TestStampPattern-614863078 tempest-TestStampPattern-614863078-project-member] RESP STATUS: 204 No Content {{(pid=99796) http_log /opt/stack/data/venv/lib/python3.12/site-packages/swiftclient/client.py:161}}
Jul 19 02:15:58.014831 np0000005414 devstack@g-api.service[99796]: DEBUG swiftclient [None req-22f02376-9aa1-4954-8695-b6559e836950 tempest-TestStampPattern-614863078 tempest-TestStampPattern-614863078-project-member] RESP HEADERS: {'Date': 'Sun, 19 Jul 2026 02:15:58 GMT', 'Server': 'Apache/2.4.58 (Ubuntu)', 'Content-Type': 'text/html; charset=UTF-8', 'X-Trans-Id': 'txf2cc5ef687e94e33ae8c6-006a5c335d', 'X-Openstack-Request-Id': 'txf2cc5ef687e94e33ae8c6-006a5c335d', 'Connection': 'close'} {{(pid=99796) http_log /opt/stack/data/venv/lib/python3.12/site-packages/swiftclient/client.py:162}}
Jul 19 02:15:58.050896 np0000005414 devstack@g-api.service[99796]: DEBUG swiftclient [None req-22f02376-9aa1-4954-8695-b6559e836950 tempest-TestStampPattern-614863078 tempest-TestStampPattern-614863078-project-member] REQ: curl -i https://10.4.3.189:8080/v1/AUTH_b2ebeb2d95dd44fcb5e38f7d9f4b87c0/glance/5923843d-8e40-45d6-927c-1040bf623bb7 DELETE -H "X-Auth-Token: gAAAAABqXDNdmyMr..." {{(pid=99796) http_log /opt/stack/data/venv/lib/python3.12/site-packages/swiftclient/client.py:160}}
Jul 19 02:15:58.051039 np0000005414 devstack@g-api.service[99796]: DEBUG swiftclient [None req-22f02376-9aa1-4954-8695-b6559e836950 tempest-TestStampPattern-614863078 tempest-TestStampPattern-614863078-project-member] RESP STATUS: 204 No Content {{(pid=99796) http_log /opt/stack/data/venv/lib/python3.12/site-packages/swiftclient/client.py:161}}
Jul 19 02:15:58.051169 np0000005414 devstack@g-api.service[99796]: DEBUG swiftclient [None req-22f02376-9aa1-4954-8695-b6559e836950 tempest-TestStampPattern-614863078 tempest-TestStampPattern-614863078-project-member] RESP HEADERS: {'Date': 'Sun, 19 Jul 2026 02:15:58 GMT', 'Server': 'Apache/2.4.58 (Ubuntu)', 'Content-Type': 'text/html; charset=UTF-8', 'X-Trans-Id': 'txd1fc4a3bb47e455e97209-006a5c335e', 'X-Openstack-Request-Id': 'txd1fc4a3bb47e455e97209-006a5c335e', 'Connection': 'close'} {{(pid=99796) http_log /opt/stack/data/venv/lib/python3.12/site-packages/swiftclient/client.py:162}}
Jul 19 02:15:58.223674 np0000005414 devstack@g-api.service[99796]: DEBUG glance.api.middleware.cache [None req-22f02376-9aa1-4954-8695-b6559e836950 tempest-TestStampPattern-614863078 tempest-TestStampPattern-614863078-project-member] Removing image 5923843d-8e40-45d6-927c-1040bf623bb7 from cache {{(pid=99796) _process_DELETE_response /opt/stack/glance/glance/api/middleware/cache.py:264}}
Jul 19 02:15:58.223674 np0000005414 devstack@g-api.service[99796]: DEBUG glance.image_cache.drivers.centralized_db [None req-22f02376-9aa1-4954-8695-b6559e836950 tempest-TestStampPattern-614863078 tempest-TestStampPattern-614863078-project-member] Deleting image cache file '/opt/stack/data/glance/cache/5923843d-8e40-45d6-927c-1040bf623bb7' {{(pid=99796) delete_cached_file /opt/stack/glance/glance/image_cache/drivers/centralized_db.py:400}}
